000
CDUS46 KMTR 280838
CLIOAK


CLIMATE REPORT
NATIONAL WEATHER SERVICE SAN FRANCISCO BAY AREA
138 AM PDT SUN MAY 28 2017


...................................

...THE OAKLAND AIRPORT CLIMATE SUMMARY FOR MAY 27 2017...

CLIMATE NORMAL PERIOD 1981 TO 2010
CLIMATE RECORD PERIOD 1948 TO 2017


WEATHER ITEM   OBSERVED TIME   RECORD YEAR NORMAL DEPARTURE LAST
                VALUE   (LST)  VALUE       VALUE  FROM      YEAR
                                                  NORMAL
..................................................................
TEMPERATURE (F)
 YESTERDAY
  MAXIMUM         68    350 PM  89    1984  68      0       75
  MINIMUM         56    218 AM  44    1953  52      4       53
  AVERAGE         62                        60      2       64

PRECIPITATION (IN)
  YESTERDAY        0.00          0.53 2010   0.01  -0.01     0.00
  MONTH TO DATE    T                         0.62  -0.62     0.02
  SINCE OCT 1     28.45                     20.29   8.16    16.56
  SINCE JAN 1     20.02                     12.98   7.04    11.34

SNOWFALL (IN)
  YESTERDAY        0.0                                       0.0
  MONTH TO DATE    0.0                                       0.0
  SINCE MAR 1      0.0                                       0.0
  SINCE JUL 1      0.0                                       0.0

DEGREE DAYS
 HEATING
  YESTERDAY        3                         5     -2        1
  MONTH TO DATE   77                       162    -85       80
  SINCE MAR 1    442                       726   -284      415
  SINCE JUL 1   1971                      2748   -777     1890

 COOLING
  YESTERDAY        0                         0      0        0
  MONTH TO DATE   34                         0     34       10
  SINCE MAR 1     36                         6     30       28
  SINCE JAN 1     36                         6     30       29
..................................................................


WIND (MPH)
  RESULTANT WIND SPEED  11   RESULTANT WIND DIRECTION   W (270)
  HIGHEST WIND SPEED    20   HIGHEST WIND DIRECTION     W (270)
  HIGHEST GUST SPEED    25   HIGHEST GUST DIRECTION     W (260)
  AVERAGE WIND SPEED    11.7


SKY COVER
  POSSIBLE SUNSHINE  MM
  AVERAGE SKY COVER 0.5


WEATHER CONDITIONS
 THE FOLLOWING WEATHER WAS RECORDED YESTERDAY.
  NO SIGNIFICANT WEATHER WAS OBSERVED.


RELATIVE HUMIDITY (PERCENT)
 HIGHEST    80           900 PM
 LOWEST     55           300 PM
 AVERAGE    68

..........................................................


THE OAKLAND AIRPORT CLIMATE NORMALS FOR TODAY
                         NORMAL    RECORD    YEAR
 MAXIMUM TEMPERATURE (F)   68        96      1975
 MINIMUM TEMPERATURE (F)   52        47      1959


SUNRISE AND SUNSET
MAY 28 2017...........SUNRISE   550 AM PDT   SUNSET   822 PM PDT
MAY 29 2017...........SUNRISE   550 AM PDT   SUNSET   823 PM PDT


-  INDICATES NEGATIVE NUMBERS.
R  INDICATES RECORD WAS SET OR TIED.
MM INDICATES DATA IS MISSING.
T  INDICATES TRACE AMOUNT.




$$
