000
CDUS46 KMTR 240845
CLIOAK


CLIMATE REPORT
NATIONAL WEATHER SERVICE SAN FRANCISCO BAY AREA
1245 AM PST WED JAN 24 2018


...................................

...THE OAKLAND AIRPORT CLIMATE SUMMARY FOR JANUARY 23 2018...

CLIMATE NORMAL PERIOD 1981 TO 2010
CLIMATE RECORD PERIOD 1948 TO 2018


WEATHER ITEM   OBSERVED TIME   RECORD YEAR NORMAL DEPARTURE LAST
                VALUE   (LST)  VALUE       VALUE  FROM      YEAR
                                                  NORMAL
..................................................................
TEMPERATURE (F)
 YESTERDAY
  MAXIMUM         56    414 PM  72    1948  58     -2       53
  MINIMUM         41    705 AM  30    2002  42     -1       46
  AVERAGE         49                        50     -1       50

PRECIPITATION (IN)
  YESTERDAY        0.00          1.05 1958   0.06  -0.06     0.18
  MONTH TO DATE    4.30                      3.35   0.95     7.53
  SINCE OCT 1      7.52                     10.66  -3.14    15.96
  SINCE JAN 1      4.30                      3.35   0.95     7.53

SNOWFALL (IN)
  YESTERDAY        0.0                                      MM
  MONTH TO DATE    0.0                                       0.0
  SINCE DEC 1      0.0                                       0.0
  SINCE JUL 1      0.0                                       0.0

DEGREE DAYS
 HEATING
  YESTERDAY       16                        15      1       15
  MONTH TO DATE  309                       369    -60      317
  SINCE DEC 1    808                       866    -58      756
  SINCE JUL 1   1270                      1541   -271     1126

 COOLING
  YESTERDAY        0                         0      0        0
  MONTH TO DATE    0                         0      0        0
  SINCE DEC 1      0                         0      0        0
  SINCE JAN 1      0                         0      0        0
..................................................................


WIND (MPH)
  RESULTANT WIND SPEED   0   RESULTANT WIND DIRECTION  NE (60)
  HIGHEST WIND SPEED    14   HIGHEST WIND DIRECTION     E (90)
  HIGHEST GUST SPEED    16   HIGHEST GUST DIRECTION     E (80)
  AVERAGE WIND SPEED     4.9


SKY COVER
  POSSIBLE SUNSHINE  MM
  AVERAGE SKY COVER 0.3


WEATHER CONDITIONS
 THE FOLLOWING WEATHER WAS RECORDED YESTERDAY.
  FOG
  HAZE


RELATIVE HUMIDITY (PERCENT)
 HIGHEST   100           400 AM
 LOWEST     77           200 PM
 AVERAGE    89

..........................................................


THE OAKLAND AIRPORT CLIMATE NORMALS FOR TODAY
                         NORMAL    RECORD    YEAR
 MAXIMUM TEMPERATURE (F)   58        69      2015
 MINIMUM TEMPERATURE (F)   42        33      2002


SUNRISE AND SUNSET
JANUARY 24 2018.......SUNRISE   719 AM PST   SUNSET   524 PM PST
JANUARY 25 2018.......SUNRISE   718 AM PST   SUNSET   525 PM PST


-  INDICATES NEGATIVE NUMBERS.
R  INDICATES RECORD WAS SET OR TIED.
MM INDICATES DATA IS MISSING.
T  INDICATES TRACE AMOUNT.




$$
