000
CDUS46 KMTR 210038
CLIOAK


CLIMATE REPORT
NATIONAL WEATHER SERVICE SAN FRANCISCO BAY AREA
437 PM PST FRI JAN 20 2017


...................................

...THE OAKLAND AIRPORT CLIMATE SUMMARY FOR JANUARY 20 2017...
VALID TODAY AS OF 0400 PM LOCAL TIME.

CLIMATE NORMAL PERIOD 1981 TO 2010
CLIMATE RECORD PERIOD 1948 TO 2017


WEATHER ITEM   OBSERVED TIME   RECORD YEAR NORMAL DEPARTURE LAST
                VALUE   (LST)  VALUE       VALUE  FROM      YEAR
                                                  NORMAL
..................................................................
TEMPERATURE (F)
 TODAY
  MAXIMUM         57   1131 AM  67    2011  57      0       60
  MINIMUM         48    519 AM  31    1963  42      6       46
  AVERAGE         53                        50      3       53

PRECIPITATION (IN)
  TODAY            0.84          2.35 1967   0.08   0.76     0.00
  MONTH TO DATE    6.29                      3.13   3.16     4.87
  SINCE OCT 1     14.72                     10.44   4.28    10.09
  SINCE JAN 1      6.29                      3.13   3.16     4.87

SNOWFALL (IN)
  TODAY           MM             0.0  1985
  MONTH TO DATE    0.0
  SINCE DEC 1      0.0
  SINCE JUL 1      0.0

DEGREE DAYS
 HEATING
  TODAY           12                        15     -3       12
  MONTH TO DATE  278                       324    -46      246
  SINCE DEC 1    717                       821   -104      733
  SINCE JUL 1   1087                      1496   -409     1130

 COOLING
  TODAY            0                         0      0        0
  MONTH TO DATE    0                         0      0        0
  SINCE DEC 1      0                         0      0        0
  SINCE JAN 1      0                         0      0        0
..................................................................


WIND (MPH)
  RESULTANT WIND SPEED  14   RESULTANT WIND DIRECTION  SE (150)
  HIGHEST WIND SPEED    33   HIGHEST WIND DIRECTION    SE (130)
  HIGHEST GUST SPEED    43   HIGHEST GUST DIRECTION    SE (130)
  AVERAGE WIND SPEED    16.6


SKY COVER
  POSSIBLE SUNSHINE  MM
  AVERAGE SKY COVER 0.8


WEATHER CONDITIONS
 THE FOLLOWING WEATHER WAS RECORDED TODAY.
  THUNDERSTORM
  HEAVY RAIN
  RAIN
  LIGHT RAIN
  FOG
  HAZE


RELATIVE HUMIDITY (PERCENT)
 HIGHEST    93           900 AM
 LOWEST     77           200 PM
 AVERAGE    85

..........................................................


THE OAKLAND AIRPORT CLIMATE NORMALS FOR TOMORROW
                         NORMAL    RECORD    YEAR
 MAXIMUM TEMPERATURE (F)   57        69      2007
 MINIMUM TEMPERATURE (F)   42        32      1963


SUNRISE AND SUNSET
JANUARY 20 2017.......SUNRISE   721 AM PST   SUNSET   520 PM PST
JANUARY 21 2017.......SUNRISE   720 AM PST   SUNSET   521 PM PST


-  INDICATES NEGATIVE NUMBERS.
R  INDICATES RECORD WAS SET OR TIED.
MM INDICATES DATA IS MISSING.
T  INDICATES TRACE AMOUNT.




$$
