000
CDUS46 KMTR 120826
CLIOAK


CLIMATE REPORT
NATIONAL WEATHER SERVICE SAN FRANCISCO BAY AREA
1225 AM PST FRI FEB 12 2016


...................................

...THE OAKLAND AIRPORT CLIMATE SUMMARY FOR FEBRUARY 11 2016...

CLIMATE NORMAL PERIOD 1981 TO 2010
CLIMATE RECORD PERIOD 1948 TO 2016


WEATHER ITEM   OBSERVED TIME   RECORD YEAR NORMAL DEPARTURE LAST
                VALUE   (LST)  VALUE       VALUE  FROM      YEAR
                                                  NORMAL
..................................................................
TEMPERATURE (F)
 YESTERDAY
  MAXIMUM         74R   313 PM  74    1971  60     14       64
  MINIMUM         48    729 AM  33    1949  44      4       42
  AVERAGE         61                        52      9       53

PRECIPITATION (IN)
  YESTERDAY        0.00          1.42 1969   0.14  -0.14     0.00
  MONTH TO DATE    T                         1.36  -1.36     1.93
  SINCE OCT 1     10.44                     12.66  -2.22    10.54
  SINCE JAN 1      5.22                      5.35  -0.13     1.93

SNOWFALL (IN)
  YESTERDAY        0.0                                       0.0
  MONTH TO DATE    0.0                                       0.0
  SINCE DEC 1      0.0                                       0.0
  SINCE JUL 1      0.0                                       0.0

DEGREE DAYS
 HEATING
  YESTERDAY        4                        13     -9       12
  MONTH TO DATE  106                       151    -45       98
  SINCE DEC 1    956                      1135   -179      823
  SINCE JUL 1   1353                      1810   -457     1160

 COOLING
  YESTERDAY        0                         0      0        0
  MONTH TO DATE    1                         0      1        0
  SINCE DEC 1      1                         0      1        0
  SINCE JAN 1      1                         0      1        0
..................................................................


WIND (MPH)
  RESULTANT WIND SPEED   3   RESULTANT WIND DIRECTION  NW (300)
  HIGHEST WIND SPEED    14   HIGHEST WIND DIRECTION    NW (300)
  HIGHEST GUST SPEED    17   HIGHEST GUST DIRECTION    NW (300)
  AVERAGE WIND SPEED     4.3


SKY COVER
  POSSIBLE SUNSHINE  MM
  AVERAGE SKY COVER 0.7


WEATHER CONDITIONS
 THE FOLLOWING WEATHER WAS RECORDED YESTERDAY.
  FOG


RELATIVE HUMIDITY (PERCENT)
 HIGHEST    86           400 AM
 LOWEST     38           300 PM
 AVERAGE    62

..........................................................


THE OAKLAND AIRPORT CLIMATE NORMALS FOR TODAY
                         NORMAL    RECORD    YEAR
 MAXIMUM TEMPERATURE (F)   60        69      2015
                                             1953
 MINIMUM TEMPERATURE (F)   44        30      1949


SUNRISE AND SUNSET
FEBRUARY 12 2016......SUNRISE   702 AM PST   SUNSET   544 PM PST
FEBRUARY 13 2016......SUNRISE   701 AM PST   SUNSET   545 PM PST


-  INDICATES NEGATIVE NUMBERS.
R  INDICATES RECORD WAS SET OR TIED.
MM INDICATES DATA IS MISSING.
T  INDICATES TRACE AMOUNT.




$$
