000
CDUS46 KMTR 280835
CLIOAK


CLIMATE REPORT
NATIONAL WEATHER SERVICE SAN FRANCISCO BAY AREA
1235 AM PST SAT FEB 28 2015


...................................

...THE OAKLAND AIRPORT CLIMATE SUMMARY FOR FEBRUARY 27 2015...

CLIMATE NORMAL PERIOD 1981 TO 2010
CLIMATE RECORD PERIOD 1948 TO 2015


WEATHER ITEM   OBSERVED TIME   RECORD YEAR NORMAL DEPARTURE LAST
                VALUE   (LST)  VALUE       VALUE  FROM      YEAR
                                                  NORMAL
..................................................................
TEMPERATURE (F)
 YESTERDAY
  MAXIMUM         63   1259 PM  73    1986  61      2       66
  MINIMUM         48    550 AM  31    1962  45      3       55
  AVERAGE         56                        53      3       61

PRECIPITATION (IN)
  YESTERDAY        0.00          1.12 1973   0.15  -0.15     0.22
  MONTH TO DATE    1.93                      3.80  -1.87     2.92
  SINCE OCT 1     13.15                     15.10  -1.95     4.42
  SINCE JAN 1      1.93                      7.79  -5.86     2.96

SNOWFALL (IN)
  YESTERDAY        0.0                                       0.0
  MONTH TO DATE    0.0                                       0.0
  SINCE DEC 1      0.0                                       0.0
  SINCE JUL 1      0.0                                       0.0

DEGREE DAYS
 HEATING
  YESTERDAY        9                        12     -3        4
  MONTH TO DATE  234                       350   -116      301
  SINCE DEC 1    959                      1334   -375     1260
  SINCE JUL 1   1296                      2009   -713     1815

 COOLING
  YESTERDAY        0                         0      0        0
  MONTH TO DATE    0                         0      0        0
  SINCE DEC 1      0                         0      0        0
  SINCE JAN 1      0                         0      0        0
..................................................................


WIND (MPH)
  RESULTANT WIND SPEED  18   RESULTANT WIND DIRECTION   W (280)
  HIGHEST WIND SPEED    38   HIGHEST WIND DIRECTION     W (280)
  HIGHEST GUST SPEED    45   HIGHEST GUST DIRECTION     W (280)
  AVERAGE WIND SPEED    18.5


SKY COVER
  POSSIBLE SUNSHINE  MM
  AVERAGE SKY COVER 0.3


WEATHER CONDITIONS
 THE FOLLOWING WEATHER WAS RECORDED YESTERDAY.
  NO SIGNIFICANT WEATHER WAS OBSERVED.


RELATIVE HUMIDITY (PERCENT)
 HIGHEST    80           600 AM
 LOWEST     56           100 PM
 AVERAGE    68

..........................................................


THE OAKLAND AIRPORT CLIMATE NORMALS FOR TODAY
                         NORMAL    RECORD    YEAR
 MAXIMUM TEMPERATURE (F)   61        73      1954
 MINIMUM TEMPERATURE (F)   45        32      1955


SUNRISE AND SUNSET
FEBRUARY 28 2015......SUNRISE   642 AM PST   SUNSET   601 PM PST
MARCH  1 2015.........SUNRISE   641 AM PST   SUNSET   602 PM PST


-  INDICATES NEGATIVE NUMBERS.
R  INDICATES RECORD WAS SET OR TIED.
MM INDICATES DATA IS MISSING.
T  INDICATES TRACE AMOUNT.




$$
