000
CDUS46 KMTR 030037
CLIOAK


CLIMATE REPORT
NATIONAL WEATHER SERVICE SAN FRANCISCO BAY AREA
536 PM PDT MON MAY 2 2016


...................................

...THE OAKLAND AIRPORT CLIMATE SUMMARY FOR MAY 2 2016...
VALID TODAY AS OF 0500 PM LOCAL TIME.

CLIMATE NORMAL PERIOD 1981 TO 2010
CLIMATE RECORD PERIOD 1948 TO 2016


WEATHER ITEM   OBSERVED TIME   RECORD YEAR NORMAL DEPARTURE LAST
                VALUE   (LST)  VALUE       VALUE  FROM      YEAR
                                                  NORMAL
..................................................................
TEMPERATURE (F)
 TODAY
  MAXIMUM         68   1212 PM  92    2013  67      1       65
  MINIMUM         53    529 AM  43    1953  50      3       52
  AVERAGE         61                        59      2       59

PRECIPITATION (IN)
  TODAY           MM             0.33 2003   0.04  MM        0.00
  MONTH TO DATE   MM                         0.08  MM        0.00
  SINCE OCT 1     16.54                     19.75  -3.21    14.39
  SINCE JAN 1     11.32                     12.44  -1.12     3.17

SNOWFALL (IN)
  TODAY            0.0           0.0  1985
  MONTH TO DATE    0.0
  SINCE MAR 1      0.0
  SINCE JUL 1      0.0

DEGREE DAYS
 HEATING
  TODAY            4                         7     -3        6
  MONTH TO DATE    4                        14    -10        6
  SINCE MAR 1    339                       578   -239      418
  SINCE JUL 1   1814                      2600   -786     1727

 COOLING
  TODAY            0                         0      0        0
  MONTH TO DATE    3                         0      3        0
  SINCE MAR 1     21                         6     15        4
  SINCE JAN 1     22                         6     16        4
..................................................................


WIND (MPH)
  RESULTANT WIND SPEED   7   RESULTANT WIND DIRECTION  NW (310)
  HIGHEST WIND SPEED    21   HIGHEST WIND DIRECTION     W (290)
  HIGHEST GUST SPEED    24   HIGHEST GUST DIRECTION     W (280)
  AVERAGE WIND SPEED     8.9


SKY COVER
  POSSIBLE SUNSHINE  MM
  AVERAGE SKY COVER 0.4


WEATHER CONDITIONS
 THE FOLLOWING WEATHER WAS RECORDED TODAY.
  NO SIGNIFICANT WEATHER WAS OBSERVED.


RELATIVE HUMIDITY (PERCENT)
 HIGHEST    89           100 AM
 LOWEST     55          1200 PM
 AVERAGE    72

..........................................................


THE OAKLAND AIRPORT CLIMATE NORMALS FOR TOMORROW
                         NORMAL    RECORD    YEAR
 MAXIMUM TEMPERATURE (F)   67        88      2013
 MINIMUM TEMPERATURE (F)   50        42      1950


SUNRISE AND SUNSET
MAY  2 2016...........SUNRISE   611 AM PDT   SUNSET   801 PM PDT
MAY  3 2016...........SUNRISE   610 AM PDT   SUNSET   802 PM PDT


-  INDICATES NEGATIVE NUMBERS.
R  INDICATES RECORD WAS SET OR TIED.
MM INDICATES DATA IS MISSING.
T  INDICATES TRACE AMOUNT.




$$
