306
CDUS46 KMTR 060026
CLIOAK


CLIMATE REPORT
NATIONAL WEATHER SERVICE SAN FRANCISCO BAY AREA
426 PM PST MON DEC 5 2016


...................................

...THE OAKLAND AIRPORT CLIMATE SUMMARY FOR DECEMBER 5 2016...
VALID TODAY AS OF 0400 PM LOCAL TIME.

CLIMATE NORMAL PERIOD 1981 TO 2010
CLIMATE RECORD PERIOD 1948 TO 2016


WEATHER ITEM   OBSERVED TIME   RECORD YEAR NORMAL DEPARTURE LAST
                VALUE   (LST)  VALUE       VALUE  FROM      YEAR
                                                  NORMAL
..................................................................
TEMPERATURE (F)
 TODAY
  MAXIMUM         56    253 PM  67    2014  58     -2       54
  MINIMUM         49   1200 AM  28    2013  42      7       40
  AVERAGE         53                        50      3       47

PRECIPITATION (IN)
  TODAY            0.00          1.58 1952   0.10  -0.10     0.00
  MONTH TO DATE    0.00                      0.45  -0.45     0.24
  SINCE OCT 1      4.29                      4.10   0.19     1.35
  SINCE JAN 1     15.63                     17.60  -1.97     4.71

SNOWFALL (IN)
  TODAY            0.0           0.0  1984
  MONTH TO DATE    0.0
  SINCE DEC 1      0.0
  SINCE JUL 1      0.0

DEGREE DAYS
 HEATING
  TODAY           12                        15     -3       18
  MONTH TO DATE   62                        74    -12       80
  SINCE DEC 1     62                        74    -12       80
  SINCE JUL 1    432                       749   -317      477

 COOLING
  TODAY            0                         0      0        0
  MONTH TO DATE    0                         0      0        0
  SINCE DEC 1      0                         0      0        0
  SINCE JAN 1    168                       138     30      356
..................................................................


WIND (MPH)
  RESULTANT WIND SPEED   1   RESULTANT WIND DIRECTION   N (340)
  HIGHEST WIND SPEED     9   HIGHEST WIND DIRECTION     W (280)
  HIGHEST GUST SPEED    12   HIGHEST GUST DIRECTION    NW (310)
  AVERAGE WIND SPEED     3.1


SKY COVER
  POSSIBLE SUNSHINE  MM
  AVERAGE SKY COVER 1.0


WEATHER CONDITIONS
 THE FOLLOWING WEATHER WAS RECORDED TODAY.
  FOG
  FOG W/VISIBILITY <= 1/4 MILE


RELATIVE HUMIDITY (PERCENT)
 HIGHEST   100           300 AM
 LOWEST     72          1200 PM
 AVERAGE    86

..........................................................


THE OAKLAND AIRPORT CLIMATE NORMALS FOR TOMORROW
                         NORMAL    RECORD    YEAR
 MAXIMUM TEMPERATURE (F)   58        66      2014
                                             1979
 MINIMUM TEMPERATURE (F)   42        32      2005


SUNRISE AND SUNSET
DECEMBER  5 2016......SUNRISE   710 AM PST   SUNSET   450 PM PST
DECEMBER  6 2016......SUNRISE   710 AM PST   SUNSET   450 PM PST


-  INDICATES NEGATIVE NUMBERS.
R  INDICATES RECORD WAS SET OR TIED.
MM INDICATES DATA IS MISSING.
T  INDICATES TRACE AMOUNT.




$$
