000
CDUS43 KOAX 202132
CLIOAX


CLIMATE REPORT
NATIONAL WEATHER SERVICE OMAHA NEBRASKA
430 PM CDT SUN APR 20 2014


...................................

...THE VALLEY  NWS, NEBRASKA CLIMATE SUMMARY FOR APRIL 20 2014...
VALID TODAY AS OF 0400 PM LOCAL TIME.

CLIMATE NORMAL PERIOD 1981 TO 2010
CLIMATE RECORD PERIOD 1997 TO 2014


WEATHER ITEM   OBSERVED TIME   NORMAL DEPARTURE LAST
                VALUE   (LST)  VALUE  FROM      YEAR
                                      NORMAL
......................................................
TEMPERATURE (F)
 TODAY
  MAXIMUM         83    237 PM  63     20       46
  MINIMUM         58    521 AM  41     17       26
  AVERAGE         71            52     19       36

PRECIPITATION (IN)
  TODAY            0.00          0.11  -0.11     0.00
  MONTH TO DATE    1.32          1.82  -0.50     3.08
  SINCE MAR 1      1.68          3.82  -2.14     5.05
  SINCE JAN 1      2.72          5.53  -2.81     6.41

SNOWFALL (IN)
  TODAY            0.0                           0.0
  MONTH TO DATE    0.9                           0.7
  SINCE JUL 1     18.2                          33.4
  SNOW DEPTH       0

DEGREE DAYS
 HEATING
  TODAY            0            13    -13       29
  MONTH TO DATE  310           329    -19      435
  SINCE MAR 1   1203          1157     46     1380
  SINCE JUL 1   6263          5988    275     5880

 COOLING
  TODAY            6             0      6        0
  MONTH TO DATE    9             0      9        0
  SINCE MAR 1      9             0      9        0
  SINCE JAN 1      9             0      9        0
......................................................


WIND (MPH)
  HIGHEST WIND SPEED    MM   HIGHEST WIND DIRECTION    MM
  HIGHEST GUST SPEED    28   HIGHEST GUST DIRECTION    MM



WEATHER CONDITIONS
 THE FOLLOWING WEATHER WAS RECORDED TODAY.
  NO SIGNIFICANT WEATHER WAS OBSERVED.


..........................................................


THE VALLEY  NWS, NEBRASKA CLIMATE NORMALS FOR TOMORROW
                         NORMAL
 MAXIMUM TEMPERATURE (F)   64
 MINIMUM TEMPERATURE (F)   42


SUNRISE AND SUNSET
APRIL 20 2014.........SUNRISE   638 AM CDT   SUNSET   811 PM CDT
APRIL 21 2014.........SUNRISE   637 AM CDT   SUNSET   812 PM CDT


-  INDICATES NEGATIVE NUMBERS.
R  INDICATES RECORD WAS SET OR TIED.
MM INDICATES DATA IS MISSING.
T  INDICATES TRACE AMOUNT.




$$
