000
CDUS43 KOAX 020651
CLIOAX


CLIMATE REPORT
NATIONAL WEATHER SERVICE OMAHA NEBRASKA
1251 AM CST MON MAR 2 2015


...................................

...THE VALLEY  NWS, NEBRASKA CLIMATE SUMMARY FOR MARCH 1 2015...

CLIMATE NORMAL PERIOD 1981 TO 2010
CLIMATE RECORD PERIOD 1997 TO 2015


WEATHER ITEM   OBSERVED TIME   NORMAL DEPARTURE LAST
                VALUE   (LST)  VALUE  FROM      YEAR
                                      NORMAL
......................................................
TEMPERATURE (F)
 YESTERDAY
  MAXIMUM         40    358 PM  41     -1       18
  MINIMUM         17    716 AM  22     -5        0
  AVERAGE         29            32     -3        9

PRECIPITATION (IN)
  YESTERDAY        0.00          0.05  -0.05     0.06
  MONTH TO DATE    0.00          0.05  -0.05     0.06
  SINCE MAR 1      0.00          0.05  -0.05     0.06
  SINCE JAN 1      1.57          1.76  -0.19     1.10

SNOWFALL (IN)
  YESTERDAY        0.0                           1.2
  MONTH TO DATE    0.0                           1.2
  SINCE JUL 1     18.9                          16.6
  SNOW DEPTH       T

DEGREE DAYS
 HEATING
  YESTERDAY       36            33      3       56
  MONTH TO DATE   36            33      3       56
  SINCE MAR 1     36            33      3       56
  SINCE JUL 1   4765          4864    -99     5116

 COOLING
  YESTERDAY        0             0      0        0
  MONTH TO DATE    0             0      0        0
  SINCE MAR 1      0             0      0        0
  SINCE JAN 1      0             0      0        0
......................................................


WIND (MPH)
  HIGHEST WIND SPEED    MM   HIGHEST WIND DIRECTION    MM
  HIGHEST GUST SPEED    18   HIGHEST GUST DIRECTION    MM


SKY COVER
  POSSIBLE SUNSHINE  MM


WEATHER CONDITIONS
 THE FOLLOWING WEATHER WAS RECORDED YESTERDAY.
  NO SIGNIFICANT WEATHER WAS OBSERVED.


..........................................................


THE VALLEY  NWS, NEBRASKA CLIMATE NORMALS FOR TODAY
                         NORMAL
 MAXIMUM TEMPERATURE (F)   42
 MINIMUM TEMPERATURE (F)   23


SUNRISE AND SUNSET
MARCH  2 2015.........SUNRISE   659 AM CST   SUNSET   617 PM CST
MARCH  3 2015.........SUNRISE   657 AM CST   SUNSET   618 PM CST


-  INDICATES NEGATIVE NUMBERS.
R  INDICATES RECORD WAS SET OR TIED.
MM INDICATES DATA IS MISSING.
T  INDICATES TRACE AMOUNT.




$$
