000
CDUS43 KOAX 250634
CLIOAX


CLIMATE REPORT
NATIONAL WEATHER SERVICE OMAHA NEBRASKA
133 AM CDT FRI APR 25 2014


...................................

...THE VALLEY  NWS, NEBRASKA CLIMATE SUMMARY FOR APRIL 24 2014...

CLIMATE NORMAL PERIOD 1981 TO 2010
CLIMATE RECORD PERIOD 1997 TO 2014


WEATHER ITEM   OBSERVED TIME   NORMAL DEPARTURE LAST
                VALUE   (LST)  VALUE  FROM      YEAR
                                      NORMAL
......................................................
TEMPERATURE (F)
 YESTERDAY
  MAXIMUM         66    346 PM  65      1       58
  MINIMUM         48    448 AM  43      5       26
  AVERAGE         57            54      3       42

PRECIPITATION (IN)
  YESTERDAY        0.18          0.12   0.06     0.03
  MONTH TO DATE    1.65          2.29  -0.64     4.03
  SINCE MAR 1      2.01          4.29  -2.28     6.00
  SINCE JAN 1      3.05          6.00  -2.95     7.36

SNOWFALL (IN)
  YESTERDAY        0.0                           0.0
  MONTH TO DATE    0.9                           0.7
  SINCE JUL 1     18.2                          33.4
  SNOW DEPTH       0

DEGREE DAYS
 HEATING
  YESTERDAY        8            12     -4       23
  MONTH TO DATE  344           378    -34      523
  SINCE MAR 1   1237          1206     31     1468
  SINCE JUL 1   6297          6037    260     5968

 COOLING
  YESTERDAY        0             0      0        0
  MONTH TO DATE    9             0      9        0
  SINCE MAR 1      9             0      9        0
  SINCE JAN 1      9             0      9        0
......................................................


WIND (MPH)
  HIGHEST WIND SPEED    MM   HIGHEST WIND DIRECTION    MM
  HIGHEST GUST SPEED    30   HIGHEST GUST DIRECTION    MM


SKY COVER
  POSSIBLE SUNSHINE  MM


WEATHER CONDITIONS
 THE FOLLOWING WEATHER WAS RECORDED YESTERDAY.
  RAIN
  LIGHT RAIN


..........................................................


THE VALLEY  NWS, NEBRASKA CLIMATE NORMALS FOR TODAY
                         NORMAL
 MAXIMUM TEMPERATURE (F)   65
 MINIMUM TEMPERATURE (F)   44


SUNRISE AND SUNSET
APRIL 25 2014.........SUNRISE   631 AM CDT   SUNSET   816 PM CDT
APRIL 26 2014.........SUNRISE   630 AM CDT   SUNSET   818 PM CDT


-  INDICATES NEGATIVE NUMBERS.
R  INDICATES RECORD WAS SET OR TIED.
MM INDICATES DATA IS MISSING.
T  INDICATES TRACE AMOUNT.




$$
