078
CDUS43 KOAX 272125
CLIOAX


CLIMATE REPORT
NATIONAL WEATHER SERVICE OMAHA NEBRASKA
425 PM CDT FRI MAY 27 2016


...................................

...THE VALLEY  NWS, NEBRASKA CLIMATE SUMMARY FOR MAY 27 2016...
VALID TODAY AS OF 0400 PM LOCAL TIME.

CLIMATE NORMAL PERIOD 1981 TO 2010
CLIMATE RECORD PERIOD 1997 TO 2016


WEATHER ITEM   OBSERVED TIME   NORMAL DEPARTURE LAST
                VALUE   (LST)  VALUE  FROM      YEAR
                                      NORMAL
......................................................
TEMPERATURE (F)
 TODAY
  MAXIMUM         76    305 PM  77     -1       82
  MINIMUM         61    403 AM  56      5       54
  AVERAGE         69            66      3       68

PRECIPITATION (IN)
  TODAY            T             0.14  -0.14     0.00
  MONTH TO DATE    6.75          3.94   2.81     5.81
  SINCE MAR 1     14.54          8.97   5.57     9.99
  SINCE JAN 1     16.28         10.68   5.60    11.56

SNOWFALL (IN)
  TODAY            0.0                           0.0
  MONTH TO DATE    0.0                           0.0
  SINCE JUL 1     28.7                          19.3
  SNOW DEPTH       0

DEGREE DAYS
 HEATING
  TODAY            0             2     -2        0
  MONTH TO DATE  129           143    -14      138
  SINCE MAR 1   1011          1410   -399     1126
  SINCE JUL 1   4999          6241  -1242     5855

 COOLING
  TODAY            4             3      1        3
  MONTH TO DATE   34            49    -15       23
  SINCE MAR 1     34            56    -22       27
  SINCE JAN 1     34            56    -22       27
......................................................


WIND (MPH)
  HIGHEST WIND SPEED    MM   HIGHEST WIND DIRECTION    MM
  HIGHEST GUST SPEED    23   HIGHEST GUST DIRECTION    MM



WEATHER CONDITIONS
 THE FOLLOWING WEATHER WAS RECORDED TODAY.
  LIGHT RAIN


..........................................................


THE VALLEY  NWS, NEBRASKA CLIMATE NORMALS FOR TOMORROW
                         NORMAL
 MAXIMUM TEMPERATURE (F)   77
 MINIMUM TEMPERATURE (F)   57


SUNRISE AND SUNSET
MAY 27 2016...........SUNRISE   557 AM CDT   SUNSET   849 PM CDT
MAY 28 2016...........SUNRISE   556 AM CDT   SUNSET   850 PM CDT


-  INDICATES NEGATIVE NUMBERS.
R  INDICATES RECORD WAS SET OR TIED.
MM INDICATES DATA IS MISSING.
T  INDICATES TRACE AMOUNT.




$$
