000
CDUS43 KOAX 030633
CLIOAX


CLIMATE REPORT
NATIONAL WEATHER SERVICE OMAHA NEBRASKA
132 AM CDT FRI JUL 3 2015


...................................

...THE VALLEY  NWS, NEBRASKA CLIMATE SUMMARY FOR JULY 2 2015...

CLIMATE NORMAL PERIOD 1981 TO 2010
CLIMATE RECORD PERIOD 1997 TO 2015


WEATHER ITEM   OBSERVED TIME   NORMAL DEPARTURE LAST
                VALUE   (LST)  VALUE  FROM      YEAR
                                      NORMAL
......................................................
TEMPERATURE (F)
 YESTERDAY
  MAXIMUM         69    233 PM  85    -16       73
  MINIMUM         63    528 AM  66     -3       57
  AVERAGE         66            76    -10       65

PRECIPITATION (IN)
  YESTERDAY        0.45          0.15   0.30      T
  MONTH TO DATE    0.46          0.30   0.16      T
  SINCE JUN 1      5.76          5.39   0.37    11.67
  SINCE JAN 1     17.61         16.71   0.90    20.58

SNOWFALL (IN)
  YESTERDAY        0.0                           0.0
  MONTH TO DATE    0.0                           0.0
  SINCE JUL 1      0.0                           0.0
  SNOW DEPTH       0

DEGREE DAYS
 HEATING
  YESTERDAY        0             0      0        0
  MONTH TO DATE    0             0      0        0
  SINCE JUN 1      1            16    -15        4
  SINCE JUL 1      0             0      0        0

 COOLING
  YESTERDAY        1            11    -10        0
  MONTH TO DATE   11            22    -11        4
  SINCE JUN 1    245           256    -11      244
  SINCE JAN 1    276           328    -52      374
......................................................


WIND (MPH)
  HIGHEST WIND SPEED    MM   HIGHEST WIND DIRECTION    MM
  HIGHEST GUST SPEED    14   HIGHEST GUST DIRECTION    MM


SKY COVER
  POSSIBLE SUNSHINE  MM


WEATHER CONDITIONS
 THE FOLLOWING WEATHER WAS RECORDED YESTERDAY.
  RAIN
  LIGHT RAIN


..........................................................


THE VALLEY  NWS, NEBRASKA CLIMATE NORMALS FOR TODAY
                         NORMAL
 MAXIMUM TEMPERATURE (F)   86
 MINIMUM TEMPERATURE (F)   66


SUNRISE AND SUNSET
JULY  3 2015..........SUNRISE   557 AM CDT   SUNSET   902 PM CDT
JULY  4 2015..........SUNRISE   558 AM CDT   SUNSET   902 PM CDT


-  INDICATES NEGATIVE NUMBERS.
R  INDICATES RECORD WAS SET OR TIED.
MM INDICATES DATA IS MISSING.
T  INDICATES TRACE AMOUNT.




$$
