000
CDUS43 KOAX 181555 CCA
CLIOAX

CLIMATE REPORT...CORRECTION
NATIONAL WEATHER SERVICE OMAHA NEBRASKA
128 AM CDT FRI AUG 18 2017

...CORRECTED TIME OF LOW...


...................................

...THE VALLEY  NWS, NEBRASKA CLIMATE SUMMARY FOR AUGUST 17 2017...

CLIMATE NORMAL PERIOD 1981 TO 2010
CLIMATE RECORD PERIOD 1997 TO 2017


WEATHER ITEM   OBSERVED TIME   NORMAL DEPARTURE LAST
                VALUE   (LST)  VALUE  FROM      YEAR
                                      NORMAL
......................................................
TEMPERATURE (F)
 YESTERDAY
  MAXIMUM         82    448 PM  84     -2       87
  MINIMUM         62    601 AM  64     -2       67
  AVERAGE         72            74     -2       77

PRECIPITATION (IN)
  YESTERDAY        0.00          0.14  -0.14     0.00
  MONTH TO DATE    2.71          2.20   0.51     2.64
  SINCE JUN 1      8.30         11.74  -3.44    15.84
  SINCE JAN 1     23.65         23.06   0.59    32.34

SNOWFALL (IN)
  YESTERDAY        0.0                           0.0
  MONTH TO DATE    0.0                           0.0
  SINCE JUL 1      0.0                           0.0
  SNOW DEPTH       0

DEGREE DAYS
 HEATING
  YESTERDAY        0             0      0        0
  MONTH TO DATE    0             0      0        0
  SINCE JUN 1      0            17    -17        0
  SINCE JUL 1      0             1     -1        0

 COOLING
  YESTERDAY        7             9     -2       12
  MONTH TO DATE  105           176    -71      196
  SINCE JUN 1    848           769     79      940
  SINCE JAN 1    912           841     71      993
......................................................


WIND (MPH)
  HIGHEST WIND SPEED    MM   HIGHEST WIND DIRECTION    MM
  HIGHEST GUST SPEED    23   HIGHEST GUST DIRECTION    MM


SKY COVER
  POSSIBLE SUNSHINE  MM


WEATHER CONDITIONS
 THE FOLLOWING WEATHER WAS RECORDED YESTERDAY.
  NO SIGNIFICANT WEATHER WAS OBSERVED.


..........................................................


THE VALLEY  NWS, NEBRASKA CLIMATE NORMALS FOR TODAY
                         NORMAL
 MAXIMUM TEMPERATURE (F)   84
 MINIMUM TEMPERATURE (F)   64


SUNRISE AND SUNSET
AUGUST 18 2017........SUNRISE   638 AM CDT   SUNSET   820 PM CDT
AUGUST 19 2017........SUNRISE   639 AM CDT   SUNSET   818 PM CDT


-  INDICATES NEGATIVE NUMBERS.
R  INDICATES RECORD WAS SET OR TIED.
MM INDICATES DATA IS MISSING.
T  INDICATES TRACE AMOUNT.




$$
