136
CDUS43 KGID 040625
CLIODX


CLIMATE REPORT
NATIONAL WEATHER SERVICE HASTINGS NE
1224 AM CST SUN DEC 4 2016


...................................

...THE ORD NE CLIMATE SUMMARY FOR DECEMBER 3 2016...

CLIMATE NORMAL PERIOD 1981 TO 2010
CLIMATE RECORD PERIOD 1895 TO 2016


WEATHER ITEM   OBSERVED TIME   NORMAL DEPARTURE LAST
                VALUE   (LST)  VALUE  FROM      YEAR
                                      NORMAL
......................................................
TEMPERATURE (F)
 YESTERDAY
  MAXIMUM         38    325 PM  40     -2       44
  MINIMUM         19    120 AM  16      3        9
  AVERAGE         29            28      1       27

PRECIPITATION (IN)
  YESTERDAY        0.00          0.04  -0.04     0.00
  MONTH TO DATE    0.00          0.15  -0.15      T
  SINCE DEC 1      0.00          0.15  -0.15      T
  SINCE JAN 1     30.21         24.50   5.71    22.65

DEGREE DAYS
 HEATING
  YESTERDAY       36            37     -1       38
  MONTH TO DATE  104           110     -6      118
  SINCE DEC 1    104           110     -6      118
  SINCE JUL 1   1220          1591   -371     1257

 COOLING
  YESTERDAY        0             0      0        0
  MONTH TO DATE    0             0      0        0
  SINCE DEC 1      0             0      0        0
  SINCE JAN 1    887           845     42      818
......................................................


WIND (MPH)
  HIGHEST WIND SPEED    21   HIGHEST WIND DIRECTION     S (180)
  HIGHEST GUST SPEED    27   HIGHEST GUST DIRECTION     S (190)
  AVERAGE WIND SPEED     8.3


SKY COVER
  AVERAGE SKY COVER 0.9


WEATHER CONDITIONS
 THE FOLLOWING WEATHER WAS RECORDED YESTERDAY.
  NO SIGNIFICANT WEATHER WAS OBSERVED.


RELATIVE HUMIDITY (PERCENT)
 HIGHEST    91           200 AM
 LOWEST     70          1000 AM
 AVERAGE    81

..........................................................


THE ORD NE CLIMATE NORMALS FOR TODAY
                         NORMAL
 MAXIMUM TEMPERATURE (F)   39
 MINIMUM TEMPERATURE (F)   16


SUNRISE AND SUNSET
DECEMBER  4 2016......SUNRISE   747 AM CST   SUNSET   506 PM CST
DECEMBER  5 2016......SUNRISE   748 AM CST   SUNSET   506 PM CST


-  INDICATES NEGATIVE NUMBERS.
R  INDICATES RECORD WAS SET OR TIED.
MM INDICATES DATA IS MISSING.
T  INDICATES TRACE AMOUNT.




$$
