000
CDUS43 KGID 240624
CLIODX


CLIMATE REPORT
NATIONAL WEATHER SERVICE HASTINGS NE
123 AM CDT FRI MAR 24 2017


...................................

...THE ORD NE CLIMATE SUMMARY FOR MARCH 23 2017...

CLIMATE NORMAL PERIOD 1981 TO 2010
CLIMATE RECORD PERIOD 1895 TO 2017


WEATHER ITEM   OBSERVED TIME   NORMAL DEPARTURE LAST
                VALUE   (LST)  VALUE  FROM      YEAR
                                      NORMAL
......................................................
TEMPERATURE (F)
 YESTERDAY
  MAXIMUM         67    549 PM  54     13       50
  MINIMUM         44    305 AM  27     17       29
  AVERAGE         56            41     15       40

PRECIPITATION (IN)
  YESTERDAY        0.92          0.07   0.85     0.91
  MONTH TO DATE    1.08          0.74   0.34     1.03
  SINCE MAR 1      1.08          0.74   0.34     1.03
  SINCE JAN 1      3.02          1.55   1.47     2.18

DEGREE DAYS
 HEATING
  YESTERDAY        9            24    -15       25
  MONTH TO DATE  564           664   -100      478
  SINCE MAR 1    564           664   -100      478
  SINCE JUL 1   5075          5681   -606     4827

 COOLING
  YESTERDAY        0             0      0        0
  MONTH TO DATE    0             0      0        0
  SINCE MAR 1      0             0      0        0
  SINCE JAN 1      0             0      0        0
......................................................


WIND (MPH)
  HIGHEST WIND SPEED    26   HIGHEST WIND DIRECTION     W (270)
  HIGHEST GUST SPEED    35   HIGHEST GUST DIRECTION     W (260)
  AVERAGE WIND SPEED    11.8


SKY COVER
  AVERAGE SKY COVER 0.7


WEATHER CONDITIONS
 THE FOLLOWING WEATHER WAS RECORDED YESTERDAY.
  THUNDERSTORM
  HEAVY RAIN
  RAIN
  LIGHT RAIN
  FOG
  HAZE


RELATIVE HUMIDITY (PERCENT)
 HIGHEST    93          1000 AM
 LOWEST     45           100 AM
 AVERAGE    69

..........................................................


THE ORD NE CLIMATE NORMALS FOR TODAY
                         NORMAL
 MAXIMUM TEMPERATURE (F)   54
 MINIMUM TEMPERATURE (F)   28


SUNRISE AND SUNSET
MARCH 24 2017.........SUNRISE   732 AM CDT   SUNSET   753 PM CDT
MARCH 25 2017.........SUNRISE   730 AM CDT   SUNSET   754 PM CDT


-  INDICATES NEGATIVE NUMBERS.
R  INDICATES RECORD WAS SET OR TIED.
MM INDICATES DATA IS MISSING.
T  INDICATES TRACE AMOUNT.




$$
