000
CDUS43 KGID 210639
CLIODX


CLIMATE REPORT
NATIONAL WEATHER SERVICE HASTINGS NE
138 AM CDT MON APR 21 2014


...................................

...THE ORD NE CLIMATE SUMMARY FOR APRIL 20 2014...

CLIMATE NORMAL PERIOD 1981 TO 2010
CLIMATE RECORD PERIOD 1895 TO 2014


WEATHER ITEM   OBSERVED TIME   NORMAL DEPARTURE LAST
                VALUE   (LST)  VALUE  FROM      YEAR
                                      NORMAL
......................................................
TEMPERATURE (F)
 YESTERDAY
  MAXIMUM         79    413 PM  63     16       49
  MINIMUM         43    558 AM  38      5       24
  AVERAGE         61            50     11       37

PRECIPITATION (IN)
  YESTERDAY        0.02          0.10  -0.08      T
  MONTH TO DATE    0.65          1.55  -0.90     2.13
  SINCE MAR 1      0.85          3.00  -2.15     2.74
  SINCE JAN 1      1.10          3.81  -2.71     4.36

DEGREE DAYS
 HEATING
  YESTERDAY        4                            28
  MONTH TO DATE  373                           508

 COOLING
  YESTERDAY        0                             0
  MONTH TO DATE    0                             0
  SINCE MAR 1      0                             0
  SINCE JAN 1      0                             0
......................................................


WIND (MPH)
  HIGHEST WIND SPEED    20   HIGHEST WIND DIRECTION    NW (320)
  HIGHEST GUST SPEED    24   HIGHEST GUST DIRECTION    NW (330)
  AVERAGE WIND SPEED     6.5


SKY COVER
  AVERAGE SKY COVER 0.2


WEATHER CONDITIONS
 THE FOLLOWING WEATHER WAS RECORDED YESTERDAY.
  THUNDERSTORM
  LIGHT RAIN


RELATIVE HUMIDITY (PERCENT)
 HIGHEST    75          1100 PM
 LOWEST     35           400 PM
 AVERAGE    55

..........................................................


THE ORD NE CLIMATE NORMALS FOR TODAY
                         NORMAL
 MAXIMUM TEMPERATURE (F)   63
 MINIMUM TEMPERATURE (F)   38


SUNRISE AND SUNSET
APRIL 21 2014.........SUNRISE   647 AM CDT   SUNSET   823 PM CDT
APRIL 22 2014.........SUNRISE   645 AM CDT   SUNSET   824 PM CDT


-  INDICATES NEGATIVE NUMBERS.
R  INDICATES RECORD WAS SET OR TIED.
MM INDICATES DATA IS MISSING.
T  INDICATES TRACE AMOUNT.




$$
