000
CDUS43 KGID 280630
CLIODX


CLIMATE REPORT
NATIONAL WEATHER SERVICE HASTINGS NE
1229 AM CST SUN DEC 28 2014


...................................

...THE ORD NE CLIMATE SUMMARY FOR DECEMBER 27 2014...

CLIMATE NORMAL PERIOD 1981 TO 2010
CLIMATE RECORD PERIOD 1895 TO 2014


WEATHER ITEM   OBSERVED TIME   NORMAL DEPARTURE LAST
                VALUE   (LST)  VALUE  FROM      YEAR
                                      NORMAL
......................................................
TEMPERATURE (F)
 YESTERDAY
  MAXIMUM         25    316 PM  35    -10       62
  MINIMUM          5   1159 PM  12     -7       12
  AVERAGE         15            23     -8       37

PRECIPITATION (IN)
  YESTERDAY        0.16          0.01   0.15     0.00
  MONTH TO DATE    1.46          0.54   0.92      T
  SINCE DEC 1      1.46          0.54   0.92      T
  SINCE JAN 1     21.98         24.89  -2.91    24.35

DEGREE DAYS
 HEATING
  YESTERDAY       50            42      8       28
  MONTH TO DATE  939          1077   -138     1017
  SINCE DEC 1    939          1077   -138     1017
  SINCE JUL 1   2525          2558    -33     2497

 COOLING
  YESTERDAY        0             0      0        0
  MONTH TO DATE    0             0      0        0
  SINCE DEC 1      0             0      0        0
  SINCE JAN 1    692           845   -153      907
......................................................


WIND (MPH)
  HIGHEST WIND SPEED    16   HIGHEST WIND DIRECTION    NW (310)
  HIGHEST GUST SPEED    19   HIGHEST GUST DIRECTION    NW (310)
  AVERAGE WIND SPEED     5.4


SKY COVER
  AVERAGE SKY COVER 0.2


WEATHER CONDITIONS
 THE FOLLOWING WEATHER WAS RECORDED YESTERDAY.
  LIGHT SNOW
  FOG


RELATIVE HUMIDITY (PERCENT)
 HIGHEST    96           800 AM
 LOWEST     68           200 PM
 AVERAGE    82

..........................................................


THE ORD NE CLIMATE NORMALS FOR TODAY
                         NORMAL
 MAXIMUM TEMPERATURE (F)   35
 MINIMUM TEMPERATURE (F)   12


SUNRISE AND SUNSET
DECEMBER 28 2014......SUNRISE   802 AM CST   SUNSET   513 PM CST
DECEMBER 29 2014......SUNRISE   802 AM CST   SUNSET   514 PM CST


-  INDICATES NEGATIVE NUMBERS.
R  INDICATES RECORD WAS SET OR TIED.
MM INDICATES DATA IS MISSING.
T  INDICATES TRACE AMOUNT.




$$
