000
CDUS43 KGID 280639
CLIODX


CLIMATE REPORT
NATIONAL WEATHER SERVICE HASTINGS NE
138 AM CDT THU MAY 28 2015


...................................

...THE ORD NE CLIMATE SUMMARY FOR MAY 27 2015...

CLIMATE NORMAL PERIOD 1981 TO 2010
CLIMATE RECORD PERIOD 1895 TO 2015


WEATHER ITEM   OBSERVED TIME   NORMAL DEPARTURE LAST
                VALUE   (LST)  VALUE  FROM      YEAR
                                      NORMAL
......................................................
TEMPERATURE (F)
 YESTERDAY
  MAXIMUM         80    252 PM  75      5       89
  MINIMUM         44    426 AM  51     -7       54
  AVERAGE         62            63     -1       72

PRECIPITATION (IN)
  YESTERDAY        0.00          0.15  -0.15     0.00
  MONTH TO DATE    2.85          3.22  -0.37     0.49
  SINCE MAR 1      5.59          7.26  -1.67     1.95
  SINCE JAN 1      6.33          8.07  -1.74     2.20

DEGREE DAYS
 HEATING
  YESTERDAY        3             4     -1        0
  MONTH TO DATE  223           203     20      256
  SINCE MAR 1   1372          1539   -167     1702
  SINCE JUL 1   6504          6556    -52     6855

 COOLING
  YESTERDAY        0             2     -2        7
  MONTH TO DATE    5            31    -26       36
  SINCE MAR 1      9            33    -24       37
  SINCE JAN 1      9            33    -24       37
......................................................


WIND (MPH)
  HIGHEST WIND SPEED    23   HIGHEST WIND DIRECTION     S (200)
  HIGHEST GUST SPEED    28   HIGHEST GUST DIRECTION    SW (210)
  AVERAGE WIND SPEED     6.4


SKY COVER
  AVERAGE SKY COVER 0.2


WEATHER CONDITIONS
 THE FOLLOWING WEATHER WAS RECORDED YESTERDAY.
  NO SIGNIFICANT WEATHER WAS OBSERVED.


RELATIVE HUMIDITY (PERCENT)
 HIGHEST    93           400 AM
 LOWEST     30           100 PM
 AVERAGE    62

..........................................................


THE ORD NE CLIMATE NORMALS FOR TODAY
                         NORMAL
 MAXIMUM TEMPERATURE (F)   76
 MINIMUM TEMPERATURE (F)   51


SUNRISE AND SUNSET
MAY 28 2015...........SUNRISE   606 AM CDT   SUNSET   900 PM CDT
MAY 29 2015...........SUNRISE   606 AM CDT   SUNSET   901 PM CDT


-  INDICATES NEGATIVE NUMBERS.
R  INDICATES RECORD WAS SET OR TIED.
MM INDICATES DATA IS MISSING.
T  INDICATES TRACE AMOUNT.




$$
