000
CDUS43 KGID 200635
CLIODX


CLIMATE REPORT
NATIONAL WEATHER SERVICE HASTINGS NE
1230 AM CST MON FEB 20 2017


...................................

...THE ORD NE CLIMATE SUMMARY FOR FEBRUARY 19 2017...

CLIMATE NORMAL PERIOD 1981 TO 2010
CLIMATE RECORD PERIOD 1895 TO 2017


WEATHER ITEM   OBSERVED TIME   NORMAL DEPARTURE LAST
                VALUE   (LST)  VALUE  FROM      YEAR
                                      NORMAL
......................................................
TEMPERATURE (F)
 YESTERDAY
  MAXIMUM         73    413 PM  41     32       67
  MINIMUM         33    451 AM  16     17       37
  AVERAGE         53            28     25       52

PRECIPITATION (IN)
  YESTERDAY        0.00          0.02  -0.02     0.00
  MONTH TO DATE    0.26          0.33  -0.07     0.85
  SINCE DEC 1      1.82          1.29   0.53     1.84
  SINCE JAN 1      1.41          0.70   0.71     1.15

DEGREE DAYS
 HEATING
  YESTERDAY       12            37    -25       13
  MONTH TO DATE  587           726   -139      632
  SINCE DEC 1   3125          3221    -96     2946
  SINCE JUL 1   4241          4702   -461     4085

 COOLING
  YESTERDAY        0             0      0        0
  MONTH TO DATE    0             0      0        0
  SINCE DEC 1      0             0      0        0
  SINCE JAN 1      0             0      0        0
......................................................


WIND (MPH)
  HIGHEST WIND SPEED    25   HIGHEST WIND DIRECTION     S (180)
  HIGHEST GUST SPEED    34   HIGHEST GUST DIRECTION     S (170)
  AVERAGE WIND SPEED    12.5


SKY COVER
  AVERAGE SKY COVER 0.0


WEATHER CONDITIONS
 THE FOLLOWING WEATHER WAS RECORDED YESTERDAY.
  FOG
  HAZE


RELATIVE HUMIDITY (PERCENT)
 HIGHEST    89           700 AM
 LOWEST     29           400 PM
 AVERAGE    59

..........................................................


THE ORD NE CLIMATE NORMALS FOR TODAY
                         NORMAL
 MAXIMUM TEMPERATURE (F)   41
 MINIMUM TEMPERATURE (F)   16


SUNRISE AND SUNSET
FEBRUARY 20 2017......SUNRISE   724 AM CST   SUNSET   616 PM CST
FEBRUARY 21 2017......SUNRISE   722 AM CST   SUNSET   617 PM CST


-  INDICATES NEGATIVE NUMBERS.
R  INDICATES RECORD WAS SET OR TIED.
MM INDICATES DATA IS MISSING.
T  INDICATES TRACE AMOUNT.




$$
