000
CDUS43 KGID 180627
CLIODX


CLIMATE REPORT
NATIONAL WEATHER SERVICE HASTINGS NE
1226 AM CST MON DEC 18 2017


...................................

...THE ORD NE CLIMATE SUMMARY FOR DECEMBER 17 2017...

CLIMATE NORMAL PERIOD 1981 TO 2010
CLIMATE RECORD PERIOD 1895 TO 2017


WEATHER ITEM   OBSERVED TIME   NORMAL DEPARTURE LAST
                VALUE   (LST)  VALUE  FROM      YEAR
                                      NORMAL
......................................................
TEMPERATURE (F)
 YESTERDAY
  MAXIMUM         40    403 PM  36      4        8
  MINIMUM         24   1113 PM  12     12      -20
  AVERAGE         32            24      8       -6

PRECIPITATION (IN)
  YESTERDAY        0.00          0.01  -0.01     0.09
  MONTH TO DATE    0.06          0.45  -0.39     0.10
  SINCE DEC 1      0.06          0.45  -0.39     0.10
  SINCE JAN 1     28.70         24.80   3.90    30.31

DEGREE DAYS
 HEATING
  YESTERDAY       33            41     -8       71
  MONTH TO DATE  505           662   -157      764
  SINCE DEC 1    505           662   -157      764
  SINCE JUL 1   1850          2143   -293     1880

 COOLING
  YESTERDAY        0             0      0        0
  MONTH TO DATE    0             0      0        0
  SINCE DEC 1      0             0      0        0
  SINCE JAN 1    840           845     -5      887
......................................................


WIND (MPH)
  HIGHEST WIND SPEED    14   HIGHEST WIND DIRECTION     N (20)
  HIGHEST GUST SPEED    20   HIGHEST GUST DIRECTION    NE (30)
  AVERAGE WIND SPEED     6.6


SKY COVER
  AVERAGE SKY COVER 0.8


WEATHER CONDITIONS
 THE FOLLOWING WEATHER WAS RECORDED YESTERDAY.
  NO SIGNIFICANT WEATHER WAS OBSERVED.


RELATIVE HUMIDITY (PERCENT)
 HIGHEST    92          1200 AM
 LOWEST     64           100 PM
 AVERAGE    78

..........................................................


THE ORD NE CLIMATE NORMALS FOR TODAY
                         NORMAL
 MAXIMUM TEMPERATURE (F)   36
 MINIMUM TEMPERATURE (F)   12


SUNRISE AND SUNSET
DECEMBER 18 2017......SUNRISE   758 AM CST   SUNSET   507 PM CST
DECEMBER 19 2017......SUNRISE   758 AM CST   SUNSET   508 PM CST


-  INDICATES NEGATIVE NUMBERS.
R  INDICATES RECORD WAS SET OR TIED.
MM INDICATES DATA IS MISSING.
T  INDICATES TRACE AMOUNT.




$$
