760
CDUS43 KOAX 100628
CLIOFK


CLIMATE REPORT
NATIONAL WEATHER SERVICE OMAHA NEBRASKA
1228 AM CST WED FEB 10 2016


...................................

...THE NORFOLK, NEBRASKA CLIMATE SUMMARY FOR FEBRUARY 9 2016...

CLIMATE NORMAL PERIOD 1981 TO 2010
CLIMATE RECORD PERIOD 1888 TO 2016


WEATHER ITEM   OBSERVED TIME   RECORD YEAR NORMAL DEPARTURE LAST
                VALUE   (LST)  VALUE       VALUE  FROM      YEAR
                                                  NORMAL
..................................................................
TEMPERATURE (F)
 YESTERDAY
  MAXIMUM         29    520 PM  68    1954  35     -6       37
  MINIMUM         14    803 AM -32    1899  15     -1       32
  AVERAGE         22                        25     -3       35

PRECIPITATION (IN)
  YESTERDAY        0.00          0.55 1965   0.02  -0.02     0.00
  MONTH TO DATE    1.29                      0.22   1.07     0.26
  SINCE DEC 1      4.13                      1.56   2.57     2.03
  SINCE JAN 1      1.86                      0.81   1.05     0.83

SNOWFALL (IN)
  YESTERDAY        0.0                       0.2   -0.2      0.0
  MONTH TO DATE   14.2                       2.0   12.2      3.7
  SINCE JUL 1     38.7                      19.3   19.4     20.0
  SNOW DEPTH       5

DEGREE DAYS
 HEATING
  YESTERDAY       43                        40      3       30
  MONTH TO DATE  348                       366    -18      366
  SINCE DEC 1   2691                      2943   -252     2704
  SINCE JUL 1   3712                      4388   -676     4197

 COOLING
  YESTERDAY        0                         0      0        0
  MONTH TO DATE    0                         0      0        0
  SINCE DEC 1      0                         0      0        0
  SINCE JAN 1      0                         0      0        0
..................................................................


WIND (MPH)
  HIGHEST WIND SPEED    30   HIGHEST WIND DIRECTION     N (340)
  HIGHEST GUST SPEED    36   HIGHEST GUST DIRECTION     N (340)
  AVERAGE WIND SPEED    14.5


SKY COVER
  POSSIBLE SUNSHINE  MM
  AVERAGE SKY COVER 0.3


WEATHER CONDITIONS
 THE FOLLOWING WEATHER WAS RECORDED YESTERDAY.
  NO SIGNIFICANT WEATHER WAS OBSERVED.


RELATIVE HUMIDITY (PERCENT)
 HIGHEST    73           800 AM
 LOWEST     50           300 PM
 AVERAGE    62

..........................................................


THE NORFOLK, NEBRASKA CLIMATE NORMALS FOR TODAY
                         NORMAL    RECORD    YEAR
 MAXIMUM TEMPERATURE (F)   36        70      1999
                                             1951
 MINIMUM TEMPERATURE (F)   15       -23      1905


SUNRISE AND SUNSET
FEBRUARY 10 2016......SUNRISE   733 AM CST   SUNSET   556 PM CST
FEBRUARY 11 2016......SUNRISE   731 AM CST   SUNSET   557 PM CST


-  INDICATES NEGATIVE NUMBERS.
R  INDICATES RECORD WAS SET OR TIED.
MM INDICATES DATA IS MISSING.
T  INDICATES TRACE AMOUNT.




$$
