000
CDUS43 KOAX 220631
CLIOFK


CLIMATE REPORT
NATIONAL WEATHER SERVICE OMAHA NEBRASKA
126 AM CDT WED OCT 22 2014


...................................

...THE NORFOLK, NEBRASKA CLIMATE SUMMARY FOR OCTOBER 21 2014...

CLIMATE NORMAL PERIOD 1981 TO 2010
CLIMATE RECORD PERIOD 1888 TO 2014


WEATHER ITEM   OBSERVED TIME   RECORD YEAR NORMAL DEPARTURE LAST
                VALUE   (LST)  VALUE       VALUE  FROM      YEAR
                                                  NORMAL
..................................................................
TEMPERATURE (F)
 YESTERDAY
  MAXIMUM         78    252 PM  88    1947  61     17       56
  MINIMUM         38    709 AM  15    1987  37      1       29
                                      1930
                                      1913
  AVERAGE         58                        49      9       43

PRECIPITATION (IN)
  YESTERDAY        0.00          1.32 1900   0.06  -0.06      T
  MONTH TO DATE    0.39                      1.55  -1.16     4.32
  SINCE SEP 1      2.39                      4.24  -1.85     5.17
  SINCE JAN 1     27.61                     24.77   2.84    23.58

SNOWFALL (IN)
  YESTERDAY        0.0                       0.0    0.0      0.0
  MONTH TO DATE    0.0                       0.3   -0.3      0.0
  SINCE JUL 1      0.0                       0.3   -0.3      0.0
  SNOW DEPTH       0

DEGREE DAYS
 HEATING
  YESTERDAY        7                        16     -9       22
  MONTH TO DATE  242                       260    -18      245
  SINCE SEP 1    359                       386    -27      274
  SINCE JUL 1    371                       402    -31      290

 COOLING
  YESTERDAY        0                         0      0        0
  MONTH TO DATE    3                         8     -5        9
  SINCE SEP 1     84                        98    -14      181
  SINCE JAN 1    811                       914   -103     1005
..................................................................


WIND (MPH)
  HIGHEST WIND SPEED    22   HIGHEST WIND DIRECTION     S (170)
  HIGHEST GUST SPEED    29   HIGHEST GUST DIRECTION     S (180)
  AVERAGE WIND SPEED     9.6


SKY COVER
  POSSIBLE SUNSHINE  MM
  AVERAGE SKY COVER 0.0


WEATHER CONDITIONS
 THE FOLLOWING WEATHER WAS RECORDED YESTERDAY.
  NO SIGNIFICANT WEATHER WAS OBSERVED.


RELATIVE HUMIDITY (PERCENT)
 HIGHEST    85           600 AM
 LOWEST     29           200 PM
 AVERAGE    57

..........................................................


THE NORFOLK, NEBRASKA CLIMATE NORMALS FOR TODAY
                         NORMAL    RECORD    YEAR
 MAXIMUM TEMPERATURE (F)   61        88      1927
 MINIMUM TEMPERATURE (F)   36        14      1936


SUNRISE AND SUNSET
OCTOBER 22 2014.......SUNRISE   750 AM CDT   SUNSET   637 PM CDT
OCTOBER 23 2014.......SUNRISE   752 AM CDT   SUNSET   636 PM CDT


-  INDICATES NEGATIVE NUMBERS.
R  INDICATES RECORD WAS SET OR TIED.
MM INDICATES DATA IS MISSING.
T  INDICATES TRACE AMOUNT.


$$

BCM
