000
CDUS43 KOAX 252122
CLIOFK


CLIMATE REPORT
NATIONAL WEATHER SERVICE OMAHA NEBRASKA
422 PM CDT THU AUG 25 2016


...................................

...THE NORFOLK, NEBRASKA CLIMATE SUMMARY FOR AUGUST 25 2016...
VALID TODAY AS OF 0400 PM LOCAL TIME.

CLIMATE NORMAL PERIOD 1981 TO 2010
CLIMATE RECORD PERIOD 1888 TO 2016


WEATHER ITEM   OBSERVED TIME   RECORD YEAR NORMAL DEPARTURE LAST
                VALUE   (LST)  VALUE       VALUE  FROM      YEAR
                                                  NORMAL
..................................................................
TEMPERATURE (F)
 TODAY
  MAXIMUM         75    259 PM 103    1955  83     -8       78
  MINIMUM         54    451 AM  42    1934  60     -6       44
  AVERAGE         65                        72     -7       61

PRECIPITATION (IN)
  TODAY            0.00          1.86 1902   0.10  -0.10     0.00
  MONTH TO DATE    2.30                      2.69  -0.39     1.79
  SINCE JUN 1      8.39                     10.27  -1.88    11.53
  SINCE JAN 1     24.84                     19.97   4.87    18.49

SNOWFALL (IN)
  TODAY            0.0                       0.0    0.0      0.0
  MONTH TO DATE    0.0                       0.0    0.0      0.0
  SINCE JUL 1      0.0                       0.0    0.0      0.0
  SNOW DEPTH       0

DEGREE DAYS
 HEATING
  TODAY            0                         1     -1        4
  MONTH TO DATE    3                         2      1       20
  SINCE JUN 1     13                        36    -23       27
  SINCE JUL 1     10                         6      4       24

 COOLING
  TODAY            0                         7     -7        0
  MONTH TO DATE  193                       217    -24      170
  SINCE JUN 1    764                       717     47      660
  SINCE JAN 1    802                       778     24      693
..................................................................


WIND (MPH)
  HIGHEST WIND SPEED    14   HIGHEST WIND DIRECTION     N (10)
  HIGHEST GUST SPEED    17   HIGHEST GUST DIRECTION     N (350)
  AVERAGE WIND SPEED     5.7


SKY COVER
  POSSIBLE SUNSHINE  MM
  AVERAGE SKY COVER 0.0


WEATHER CONDITIONS
 THE FOLLOWING WEATHER WAS RECORDED TODAY.
  NO SIGNIFICANT WEATHER WAS OBSERVED.


RELATIVE HUMIDITY (PERCENT)
 HIGHEST    93          1200 AM
 LOWEST     46           200 PM
 AVERAGE    70

..........................................................


THE NORFOLK, NEBRASKA CLIMATE NORMALS FOR TOMORROW
                         NORMAL    RECORD    YEAR
 MAXIMUM TEMPERATURE (F)   83       105      1955
 MINIMUM TEMPERATURE (F)   60        39      1910


SUNRISE AND SUNSET
AUGUST 25 2016........SUNRISE   649 AM CDT   SUNSET   814 PM CDT
AUGUST 26 2016........SUNRISE   650 AM CDT   SUNSET   812 PM CDT


-  INDICATES NEGATIVE NUMBERS.
R  INDICATES RECORD WAS SET OR TIED.
MM INDICATES DATA IS MISSING.
T  INDICATES TRACE AMOUNT.




$$
