000
CDUS43 KOAX 270631
CLIOFK


CLIMATE REPORT
NATIONAL WEATHER SERVICE OMAHA NEBRASKA
129 AM CDT MON MAR 27 2017


...................................

...THE NORFOLK, NEBRASKA CLIMATE SUMMARY FOR MARCH 26 2017...

CLIMATE NORMAL PERIOD 1981 TO 2010
CLIMATE RECORD PERIOD 1888 TO 2017


WEATHER ITEM   OBSERVED TIME   RECORD YEAR NORMAL DEPARTURE LAST
                VALUE   (LST)  VALUE       VALUE  FROM      YEAR
                                                  NORMAL
..................................................................
TEMPERATURE (F)
 YESTERDAY
  MAXIMUM         48    338 PM  86    2012  53     -5       40
  MINIMUM         36    443 AM  -4    1965  30      6       26
  AVERAGE         42                        41      1       33

PRECIPITATION (IN)
  YESTERDAY        0.00          1.01 1959   0.07  -0.07     0.34
  MONTH TO DATE    0.86                      1.39  -0.53     2.03
  SINCE MAR 1      0.86                      1.39  -0.53     2.03
  SINCE JAN 1      3.10                      2.74   0.36     4.18

SNOWFALL (IN)
  YESTERDAY        0.0                       0.1   -0.1      3.0
  MONTH TO DATE    2.1                       4.3   -2.2     12.0
  SINCE JUL 1     30.2                      27.1    3.1     53.0
  SNOW DEPTH       0

DEGREE DAYS
 HEATING
  YESTERDAY       23                        24     -1       32
  MONTH TO DATE  663                       744    -81      555
  SINCE MAR 1    663                       744    -81      555
  SINCE JUL 1   5118                      5837   -719     4856

 COOLING
  YESTERDAY        0                         0      0        0
  MONTH TO DATE    0                         0      0        0
  SINCE MAR 1      0                         0      0        0
  SINCE JAN 1      0                         0      0        0
..................................................................


WIND (MPH)
  HIGHEST WIND SPEED    12   HIGHEST WIND DIRECTION     N (20)
  HIGHEST GUST SPEED    14   HIGHEST GUST DIRECTION     N (10)
  AVERAGE WIND SPEED     4.8


SKY COVER
  POSSIBLE SUNSHINE  MM
  AVERAGE SKY COVER 1.0


WEATHER CONDITIONS
 THE FOLLOWING WEATHER WAS RECORDED YESTERDAY.
  FOG


RELATIVE HUMIDITY (PERCENT)
 HIGHEST    92          1200 AM
 LOWEST     76           300 PM
 AVERAGE    84

..........................................................


THE NORFOLK, NEBRASKA CLIMATE NORMALS FOR TODAY
                         NORMAL    RECORD    YEAR
 MAXIMUM TEMPERATURE (F)   54        84      1989
 MINIMUM TEMPERATURE (F)   30         0      1913


SUNRISE AND SUNSET
MARCH 27 2017.........SUNRISE   721 AM CDT   SUNSET   750 PM CDT
MARCH 28 2017.........SUNRISE   719 AM CDT   SUNSET   751 PM CDT


-  INDICATES NEGATIVE NUMBERS.
R  INDICATES RECORD WAS SET OR TIED.
MM INDICATES DATA IS MISSING.
T  INDICATES TRACE AMOUNT.




$$
