000
CDUS43 KOAX 280624
CLIOFK


CLIMATE REPORT
NATIONAL WEATHER SERVICE OMAHA NEBRASKA
121 AM CDT WED SEP 28 2016


...................................

...THE NORFOLK, NEBRASKA CLIMATE SUMMARY FOR SEPTEMBER 27 2016...

CLIMATE NORMAL PERIOD 1981 TO 2010
CLIMATE RECORD PERIOD 1888 TO 2016


WEATHER ITEM   OBSERVED TIME   RECORD YEAR NORMAL DEPARTURE LAST
                VALUE   (LST)  VALUE       VALUE  FROM      YEAR
                                                  NORMAL
..................................................................
TEMPERATURE (F)
 YESTERDAY
  MAXIMUM         79    347 PM  94    1956  72      7       85
  MINIMUM         42    625 AM  25    1928  46     -4       58
  AVERAGE         61                        59      2       72

PRECIPITATION (IN)
  YESTERDAY        0.00          1.28 1988   0.09  -0.09     0.00
  MONTH TO DATE    2.04                      2.43  -0.39     2.29
  SINCE SEP 1      2.04                      2.43  -0.39     2.29
  SINCE JAN 1     26.91                     22.96   3.95    21.68

SNOWFALL (IN)
  YESTERDAY        0.0                       0.0    0.0      0.0
  MONTH TO DATE    0.0                       0.0    0.0      0.0
  SINCE JUL 1      0.0                       0.0    0.0      0.0
  SNOW DEPTH       0

DEGREE DAYS
 HEATING
  YESTERDAY        4                         7     -3        0
  MONTH TO DATE   40                       102    -62       29
  SINCE SEP 1     40                       102    -62       29
  SINCE JUL 1     53                       118    -65       53

 COOLING
  YESTERDAY        0                         1     -1        7
  MONTH TO DATE  116                        88     28      162
  SINCE SEP 1    116                        88     28      162
  SINCE JAN 1    959                       904     55      888
..................................................................


WIND (MPH)
  HIGHEST WIND SPEED    18   HIGHEST WIND DIRECTION    NW (320)
  HIGHEST GUST SPEED    24   HIGHEST GUST DIRECTION     W (290)
  AVERAGE WIND SPEED     6.4


SKY COVER
  POSSIBLE SUNSHINE  MM
  AVERAGE SKY COVER 0.0


WEATHER CONDITIONS
 THE FOLLOWING WEATHER WAS RECORDED YESTERDAY.
  HAZE


RELATIVE HUMIDITY (PERCENT)
 HIGHEST    89           200 AM
 LOWEST     28           200 PM
 AVERAGE    59

..........................................................


THE NORFOLK, NEBRASKA CLIMATE NORMALS FOR TODAY
                         NORMAL    RECORD    YEAR
 MAXIMUM TEMPERATURE (F)   72        90      2011
                                             1922
 MINIMUM TEMPERATURE (F)   45        24      1942


SUNRISE AND SUNSET
SEPTEMBER 28 2016.....SUNRISE   724 AM CDT   SUNSET   716 PM CDT
SEPTEMBER 29 2016.....SUNRISE   725 AM CDT   SUNSET   714 PM CDT


-  INDICATES NEGATIVE NUMBERS.
R  INDICATES RECORD WAS SET OR TIED.
MM INDICATES DATA IS MISSING.
T  INDICATES TRACE AMOUNT.


$$

BCM
