000
CDUS43 KOAX 020629
CLIOFK


CLIMATE REPORT
NATIONAL WEATHER SERVICE OMAHA NEBRASKA
127 AM CDT MON MAY 2 2016


...................................

...THE NORFOLK, NEBRASKA CLIMATE SUMMARY FOR MAY 1 2016...

CLIMATE NORMAL PERIOD 1981 TO 2010
CLIMATE RECORD PERIOD 1888 TO 2016


WEATHER ITEM   OBSERVED TIME   RECORD YEAR NORMAL DEPARTURE LAST
                VALUE   (LST)  VALUE       VALUE  FROM      YEAR
                                                  NORMAL
..................................................................
TEMPERATURE (F)
 YESTERDAY
  MAXIMUM         54    507 PM  95    1955  68    -14       74
  MINIMUM         38   1144 PM  21    1909  43     -5       49
  AVERAGE         46                        56    -10       62

PRECIPITATION (IN)
  YESTERDAY        0.33          1.65 1979   0.10   0.23     0.01
  MONTH TO DATE    0.33                      0.10   0.23     0.01
  SINCE MAR 1      7.95                      4.52   3.43     2.77
  SINCE JAN 1     10.10                      5.87   4.23     3.65

SNOWFALL (IN)
  YESTERDAY        0.0                       0.0    0.0      0.0
  MONTH TO DATE    0.0                       0.0    0.0      0.0
  SINCE JUL 1     53.0                      30.5   22.5     20.7
  SNOW DEPTH       0

DEGREE DAYS
 HEATING
  YESTERDAY       19                        10      9        3
  MONTH TO DATE   19                        10      9        3
  SINCE MAR 1   1101                      1340   -239     1057
  SINCE JUL 1   5402                      6433  -1031     6103

 COOLING
  YESTERDAY        0                         1     -1        0
  MONTH TO DATE    0                         1     -1        0
  SINCE MAR 1      0                        13    -13        5
  SINCE JAN 1      0                        13    -13        5
..................................................................


WIND (MPH)
  HIGHEST WIND SPEED    23   HIGHEST WIND DIRECTION     N (20)
  HIGHEST GUST SPEED    26   HIGHEST GUST DIRECTION     N (20)
  AVERAGE WIND SPEED    11.3


SKY COVER
  POSSIBLE SUNSHINE  MM
  AVERAGE SKY COVER 0.9


WEATHER CONDITIONS
 THE FOLLOWING WEATHER WAS RECORDED YESTERDAY.
  RAIN
  LIGHT RAIN
  FOG


RELATIVE HUMIDITY (PERCENT)
 HIGHEST    93           300 AM
 LOWEST     63           400 PM
 AVERAGE    78

..........................................................


THE NORFOLK, NEBRASKA CLIMATE NORMALS FOR TODAY
                         NORMAL    RECORD    YEAR
 MAXIMUM TEMPERATURE (F)   68        95      1955
 MINIMUM TEMPERATURE (F)   44        21      1909
                                             1908


SUNRISE AND SUNSET
MAY  2 2016...........SUNRISE   624 AM CDT   SUNSET   830 PM CDT
MAY  3 2016...........SUNRISE   622 AM CDT   SUNSET   831 PM CDT


-  INDICATES NEGATIVE NUMBERS.
R  INDICATES RECORD WAS SET OR TIED.
MM INDICATES DATA IS MISSING.
T  INDICATES TRACE AMOUNT.




$$
