000
CDUS43 KOAX 172137
CLIOFK


CLIMATE REPORT
NATIONAL WEATHER SERVICE OMAHA NEBRASKA
436 PM CDT WED SEP 17 2014


...................................

...THE NORFOLK, NEBRASKA CLIMATE SUMMARY FOR SEPTEMBER 17 2014...
VALID TODAY AS OF 0400 PM LOCAL TIME.

CLIMATE NORMAL PERIOD 1981 TO 2010
CLIMATE RECORD PERIOD 1888 TO 2014


WEATHER ITEM   OBSERVED TIME   RECORD YEAR NORMAL DEPARTURE LAST
                VALUE   (LST)  VALUE       VALUE  FROM      YEAR
                                                  NORMAL
..................................................................
TEMPERATURE (F)
 TODAY
  MAXIMUM         81    258 PM 102    1895  76      5       72
  MINIMUM         47    622 AM  32    1916  50     -3       57
  AVERAGE         64                        63      1       65

PRECIPITATION (IN)
  TODAY            0.00          0.60 1960   0.09  -0.09     0.02
  MONTH TO DATE    0.96                      1.53  -0.57     0.14
  SINCE SEP 1      0.96                      1.53  -0.57     0.14
  SINCE JAN 1     26.18                     22.06   4.12    18.55

SNOWFALL (IN)
  TODAY            0.0                       0.0    0.0      0.0
  MONTH TO DATE    0.0                       0.0    0.0      0.0
  SINCE JUL 1      0.0                       0.0    0.0      0.0
  SNOW DEPTH       0

DEGREE DAYS
 HEATING
  TODAY            1                         4     -3        0
  MONTH TO DATE  102                        43     59        7
  SINCE SEP 1    102                        43     59        7
  SINCE JUL 1    114                        59     55       23

 COOLING
  TODAY            0                         3     -3        0
  MONTH TO DATE   30                        72    -42      121
  SINCE SEP 1     30                        72    -42      121
  SINCE JAN 1    757                       888   -131      945
..................................................................


WIND (MPH)
  HIGHEST WIND SPEED    10   HIGHEST WIND DIRECTION     E (70)
  HIGHEST GUST SPEED    14   HIGHEST GUST DIRECTION     E (90)
  AVERAGE WIND SPEED     2.2


SKY COVER
  POSSIBLE SUNSHINE  MM
  AVERAGE SKY COVER 0.0


WEATHER CONDITIONS
 THE FOLLOWING WEATHER WAS RECORDED TODAY.
  FOG


RELATIVE HUMIDITY (PERCENT)
 HIGHEST   100           500 AM
 LOWEST     45           200 PM
 AVERAGE    73

..........................................................


THE NORFOLK, NEBRASKA CLIMATE NORMALS FOR TOMORROW
                         NORMAL    RECORD    YEAR
 MAXIMUM TEMPERATURE (F)   76       106      1895
 MINIMUM TEMPERATURE (F)   50        27      1902


SUNRISE AND SUNSET
SEPTEMBER 17 2014.....SUNRISE   712 AM CDT   SUNSET   736 PM CDT
SEPTEMBER 18 2014.....SUNRISE   713 AM CDT   SUNSET   734 PM CDT


-  INDICATES NEGATIVE NUMBERS.
R  INDICATES RECORD WAS SET OR TIED.
MM INDICATES DATA IS MISSING.
T  INDICATES TRACE AMOUNT.




$$
