000
CDUS43 KOAX 020651
CLIOFK


CLIMATE REPORT
NATIONAL WEATHER SERVICE OMAHA NEBRASKA
1251 AM CST MON MAR 2 2015


...................................

...THE NORFOLK, NEBRASKA CLIMATE SUMMARY FOR MARCH 1 2015...

CLIMATE NORMAL PERIOD 1981 TO 2010
CLIMATE RECORD PERIOD 1888 TO 2015


WEATHER ITEM   OBSERVED TIME   RECORD YEAR NORMAL DEPARTURE LAST
                VALUE   (LST)  VALUE       VALUE  FROM      YEAR
                                                  NORMAL
..................................................................
TEMPERATURE (F)
 YESTERDAY
  MAXIMUM         40    432 PM  80    1992  42     -2       12
  MINIMUM         14    639 AM -11    2009  21     -7       -3
                                      1962
  AVERAGE         27                        31     -4        5

PRECIPITATION (IN)
  YESTERDAY        0.00          0.49 2004   0.04  -0.04     0.15
  MONTH TO DATE    0.00                      0.04  -0.04     0.15
  SINCE MAR 1      0.00                      0.04  -0.04     0.15
  SINCE JAN 1      0.88                      1.39  -0.51     0.71

SNOWFALL (IN)
  YESTERDAY        0.0                       0.2   -0.2      3.2
  MONTH TO DATE    0.0                       0.2   -0.2      3.2
  SINCE JUL 1     20.3                      23.0   -2.7     14.6
  SNOW DEPTH       0

DEGREE DAYS
 HEATING
  YESTERDAY       38                        34      4       60
  MONTH TO DATE   38                        34      4       60
  SINCE MAR 1     38                        34      4       60
  SINCE JUL 1   5084                      5127    -43     5410

 COOLING
  YESTERDAY        0                         0      0        0
  MONTH TO DATE    0                         0      0        0
  SINCE MAR 1      0                         0      0        0
  SINCE JAN 1      0                         0      0        0
..................................................................


WIND (MPH)
  HIGHEST WIND SPEED    20   HIGHEST WIND DIRECTION    NW (310)
  HIGHEST GUST SPEED    25   HIGHEST GUST DIRECTION    NW (300)
  AVERAGE WIND SPEED     8.1


SKY COVER
  POSSIBLE SUNSHINE  MM
  AVERAGE SKY COVER 0.3


WEATHER CONDITIONS
 THE FOLLOWING WEATHER WAS RECORDED YESTERDAY.
  NO SIGNIFICANT WEATHER WAS OBSERVED.


RELATIVE HUMIDITY (PERCENT)
 HIGHEST    88           200 AM
 LOWEST     29           500 PM
 AVERAGE    59

..........................................................


THE NORFOLK, NEBRASKA CLIMATE NORMALS FOR TODAY
                         NORMAL    RECORD    YEAR
 MAXIMUM TEMPERATURE (F)   42        78      1992
 MINIMUM TEMPERATURE (F)   22       -15      1913


SUNRISE AND SUNSET
MARCH  2 2015.........SUNRISE   703 AM CST   SUNSET   621 PM CST
MARCH  3 2015.........SUNRISE   702 AM CST   SUNSET   622 PM CST


-  INDICATES NEGATIVE NUMBERS.
R  INDICATES RECORD WAS SET OR TIED.
MM INDICATES DATA IS MISSING.
T  INDICATES TRACE AMOUNT.




$$
