361
CDUS43 KOAX 250650
CLIOFK


CLIMATE REPORT
NATIONAL WEATHER SERVICE OMAHA NEBRASKA
147 AM CDT TUE JUL 25 2017


...................................

...THE NORFOLK, NEBRASKA CLIMATE SUMMARY FOR JULY 24 2017...

CLIMATE NORMAL PERIOD 1981 TO 2010
CLIMATE RECORD PERIOD 1888 TO 2017


WEATHER ITEM   OBSERVED TIME   RECORD YEAR NORMAL DEPARTURE LAST
                VALUE   (LST)  VALUE       VALUE  FROM      YEAR
                                                  NORMAL
..................................................................
TEMPERATURE (F)
 YESTERDAY
  MAXIMUM         89    348 PM 113    1936  86      3       86
  MINIMUM         59    514 AM  45    1905  64     -5       62
  AVERAGE         74                        75     -1       74

PRECIPITATION (IN)
  YESTERDAY        0.00          2.45 1986   0.10  -0.10     0.00
  MONTH TO DATE    0.87                      2.60  -1.73     2.69
  SINCE JUN 1      3.34                      6.86  -3.52     5.90
  SINCE JAN 1     14.95                     16.56  -1.61    22.35

SNOWFALL (IN)
  YESTERDAY        0.0                       0.0    0.0      0.0
  MONTH TO DATE    0.0                       0.0    0.0      0.0
  SINCE JUL 1      0.0                       0.0    0.0      0.0
  SNOW DEPTH       0

DEGREE DAYS
 HEATING
  YESTERDAY        0                         0      0        0
  MONTH TO DATE    0                         0      0        7
  SINCE JUN 1     12                        30    -18       10
  SINCE JUL 1      0                         0      0        7

 COOLING
  YESTERDAY        9                        10     -1        9
  MONTH TO DATE  305                       238     67      240
  SINCE JUN 1    542                       424    118      516
  SINCE JAN 1    570                       485     85      554
..................................................................


WIND (MPH)
  HIGHEST WIND SPEED    22   HIGHEST WIND DIRECTION     S (160)
  HIGHEST GUST SPEED    28   HIGHEST GUST DIRECTION    SE (150)
  AVERAGE WIND SPEED    10.9


SKY COVER
  POSSIBLE SUNSHINE  MM
  AVERAGE SKY COVER 0.0


WEATHER CONDITIONS
 THE FOLLOWING WEATHER WAS RECORDED YESTERDAY.
  NO SIGNIFICANT WEATHER WAS OBSERVED.


RELATIVE HUMIDITY (PERCENT)
 HIGHEST    90           200 AM
 LOWEST     45           100 PM
 AVERAGE    68

..........................................................


THE NORFOLK, NEBRASKA CLIMATE NORMALS FOR TODAY
                         NORMAL    RECORD    YEAR
 MAXIMUM TEMPERATURE (F)   86       114      1936
 MINIMUM TEMPERATURE (F)   64        44      1911


SUNRISE AND SUNSET
JULY 25 2017..........SUNRISE   617 AM CDT   SUNSET   855 PM CDT
JULY 26 2017..........SUNRISE   618 AM CDT   SUNSET   854 PM CDT


-  INDICATES NEGATIVE NUMBERS.
R  INDICATES RECORD WAS SET OR TIED.
MM INDICATES DATA IS MISSING.
T  INDICATES TRACE AMOUNT.




$$
