000
CDUS43 KOAX 260642
CLIOFK


CLIMATE REPORT
NATIONAL WEATHER SERVICE OMAHA NEBRASKA
141 AM CDT FRI MAY 26 2017


...................................

...THE NORFOLK, NEBRASKA CLIMATE SUMMARY FOR MAY 25 2017...

CLIMATE NORMAL PERIOD 1981 TO 2010
CLIMATE RECORD PERIOD 1888 TO 2017


WEATHER ITEM   OBSERVED TIME   RECORD YEAR NORMAL DEPARTURE LAST
                VALUE   (LST)  VALUE       VALUE  FROM      YEAR
                                                  NORMAL
..................................................................
TEMPERATURE (F)
 YESTERDAY
  MAXIMUM         76    535 PM 103    1967  75      1       82
  MINIMUM         52    526 AM  30    1925  52      0       60
  AVERAGE         64                        63      1       71

PRECIPITATION (IN)
  YESTERDAY        T             2.29 1982   0.13  -0.13     0.21
  MONTH TO DATE    4.30                      3.09   1.21     4.23
  SINCE MAR 1      9.34                      7.51   1.83    11.85
  SINCE JAN 1     11.58                      8.86   2.72    14.00

SNOWFALL (IN)
  YESTERDAY        0.0                       0.0    0.0      0.0
  MONTH TO DATE    1.5                       0.3    1.2      0.0
  SINCE JUL 1     32.2                      30.8    1.4     53.0
  SNOW DEPTH       0

DEGREE DAYS
 HEATING
  YESTERDAY        1                         4     -3        0
  MONTH TO DATE  191                       170     21      189
  SINCE MAR 1   1415                      1500    -85     1271
  SINCE JUL 1   5870                      6593   -723     5572

 COOLING
  YESTERDAY        0                         2     -2        6
  MONTH TO DATE   28                        34     -6       25
  SINCE MAR 1     28                        46    -18       25
  SINCE JAN 1     28                        46    -18       25
..................................................................


WIND (MPH)
  HIGHEST WIND SPEED    28   HIGHEST WIND DIRECTION    SE (120)
  HIGHEST GUST SPEED    35   HIGHEST GUST DIRECTION     S (180)
  AVERAGE WIND SPEED    12.1


SKY COVER
  POSSIBLE SUNSHINE  MM
  AVERAGE SKY COVER 0.1


WEATHER CONDITIONS
 THE FOLLOWING WEATHER WAS RECORDED YESTERDAY.
  NO SIGNIFICANT WEATHER WAS OBSERVED.


RELATIVE HUMIDITY (PERCENT)
 HIGHEST    72           900 PM
 LOWEST     40          1100 AM
 AVERAGE    56

..........................................................


THE NORFOLK, NEBRASKA CLIMATE NORMALS FOR TODAY
                         NORMAL    RECORD    YEAR
 MAXIMUM TEMPERATURE (F)   75        95      1914
                                             1912
 MINIMUM TEMPERATURE (F)   52        33      1992


SUNRISE AND SUNSET
MAY 26 2017...........SUNRISE   600 AM CDT   SUNSET   854 PM CDT
MAY 27 2017...........SUNRISE   559 AM CDT   SUNSET   855 PM CDT


-  INDICATES NEGATIVE NUMBERS.
R  INDICATES RECORD WAS SET OR TIED.
MM INDICATES DATA IS MISSING.
T  INDICATES TRACE AMOUNT.




$$
