000
CDUS43 KOAX 170807
CLIOFK


CLIMATE REPORT
NATIONAL WEATHER SERVICE OMAHA NEBRASKA
306 AM CDT THU APR 17 2014


...................................

...THE NORFOLK, NEBRASKA CLIMATE SUMMARY FOR APRIL 16 2014...

CLIMATE NORMAL PERIOD 1981 TO 2010
CLIMATE RECORD PERIOD 1888 TO 2014


WEATHER ITEM   OBSERVED TIME   RECORD YEAR NORMAL DEPARTURE LAST
                VALUE   (LST)  VALUE       VALUE  FROM      YEAR
                                                  NORMAL
..................................................................
TEMPERATURE (F)
 YESTERDAY
  MAXIMUM         57   1233 PM  90    1964  62     -5       50
  MINIMUM         31   1159 PM  14    1904  38     -7       33
  AVERAGE         44                        50     -6       42

PRECIPITATION (IN)
  YESTERDAY        T             0.90 1945   0.09  -0.09     0.00
  MONTH TO DATE    1.46                      1.29   0.17     2.62
  SINCE MAR 1      1.83                      3.06  -1.23     3.90
  SINCE JAN 1      2.39                      4.41  -2.02     4.80

SNOWFALL (IN)
  YESTERDAY        T                         0.1   -0.1      0.0
  MONTH TO DATE    4.5                       1.8    2.7      2.8
  SINCE JUL 1     19.9                      29.7   -9.8     23.5
  SNOW DEPTH       0

DEGREE DAYS
 HEATING
  YESTERDAY       21                        15      6       23
  MONTH TO DATE  310                       293     17      361
  SINCE MAR 1   1254                      1149    105     1353
  SINCE JUL 1   6604                      6242    362     6274

 COOLING
  YESTERDAY        0                         0      0        0
  MONTH TO DATE    0                         0      0        0
  SINCE MAR 1      0                         0      0        0
  SINCE JAN 1      0                         0      0        0
..................................................................


WIND (MPH)
  HIGHEST WIND SPEED    33   HIGHEST WIND DIRECTION    NW (330)
  HIGHEST GUST SPEED    41   HIGHEST GUST DIRECTION    NW (330)
  AVERAGE WIND SPEED    21.9


SKY COVER
  POSSIBLE SUNSHINE  MM
  AVERAGE SKY COVER 0.5


WEATHER CONDITIONS
 THE FOLLOWING WEATHER WAS RECORDED YESTERDAY.
  LIGHT RAIN
  FOG


RELATIVE HUMIDITY (PERCENT)
 HIGHEST    72          1000 PM
 LOWEST     34           300 AM
 AVERAGE    53

..........................................................


THE NORFOLK, NEBRASKA CLIMATE NORMALS FOR TODAY
                         NORMAL    RECORD    YEAR
 MAXIMUM TEMPERATURE (F)   63        91      1994
 MINIMUM TEMPERATURE (F)   38        14      1907


SUNRISE AND SUNSET
APRIL 17 2014.........SUNRISE   646 AM CDT   SUNSET   813 PM CDT
APRIL 18 2014.........SUNRISE   645 AM CDT   SUNSET   814 PM CDT


-  INDICATES NEGATIVE NUMBERS.
R  INDICATES RECORD WAS SET OR TIED.
MM INDICATES DATA IS MISSING.
T  INDICATES TRACE AMOUNT.




$$
