000
CDUS42 KCAE 050621
CLIOGB


CLIMATE REPORT
NATIONAL WEATHER SERVICE COLUMBIA SC
120 AM EST MON DEC 5 2016


...................................

...THE ORANGEBURG AIRPORT SC CLIMATE SUMMARY FOR DECEMBER 4 2016...

CLIMATE NORMAL PERIOD 1981 TO 2010
CLIMATE RECORD PERIOD 9999 TO 9999


WEATHER ITEM   OBSERVED TIME   NORMAL DEPARTURE LAST
                VALUE   (LST)  VALUE  FROM      YEAR
                                      NORMAL
......................................................
TEMPERATURE (F)
 YESTERDAY
  MAXIMUM         53    217 PM  62     -9       62
  MINIMUM         45   1012 PM  39      6       43
  AVERAGE         49            51     -2       53

PRECIPITATION (IN)
  YESTERDAY        0.26          0.13   0.13     0.00
  MONTH TO DATE    0.27          0.54  -0.27     1.03
  SINCE DEC 1      0.27          0.54  -0.27     1.03
  SINCE JAN 1     41.67         43.95  -2.28    51.74

DEGREE DAYS
 HEATING
  YESTERDAY       16            15      1       12
  MONTH TO DATE   60            57      3       25
  SINCE DEC 1     60            57      3       25
  SINCE JUL 1    365           426    -61      246

 COOLING
  YESTERDAY        0             0      0        0
  MONTH TO DATE    0             0      0        0
  SINCE DEC 1      0             0      0        0
  SINCE JAN 1   2558          2102    456     2432
......................................................


WIND (MPH)
  HIGHEST WIND SPEED    10   HIGHEST WIND DIRECTION     E (80)
  HIGHEST GUST SPEED    15   HIGHEST GUST DIRECTION     E (100)
  AVERAGE WIND SPEED     5.8


SKY COVER
  AVERAGE SKY COVER 0.9


WEATHER CONDITIONS
 THE FOLLOWING WEATHER WAS RECORDED YESTERDAY.
  HEAVY RAIN
  RAIN
  LIGHT RAIN
  FOG


RELATIVE HUMIDITY (PERCENT)
 HIGHEST   100          1000 PM
 LOWEST     50          1100 AM

..........................................................


THE ORANGEBURG AIRPORT SC CLIMATE NORMALS FOR TODAY
                         NORMAL    RECORD    YEAR
 MAXIMUM TEMPERATURE (F)   62        MM        MM
 MINIMUM TEMPERATURE (F)   39        MM        MM


SUNRISE AND SUNSET
DECEMBER  5 2016......SUNRISE   713 AM EST   SUNSET   515 PM EST
DECEMBER  6 2016......SUNRISE   714 AM EST   SUNSET   515 PM EST


-  INDICATES NEGATIVE NUMBERS.
R  INDICATES RECORD WAS SET OR TIED.
MM INDICATES DATA IS MISSING.
T  INDICATES TRACE AMOUNT.




$$
