000
CDUS42 KCAE 230656
CLIOGB


CLIMATE REPORT
NATIONAL WEATHER SERVICE COLUMBIA SC
156 AM EST FRI FEB 23 2018


...................................

...THE ORANGEBURG AIRPORT SC CLIMATE SUMMARY FOR FEBRUARY 22 2018...

CLIMATE NORMAL PERIOD 1981 TO 2010
CLIMATE RECORD PERIOD 9999 TO 9999


WEATHER ITEM   OBSERVED TIME   NORMAL DEPARTURE LAST
                VALUE   (LST)  VALUE  FROM      YEAR
                                      NORMAL
......................................................
TEMPERATURE (F)
 YESTERDAY
  MAXIMUM         80    400 PM  63     17       74
  MINIMUM         61   1159 PM  39     22       54
  AVERAGE         71            51     20       64

PRECIPITATION (IN)
  YESTERDAY        0.00          0.14  -0.14     0.00
  MONTH TO DATE    1.16          2.68  -1.52     1.41
  SINCE DEC 1      4.49          9.98  -5.49    11.05
  SINCE JAN 1      2.75          6.66  -3.91     6.65

DEGREE DAYS
 HEATING
  YESTERDAY        0            14    -14        1
  MONTH TO DATE  166           355   -189      199
  SINCE DEC 1   1313          1483   -170      981
  SINCE JUL 1   1677          1852   -175     1286

 COOLING
  YESTERDAY        6             0      6        0
  MONTH TO DATE   38             0     38        3
  SINCE DEC 1     39             5     34       14
  SINCE JAN 1     39             1     38       10
......................................................


WIND (MPH)
  HIGHEST WIND SPEED    13   HIGHEST WIND DIRECTION     S (200)
  HIGHEST GUST SPEED    16   HIGHEST GUST DIRECTION    SW (210)
  AVERAGE WIND SPEED     6.0


SKY COVER
  AVERAGE SKY COVER 0.7


WEATHER CONDITIONS
 THE FOLLOWING WEATHER WAS RECORDED YESTERDAY.
  FOG


RELATIVE HUMIDITY (PERCENT)
 HIGHEST    93          1200 AM
 LOWEST     52           400 PM

..........................................................


THE ORANGEBURG AIRPORT SC CLIMATE NORMALS FOR TODAY
                         NORMAL    RECORD    YEAR
 MAXIMUM TEMPERATURE (F)   63        MM        MM
 MINIMUM TEMPERATURE (F)   40        MM        MM


SUNRISE AND SUNSET
FEBRUARY 23 2018......SUNRISE   659 AM EST   SUNSET   615 PM EST
FEBRUARY 24 2018......SUNRISE   658 AM EST   SUNSET   616 PM EST


-  INDICATES NEGATIVE NUMBERS.
R  INDICATES RECORD WAS SET OR TIED.
MM INDICATES DATA IS MISSING.
T  INDICATES TRACE AMOUNT.




$$
