000
CDUS42 KCAE 090638
CLIOGB


CLIMATE REPORT
NATIONAL WEATHER SERVICE COLUMBIA SC
137 AM EST TUE FEB 9 2016


...................................

...THE ORANGEBURG AIRPORT SC CLIMATE SUMMARY FOR FEBRUARY 8 2016...

CLIMATE NORMAL PERIOD 1981 TO 2010
CLIMATE RECORD PERIOD 9999 TO 9999


WEATHER ITEM   OBSERVED TIME   NORMAL DEPARTURE LAST
                VALUE   (LST)  VALUE  FROM      YEAR
                                      NORMAL
......................................................
TEMPERATURE (F)
 YESTERDAY
  MAXIMUM         61    225 PM  59      2       71
  MINIMUM         31    631 AM  37     -6       38
  AVERAGE         46            48     -2       55

PRECIPITATION (IN)
  YESTERDAY        0.03          0.11  -0.08     0.00
  MONTH TO DATE    3.81          0.79   3.02     0.40
  SINCE DEC 1     10.69          8.09   2.60     6.65
  SINCE JAN 1      5.90          4.77   1.13     3.22

DEGREE DAYS
 HEATING
  YESTERDAY       19            17      2       10
  MONTH TO DATE   98           139    -41      151
  SINCE DEC 1    853          1267   -414     1163
  SINCE JUL 1   1074          1636   -562     1635

 COOLING
  YESTERDAY        0             0      0        0
  MONTH TO DATE    5             0      5        0
  SINCE DEC 1     74             5     69        0
  SINCE JAN 1      5             1      4        0
......................................................


WIND (MPH)
  HIGHEST WIND SPEED    28   HIGHEST WIND DIRECTION     W (280)
  HIGHEST GUST SPEED    39   HIGHEST GUST DIRECTION    SW (230)
  AVERAGE WIND SPEED     7.0


SKY COVER
  AVERAGE SKY COVER 0.1


WEATHER CONDITIONS
 THE FOLLOWING WEATHER WAS RECORDED YESTERDAY.
  LIGHT RAIN


RELATIVE HUMIDITY (PERCENT)
 HIGHEST    96          1200 AM
 LOWEST     32           200 PM

..........................................................


THE ORANGEBURG AIRPORT SC CLIMATE NORMALS FOR TODAY
                         NORMAL    RECORD    YEAR
 MAXIMUM TEMPERATURE (F)   60        MM        MM
 MINIMUM TEMPERATURE (F)   37        MM        MM


SUNRISE AND SUNSET
FEBRUARY  9 2016......SUNRISE   713 AM EST   SUNSET   602 PM EST
FEBRUARY 10 2016......SUNRISE   713 AM EST   SUNSET   603 PM EST


-  INDICATES NEGATIVE NUMBERS.
R  INDICATES RECORD WAS SET OR TIED.
MM INDICATES DATA IS MISSING.
T  INDICATES TRACE AMOUNT.




$$
