000
CDUS42 KCAE 250641
CLIOGB


CLIMATE REPORT
NATIONAL WEATHER SERVICE COLUMBIA SC
140 AM EST THU DEC 25 2014


...................................

...THE ORANGEBURG AIRPORT SC CLIMATE SUMMARY FOR DECEMBER 24 2014...

CLIMATE NORMAL PERIOD 1981 TO 2010
CLIMATE RECORD PERIOD 9999 TO 9999


WEATHER ITEM   OBSERVED TIME   NORMAL DEPARTURE LAST
                VALUE   (LST)  VALUE  FROM      YEAR
                                      NORMAL
......................................................
TEMPERATURE (F)
 YESTERDAY
  MAXIMUM         70   1057 AM  57     13       58
  MINIMUM         54    102 AM  36     18       39
  AVERAGE         62            46     16       49

PRECIPITATION (IN)
  YESTERDAY        1.75          0.10   1.65     0.01
  MONTH TO DATE    3.27          2.68   0.59     2.71
  SINCE DEC 1      3.27          2.68   0.59     2.71
  SINCE JAN 1     47.08         46.09   0.99    53.87

DEGREE DAYS
 HEATING
  YESTERDAY        3            19    -16       16
  MONTH TO DATE  333           401    -68      266
  SINCE DEC 1    333           401    -68      266
  SINCE JUL 1    805           770     35      662

 COOLING
  YESTERDAY        0             0      0        0
  MONTH TO DATE    0             0      0       17
  SINCE DEC 1      0             0      0       17
  SINCE JAN 1   2250          2102    148     2059
......................................................


WIND (MPH)
  HIGHEST WIND SPEED    25   HIGHEST WIND DIRECTION     S (200)
  HIGHEST GUST SPEED    33   HIGHEST GUST DIRECTION     S (200)
  AVERAGE WIND SPEED    11.4


SKY COVER
  AVERAGE SKY COVER 0.9


WEATHER CONDITIONS
 THE FOLLOWING WEATHER WAS RECORDED YESTERDAY.
  HEAVY RAIN
  RAIN
  LIGHT RAIN
  FOG


RELATIVE HUMIDITY (PERCENT)
 HIGHEST    93          1200 AM
 LOWEST     84          1000 AM

..........................................................


THE ORANGEBURG AIRPORT SC CLIMATE NORMALS FOR TODAY
                         NORMAL    RECORD    YEAR
 MAXIMUM TEMPERATURE (F)   57        MM        MM
 MINIMUM TEMPERATURE (F)   35        MM        MM


SUNRISE AND SUNSET
DECEMBER 25 2014......SUNRISE   725 AM EST   SUNSET   522 PM EST
DECEMBER 26 2014......SUNRISE   726 AM EST   SUNSET   522 PM EST


-  INDICATES NEGATIVE NUMBERS.
R  INDICATES RECORD WAS SET OR TIED.
MM INDICATES DATA IS MISSING.
T  INDICATES TRACE AMOUNT.




$$
