000
CDUS42 KCAE 130708
CLIOGB


CLIMATE REPORT
NATIONAL WEATHER SERVICE COLUMBIA SC
208 AM EST WED DEC 13 2017


...................................

...THE ORANGEBURG AIRPORT SC CLIMATE SUMMARY FOR DECEMBER 12 2017...

CLIMATE NORMAL PERIOD 1981 TO 2010
CLIMATE RECORD PERIOD 9999 TO 9999


WEATHER ITEM   OBSERVED TIME   NORMAL DEPARTURE LAST
                VALUE   (LST)  VALUE  FROM      YEAR
                                      NORMAL
......................................................
TEMPERATURE (F)
 YESTERDAY
  MAXIMUM         61    201 PM  59      2       67
  MINIMUM         38    150 AM  38      0       42
  AVERAGE         50            48      2       55

PRECIPITATION (IN)
  YESTERDAY        0.00          0.10  -0.10     0.16
  MONTH TO DATE    0.13          1.34  -1.21     2.68
  SINCE DEC 1      0.13          1.34  -1.21     2.68
  SINCE JAN 1     37.03         44.75  -7.72    44.08

DEGREE DAYS
 HEATING
  YESTERDAY       15            17     -2       10
  MONTH TO DATE  172           184    -12      193
  SINCE DEC 1    172           184    -12      193
  SINCE JUL 1    536           553    -17      498

 COOLING
  YESTERDAY        0             0      0        0
  MONTH TO DATE    0             0      0        0
  SINCE DEC 1      0             0      0        0
  SINCE JAN 1   2410          2102    308     2558
......................................................


WIND (MPH)
  HIGHEST WIND SPEED    25   HIGHEST WIND DIRECTION     W (290)
  HIGHEST GUST SPEED    34   HIGHEST GUST DIRECTION     W (290)
  AVERAGE WIND SPEED    11.3


SKY COVER
  AVERAGE SKY COVER 0.0


WEATHER CONDITIONS
 THE FOLLOWING WEATHER WAS RECORDED YESTERDAY.
  NO SIGNIFICANT WEATHER WAS OBSERVED.


RELATIVE HUMIDITY (PERCENT)
 HIGHEST    85           300 AM
 LOWEST     36           200 PM

..........................................................


THE ORANGEBURG AIRPORT SC CLIMATE NORMALS FOR TODAY
                         NORMAL    RECORD    YEAR
 MAXIMUM TEMPERATURE (F)   59        MM        MM
 MINIMUM TEMPERATURE (F)   37        MM        MM


SUNRISE AND SUNSET
DECEMBER 13 2017......SUNRISE   719 AM EST   SUNSET   517 PM EST
DECEMBER 14 2017......SUNRISE   720 AM EST   SUNSET   517 PM EST


-  INDICATES NEGATIVE NUMBERS.
R  INDICATES RECORD WAS SET OR TIED.
MM INDICATES DATA IS MISSING.
T  INDICATES TRACE AMOUNT.




$$
