303
CDHW42 PHFO 280245
CLIOGG


CLIMATE REPORT
NATIONAL WEATHER SERVICE HONOLULU HI
443 PM HST THU APR 27 2017


...................................

...THE KAHULUI HI CLIMATE SUMMARY FOR APRIL 27 2017...
VALID TODAY AS OF 0400 PM LOCAL TIME.

CLIMATE NORMAL PERIOD 1981 TO 2010
CLIMATE RECORD PERIOD 1946 TO 2017


WEATHER ITEM   OBSERVED TIME   RECORD YEAR NORMAL DEPARTURE LAST
                VALUE   (LST)  VALUE       VALUE  FROM      YEAR
                                                  NORMAL
..................................................................
TEMPERATURE (F)
 TODAY
  MAXIMUM         82    234 PM  92    1953  83     -1       86
  MINIMUM         66    428 AM  58    1979  66      0       71
  AVERAGE         74                        74      0       79

PRECIPITATION (IN)
  TODAY            0.00          1.01 2015   0.03  -0.03      T
  MONTH TO DATE    1.78                      1.45   0.33     1.18
  SINCE MAR 1      5.92                      3.90   2.02     3.13
  SINCE JAN 1      8.40                      8.66  -0.26     4.68

SNOWFALL (IN)
  TODAY            0.0
  MONTH TO DATE    0.0
  SINCE MAR 1      0.0
  SINCE JUL 1      0.0
  SNOW DEPTH      MM

DEGREE DAYS
 HEATING
  TODAY            0                         0      0        0
  MONTH TO DATE    0                         0      0        0
  SINCE MAR 1      0                         0      0        0
  SINCE JUL 1      0                         0      0        0

 COOLING
  TODAY            9                         9      0       14
  MONTH TO DATE  271                       243     28      315
  SINCE MAR 1    516                       488     28      594
  SINCE JAN 1    987                       897     90     1062
..................................................................


WIND (MPH)
  HIGHEST WIND SPEED    18   HIGHEST WIND DIRECTION    NE (40)
  HIGHEST GUST SPEED    24   HIGHEST GUST DIRECTION    NE (40)
  AVERAGE WIND SPEED    MM


SKY COVER
  POSSIBLE SUNSHINE  MM
  AVERAGE SKY COVER  MM


WEATHER CONDITIONS
 THE FOLLOWING WEATHER WAS RECORDED TODAY.
  NO SIGNIFICANT WEATHER WAS OBSERVED.


RELATIVE HUMIDITY (PERCENT)
 HIGHEST    MM
 LOWEST     MM
 AVERAGE    MM

..........................................................


THE KAHULUI HI CLIMATE NORMALS FOR TOMORROW
                         NORMAL    RECORD    YEAR
 MAXIMUM TEMPERATURE (F)   83        90      1954
 MINIMUM TEMPERATURE (F)   66        59      2009
                                             2004
                                             1994


SUNRISE AND SUNSET
APRIL 27 2017.........SUNRISE   558 AM HST   SUNSET   649 PM HST
APRIL 28 2017.........SUNRISE   557 AM HST   SUNSET   649 PM HST


-  INDICATES NEGATIVE NUMBERS.
R  INDICATES RECORD WAS SET OR TIED.
MM INDICATES DATA IS MISSING.
T  INDICATES TRACE AMOUNT.




$$
