000
CDHW42 PHFO 021245
CLIOGG


CLIMATE REPORT
NATIONAL WEATHER SERVICE HONOLULU HI
245 AM HST SUN AUG 2 2015


...................................

...THE KAHULUI HI CLIMATE SUMMARY FOR AUGUST 1 2015...

CLIMATE NORMAL PERIOD 1981 TO 2010
CLIMATE RECORD PERIOD 1946 TO 2015


WEATHER ITEM   OBSERVED TIME   RECORD YEAR NORMAL DEPARTURE LAST
                VALUE   (LST)  VALUE       VALUE  FROM      YEAR
                                                  NORMAL
..................................................................
TEMPERATURE (F)
 YESTERDAY
  MAXIMUM         89   1213 PM  93    1976  88      1       88
  MINIMUM         77    629 AM  61    1999  72      5       71
                                      1950
  AVERAGE         83                        80      3       80

PRECIPITATION (IN)
  YESTERDAY        0.01          1.13 1982   0.02  -0.01     0.00
  MONTH TO DATE    0.01                      0.02  -0.01     0.00
  SINCE JUN 1      0.97                      0.72   0.25     1.22
  SINCE JAN 1     19.93                     10.22   9.71    15.18

SNOWFALL (IN)
  YESTERDAY        0.0
  MONTH TO DATE    0.0
  SINCE JUN 1      0.0
  SINCE JUL 1      0.0
  SNOW DEPTH       0

DEGREE DAYS
 HEATING
  YESTERDAY        0                         0      0        0
  MONTH TO DATE    0                         0      0        0
  SINCE JUN 1      0                         0      0        0
  SINCE JUL 1      0                         0      0        0

 COOLING
  YESTERDAY       18                        15      3       15
  MONTH TO DATE   18                        15      3       15
  SINCE JUN 1    962                       842    120      913
  SINCE JAN 1   2289                      2101    188     2409
..................................................................


WIND (MPH)
  HIGHEST WIND SPEED    26   HIGHEST WIND DIRECTION    NE (40)
  HIGHEST GUST SPEED    32   HIGHEST GUST DIRECTION    NE (40)
  AVERAGE WIND SPEED    16.1


SKY COVER
  POSSIBLE SUNSHINE  MM
  AVERAGE SKY COVER 0.6


WEATHER CONDITIONS
 THE FOLLOWING WEATHER WAS RECORDED YESTERDAY.
  LIGHT RAIN


RELATIVE HUMIDITY (PERCENT)
 HIGHEST    79           500 PM
 LOWEST     53          1200 PM
 AVERAGE    66

..........................................................


THE KAHULUI HI CLIMATE NORMALS FOR TODAY
                         NORMAL    RECORD    YEAR
 MAXIMUM TEMPERATURE (F)   88        94      1952
 MINIMUM TEMPERATURE (F)   72        61      1999


SUNRISE AND SUNSET
AUGUST  2 2015........SUNRISE   600 AM HST   SUNSET   704 PM HST
AUGUST  3 2015........SUNRISE   601 AM HST   SUNSET   703 PM HST


-  INDICATES NEGATIVE NUMBERS.
R  INDICATES RECORD WAS SET OR TIED.
MM INDICATES DATA IS MISSING.
T  INDICATES TRACE AMOUNT.




$$
