000
CDHW42 PHFO 301245
CLIOGG


CLIMATE REPORT
NATIONAL WEATHER SERVICE HONOLULU HI
245 AM HST THU OCT 30 2014


...................................

...THE KAHULUI HI CLIMATE SUMMARY FOR OCTOBER 29 2014...

CLIMATE NORMAL PERIOD 1981 TO 2010
CLIMATE RECORD PERIOD 1946 TO 2014


WEATHER ITEM   OBSERVED TIME   RECORD YEAR NORMAL DEPARTURE LAST
                VALUE   (LST)  VALUE       VALUE  FROM      YEAR
                                                  NORMAL
..................................................................
TEMPERATURE (F)
 YESTERDAY
  MAXIMUM         88    112 PM  93    1961  86      2       86
  MINIMUM         73    703 AM  61    1986  69      4       66
  AVERAGE         81                        78      3       76

PRECIPITATION (IN)
  YESTERDAY        0.01          0.41 1995   0.05  -0.04     0.01
  MONTH TO DATE    0.87                      1.10  -0.23     0.04
  SINCE SEP 1      1.58                      1.48   0.10     0.29
  SINCE JAN 1     17.23                     12.18   5.05     8.95

SNOWFALL (IN)
  YESTERDAY        0.0
  MONTH TO DATE    0.0
  SINCE SEP 1      0.0
  SINCE JUL 1      0.0
  SNOW DEPTH       0

DEGREE DAYS
 HEATING
  YESTERDAY        0                         0      0        0
  MONTH TO DATE    0                         0      0        0
  SINCE SEP 1      0                         0      0        0
  SINCE JUL 1      0                         0      0        0

 COOLING
  YESTERDAY       16                        12      4       11
  MONTH TO DATE  440                       385     55      376
  SINCE SEP 1    917                       811    106      837
  SINCE JAN 1   3805                      3353    452     3624
..................................................................


WIND (MPH)
  HIGHEST WIND SPEED    24   HIGHEST WIND DIRECTION    NE (40)
  HIGHEST GUST SPEED    30   HIGHEST GUST DIRECTION    NE (40)
  AVERAGE WIND SPEED    12.3


SKY COVER
  POSSIBLE SUNSHINE  MM
  AVERAGE SKY COVER 0.4


WEATHER CONDITIONS
 THE FOLLOWING WEATHER WAS RECORDED YESTERDAY.
  LIGHT RAIN
  FOG


RELATIVE HUMIDITY (PERCENT)
 HIGHEST    87           200 AM
 LOWEST     53          1200 PM
 AVERAGE    70

..........................................................


THE KAHULUI HI CLIMATE NORMALS FOR TODAY
                         NORMAL    RECORD    YEAR
 MAXIMUM TEMPERATURE (F)   86        95      1984
 MINIMUM TEMPERATURE (F)   69        59      1949


SUNRISE AND SUNSET
OCTOBER 30 2014.......SUNRISE   627 AM HST   SUNSET   551 PM HST
OCTOBER 31 2014.......SUNRISE   628 AM HST   SUNSET   551 PM HST


-  INDICATES NEGATIVE NUMBERS.
R  INDICATES RECORD WAS SET OR TIED.
MM INDICATES DATA IS MISSING.
T  INDICATES TRACE AMOUNT.




$$
