033
CDHW42 PHFO 231245
CLIOGG


CLIMATE REPORT
NATIONAL WEATHER SERVICE HONOLULU HI
245 AM HST MON JAN 23 2017


...................................

...THE KAHULUI HI CLIMATE SUMMARY FOR JANUARY 22 2017...

CLIMATE NORMAL PERIOD 1981 TO 2010
CLIMATE RECORD PERIOD 1946 TO 2017


WEATHER ITEM   OBSERVED TIME   RECORD YEAR NORMAL DEPARTURE LAST
                VALUE   (LST)  VALUE       VALUE  FROM      YEAR
                                                  NORMAL
..................................................................
TEMPERATURE (F)
 YESTERDAY
  MAXIMUM         78    210 PM  89    1956  81     -3       83
  MINIMUM         66   1159 PM  49    1969  63      3       62
  AVERAGE         72                        72      0       73

PRECIPITATION (IN)
  YESTERDAY        0.01          2.91 1955   0.09  -0.08     0.00
  MONTH TO DATE    0.15                      2.09  -1.94     0.55
  SINCE DEC 1      6.74                      5.44   1.30     1.28
  SINCE JAN 1      0.15                      2.09  -1.94     0.55

SNOWFALL (IN)
  YESTERDAY        0.0
  MONTH TO DATE    0.0
  SINCE DEC 1      0.0
  SINCE JUL 1      0.0
  SNOW DEPTH       0

DEGREE DAYS
 HEATING
  YESTERDAY        0                         0      0        0
  MONTH TO DATE    0                         0      0        0
  SINCE DEC 1      0                         0      0        0
  SINCE JUL 1      0                         0      0        0

 COOLING
  YESTERDAY        7                         7      0        8
  MONTH TO DATE  160                       154      6      156
  SINCE DEC 1    455                       413     42      471
  SINCE JAN 1    160                       154      6      156
..................................................................


WIND (MPH)
  HIGHEST WIND SPEED    33   HIGHEST WIND DIRECTION     E (80)
  HIGHEST GUST SPEED    45   HIGHEST GUST DIRECTION     E (80)
  AVERAGE WIND SPEED    20.8


SKY COVER
  POSSIBLE SUNSHINE  MM
  AVERAGE SKY COVER 0.5


WEATHER CONDITIONS
 THE FOLLOWING WEATHER WAS RECORDED YESTERDAY.
  LIGHT RAIN
  HAZE


RELATIVE HUMIDITY (PERCENT)
 HIGHEST    73           800 PM
 LOWEST     50          1200 PM
 AVERAGE    62

..........................................................


THE KAHULUI HI CLIMATE NORMALS FOR TODAY
                         NORMAL    RECORD    YEAR
 MAXIMUM TEMPERATURE (F)   81        88      1996
                                             1981
 MINIMUM TEMPERATURE (F)   63        52      1969


SUNRISE AND SUNSET
JANUARY 23 2017.......SUNRISE   705 AM HST   SUNSET   611 PM HST
JANUARY 24 2017.......SUNRISE   704 AM HST   SUNSET   612 PM HST


-  INDICATES NEGATIVE NUMBERS.
R  INDICATES RECORD WAS SET OR TIED.
MM INDICATES DATA IS MISSING.
T  INDICATES TRACE AMOUNT.




$$
