000
CDHW42 PHFO 060233
CLIOGG


CLIMATE REPORT
NATIONAL WEATHER SERVICE HONOLULU HI
432 PM HST MON DEC 5 2016


...................................

...THE KAHULUI HI CLIMATE SUMMARY FOR DECEMBER 5 2016...
VALID TODAY AS OF 0400 PM LOCAL TIME.

CLIMATE NORMAL PERIOD 1981 TO 2010
CLIMATE RECORD PERIOD 1946 TO 2016


WEATHER ITEM   OBSERVED TIME   RECORD YEAR NORMAL DEPARTURE LAST
                VALUE   (LST)  VALUE       VALUE  FROM      YEAR
                                                  NORMAL
..................................................................
TEMPERATURE (F)
 TODAY
  MAXIMUM         82    142 PM  89    1951  82      0       85
  MINIMUM         70    748 AM  56    1949  66      4       62
  AVERAGE         76                        74      2       74

PRECIPITATION (IN)
  TODAY            0.07          1.35 2007   0.10  -0.03     0.00
  MONTH TO DATE    0.37                      0.51  -0.14     0.01
  SINCE DEC 1      0.37                      0.51  -0.14     0.01
  SINCE JAN 1     12.63                     14.99  -2.36    26.71

SNOWFALL (IN)
  TODAY            0.0
  MONTH TO DATE    0.0
  SINCE DEC 1      0.0
  SINCE JUL 1      0.0
  SNOW DEPTH       0

DEGREE DAYS
 HEATING
  TODAY            0                         0      0        0
  MONTH TO DATE    0                         0      0        0
  SINCE DEC 1      0                         0      0        0
  SINCE JUL 1      0                         0      0        0

 COOLING
  TODAY           11                         9      2        9
  MONTH TO DATE   51                        47      4       52
  SINCE DEC 1     51                        47      4       52
  SINCE JAN 1   4259                      3754    505     4053
..................................................................


WIND (MPH)
  HIGHEST WIND SPEED    14   HIGHEST WIND DIRECTION     N (10)
  HIGHEST GUST SPEED    17   HIGHEST GUST DIRECTION     N (20)
  AVERAGE WIND SPEED     6.3


SKY COVER
  POSSIBLE SUNSHINE  MM
  AVERAGE SKY COVER 0.6


WEATHER CONDITIONS
 THE FOLLOWING WEATHER WAS RECORDED TODAY.
  LIGHT RAIN


RELATIVE HUMIDITY (PERCENT)
 HIGHEST    84           100 AM
 LOWEST     58           200 PM
 AVERAGE    71

..........................................................


THE KAHULUI HI CLIMATE NORMALS FOR TOMORROW
                         NORMAL    RECORD    YEAR
 MAXIMUM TEMPERATURE (F)   82        90      1995
                                             1956
 MINIMUM TEMPERATURE (F)   66        55      2010


SUNRISE AND SUNSET
DECEMBER  5 2016......SUNRISE   649 AM HST   SUNSET   544 PM HST
DECEMBER  6 2016......SUNRISE   650 AM HST   SUNSET   544 PM HST


-  INDICATES NEGATIVE NUMBERS.
R  INDICATES RECORD WAS SET OR TIED.
MM INDICATES DATA IS MISSING.
T  INDICATES TRACE AMOUNT.




$$
