000
CDUS43 KEAX 210642
CLIOJC


CLIMATE REPORT
NATIONAL WEATHER SERVICE KANSAS CITY/PLEASANT HILL MO
1240 AM CST SAT JAN 21 2017


...................................

...THE JOHNSON COUNTY EXECUTIVE KS CLIMATE SUMMARY FOR JANUARY 20 2017...

CLIMATE NORMAL PERIOD 1981 TO 2010
CLIMATE RECORD PERIOD 9999 TO 9999


WEATHER ITEM   OBSERVED TIME   NORMAL DEPARTURE LAST
                VALUE   (LST)  VALUE  FROM      YEAR
                                      NORMAL
......................................................
TEMPERATURE (F)
 YESTERDAY
  MAXIMUM         52    158 PM  39     13       26
  MINIMUM         39   1154 PM  21     18       20
  AVERAGE         46            30     16       23

PRECIPITATION (IN)
  YESTERDAY        T             0.03  -0.03     0.00
  MONTH TO DATE    0.83          0.63   0.20     0.76
  SINCE DEC 1      1.73          2.27  -0.54     4.56
  SINCE JAN 1      0.83          0.63   0.20     0.76

DEGREE DAYS
 HEATING
  YESTERDAY       19            35    -16       42
  MONTH TO DATE  696           700     -4      745
  SINCE DEC 1   1692          1710    -18     1507
  SINCE JUL 1   2274          2665   -391     2282

 COOLING
  YESTERDAY        0             0      0        0
  MONTH TO DATE    0             0      0        0
  SINCE DEC 1      0             0      0        0
  SINCE JAN 1      0             0      0        0
......................................................


WIND (MPH)
  HIGHEST WIND SPEED    12   HIGHEST WIND DIRECTION     S (160)
  HIGHEST GUST SPEED    15   HIGHEST GUST DIRECTION     S (190)
  AVERAGE WIND SPEED     5.0


SKY COVER
  AVERAGE SKY COVER 0.9


WEATHER CONDITIONS
 THE FOLLOWING WEATHER WAS RECORDED YESTERDAY.
  LIGHT RAIN
  FOG
  FOG W/VISIBILITY <= 1/4 MILE


RELATIVE HUMIDITY (PERCENT)
 HIGHEST   100          1200 AM
 LOWEST     83           400 PM
 AVERAGE    92

..........................................................


THE JOHNSON COUNTY EXECUTIVE KS CLIMATE NORMALS FOR TODAY
                         NORMAL
 MAXIMUM TEMPERATURE (F)   39
 MINIMUM TEMPERATURE (F)   21


SUNRISE AND SUNSET
JANUARY 21 2017.......SUNRISE   733 AM CST   SUNSET   528 PM CST
JANUARY 22 2017.......SUNRISE   732 AM CST   SUNSET   529 PM CST


-  INDICATES NEGATIVE NUMBERS.
R  INDICATES RECORD WAS SET OR TIED.
MM INDICATES DATA IS MISSING.
T  INDICATES TRACE AMOUNT.




$$
