000
CDUS43 KEAX 270635
CLIOJC


CLIMATE REPORT
NATIONAL WEATHER SERVICE KANSAS CITY/PLEASANT HILL MO
134 AM CDT WED MAY 27 2015


...................................

...THE JOHNSON COUNTY EXECUTIVE KS CLIMATE SUMMARY FOR MAY 26 2015...

CLIMATE NORMAL PERIOD 1981 TO 2010
CLIMATE RECORD PERIOD 9999 TO 9999


WEATHER ITEM   OBSERVED TIME   NORMAL DEPARTURE LAST
                VALUE   (LST)  VALUE  FROM      YEAR
                                      NORMAL
......................................................
TEMPERATURE (F)
 YESTERDAY
  MAXIMUM         78    539 PM  78      0       80
  MINIMUM         60    551 AM  58      2       64
  AVERAGE         69            68      1       72

PRECIPITATION (IN)
  YESTERDAY        0.24          0.16   0.08     0.07
  MONTH TO DATE    9.74          4.57   5.17     0.86
  SINCE MAR 1     13.77         11.19   2.58     6.58
  SINCE JAN 1     15.36         13.88   1.48     7.07

DEGREE DAYS
 HEATING
  YESTERDAY        0             1     -1        0
  MONTH TO DATE   78            88    -10      113
  SINCE MAR 1    835          1026   -191     1211
  SINCE JUL 1   4870          4919    -49     5692

 COOLING
  YESTERDAY        4             4      0        7
  MONTH TO DATE   58            60     -2      100
  SINCE MAR 1     67            78    -11      105
  SINCE JAN 1     67            78    -11      105
......................................................


WIND (MPH)
  HIGHEST WIND SPEED    24   HIGHEST WIND DIRECTION    SW (240)
  HIGHEST GUST SPEED    32   HIGHEST GUST DIRECTION    SW (240)
  AVERAGE WIND SPEED     9.8


SKY COVER
  AVERAGE SKY COVER 0.5


WEATHER CONDITIONS
 THE FOLLOWING WEATHER WAS RECORDED YESTERDAY.
  LIGHT RAIN
  FOG


RELATIVE HUMIDITY (PERCENT)
 HIGHEST   100           300 AM
 LOWEST     54           100 PM
 AVERAGE    77

..........................................................


THE JOHNSON COUNTY EXECUTIVE KS CLIMATE NORMALS FOR TODAY
                         NORMAL
 MAXIMUM TEMPERATURE (F)   78
 MINIMUM TEMPERATURE (F)   59


SUNRISE AND SUNSET
MAY 27 2015...........SUNRISE   558 AM CDT   SUNSET   834 PM CDT
MAY 28 2015...........SUNRISE   558 AM CDT   SUNSET   835 PM CDT


-  INDICATES NEGATIVE NUMBERS.
R  INDICATES RECORD WAS SET OR TIED.
MM INDICATES DATA IS MISSING.
T  INDICATES TRACE AMOUNT.




$$
