000
CDUS43 KEAX 250032
CLIOJC


CLIMATE REPORT
NATIONAL WEATHER SERVICE KANSAS CITY/PLEASANT HILL MO
732 PM CDT THU APR 24 2014


...................................

...THE JOHNSON COUNTY EXECUTIVE KS CLIMATE SUMMARY FOR APRIL 24 2014...
VALID TODAY AS OF 0700 PM LOCAL TIME.

CLIMATE NORMAL PERIOD 1981 TO 2010
CLIMATE RECORD PERIOD 9999 TO 9999


WEATHER ITEM   OBSERVED TIME   NORMAL DEPARTURE LAST
                VALUE   (LST)  VALUE  FROM      YEAR
                                      NORMAL
......................................................
TEMPERATURE (F)
 TODAY
  MAXIMUM         66    120 AM  68     -2       52
  MINIMUM         55    158 PM  48      7       29
  AVERAGE         61            58      3       41

PRECIPITATION (IN)
  TODAY            1.75          0.17   1.58     0.10
  MONTH TO DATE    3.53          2.93   0.60     3.25
  SINCE MAR 1      4.32          5.56  -1.24     4.54
  SINCE JAN 1      4.81          8.25  -3.44     8.45

DEGREE DAYS
 HEATING
  TODAY            4             8     -4       24
  MONTH TO DATE  285           273     12      404
  SINCE MAR 1   1041           897    144     1229
  SINCE JUL 1   5522          4790    732     4882

 COOLING
  TODAY            0             1     -1        0
  MONTH TO DATE    4            16    -12        0
  SINCE MAR 1      4            17    -13        0
  SINCE JAN 1      4            17    -13        1
......................................................


WIND (MPH)
  HIGHEST WIND SPEED    29   HIGHEST WIND DIRECTION    SE (150)
  HIGHEST GUST SPEED    38   HIGHEST GUST DIRECTION    SE (140)
  AVERAGE WIND SPEED    14.9


SKY COVER
  AVERAGE SKY COVER 0.7


WEATHER CONDITIONS
 THE FOLLOWING WEATHER WAS RECORDED TODAY.
  THUNDERSTORM
  HEAVY RAIN
  RAIN
  LIGHT RAIN
  FOG


RELATIVE HUMIDITY (PERCENT)
 HIGHEST    93          1100 AM
 LOWEST     45          1200 AM
 AVERAGE    69

..........................................................


THE JOHNSON COUNTY EXECUTIVE KS CLIMATE NORMALS FOR TOMORROW
                         NORMAL
 MAXIMUM TEMPERATURE (F)   68
 MINIMUM TEMPERATURE (F)   48


SUNRISE AND SUNSET
APRIL 24 2014.........SUNRISE   630 AM CDT   SUNSET   805 PM CDT
APRIL 25 2014.........SUNRISE   629 AM CDT   SUNSET   806 PM CDT


-  INDICATES NEGATIVE NUMBERS.
R  INDICATES RECORD WAS SET OR TIED.
MM INDICATES DATA IS MISSING.
T  INDICATES TRACE AMOUNT.




$$
