000
CDUS43 KEAX 040635
CLIOJC


CLIMATE REPORT
NATIONAL WEATHER SERVICE KANSAS CITY/PLEASANT HILL MO
134 AM CDT FRI SEP 4 2015


...................................

...THE JOHNSON COUNTY EXECUTIVE KS CLIMATE SUMMARY FOR SEPTEMBER 3 2015...

CLIMATE NORMAL PERIOD 1981 TO 2010
CLIMATE RECORD PERIOD 9999 TO 9999


WEATHER ITEM   OBSERVED TIME   NORMAL DEPARTURE LAST
                VALUE   (LST)  VALUE  FROM      YEAR
                                      NORMAL
......................................................
TEMPERATURE (F)
 YESTERDAY
  MAXIMUM         88    237 PM  84      4       84
  MINIMUM         69    533 AM  63      6       64
  AVERAGE         79            74      5       74

PRECIPITATION (IN)
  YESTERDAY        0.00          0.19  -0.19     0.22
  MONTH TO DATE    T             0.59  -0.59     0.98
  SINCE SEP 1      T             0.59  -0.59     0.98
  SINCE JAN 1     33.39         28.55   4.84    22.93

DEGREE DAYS
 HEATING
  YESTERDAY        0             0      0        0
  MONTH TO DATE    0             0      0        0
  SINCE SEP 1      0             0      0        0
  SINCE JUL 1      2             1      1        1

 COOLING
  YESTERDAY       14             9      5        9
  MONTH TO DATE   40            27     13       25
  SINCE SEP 1     40            27     13       25
  SINCE JAN 1   1158          1192    -34     1114
......................................................


WIND (MPH)
  HIGHEST WIND SPEED    17   HIGHEST WIND DIRECTION     S (170)
  HIGHEST GUST SPEED    25   HIGHEST GUST DIRECTION     S (170)
  AVERAGE WIND SPEED     8.5


SKY COVER
  AVERAGE SKY COVER 0.0


WEATHER CONDITIONS
 THE FOLLOWING WEATHER WAS RECORDED YESTERDAY.
  NO SIGNIFICANT WEATHER WAS OBSERVED.


RELATIVE HUMIDITY (PERCENT)
 HIGHEST    93          1200 AM
 LOWEST     53           100 PM
 AVERAGE    73

..........................................................


THE JOHNSON COUNTY EXECUTIVE KS CLIMATE NORMALS FOR TODAY
                         NORMAL
 MAXIMUM TEMPERATURE (F)   83
 MINIMUM TEMPERATURE (F)   63


SUNRISE AND SUNSET
SEPTEMBER  4 2015.....SUNRISE   650 AM CDT   SUNSET   745 PM CDT
SEPTEMBER  5 2015.....SUNRISE   651 AM CDT   SUNSET   743 PM CDT


-  INDICATES NEGATIVE NUMBERS.
R  INDICATES RECORD WAS SET OR TIED.
MM INDICATES DATA IS MISSING.
T  INDICATES TRACE AMOUNT.




$$
