000
CDUS43 KEAX 210031
CLIOJC


CLIMATE REPORT
NATIONAL WEATHER SERVICE KANSAS CITY/PLEASANT HILL MO
731 PM CDT FRI OCT 20 2017


...................................

...THE JOHNSON COUNTY EXECUTIVE KS CLIMATE SUMMARY FOR OCTOBER 20 2017...
VALID TODAY AS OF 0700 PM LOCAL TIME.

CLIMATE NORMAL PERIOD 1981 TO 2010
CLIMATE RECORD PERIOD 9999 TO 9999


WEATHER ITEM   OBSERVED TIME   NORMAL DEPARTURE LAST
                VALUE   (LST)  VALUE  FROM      YEAR
                                      NORMAL
......................................................
TEMPERATURE (F)
 TODAY
  MAXIMUM         73    135 PM  66      7       59
  MINIMUM         52    659 AM  46      6       44
  AVERAGE         63            56      7       52

PRECIPITATION (IN)
  TODAY            0.00          0.10  -0.10     0.02
  MONTH TO DATE    2.01          2.40  -0.39     1.69
  SINCE SEP 1      4.22          6.91  -2.69     5.06
  SINCE JAN 1     42.82         34.87   7.95    34.94

DEGREE DAYS
 HEATING
  TODAY            2            10     -8       13
  MONTH TO DATE   75           144    -69       91
  SINCE SEP 1     89           192   -103      111
  SINCE JUL 1     92           193   -101      111

 COOLING
  TODAY            0             1     -1        0
  MONTH TO DATE   43            27     16       33
  SINCE SEP 1    229           183     46      227
  SINCE JAN 1   1236          1348   -112     1446
......................................................


WIND (MPH)
  HIGHEST WIND SPEED    26   HIGHEST WIND DIRECTION     S (160)
  HIGHEST GUST SPEED    36   HIGHEST GUST DIRECTION     S (180)
  AVERAGE WIND SPEED    12.0


SKY COVER
  AVERAGE SKY COVER 0.0


WEATHER CONDITIONS
 THE FOLLOWING WEATHER WAS RECORDED TODAY.
  NO SIGNIFICANT WEATHER WAS OBSERVED.


RELATIVE HUMIDITY (PERCENT)
 HIGHEST    89           500 AM
 LOWEST     61           200 PM
 AVERAGE    75

..........................................................


THE JOHNSON COUNTY EXECUTIVE KS CLIMATE NORMALS FOR TOMORROW
                         NORMAL
 MAXIMUM TEMPERATURE (F)   65
 MINIMUM TEMPERATURE (F)   45


SUNRISE AND SUNSET
OCTOBER 20 2017.......SUNRISE   734 AM CDT   SUNSET   633 PM CDT
OCTOBER 21 2017.......SUNRISE   735 AM CDT   SUNSET   632 PM CDT


-  INDICATES NEGATIVE NUMBERS.
R  INDICATES RECORD WAS SET OR TIED.
MM INDICATES DATA IS MISSING.
T  INDICATES TRACE AMOUNT.




$$
