000
CDUS46 KSGX 251517
CLIOKB


CLIMATE REPORT
NATIONAL WEATHER SERVICE SAN DIEGO, CA
717 AM PST SAT FEB 25 2017


...................................

...THE OCEANSIDE AIRPORT CA CLIMATE SUMMARY FOR FEBRUARY 24 2017...

CLIMATE NORMAL PERIOD 1981 TO 2010
CLIMATE RECORD PERIOD 1999 TO 2017


WEATHER ITEM   OBSERVED TIME   RECORD YEAR NORMAL DEPARTURE LAST
                VALUE   (LST)  VALUE       VALUE  FROM      YEAR
                                                  NORMAL
..................................................................
TEMPERATURE (F)
 YESTERDAY
  MAXIMUM         62   1157 AM  80    2016  65     -3       80
  MINIMUM         38   1153 PM  36    2001  44     -6       44
  AVERAGE         50                        54     -4       62

PRECIPITATION (IN)
  YESTERDAY        0.00          0.38 2008   0.14  -0.14     0.00
  MONTH TO DATE    2.57                      2.60  -0.03     0.13
  SINCE OCT 1     11.98                      9.13   2.85     4.91
  SINCE JAN 1      6.83                      5.25   1.58     2.74

DEGREE DAYS
 HEATING
  YESTERDAY       15                        11      4        3
  MONTH TO DATE  191                       264    -73      161
  SINCE DEC 1    778                      1019   -241      901
  SINCE JUL 1    964                      1369   -405     1132

 COOLING
  YESTERDAY        0                         0      0        0
  MONTH TO DATE    0                         0      0        6
  SINCE DEC 1      0                         0      0        6
  SINCE JAN 1      0                         0      0        6
..................................................................


WIND (MPH)
  RESULTANT WIND SPEED   2   RESULTANT WIND DIRECTION  NW (300)
  HIGHEST WIND SPEED    16   HIGHEST WIND DIRECTION    SW (240)
  HIGHEST GUST SPEED    19   HIGHEST GUST DIRECTION     W (250)
  AVERAGE WIND SPEED     4.3


SKY COVER
  POSSIBLE SUNSHINE  MM
  AVERAGE SKY COVER 0.0


WEATHER CONDITIONS
 THE FOLLOWING WEATHER WAS RECORDED YESTERDAY.
  NO SIGNIFICANT WEATHER WAS OBSERVED.


RELATIVE HUMIDITY (PERCENT)
 HIGHEST    92           500 AM
 LOWEST     42          1100 AM
 AVERAGE    67

..........................................................


THE OCEANSIDE AIRPORT CA CLIMATE NORMALS FOR TODAY
                         NORMAL    RECORD    YEAR
 MAXIMUM TEMPERATURE (F)   65        79      2016
                                             2005
 MINIMUM TEMPERATURE (F)   44        32      2013


SUNRISE AND SUNSET
FEBRUARY 25 2017......SUNRISE   622 AM PST   SUNSET   543 PM PST
FEBRUARY 26 2017......SUNRISE   621 AM PST   SUNSET   544 PM PST


-  INDICATES NEGATIVE NUMBERS.
R  INDICATES RECORD WAS SET OR TIED.
MM INDICATES DATA IS MISSING.
T  INDICATES TRACE AMOUNT.




$$
