000
CDUS46 KSGX 300021
CLIOKB


CLIMATE REPORT
NATIONAL WEATHER SERVICE SAN DIEGO, CA
521 PM PDT MON MAY 29 2017


...................................

...THE OCEANSIDE AIRPORT CA CLIMATE SUMMARY FOR MAY 29 2017...
VALID TODAY AS OF 0500 PM LOCAL TIME.

CLIMATE NORMAL PERIOD 1981 TO 2010
CLIMATE RECORD PERIOD 1999 TO 2017


WEATHER ITEM   OBSERVED TIME   RECORD YEAR NORMAL DEPARTURE LAST
                VALUE   (LST)  VALUE       VALUE  FROM      YEAR
                                                  NORMAL
..................................................................
TEMPERATURE (F)
 TODAY
  MAXIMUM         68    248 PM  75    2013  70     -2       69
  MINIMUM         61    620 AM  44    2010  56      5       61
  AVERAGE         65                        63      2       65

PRECIPITATION (IN)
  TODAY            0.00          0.03 2009   0.00   0.00     0.00
                                      2009
                                      2011
  MONTH TO DATE    1.27                      0.26   1.01     0.54
  SINCE OCT 1     14.92                     13.04   1.88     7.12
  SINCE JAN 1      9.77                      9.16   0.61     4.95

DEGREE DAYS
 HEATING
  TODAY            0                         2     -2        0
  MONTH TO DATE   74                       103    -29       69
  SINCE MAR 1    395                       589   -194      432
  SINCE JUL 1   1410                      1997   -587     1600

 COOLING
  TODAY            0                         0      0        0
  MONTH TO DATE   11                         0     11        8
  SINCE MAR 1     17                         3     14       12
  SINCE JAN 1     17                         3     14       18
..................................................................


WIND (MPH)
  RESULTANT WIND SPEED   4   RESULTANT WIND DIRECTION   W (270)
  HIGHEST WIND SPEED    12   HIGHEST WIND DIRECTION     W (260)
  HIGHEST GUST SPEED    28   HIGHEST GUST DIRECTION    SW (210)
  AVERAGE WIND SPEED     4.2


SKY COVER
  POSSIBLE SUNSHINE  MM
  AVERAGE SKY COVER 1.0


WEATHER CONDITIONS
 THE FOLLOWING WEATHER WAS RECORDED TODAY.
  FOG
  HAZE


RELATIVE HUMIDITY (PERCENT)
 HIGHEST    90           300 AM
 LOWEST     73           200 PM
 AVERAGE    82

..........................................................


THE OCEANSIDE AIRPORT CA CLIMATE NORMALS FOR TOMORROW
                         NORMAL    RECORD    YEAR
 MAXIMUM TEMPERATURE (F)   70        76      2004
 MINIMUM TEMPERATURE (F)   56        45      2011


SUNRISE AND SUNSET
MAY 29 2017...........SUNRISE   542 AM PDT   SUNSET   752 PM PDT
MAY 30 2017...........SUNRISE   542 AM PDT   SUNSET   753 PM PDT


-  INDICATES NEGATIVE NUMBERS.
R  INDICATES RECORD WAS SET OR TIED.
MM INDICATES DATA IS MISSING.
T  INDICATES TRACE AMOUNT.




$$
