000
CDUS46 KSGX 270019
CLIOKB


CLIMATE REPORT
NATIONAL WEATHER SERVICE SAN DIEGO, CA
518 PM PDT THU MAY 26 2016


...................................

...THE OCEANSIDE AIRPORT CA CLIMATE SUMMARY FOR MAY 26 2016...
VALID TODAY AS OF 0500 PM LOCAL TIME.

CLIMATE NORMAL PERIOD 1981 TO 2010
CLIMATE RECORD PERIOD 1999 TO 2016


WEATHER ITEM   OBSERVED TIME   RECORD YEAR NORMAL DEPARTURE LAST
                VALUE   (LST)  VALUE       VALUE  FROM      YEAR
                                                  NORMAL
..................................................................
TEMPERATURE (F)
 TODAY
  MAXIMUM         70    130 PM  73    2014  70      0       71
                                      2005
  MINIMUM         57    336 AM  50    2010  55      2       61
  AVERAGE         64                        63      1       66

PRECIPITATION (IN)
  TODAY            T   R         T    2008   0.00   0.00     0.00
                                      2008
                                      2012
  MONTH TO DATE    0.54                      0.25   0.29     1.46
  SINCE OCT 1      7.12                     13.03  -5.91     7.38
  SINCE JAN 1      4.95                      9.15  -4.20     2.98

DEGREE DAYS
 HEATING
  TODAY            1                         2     -1        0
  MONTH TO DATE   69                        97    -28       79
  SINCE MAR 1    432                       583   -151      329
  SINCE JUL 1   1600                      1991   -391     1203

 COOLING
  TODAY            0                         0      0        1
  MONTH TO DATE    6                         0      6        1
  SINCE MAR 1     10                         3      7       35
  SINCE JAN 1     16                         3     13       35
..................................................................


WIND (MPH)
  RESULTANT WIND SPEED   3   RESULTANT WIND DIRECTION   W (260)
  HIGHEST WIND SPEED    15   HIGHEST WIND DIRECTION     W (250)
  HIGHEST GUST SPEED    20   HIGHEST GUST DIRECTION    SW (230)
  AVERAGE WIND SPEED     6.4


SKY COVER
  POSSIBLE SUNSHINE  MM
  AVERAGE SKY COVER 0.8


WEATHER CONDITIONS
 THE FOLLOWING WEATHER WAS RECORDED TODAY.
  NO SIGNIFICANT WEATHER WAS OBSERVED.


RELATIVE HUMIDITY (PERCENT)
 HIGHEST    83          1200 AM
 LOWEST     53           100 PM
 AVERAGE    68

..........................................................


THE OCEANSIDE AIRPORT CA CLIMATE NORMALS FOR TOMORROW
                         NORMAL    RECORD    YEAR
 MAXIMUM TEMPERATURE (F)   70        75      2000
 MINIMUM TEMPERATURE (F)   56        47      2008


SUNRISE AND SUNSET
MAY 26 2016...........SUNRISE   543 AM PDT   SUNSET   750 PM PDT
MAY 27 2016...........SUNRISE   543 AM PDT   SUNSET   751 PM PDT


-  INDICATES NEGATIVE NUMBERS.
R  INDICATES RECORD WAS SET OR TIED.
MM INDICATES DATA IS MISSING.
T  INDICATES TRACE AMOUNT.




$$
