000
CDUS46 KSGX 281421
CLIOKB


CLIMATE REPORT
NATIONAL WEATHER SERVICE SAN DIEGO, CA
621 AM PST SAT FEB 28 2015


...................................

...THE OCEANSIDE AIRPORT CA CLIMATE SUMMARY FOR FEBRUARY 27 2015...

CLIMATE NORMAL PERIOD 1981 TO 2010
CLIMATE RECORD PERIOD 1999 TO 2015


WEATHER ITEM   OBSERVED TIME   RECORD YEAR NORMAL DEPARTURE LAST
                VALUE   (LST)  VALUE       VALUE  FROM      YEAR
                                                  NORMAL
..................................................................
TEMPERATURE (F)
 YESTERDAY
  MAXIMUM         67    200 PM  81    2005  65      2       69
  MINIMUM         47   1259 AM  34    2013  45      2       57
  AVERAGE         57                        55      2       63

PRECIPITATION (IN)
  YESTERDAY        0.00          1.42 2010   0.11  -0.11     0.19
  MONTH TO DATE    0.17                      2.97  -2.80     0.43
  SINCE OCT 1      5.06                      9.50  -4.44     2.06
  SINCE JAN 1      0.66                      5.62  -4.96     0.47

SNOWFALL (IN)
  YESTERDAY        0.0
  MONTH TO DATE    0.0
  SINCE JAN 1      0.0
  SINCE JUL 1      0.0
  SNOW DEPTH       0

DEGREE DAYS
 HEATING
  YESTERDAY        8                        10     -2        2
  MONTH TO DATE  181                       294   -113      243
  SINCE DEC 1    733                      1049   -316      869
  SINCE JUL 1    867                      1399   -532     1168

 COOLING
  YESTERDAY        0                         0      0        0
  MONTH TO DATE    0                         0      0        0
  SINCE DEC 1      0                         0      0        0
  SINCE JAN 1      0                         0      0        0
..................................................................


WIND (MPH)
  RESULTANT WIND SPEED   5   RESULTANT WIND DIRECTION  SW (210)
  HIGHEST WIND SPEED    16   HIGHEST WIND DIRECTION    SW (210)
  HIGHEST GUST SPEED    22   HIGHEST GUST DIRECTION     S (200)
  AVERAGE WIND SPEED     6.0


SKY COVER
  POSSIBLE SUNSHINE  MM
  AVERAGE SKY COVER 0.8


WEATHER CONDITIONS
 THE FOLLOWING WEATHER WAS RECORDED YESTERDAY.
  NO SIGNIFICANT WEATHER WAS OBSERVED.


RELATIVE HUMIDITY (PERCENT)
 HIGHEST    93          1200 AM
 LOWEST     58          1100 AM
 AVERAGE    76

..........................................................


THE OCEANSIDE AIRPORT CA CLIMATE NORMALS FOR TODAY
                         NORMAL    RECORD    YEAR
 MAXIMUM TEMPERATURE (F)   65        80      2005
 MINIMUM TEMPERATURE (F)   45        33      2013


SUNRISE AND SUNSET
FEBRUARY 28 2015......SUNRISE   619 AM PST   SUNSET   545 PM PST
MARCH  1 2015.........SUNRISE   618 AM PST   SUNSET   546 PM PST


-  INDICATES NEGATIVE NUMBERS.
R  INDICATES RECORD WAS SET OR TIED.
MM INDICATES DATA IS MISSING.
T  INDICATES TRACE AMOUNT.




$$
