618
CDUS46 KSGX 090117
CLIOKB


CLIMATE REPORT
NATIONAL WEATHER SERVICE SAN DIEGO, CA
516 PM PST MON FEB 8 2016


...................................

...THE OCEANSIDE AIRPORT CA CLIMATE SUMMARY FOR FEBRUARY 8 2016...
VALID TODAY AS OF 0500 PM LOCAL TIME.

CLIMATE NORMAL PERIOD 1981 TO 2010
CLIMATE RECORD PERIOD 1999 TO 2016


WEATHER ITEM   OBSERVED TIME   RECORD YEAR NORMAL DEPARTURE LAST
                VALUE   (LST)  VALUE       VALUE  FROM      YEAR
                                                  NORMAL
..................................................................
TEMPERATURE (F)
 TODAY
  MAXIMUM         87R  1148 AM  82    2006  66     21       76
  MINIMUM         42    637 AM  32    2001  42      0       49
  AVERAGE         65                        54     11       63

PRECIPITATION (IN)
  TODAY            0.00          0.18 2013   0.09  -0.09     0.00
  MONTH TO DATE    0.02                      0.54  -0.52     0.00
  SINCE OCT 1      4.80                      7.07  -2.27     4.89
  SINCE JAN 1      2.63                      3.19  -0.56     0.49

DEGREE DAYS
 HEATING
  TODAY            0                        11    -11        2
  MONTH TO DATE   80                        88     -8       63
  SINCE DEC 1    820                       843    -23      615
  SINCE JUL 1   1051                      1193   -142      749

 COOLING
  TODAY            0                         0      0        0
  MONTH TO DATE    0                         0      0        0
  SINCE DEC 1      0                         0      0        0
  SINCE JAN 1      0                         0      0        0
..................................................................


WIND (MPH)
  RESULTANT WIND SPEED   1   RESULTANT WIND DIRECTION  SW (240)
  HIGHEST WIND SPEED    13   HIGHEST WIND DIRECTION     W (250)
  HIGHEST GUST SPEED    17   HIGHEST GUST DIRECTION     W (250)
  AVERAGE WIND SPEED     3.1


SKY COVER
  POSSIBLE SUNSHINE  MM
  AVERAGE SKY COVER 0.0


WEATHER CONDITIONS
 THE FOLLOWING WEATHER WAS RECORDED TODAY.
  NO SIGNIFICANT WEATHER WAS OBSERVED.


RELATIVE HUMIDITY (PERCENT)
 HIGHEST    65          1200 AM
 LOWEST     17          1100 AM
 AVERAGE    41

..........................................................


THE OCEANSIDE AIRPORT CA CLIMATE NORMALS FOR TOMORROW
                         NORMAL    RECORD    YEAR
 MAXIMUM TEMPERATURE (F)   66        83      2002
 MINIMUM TEMPERATURE (F)   43        33      2013


SUNRISE AND SUNSET
FEBRUARY  8 2016......SUNRISE   640 AM PST   SUNSET   528 PM PST
FEBRUARY  9 2016......SUNRISE   639 AM PST   SUNSET   529 PM PST


-  INDICATES NEGATIVE NUMBERS.
R  INDICATES RECORD WAS SET OR TIED.
MM INDICATES DATA IS MISSING.
T  INDICATES TRACE AMOUNT.




$$
