000
CDUS46 KSGX 272321
CLIOKB


CLIMATE REPORT
NATIONAL WEATHER SERVICE SAN DIEGO, CA
420 PM PDT MON MAR 27 2017


...................................

...THE OCEANSIDE AIRPORT CA CLIMATE SUMMARY FOR MARCH 27 2017...
VALID TODAY AS OF 0400 PM LOCAL TIME.

CLIMATE NORMAL PERIOD 1981 TO 2010
CLIMATE RECORD PERIOD 1999 TO 2017


WEATHER ITEM   OBSERVED TIME   RECORD YEAR NORMAL DEPARTURE LAST
                VALUE   (LST)  VALUE       VALUE  FROM      YEAR
                                                  NORMAL
..................................................................
TEMPERATURE (F)
 TODAY
  MAXIMUM         68    125 PM  84    2015  66      2       68
  MINIMUM         50    143 AM  39    2012  47      3       47
  AVERAGE         59                        56      3       58

PRECIPITATION (IN)
  TODAY            0.00          0.04 2007   0.04  -0.04     0.00
  MONTH TO DATE    0.06                      2.06  -2.00     1.19
  SINCE OCT 1     13.63                     11.66   1.97     6.10
  SINCE JAN 1      8.48                      7.78   0.70     3.93

DEGREE DAYS
 HEATING
  TODAY            6                         9     -3        7
  MONTH TO DATE  183                       258    -75      182
  SINCE MAR 1    183                       258    -75      182
  SINCE JUL 1   1198                      1666   -468     1350

 COOLING
  TODAY            0                         0      0        0
  MONTH TO DATE    0                         0      0        0
  SINCE MAR 1      0                         0      0        0
  SINCE JAN 1      0                         0      0        6
..................................................................


WIND (MPH)
  RESULTANT WIND SPEED   3   RESULTANT WIND DIRECTION   W (250)
  HIGHEST WIND SPEED    15   HIGHEST WIND DIRECTION     W (250)
  HIGHEST GUST SPEED    20   HIGHEST GUST DIRECTION    SW (230)
  AVERAGE WIND SPEED     4.0


SKY COVER
  POSSIBLE SUNSHINE  MM
  AVERAGE SKY COVER 0.6


WEATHER CONDITIONS
 THE FOLLOWING WEATHER WAS RECORDED TODAY.
  NO SIGNIFICANT WEATHER WAS OBSERVED.


RELATIVE HUMIDITY (PERCENT)
 HIGHEST   100           100 AM
 LOWEST     63          1100 AM
 AVERAGE    82

..........................................................


THE OCEANSIDE AIRPORT CA CLIMATE NORMALS FOR TOMORROW
                         NORMAL    RECORD    YEAR
 MAXIMUM TEMPERATURE (F)   66        83      2004
 MINIMUM TEMPERATURE (F)   47        37      2012


SUNRISE AND SUNSET
MARCH 27 2017.........SUNRISE   643 AM PDT   SUNSET   706 PM PDT
MARCH 28 2017.........SUNRISE   642 AM PDT   SUNSET   707 PM PDT


-  INDICATES NEGATIVE NUMBERS.
R  INDICATES RECORD WAS SET OR TIED.
MM INDICATES DATA IS MISSING.
T  INDICATES TRACE AMOUNT.




$$
