052
CDUS46 KSGX 272322
CLIOKB


CLIMATE REPORT
NATIONAL WEATHER SERVICE SAN DIEGO, CA
422 PM PDT TUE SEP 27 2016


...................................

...THE OCEANSIDE AIRPORT CA CLIMATE SUMMARY FOR SEPTEMBER 27 2016...
VALID TODAY AS OF 0400 PM LOCAL TIME.

CLIMATE NORMAL PERIOD 1981 TO 2010
CLIMATE RECORD PERIOD 1999 TO 2016


WEATHER ITEM   OBSERVED TIME   RECORD YEAR NORMAL DEPARTURE LAST
                VALUE   (LST)  VALUE       VALUE  FROM      YEAR
                                                  NORMAL
..................................................................
TEMPERATURE (F)
 TODAY
  MAXIMUM         93    941 AM 105    2010  76     17       82
  MINIMUM         66    203 AM  47    2013  57      9       64
  AVERAGE         80                        66     14       73

PRECIPITATION (IN)
  TODAY            T             0.01 2006   0.01  -0.01     0.00
                                      2006
                                      2007
  MONTH TO DATE    0.24                      0.22   0.02     1.14
  SINCE OCT 1      7.36                     13.64  -6.28     9.31
  SINCE JAN 1      5.19                      9.76  -4.57     4.91

DEGREE DAYS
 HEATING
  TODAY            0                         1     -1        0
  MONTH TO DATE   12                         4      8        0
  SINCE SEP 1     12                         4      8        0
  SINCE JUL 1     12                         9      3        0

 COOLING
  TODAY           15                         2     13        8
  MONTH TO DATE  112                        88     24      264
  SINCE SEP 1    112                        88     24      264
  SINCE JAN 1    569                       388    181      869
..................................................................


WIND (MPH)
  RESULTANT WIND SPEED   2   RESULTANT WIND DIRECTION   W (280)
  HIGHEST WIND SPEED    13   HIGHEST WIND DIRECTION     W (270)
  HIGHEST GUST SPEED    MM   HIGHEST GUST DIRECTION    MM
  AVERAGE WIND SPEED     4.7


SKY COVER
  POSSIBLE SUNSHINE  MM
  AVERAGE SKY COVER 0.0


WEATHER CONDITIONS
 THE FOLLOWING WEATHER WAS RECORDED TODAY.
  NO SIGNIFICANT WEATHER WAS OBSERVED.


RELATIVE HUMIDITY (PERCENT)
 HIGHEST    45           200 AM
 LOWEST     21           900 AM
 AVERAGE    33

..........................................................


THE OCEANSIDE AIRPORT CA CLIMATE NORMALS FOR TOMORROW
                         NORMAL    RECORD    YEAR
 MAXIMUM TEMPERATURE (F)   76        88      2010
 MINIMUM TEMPERATURE (F)   57        45      2005


SUNRISE AND SUNSET
SEPTEMBER 27 2016.....SUNRISE   641 AM PDT   SUNSET   638 PM PDT
SEPTEMBER 28 2016.....SUNRISE   642 AM PDT   SUNSET   637 PM PDT


-  INDICATES NEGATIVE NUMBERS.
R  INDICATES RECORD WAS SET OR TIED.
MM INDICATES DATA IS MISSING.
T  INDICATES TRACE AMOUNT.




$$
