000
CDUS44 KOUN 030638
CLIOKC

CLIMATE REPORT
NATIONAL WEATHER SERVICE NORMAN OK
136 AM CDT FRI JUL 3 2015


...................................

...THE OKLAHOMA CITY CLIMATE SUMMARY FOR JULY 2 2015...

CLIMATE NORMAL PERIOD 1981 TO 2010
CLIMATE RECORD PERIOD 1890 TO 2015


WEATHER ITEM   OBSERVED TIME   RECORD YEAR NORMAL DEPARTURE LAST
                VALUE   (LST)  VALUE       VALUE  FROM      YEAR
                                                  NORMAL
..................................................................
TEMPERATURE (F)
 YESTERDAY
  MAXIMUM         93    313 PM 105    1980  92      1       86
  MINIMUM         71   1112 PM  58    1924  71      0       69
  AVERAGE         82                        82      0       78

PRECIPITATION (IN)
  YESTERDAY        1.32          3.16 2000   0.11   1.21     0.00
  MONTH TO DATE    1.32                      0.22   1.10     0.00
  SINCE JAN 1     35.75                     18.90  16.85    15.73

DEGREE DAYS
 COOLING
  YESTERDAY       17                        17      0       13
  MONTH TO DATE   35                        33      2       27
  SINCE JAN 1    639                       673    -34      717
..................................................................


WIND (MPH)
  HIGHEST WIND SPEED    28   HIGHEST WIND DIRECTION     N (10)
  HIGHEST GUST SPEED    33   HIGHEST GUST DIRECTION     N (10)
  AVERAGE WIND SPEED    12.6


SKY COVER
  AVERAGE SKY COVER 0.8


WEATHER CONDITIONS
 THE FOLLOWING WEATHER WAS RECORDED YESTERDAY.
  THUNDERSTORM
  HEAVY RAIN
  RAIN
  LIGHT RAIN
  FOG


RELATIVE HUMIDITY (PERCENT)
 HIGHEST   100           900 PM
 LOWEST     56          1200 PM
 AVERAGE    78

..........................................................


THE OKLAHOMA CITY CLIMATE NORMALS FOR TODAY
                         NORMAL    RECORD    YEAR
 MAXIMUM TEMPERATURE (F)   92       105      1980
 MINIMUM TEMPERATURE (F)   71        57      1906


SUNRISE AND SUNSET
JULY  3 2015..........SUNRISE   620 AM CDT   SUNSET   849 PM CDT
JULY  4 2015..........SUNRISE   620 AM CDT   SUNSET   849 PM CDT


-  INDICATES NEGATIVE NUMBERS.
R  INDICATES RECORD WAS SET OR TIED.
MM INDICATES DATA IS MISSING.
T  INDICATES TRACE AMOUNT.




$$
