000
CDUS44 KOUN 200629
CLIOKC

CLIMATE REPORT
NATIONAL WEATHER SERVICE NORMAN OK
128 AM CDT MON OCT 20 2014


...................................

...THE OKLAHOMA CITY CLIMATE SUMMARY FOR OCTOBER 19 2014...

CLIMATE NORMAL PERIOD 1981 TO 2010
CLIMATE RECORD PERIOD 1890 TO 2014


WEATHER ITEM   OBSERVED TIME   RECORD YEAR NORMAL DEPARTURE LAST
                VALUE   (LST)  VALUE       VALUE  FROM      YEAR
                                                  NORMAL
..................................................................
TEMPERATURE (F)
 YESTERDAY
  MAXIMUM         76    216 PM  92    1894  72      4       67
  MINIMUM         50    419 AM  25    1917  51     -1       32
  AVERAGE         63                        62      1       50

PRECIPITATION (IN)
  YESTERDAY        0.00          4.98 1983   0.13  -0.13     0.00
  MONTH TO DATE    2.23                      2.33  -0.10     2.88
  SINCE JAN 1     25.09                     31.28  -6.19    50.02

SNOWFALL (IN)
  YESTERDAY        0.0           0.0    MM   0.0    0.0      0.0
  MONTH TO DATE    0.0                       0.0    0.0      0.0
  SINCE JUL 1      0.0                       0.0    0.0      0.0
  SNOW DEPTH       0

DEGREE DAYS
 HEATING
  YESTERDAY        2                         5     -3       15
  MONTH TO DATE   44                        64    -20       82
  SINCE JUL 1     55                        83    -28       85

 COOLING
  YESTERDAY        0                         1     -1        0
  MONTH TO DATE   80                        55     25       71
  SINCE JAN 1   2071                      2080     -9     2056
..................................................................


WIND (MPH)
  HIGHEST WIND SPEED    18   HIGHEST WIND DIRECTION     S (180)
  HIGHEST GUST SPEED    23   HIGHEST GUST DIRECTION     S (180)
  AVERAGE WIND SPEED     7.8


SKY COVER
  AVERAGE SKY COVER 0.5


WEATHER CONDITIONS
 THE FOLLOWING WEATHER WAS RECORDED YESTERDAY.
  NO SIGNIFICANT WEATHER WAS OBSERVED.


RELATIVE HUMIDITY (PERCENT)
 HIGHEST    77           100 AM
 LOWEST     46           100 PM
 AVERAGE    62

..........................................................


THE OKLAHOMA CITY CLIMATE NORMALS FOR TODAY
                         NORMAL    RECORD    YEAR
 MAXIMUM TEMPERATURE (F)   72        93      1979
 MINIMUM TEMPERATURE (F)   50        26      1976


SUNRISE AND SUNSET
OCTOBER 20 2014.......SUNRISE   741 AM CDT   SUNSET   649 PM CDT
OCTOBER 21 2014.......SUNRISE   742 AM CDT   SUNSET   648 PM CDT


-  INDICATES NEGATIVE NUMBERS.
R  INDICATES RECORD WAS SET OR TIED.
MM INDICATES DATA IS MISSING.
T  INDICATES TRACE AMOUNT.




$$
