000
CDUS44 KOUN 240634
CLIOKC

CLIMATE REPORT
NATIONAL WEATHER SERVICE NORMAN OK
1233 AM CST MON NOV 24 2014


...................................

...THE OKLAHOMA CITY CLIMATE SUMMARY FOR NOVEMBER 23 2014...

CLIMATE NORMAL PERIOD 1981 TO 2010
CLIMATE RECORD PERIOD 1890 TO 2014


WEATHER ITEM   OBSERVED TIME   RECORD YEAR NORMAL DEPARTURE LAST
                VALUE   (LST)  VALUE       VALUE  FROM      YEAR
                                                  NORMAL
..................................................................
TEMPERATURE (F)
 YESTERDAY
  MAXIMUM         64    302 PM  79    2005  58      6       43
                                      1973
  MINIMUM         41   1159 PM  19    1950  37      4       30
  AVERAGE         53                        47      6       37

PRECIPITATION (IN)
  YESTERDAY        0.03          1.62 1931   0.06  -0.03      T
  MONTH TO DATE    2.38                      1.59   0.79     0.68
  SINCE JAN 1     27.68                     34.25  -6.57    51.24

SNOWFALL (IN)
  YESTERDAY        0.0           0.4  1971   0.0    0.0      0.0
  MONTH TO DATE    2.5                       0.2    2.3       T
  SINCE JUL 1      2.5                       0.2    2.3       T
  SNOW DEPTH       0

DEGREE DAYS
 HEATING
  YESTERDAY       12                        18     -6       28
  MONTH TO DATE  432                       299    133      311
  SINCE JUL 1    518                       463     55      475

 COOLING
  YESTERDAY        0                         0      0        0
  MONTH TO DATE    0                         7     -7        3
  SINCE JAN 1   2126                      2099     27     2072
..................................................................


WIND (MPH)
  HIGHEST WIND SPEED    36   HIGHEST WIND DIRECTION    NW (330)
  HIGHEST GUST SPEED    46   HIGHEST GUST DIRECTION    NW (330)
  AVERAGE WIND SPEED    16.8


SKY COVER
  AVERAGE SKY COVER 0.9


WEATHER CONDITIONS
 THE FOLLOWING WEATHER WAS RECORDED YESTERDAY.
  LIGHT RAIN
  FOG


RELATIVE HUMIDITY (PERCENT)
 HIGHEST    93          1200 AM
 LOWEST     48           300 PM
 AVERAGE    71

..........................................................


THE OKLAHOMA CITY CLIMATE NORMALS FOR TODAY
                         NORMAL    RECORD    YEAR
 MAXIMUM TEMPERATURE (F)   58        79      2010
 MINIMUM TEMPERATURE (F)   36        15      1950


SUNRISE AND SUNSET
NOVEMBER 24 2014......SUNRISE   714 AM CST   SUNSET   520 PM CST
NOVEMBER 25 2014......SUNRISE   715 AM CST   SUNSET   519 PM CST


-  INDICATES NEGATIVE NUMBERS.
R  INDICATES RECORD WAS SET OR TIED.
MM INDICATES DATA IS MISSING.
T  INDICATES TRACE AMOUNT.




$$
