000
CDUS44 KOUN 282308
CLIOKC

CLIMATE REPORT
NATIONAL WEATHER SERVICE NORMAN OK
508 PM CST WED JAN 28 2015


...................................

...THE OKLAHOMA CITY CLIMATE SUMMARY FOR JANUARY 28 2015...
VALID TODAY AS OF 0500 PM LOCAL TIME.

CLIMATE NORMAL PERIOD 1981 TO 2010
CLIMATE RECORD PERIOD 1890 TO 2015


WEATHER ITEM   OBSERVED TIME   RECORD YEAR NORMAL DEPARTURE LAST
                VALUE   (LST)  VALUE       VALUE  FROM      YEAR
                                                  NORMAL
..................................................................
TEMPERATURE (F)
 TODAY
  MAXIMUM         79R   355 PM  78    1893  51     28       31
  MINIMUM         45    804 AM   5    1948  29     16       14
  AVERAGE         62                        40     22       23

PRECIPITATION (IN)
  TODAY            0.00          1.06 2010   0.05  -0.05     0.01
  MONTH TO DATE    1.22                      1.23  -0.01     0.07
  SINCE JAN 1      1.22                      1.23  -0.01     0.07

SNOWFALL (IN)
  TODAY            0.0           6.0  1895   0.1   -0.1      0.4
  MONTH TO DATE    T                         2.5   -2.5      0.6
  SINCE JUL 1      6.0                       5.0    1.0      4.7
  SNOW DEPTH       0

DEGREE DAYS
 HEATING
  TODAY            3                        25    -22       42
  MONTH TO DATE  697                       722    -25      743
  SINCE JUL 1   2001                      2077    -76     2271
..................................................................


WIND (MPH)
  HIGHEST WIND SPEED    23   HIGHEST WIND DIRECTION    SW (220)
  HIGHEST GUST SPEED    30   HIGHEST GUST DIRECTION    SW (220)
  AVERAGE WIND SPEED    11.8


SKY COVER
  AVERAGE SKY COVER 0.4


WEATHER CONDITIONS
 THE FOLLOWING WEATHER WAS RECORDED TODAY.
  NO SIGNIFICANT WEATHER WAS OBSERVED.


RELATIVE HUMIDITY (PERCENT)
 HIGHEST    70           800 AM
 LOWEST     27           200 PM
 AVERAGE    49

..........................................................


THE OKLAHOMA CITY CLIMATE NORMALS FOR TOMORROW
                         NORMAL    RECORD    YEAR
 MAXIMUM TEMPERATURE (F)   51        76      2011
                                             1911
 MINIMUM TEMPERATURE (F)   29        -1      1895


SUNRISE AND SUNSET
JANUARY 28 2015.......SUNRISE   733 AM CST   SUNSET   554 PM CST
JANUARY 29 2015.......SUNRISE   732 AM CST   SUNSET   555 PM CST


-  INDICATES NEGATIVE NUMBERS.
R  INDICATES RECORD WAS SET OR TIED.
MM INDICATES DATA IS MISSING.
T  INDICATES TRACE AMOUNT.




$$
