000
CDUS44 KOUN 290629
CLIOKC

CLIMATE REPORT
NATIONAL WEATHER SERVICE NORMAN OK
128 AM CDT MON MAY 29 2017


...................................

...THE OKLAHOMA CITY CLIMATE SUMMARY FOR MAY 28 2017...

CLIMATE NORMAL PERIOD 1981 TO 2010
CLIMATE RECORD PERIOD 1890 TO 2017


WEATHER ITEM   OBSERVED TIME   RECORD YEAR NORMAL DEPARTURE LAST
                VALUE   (LST)  VALUE       VALUE  FROM      YEAR
                                                  NORMAL
..................................................................
TEMPERATURE (F)
 YESTERDAY
  MAXIMUM         83    407 PM  93    1895  83      0       84
  MINIMUM         58   1159 PM  43    1947  63     -5       59
  AVERAGE         71                        73     -2       72

PRECIPITATION (IN)
  YESTERDAY        0.00          2.33 1987   0.16  -0.16     0.00
  MONTH TO DATE    1.10                      4.15  -3.05     1.99
  SINCE MAR 1      9.97                     10.28  -0.31    10.32
  SINCE JAN 1     14.66                     13.25   1.41    11.78

SNOWFALL (IN)
  YESTERDAY        0.0           0.0  2002   0.0    0.0      0.0
  MONTH TO DATE    0.0                       0.0    0.0      0.0
  SINCE MAR 1      T                         0.9   -0.9       T
  SINCE JUL 1      2.1                       7.6   -5.5      1.2
  SNOW DEPTH       0

DEGREE DAYS
 HEATING
  YESTERDAY        0                         0      0        0
  MONTH TO DATE   49                        31     18       60
  SINCE MAR 1    481                       613   -132      460
  SINCE JUL 1   2701                      3363   -662     2817

 COOLING
  YESTERDAY        6                         8     -2        7
  MONTH TO DATE  103                       156    -53      113
  SINCE MAR 1    194                       221    -27      151
  SINCE JAN 1    203                       222    -19      155
..................................................................


WIND (MPH)
  HIGHEST WIND SPEED    28   HIGHEST WIND DIRECTION     N (10)
  HIGHEST GUST SPEED    35   HIGHEST GUST DIRECTION     N (20)
  AVERAGE WIND SPEED    11.3


SKY COVER
  AVERAGE SKY COVER 0.4


WEATHER CONDITIONS
 THE FOLLOWING WEATHER WAS RECORDED YESTERDAY.
  THUNDERSTORM


RELATIVE HUMIDITY (PERCENT)
 HIGHEST    87           300 AM
 LOWEST     27           700 PM
 AVERAGE    57

..........................................................


THE OKLAHOMA CITY CLIMATE NORMALS FOR TODAY
                         NORMAL    RECORD    YEAR
 MAXIMUM TEMPERATURE (F)   83        94      2006
                                             1985
                                             1926
 MINIMUM TEMPERATURE (F)   63        39      1947


SUNRISE AND SUNSET
MAY 29 2017...........SUNRISE   618 AM CDT   SUNSET   838 PM CDT
MAY 30 2017...........SUNRISE   617 AM CDT   SUNSET   839 PM CDT


-  INDICATES NEGATIVE NUMBERS.
R  INDICATES RECORD WAS SET OR TIED.
MM INDICATES DATA IS MISSING.
T  INDICATES TRACE AMOUNT.




$$
