000
CDUS44 KOUN 302211
CLIOKC

CLIMATE REPORT
NATIONAL WEATHER SERVICE NORMAN OK
510 PM CDT TUE SEP 30 2014


...................................

...THE OKLAHOMA CITY CLIMATE SUMMARY FOR SEPTEMBER 30 2014...
VALID TODAY AS OF 0500 PM LOCAL TIME.

CLIMATE NORMAL PERIOD 1981 TO 2010
CLIMATE RECORD PERIOD 1890 TO 2014


WEATHER ITEM   OBSERVED TIME   RECORD YEAR NORMAL DEPARTURE LAST
                VALUE   (LST)  VALUE       VALUE  FROM      YEAR
                                                  NORMAL
..................................................................
TEMPERATURE (F)
 TODAY
  MAXIMUM         89    248 PM 100    1977  79     10       84
  MINIMUM         59    158 AM  36    1895  57      2       52
  AVERAGE         74                        68      6       68

PRECIPITATION (IN)
  TODAY            0.00          1.79 1986   0.12  -0.12     0.00
  MONTH TO DATE    2.13                      4.06  -1.93     1.95
  SINCE JAN 1     22.86                     28.95  -6.09    47.14

DEGREE DAYS
 HEATING
  TODAY            0                         2     -2        0
  MONTH TO DATE   11                        19     -8        3
  SINCE JUL 1     11                        19     -8        3

 COOLING
  TODAY            9                         5      4        3
  MONTH TO DATE  318                       288     30      362
  SINCE JAN 1   1991                      2025    -34     1985
..................................................................


WIND (MPH)
  HIGHEST WIND SPEED    22   HIGHEST WIND DIRECTION    SE (150)
  HIGHEST GUST SPEED    28   HIGHEST GUST DIRECTION     S (180)
  AVERAGE WIND SPEED     9.9


SKY COVER
  AVERAGE SKY COVER 0.5


WEATHER CONDITIONS
 THE FOLLOWING WEATHER WAS RECORDED TODAY.
  NO SIGNIFICANT WEATHER WAS OBSERVED.


RELATIVE HUMIDITY (PERCENT)
 HIGHEST    90           100 AM
 LOWEST     34           200 PM
 AVERAGE    62

..........................................................


THE OKLAHOMA CITY CLIMATE NORMALS FOR TOMORROW
                         NORMAL    RECORD    YEAR
 MAXIMUM TEMPERATURE (F)   79        97      1938
 MINIMUM TEMPERATURE (F)   57        38      1958
                                             1895


SUNRISE AND SUNSET
SEPTEMBER 30 2014.....SUNRISE   724 AM CDT   SUNSET   716 PM CDT
OCTOBER  1 2014.......SUNRISE   725 AM CDT   SUNSET   714 PM CDT


-  INDICATES NEGATIVE NUMBERS.
R  INDICATES RECORD WAS SET OR TIED.
MM INDICATES DATA IS MISSING.
T  INDICATES TRACE AMOUNT.

$$
