000
CDUS44 KOUN 200639
CLIOKC

CLIMATE REPORT
NATIONAL WEATHER SERVICE NORMAN OK
131 AM CDT SAT SEP 20 2014


...................................

...THE OKLAHOMA CITY CLIMATE SUMMARY FOR SEPTEMBER 19 2014...

CLIMATE NORMAL PERIOD 1981 TO 2010
CLIMATE RECORD PERIOD 1890 TO 2014


WEATHER ITEM   OBSERVED TIME   RECORD YEAR NORMAL DEPARTURE LAST
                VALUE   (LST)  VALUE       VALUE  FROM      YEAR
                                                  NORMAL
..................................................................
TEMPERATURE (F)
 YESTERDAY
  MAXIMUM         87    334 PM  98    1954  83      4       89
  MINIMUM         65    525 AM  44    1971  62      3       70
  AVERAGE         76                        73      3       80

PRECIPITATION (IN)
  YESTERDAY        0.00          1.81 1942   0.14  -0.14     0.44
  MONTH TO DATE    2.13                      2.57  -0.44     0.60
  SINCE JAN 1     22.86                     27.46  -4.60    45.79

DEGREE DAYS
 HEATING
  YESTERDAY        0                         1     -1        0
  MONTH TO DATE   11                         4      7        0
  SINCE JUL 1     11                         4      7        0

 COOLING
  YESTERDAY       11                         8      3       15
  MONTH TO DATE  229                       215     14      306
  SINCE JAN 1   1902                      1952    -50     1929
..................................................................


WIND (MPH)
  HIGHEST WIND SPEED    17   HIGHEST WIND DIRECTION    SE (150)
  HIGHEST GUST SPEED    21   HIGHEST GUST DIRECTION    SE (140)
  AVERAGE WIND SPEED     7.3


SKY COVER
  AVERAGE SKY COVER 0.4


WEATHER CONDITIONS
 THE FOLLOWING WEATHER WAS RECORDED YESTERDAY.
  FOG
  FOG W/VISIBILITY <= 1/4 MILE


RELATIVE HUMIDITY (PERCENT)
 HIGHEST    97           800 AM
 LOWEST     43           300 PM
 AVERAGE    70

..........................................................


THE OKLAHOMA CITY CLIMATE NORMALS FOR TODAY
                         NORMAL    RECORD    YEAR
 MAXIMUM TEMPERATURE (F)   83       100      1954
 MINIMUM TEMPERATURE (F)   62        41      1971
                                             1901


SUNRISE AND SUNSET
SEPTEMBER 20 2014.....SUNRISE   717 AM CDT   SUNSET   730 PM CDT
SEPTEMBER 21 2014.....SUNRISE   718 AM CDT   SUNSET   729 PM CDT


-  INDICATES NEGATIVE NUMBERS.
R  INDICATES RECORD WAS SET OR TIED.
MM INDICATES DATA IS MISSING.
T  INDICATES TRACE AMOUNT.




$$
