000
CDUS44 KOUN 262213
CLIOKC

CLIMATE REPORT
NATIONAL WEATHER SERVICE NORMAN OK
512 PM CDT WED JUL 26 2017


...................................

...THE OKLAHOMA CITY CLIMATE SUMMARY FOR JULY 26 2017...
VALID TODAY AS OF 0500 PM LOCAL TIME.

CLIMATE NORMAL PERIOD 1981 TO 2010
CLIMATE RECORD PERIOD 1890 TO 2017


WEATHER ITEM   OBSERVED TIME   RECORD YEAR NORMAL DEPARTURE LAST
                VALUE   (LST)  VALUE       VALUE  FROM      YEAR
                                                  NORMAL
..................................................................
TEMPERATURE (F)
 TODAY
  MAXIMUM        101    211 PM 107    1998  95      6       92
  MINIMUM         73    545 AM  63    2004  73      0       72
                                      1911
  AVERAGE         87                        84      3       82

PRECIPITATION (IN)
  TODAY            0.00          3.53 2013   0.08  -0.08     0.67
  MONTH TO DATE    1.31                      2.48  -1.17     2.89
  SINCE JUN 1      1.42                      7.41  -5.99     6.19
  SINCE JAN 1     16.08                     21.16  -5.08    18.60

SNOWFALL (IN)
  TODAY            0.0

DEGREE DAYS
 HEATING
  TODAY            0                         0      0        0
  MONTH TO DATE    0                         0      0        0
  SINCE JUN 1      0                         1     -1        0
  SINCE JUL 1      0                         0      0        0

 COOLING
  TODAY           22                        19      3       17
  MONTH TO DATE  472                       467      5      489
  SINCE JUN 1    862                       857      5      925
  SINCE JAN 1   1087                      1107    -20     1111
..................................................................


WIND (MPH)
  HIGHEST WIND SPEED    22   HIGHEST WIND DIRECTION     S (180)
  HIGHEST GUST SPEED    28   HIGHEST GUST DIRECTION     S (170)
  AVERAGE WIND SPEED    12.8


SKY COVER
  AVERAGE SKY COVER 0.6


WEATHER CONDITIONS
 THE FOLLOWING WEATHER WAS RECORDED TODAY.
  NO SIGNIFICANT WEATHER WAS OBSERVED.


RELATIVE HUMIDITY (PERCENT)
 HIGHEST    87           500 AM
 LOWEST     33           300 PM
 AVERAGE    60

..........................................................


THE OKLAHOMA CITY CLIMATE NORMALS FOR TOMORROW
                         NORMAL    RECORD    YEAR
 MAXIMUM TEMPERATURE (F)   95       107      2011
 MINIMUM TEMPERATURE (F)   73        59      2004
                                             1994


SUNRISE AND SUNSET
JULY 26 2017..........SUNRISE   635 AM CDT   SUNSET   839 PM CDT
JULY 27 2017..........SUNRISE   635 AM CDT   SUNSET   838 PM CDT


-  INDICATES NEGATIVE NUMBERS.
R  INDICATES RECORD WAS SET OR TIED.
MM INDICATES DATA IS MISSING.
T  INDICATES TRACE AMOUNT.




$$
