000
CDUS44 KOUN 290633
CLIOKC

CLIMATE REPORT
NATIONAL WEATHER SERVICE NORMAN OK
132 AM CDT WED MAR 29 2017


...................................

...THE OKLAHOMA CITY CLIMATE SUMMARY FOR MARCH 28 2017...

CLIMATE NORMAL PERIOD 1981 TO 2010
CLIMATE RECORD PERIOD 1890 TO 2017


WEATHER ITEM   OBSERVED TIME   RECORD YEAR NORMAL DEPARTURE LAST
                VALUE   (LST)  VALUE       VALUE  FROM      YEAR
                                                  NORMAL
..................................................................
TEMPERATURE (F)
 YESTERDAY
  MAXIMUM         68    835 PM  88    1928  67      1       70
  MINIMUM         47    512 AM  16    1931  44      3       31
  AVERAGE         58                        56      2       51

PRECIPITATION (IN)
  YESTERDAY        1.72          2.84 1988   0.11   1.61     0.00
  MONTH TO DATE    1.81                      2.75  -0.94     0.88
  SINCE JAN 1      6.50                      5.72   0.78     2.34

SNOWFALL (IN)
  YESTERDAY        0.0           1.7  1970   0.1   -0.1      0.0
  MONTH TO DATE    0.0                       0.9   -0.9      0.0
  SINCE JUL 1      2.1                       7.6   -5.5      1.2
  SNOW DEPTH       0

DEGREE DAYS
 HEATING
  YESTERDAY        7                        10     -3       14
  MONTH TO DATE  250                       381   -131      279
  SINCE JUL 1   2470                      3131   -661     2636

 COOLING
  YESTERDAY        0                         1     -1        0
  MONTH TO DATE   48                         7     41        0
  SINCE JAN 1     57                         8     49        4
..................................................................


WIND (MPH)
  HIGHEST WIND SPEED    29   HIGHEST WIND DIRECTION     W (260)
  HIGHEST GUST SPEED    36   HIGHEST GUST DIRECTION    NW (330)
  AVERAGE WIND SPEED    14.2


SKY COVER
  AVERAGE SKY COVER 0.8


WEATHER CONDITIONS
 THE FOLLOWING WEATHER WAS RECORDED YESTERDAY.
  THUNDERSTORM
  HEAVY RAIN
  RAIN
  LIGHT RAIN
  FOG
  HAZE


RELATIVE HUMIDITY (PERCENT)
 HIGHEST   100          1100 PM
 LOWEST     60          1200 PM
 AVERAGE    80

..........................................................


THE OKLAHOMA CITY CLIMATE NORMALS FOR TODAY
                         NORMAL    RECORD    YEAR
 MAXIMUM TEMPERATURE (F)   67        87      1895
 MINIMUM TEMPERATURE (F)   44        19      1894


SUNRISE AND SUNSET
MARCH 29 2017.........SUNRISE   721 AM CDT   SUNSET   750 PM CDT
MARCH 30 2017.........SUNRISE   719 AM CDT   SUNSET   751 PM CDT


-  INDICATES NEGATIVE NUMBERS.
R  INDICATES RECORD WAS SET OR TIED.
MM INDICATES DATA IS MISSING.
T  INDICATES TRACE AMOUNT.




$$
