000
CDUS45 KGGW 230016
CLIOLF


CLIMATE REPORT
NATIONAL WEATHER SERVICE GLASGOW MT
615 PM MDT WED MAR 22 2017


...................................

...THE WOLF POINT MT CLIMATE SUMMARY FOR MARCH 22 2017...
VALID TODAY AS OF 0500 PM LOCAL TIME.

CLIMATE NORMAL PERIOD 1981 TO 2010
CLIMATE RECORD PERIOD 9999 TO 9999


WEATHER ITEM   OBSERVED RECORD YEAR NORMAL DEPARTURE
                VALUE   VALUE       VALUE  FROM
                                           NORMAL
........................................................
TEMPERATURE (F)
 TODAY
  MAXIMUM         61     MM      MM  47
  MINIMUM         34     MM      MM  20
  AVERAGE         48

PRECIPITATION (IN)
  TODAY            0.00  MM      MM   0.01  -0.01
  MONTH TO DATE    0.14               0.28  -0.14
  SINCE OCT 1      2.35               2.30   0.05
  SINCE JAN 1      0.48               0.80  -0.32

SNOWFALL (IN)
  TODAY            0.0   MM      MM  MM
  MONTH TO DATE    0.0               MM
  SINCE MAR 1      0.0               MM
  SINCE JUL 1      0.0               MM

DEGREE DAYS
 HEATING
  TODAY           17

 COOLING
  TODAY            0
........................................................







THE WOLF POINT MT CLIMATE NORMALS FOR TOMORROW
                         NORMAL    RECORD    YEAR
 MAXIMUM TEMPERATURE (F)   47        MM        MM
 MINIMUM TEMPERATURE (F)   21        MM        MM


SUNRISE AND SUNSET
MARCH 22 2017.........SUNRISE   700 AM MDT   SUNSET   719 PM MDT
MARCH 23 2017.........SUNRISE   658 AM MDT   SUNSET   720 PM MDT


-  INDICATES NEGATIVE NUMBERS.
R  INDICATES RECORD WAS SET OR TIED.
MM INDICATES DATA IS MISSING.
T  INDICATES TRACE AMOUNT.




$$
