000
CDUS45 KGGW 060017
CLIOLF


CLIMATE REPORT
NATIONAL WEATHER SERVICE GLASGOW MT
516 PM MST MON DEC 5 2016


...................................

...THE WOLF POINT MT CLIMATE SUMMARY FOR DECEMBER 5 2016...
VALID TODAY AS OF 0500 PM LOCAL TIME.

CLIMATE NORMAL PERIOD 1981 TO 2010
CLIMATE RECORD PERIOD 9999 TO 9999


WEATHER ITEM   OBSERVED RECORD YEAR NORMAL DEPARTURE
                VALUE   VALUE       VALUE  FROM
                                           NORMAL
........................................................
TEMPERATURE (F)
 TODAY
  MAXIMUM         35     MM      MM  30
  MINIMUM         11     MM      MM   6
  AVERAGE         23

PRECIPITATION (IN)
  TODAY            0.01  MM      MM   0.01   0.00
  MONTH TO DATE    0.14               0.05   0.09
  SINCE OCT 1      1.70               1.25   0.45
  SINCE JAN 1     15.63              11.93   3.70

SNOWFALL (IN)
  TODAY           MM     MM      MM  MM
  MONTH TO DATE    0.0               MM
  SINCE DEC 1      0.0               MM
  SINCE JUL 1      0.0               MM

DEGREE DAYS
 HEATING
  TODAY           42

 COOLING
  TODAY            0
........................................................







THE WOLF POINT MT CLIMATE NORMALS FOR TOMORROW
                         NORMAL    RECORD    YEAR
 MAXIMUM TEMPERATURE (F)   30        MM        MM
 MINIMUM TEMPERATURE (F)    6        MM        MM


SUNRISE AND SUNSET
DECEMBER  5 2016......SUNRISE   737 AM MST   SUNSET   409 PM MST
DECEMBER  6 2016......SUNRISE   738 AM MST   SUNSET   409 PM MST


-  INDICATES NEGATIVE NUMBERS.
R  INDICATES RECORD WAS SET OR TIED.
MM INDICATES DATA IS MISSING.
T  INDICATES TRACE AMOUNT.




$$
