000
CDUS46 KSEW 260826
CLIOLM


CLIMATE REPORT
NATIONAL WEATHER SERVICE SEATTLE WA
126 AM PDT SAT JUL 26 2014


...................................

...THE OLYMPIA WA AIRPORT CLIMATE SUMMARY FOR JULY 25 2014...

CLIMATE NORMAL PERIOD 1981 TO 2010
CLIMATE RECORD PERIOD 1948 TO 2014


WEATHER ITEM   OBSERVED TIME   RECORD YEAR NORMAL DEPARTURE LAST
                VALUE   (LST)  VALUE       VALUE  FROM      YEAR
                                                  NORMAL
..................................................................
TEMPERATURE (F)
 YESTERDAY
  MAXIMUM         75    535 PM  93    1988  78     -3       86
  MINIMUM         44    434 AM  39    1960  52     -8       50
  AVERAGE         60                        65     -5       68

PRECIPITATION (IN)
  YESTERDAY        0.00          0.31 1955   0.02  -0.02     0.00
  MONTH TO DATE    0.27                      0.55  -0.28      T
  SINCE OCT 1     39.80                     47.27  -7.47    48.38
  SINCE JAN 1     30.96                     26.58   4.38    21.42

DEGREE DAYS
 HEATING
  YESTERDAY        5                         2      3        0
  MONTH TO DATE   33                        68    -35       44
  SINCE JUN 1    188                       256    -68      180
  SINCE JUL 1     33                        68    -35       44

 COOLING
  YESTERDAY        0                         2     -2        3
  MONTH TO DATE   73                        34     39       34
  SINCE JUN 1     74                        45     29       60
  SINCE JAN 1     75                        48     27       62
..................................................................


WIND (MPH)
  RESULTANT WIND SPEED   2   RESULTANT WIND DIRECTION   N (10)
  HIGHEST WIND SPEED    10   HIGHEST WIND DIRECTION     N (340)
  HIGHEST GUST SPEED    13   HIGHEST GUST DIRECTION     N (20)
  AVERAGE WIND SPEED     2.4


SKY COVER
  AVERAGE SKY COVER 0.4


WEATHER CONDITIONS
 THE FOLLOWING WEATHER WAS RECORDED YESTERDAY.
  FOG
  FOG W/VISIBILITY <= 1/4 MILE


RELATIVE HUMIDITY (PERCENT)
 HIGHEST   100           400 AM
 LOWEST     41           300 PM
 AVERAGE    71

..........................................................


THE OLYMPIA WA AIRPORT CLIMATE NORMALS FOR TODAY
                         NORMAL    RECORD    YEAR
 MAXIMUM TEMPERATURE (F)   78        96      1998
 MINIMUM TEMPERATURE (F)   52        43      1966


SUNRISE AND SUNSET
JULY 26 2014..........SUNRISE   544 AM PDT   SUNSET   852 PM PDT
JULY 27 2014..........SUNRISE   545 AM PDT   SUNSET   850 PM PDT


-  INDICATES NEGATIVE NUMBERS.
R  INDICATES RECORD WAS SET OR TIED.
MM INDICATES DATA IS MISSING.
T  INDICATES TRACE AMOUNT.




$$
