000
CDUS43 KOAX 300630
CLIOMA


CLIMATE REPORT
NATIONAL WEATHER SERVICE OMAHA NEBRASKA
127 AM CDT THU JUL 30 2015


...................................

...THE OMAHA EPPLEY, NEBRASKA CLIMATE SUMMARY FOR JULY 29 2015...

CLIMATE NORMAL PERIOD 1981 TO 2010
CLIMATE RECORD PERIOD 1871 TO 2015


WEATHER ITEM   OBSERVED TIME   RECORD YEAR NORMAL DEPARTURE LAST
                VALUE   (LST)  VALUE       VALUE  FROM      YEAR
                                                  NORMAL
..................................................................
TEMPERATURE (F)
 YESTERDAY
  MAXIMUM         86    315 PM 104    1917  87     -1       81
  MINIMUM         62    544 AM  50    1971  66     -4       56
  AVERAGE         74                        76     -2       69

PRECIPITATION (IN)
  YESTERDAY        0.00          4.35 1871   0.13  -0.13     0.00
  MONTH TO DATE    2.33                      3.58  -1.25     1.72
  SINCE JUN 1      6.94                      7.76  -0.82    12.24
  SINCE JAN 1     17.63                     19.04  -1.41    19.06

SNOWFALL (IN)
  YESTERDAY        0.0                       0.0    0.0      0.0
  MONTH TO DATE    0.0                       0.0    0.0      0.0
  SINCE JUL 1      0.0                       0.0    0.0      0.0
  SNOW DEPTH       0

DEGREE DAYS
 HEATING
  YESTERDAY        0                         0      0        0
  MONTH TO DATE    1                         0      1        4
  SINCE JUN 1      1                        17    -16       10
  SINCE JUL 1      1                         0      1        4

 COOLING
  YESTERDAY        9                        12     -3        4
  MONTH TO DATE  351                       344      7      270
  SINCE JUN 1    613                       574     39      537
  SINCE JAN 1    659                       656      3      680
..................................................................


WIND (MPH)
  HIGHEST WIND SPEED    14   HIGHEST WIND DIRECTION    NW (300)
  HIGHEST GUST SPEED    16   HIGHEST GUST DIRECTION    NW (300)
  AVERAGE WIND SPEED     6.6


SKY COVER
  POSSIBLE SUNSHINE  MM
  AVERAGE SKY COVER 0.5


WEATHER CONDITIONS
 THE FOLLOWING WEATHER WAS RECORDED YESTERDAY.
  NO SIGNIFICANT WEATHER WAS OBSERVED.


RELATIVE HUMIDITY (PERCENT)
 HIGHEST   100           600 AM
 LOWEST     32           100 PM
 AVERAGE    66

..........................................................


THE OMAHA EPPLEY, NEBRASKA CLIMATE NORMALS FOR TODAY
                         NORMAL    RECORD    YEAR
 MAXIMUM TEMPERATURE (F)   87       104      1955
 MINIMUM TEMPERATURE (F)   66        45      1971


SUNRISE AND SUNSET
JULY 30 2015..........SUNRISE   617 AM CDT   SUNSET   843 PM CDT
JULY 31 2015..........SUNRISE   618 AM CDT   SUNSET   842 PM CDT


-  INDICATES NEGATIVE NUMBERS.
R  INDICATES RECORD WAS SET OR TIED.
MM INDICATES DATA IS MISSING.
T  INDICATES TRACE AMOUNT.


$$

BCM
