000
CDUS43 KOAX 010703
CLIOMA


CLIMATE REPORT
NATIONAL WEATHER SERVICE OMAHA NEBRASKA
203 AM CDT TUE SEP 1 2015


...................................

...THE OMAHA EPPLEY, NEBRASKA CLIMATE SUMMARY FOR AUGUST 31 2015...

CLIMATE NORMAL PERIOD 1981 TO 2010
CLIMATE RECORD PERIOD 1871 TO 2015


WEATHER ITEM   OBSERVED TIME   RECORD YEAR NORMAL DEPARTURE LAST
                VALUE   (LST)  VALUE       VALUE  FROM      YEAR
                                                  NORMAL
..................................................................
TEMPERATURE (F)
 YESTERDAY
  MAXIMUM         86    432 PM 101    1913  83      3       85
  MINIMUM         65    614 AM  44    1967  61      4       69
                                      1886
  AVERAGE         76                        72      4       77

PRECIPITATION (IN)
  YESTERDAY        0.00          2.77 1969   0.11  -0.11     0.10
  MONTH TO DATE    8.95                      3.82   5.13     9.59
  SINCE JUN 1     15.96                     11.83   4.13    21.83
  SINCE JAN 1     26.65                     23.11   3.54    28.65

SNOWFALL (IN)
  YESTERDAY        0.0                       0.0    0.0      0.0
  MONTH TO DATE    0.0                       0.0    0.0      0.0
  SINCE JUL 1      0.0                       0.0    0.0      0.0
  SNOW DEPTH       0

DEGREE DAYS
 HEATING
  YESTERDAY        0                         1     -1        0
  MONTH TO DATE    3                         3      0        0
  SINCE JUN 1      4                        25    -21       10
  SINCE JUL 1      4                         8     -4        4

 COOLING
  YESTERDAY       11                         7      4       12
  MONTH TO DATE  265                       303    -38      332
  SINCE JUN 1    907                       898      9      880
  SINCE JAN 1    953                       980    -27     1023
..................................................................


WIND (MPH)
  HIGHEST WIND SPEED    17   HIGHEST WIND DIRECTION     S (180)
  HIGHEST GUST SPEED    23   HIGHEST GUST DIRECTION     S (180)
  AVERAGE WIND SPEED     8.0


SKY COVER
  POSSIBLE SUNSHINE  MM
  AVERAGE SKY COVER 0.3


WEATHER CONDITIONS
 THE FOLLOWING WEATHER WAS RECORDED YESTERDAY.
  FOG
  HAZE


RELATIVE HUMIDITY (PERCENT)
 HIGHEST   100           300 AM
 LOWEST     51           300 PM
 AVERAGE    76

..........................................................


THE OMAHA EPPLEY, NEBRASKA CLIMATE NORMALS FOR TODAY
                         NORMAL    RECORD    YEAR
 MAXIMUM TEMPERATURE (F)   83       103      1975
 MINIMUM TEMPERATURE (F)   60        45      1949


SUNRISE AND SUNSET
SEPTEMBER  1 2015.....SUNRISE   650 AM CDT   SUNSET   757 PM CDT
SEPTEMBER  2 2015.....SUNRISE   651 AM CDT   SUNSET   755 PM CDT


-  INDICATES NEGATIVE NUMBERS.
R  INDICATES RECORD WAS SET OR TIED.
MM INDICATES DATA IS MISSING.
T  INDICATES TRACE AMOUNT.




$$
