000
CDUS43 KOAX 280746
CLIOMA


CLIMATE REPORT
NATIONAL WEATHER SERVICE OMAHA NEBRASKA
143 AM CST SAT FEB 28 2015


...................................

...THE OMAHA EPPLEY, NEBRASKA CLIMATE SUMMARY FOR FEBRUARY 27 2015...

CLIMATE NORMAL PERIOD 1981 TO 2010
CLIMATE RECORD PERIOD 1871 TO 2015


WEATHER ITEM   OBSERVED TIME   RECORD YEAR NORMAL DEPARTURE LAST
                VALUE   (LST)  VALUE       VALUE  FROM      YEAR
                                                  NORMAL
..................................................................
TEMPERATURE (F)
 YESTERDAY
  MAXIMUM         19    527 PM  75    1976  43    -24       21
  MINIMUM         -3    529 AM  -6    1962  22    -25        4
                                      1890
  AVERAGE          8                        32    -24       13

PRECIPITATION (IN)
  YESTERDAY        0.00          1.02 1948   0.04  -0.04     0.00
  MONTH TO DATE    0.45                      0.81  -0.36     0.71
  SINCE DEC 1      2.82                      2.57   0.25     1.05
  SINCE JAN 1      1.14                      1.53  -0.39     0.85

SNOWFALL (IN)
  YESTERDAY        0.0                       0.2   -0.2      0.0
  MONTH TO DATE    6.4                       5.9    0.5      9.3
  SINCE JUL 1     13.6                      21.0   -7.4     14.7
  SNOW DEPTH       T

DEGREE DAYS
 HEATING
  YESTERDAY       57                        33     24       52
  MONTH TO DATE 1182                      1000    182     1165
  SINCE DEC 1   3360                      3495   -135     3841
  SINCE JUL 1   4661                      4765   -104     5067

 COOLING
  YESTERDAY        0                         0      0        0
  MONTH TO DATE    0                         0      0        0
  SINCE DEC 1      0                         0      0        0
  SINCE JAN 1      0                         0      0        0
..................................................................


WIND (MPH)
  HIGHEST WIND SPEED    12   HIGHEST WIND DIRECTION    SE (130)
  HIGHEST GUST SPEED    15   HIGHEST GUST DIRECTION    SE (120)
  AVERAGE WIND SPEED     3.8


SKY COVER
  POSSIBLE SUNSHINE  MM
  AVERAGE SKY COVER 0.1


WEATHER CONDITIONS
 THE FOLLOWING WEATHER WAS RECORDED YESTERDAY.
  FOG


RELATIVE HUMIDITY (PERCENT)
 HIGHEST    87          1200 AM
 LOWEST     45           400 PM
 AVERAGE    66

..........................................................


THE OMAHA EPPLEY, NEBRASKA CLIMATE NORMALS FOR TODAY
                         NORMAL    RECORD    YEAR
 MAXIMUM TEMPERATURE (F)   43        77      1972
 MINIMUM TEMPERATURE (F)   22       -14      1962


SUNRISE AND SUNSET
FEBRUARY 28 2015......SUNRISE   700 AM CST   SUNSET   613 PM CST
MARCH  1 2015.........SUNRISE   658 AM CST   SUNSET   614 PM CST


-  INDICATES NEGATIVE NUMBERS.
R  INDICATES RECORD WAS SET OR TIED.
MM INDICATES DATA IS MISSING.
T  INDICATES TRACE AMOUNT.




$$
