000
CDUS43 KOAX 261138
CLIOMA


CLIMATE REPORT
NATIONAL WEATHER SERVICE OMAHA NEBRASKA
638 AM CDT WED JUL 26 2017


...................................

...THE OMAHA EPPLEY, NEBRASKA CLIMATE SUMMARY FOR JULY 25 2017...

CLIMATE NORMAL PERIOD 1981 TO 2010
CLIMATE RECORD PERIOD 1871 TO 2017


WEATHER ITEM   OBSERVED TIME   RECORD YEAR NORMAL DEPARTURE LAST
                VALUE   (LST)  VALUE       VALUE  FROM      YEAR
                                                  NORMAL
..................................................................
TEMPERATURE (F)
 YESTERDAY
  MAXIMUM         97    354 PM 114    1936  87     10       89
  MINIMUM         74    609 AM  52    1975  66      8       65
  AVERAGE         86                        77      9       77

PRECIPITATION (IN)
  YESTERDAY        0.00          2.74 1885   0.13  -0.13     0.00
  MONTH TO DATE    0.66                      3.08  -2.42     6.60
  SINCE JUN 1      3.80                      7.26  -3.46     7.54
  SINCE JAN 1     15.11                     18.54  -3.43    20.53

SNOWFALL (IN)
  YESTERDAY        0.0                       0.0    0.0      0.0
  MONTH TO DATE    0.0                       0.0    0.0       T
  SINCE JUL 1      0.0                       0.0    0.0       T
  SNOW DEPTH       0

DEGREE DAYS
 HEATING
  YESTERDAY        0                         0      0        0
  MONTH TO DATE    0                         0      0        0
  SINCE JUN 1      0                        17    -17        0
  SINCE JUL 1      0                         0      0        0

 COOLING
  YESTERDAY       21                        12      9       12
  MONTH TO DATE  411                       296    115      334
  SINCE JUN 1    738                       526    212      752
  SINCE JAN 1    823                       608    215      835
..................................................................


WIND (MPH)
  HIGHEST WIND SPEED    25   HIGHEST WIND DIRECTION     S (160)
  HIGHEST GUST SPEED    32   HIGHEST GUST DIRECTION    SE (150)
  AVERAGE WIND SPEED    16.1


SKY COVER
  POSSIBLE SUNSHINE  MM
  AVERAGE SKY COVER 0.4


WEATHER CONDITIONS
 THE FOLLOWING WEATHER WAS RECORDED YESTERDAY.
  NO SIGNIFICANT WEATHER WAS OBSERVED.


RELATIVE HUMIDITY (PERCENT)
 HIGHEST    74           700 AM
 LOWEST     45           400 PM
 AVERAGE    60

..........................................................


THE OMAHA EPPLEY, NEBRASKA CLIMATE NORMALS FOR TODAY
                         NORMAL    RECORD    YEAR
 MAXIMUM TEMPERATURE (F)   87       109      1936
 MINIMUM TEMPERATURE (F)   66        52      2004


SUNRISE AND SUNSET
JULY 26 2017..........SUNRISE   613 AM CDT   SUNSET   846 PM CDT
JULY 27 2017..........SUNRISE   614 AM CDT   SUNSET   845 PM CDT


-  INDICATES NEGATIVE NUMBERS.
R  INDICATES RECORD WAS SET OR TIED.
MM INDICATES DATA IS MISSING.
T  INDICATES TRACE AMOUNT.




$$
