000
CDUS43 KOAX 100628
CLIOMA


CLIMATE REPORT
NATIONAL WEATHER SERVICE OMAHA NEBRASKA
1228 AM CST WED FEB 10 2016


...................................

...THE OMAHA EPPLEY, NEBRASKA CLIMATE SUMMARY FOR FEBRUARY 9 2016...

CLIMATE NORMAL PERIOD 1981 TO 2010
CLIMATE RECORD PERIOD 1871 TO 2016


WEATHER ITEM   OBSERVED TIME   RECORD YEAR NORMAL DEPARTURE LAST
                VALUE   (LST)  VALUE       VALUE  FROM      YEAR
                                                  NORMAL
..................................................................
TEMPERATURE (F)
 YESTERDAY
  MAXIMUM         24    950 PM  63    1954  36    -12       36
  MINIMUM         13    753 AM -23    1899  16     -3       32
  AVERAGE         19                        26     -7       34

PRECIPITATION (IN)
  YESTERDAY        0.00          1.11 1894   0.03  -0.03     0.00
  MONTH TO DATE    0.49                      0.24   0.25     0.39
  SINCE DEC 1      6.86                      2.00   4.86     2.76
  SINCE JAN 1      1.60                      0.96   0.64     1.08

SNOWFALL (IN)
  YESTERDAY        0.0                       0.2   -0.2      0.0
  MONTH TO DATE    6.1                       2.1    4.0      5.9
  SINCE JUL 1     27.2                      17.2   10.0     13.1
  SNOW DEPTH       T

DEGREE DAYS
 HEATING
  YESTERDAY       46                        39      7       31
  MONTH TO DATE  337                       356    -19      381
  SINCE DEC 1   2539                      2851   -312     2559
  SINCE JUL 1   3417                      4121   -704     3860

 COOLING
  YESTERDAY        0                         0      0        0
  MONTH TO DATE    0                         0      0        0
  SINCE DEC 1      0                         0      0        0
  SINCE JAN 1      0                         0      0        0
..................................................................


WIND (MPH)
  HIGHEST WIND SPEED    33   HIGHEST WIND DIRECTION     N (340)
  HIGHEST GUST SPEED    41   HIGHEST GUST DIRECTION     N (340)
  AVERAGE WIND SPEED    15.0


SKY COVER
  POSSIBLE SUNSHINE  MM
  AVERAGE SKY COVER 0.3


WEATHER CONDITIONS
 THE FOLLOWING WEATHER WAS RECORDED YESTERDAY.
  NO SIGNIFICANT WEATHER WAS OBSERVED.


RELATIVE HUMIDITY (PERCENT)
 HIGHEST    76           700 AM
 LOWEST     54           300 PM
 AVERAGE    65

..........................................................


THE OMAHA EPPLEY, NEBRASKA CLIMATE NORMALS FOR TODAY
                         NORMAL    RECORD    YEAR
 MAXIMUM TEMPERATURE (F)   36        77      1999
 MINIMUM TEMPERATURE (F)   17       -18      1885


SUNRISE AND SUNSET
FEBRUARY 10 2016......SUNRISE   725 AM CST   SUNSET   551 PM CST
FEBRUARY 11 2016......SUNRISE   724 AM CST   SUNSET   552 PM CST


-  INDICATES NEGATIVE NUMBERS.
R  INDICATES RECORD WAS SET OR TIED.
MM INDICATES DATA IS MISSING.
T  INDICATES TRACE AMOUNT.




$$
