000
CDUS43 KOAX 290642
CLIOMA


CLIMATE REPORT
NATIONAL WEATHER SERVICE OMAHA NEBRASKA
141 AM CDT MON MAY 29 2017


...................................

...THE OMAHA EPPLEY, NEBRASKA CLIMATE SUMMARY FOR MAY 28 2017...

CLIMATE NORMAL PERIOD 1981 TO 2010
CLIMATE RECORD PERIOD 1871 TO 2017


WEATHER ITEM   OBSERVED TIME   RECORD YEAR NORMAL DEPARTURE LAST
                VALUE   (LST)  VALUE       VALUE  FROM      YEAR
                                                  NORMAL
..................................................................
TEMPERATURE (F)
 YESTERDAY
  MAXIMUM         83    223 PM  97    1895  78      5       75
  MINIMUM         53    400 AM  35    1947  55     -2       60
  AVERAGE         68                        66      2       68

PRECIPITATION (IN)
  YESTERDAY        0.00          2.49 1962   0.16  -0.16      T
  MONTH TO DATE    4.60                      4.26   0.34     4.79
  SINCE MAR 1      9.41                      9.21   0.20    11.22
  SINCE JAN 1     11.31                     10.78   0.53    12.94

SNOWFALL (IN)
  YESTERDAY        0.0                       0.0    0.0      0.0
  MONTH TO DATE    T                         0.1   -0.1      0.0
  SINCE JUL 1     11.4                      26.5  -15.1     27.4
  SNOW DEPTH       0

DEGREE DAYS
 HEATING
  YESTERDAY        0                         2     -2        0
  MONTH TO DATE  127                       141    -14      121
  SINCE MAR 1   1108                      1345   -237      961
  SINCE JUL 1   4935                      6143  -1208     4927

 COOLING
  YESTERDAY        3                         3      0        3
  MONTH TO DATE   76                        53     23       48
  SINCE MAR 1     84                        69     15       61
  SINCE JAN 1     84                        69     15       61
..................................................................


WIND (MPH)
  HIGHEST WIND SPEED    28   HIGHEST WIND DIRECTION    NW (330)
  HIGHEST GUST SPEED    35   HIGHEST GUST DIRECTION    NW (330)
  AVERAGE WIND SPEED     8.2


SKY COVER
  POSSIBLE SUNSHINE  MM
  AVERAGE SKY COVER 0.3


WEATHER CONDITIONS
 THE FOLLOWING WEATHER WAS RECORDED YESTERDAY.
  NO SIGNIFICANT WEATHER WAS OBSERVED.


RELATIVE HUMIDITY (PERCENT)
 HIGHEST    83           300 AM
 LOWEST     23           400 PM
 AVERAGE    53

..........................................................


THE OMAHA EPPLEY, NEBRASKA CLIMATE NORMALS FOR TODAY
                         NORMAL    RECORD    YEAR
 MAXIMUM TEMPERATURE (F)   78       102      1934
 MINIMUM TEMPERATURE (F)   55        33      1947


SUNRISE AND SUNSET
MAY 29 2017...........SUNRISE   554 AM CDT   SUNSET   848 PM CDT
MAY 30 2017...........SUNRISE   554 AM CDT   SUNSET   849 PM CDT


-  INDICATES NEGATIVE NUMBERS.
R  INDICATES RECORD WAS SET OR TIED.
MM INDICATES DATA IS MISSING.
T  INDICATES TRACE AMOUNT.




$$
