000
CDAK49 PAOM 300929
CLIOME

CLIMATE REPORT
NATIONAL WEATHER SERVICE NOME, AK
129 AM AKDT SAT MAY 30 2015

...................................
...THE NOME WSO AP CLIMATE SUMMARY FOR MAY 29 2015...

CLIMATE NORMAL PERIOD  1981 TO  2010
CLIMATE RECORD PERIOD  1906 TO  2015

WEATHER ITEM   OBSERVED TIME    RECORD YEAR NORMAL DEPARTURE LAST
               VALUE    (LST)   VALUE       VALUE  FROM      YEAR
                                                   NORMAL
...................................................................
TEMPERATURE
YESTERDAY
 MAXIMUM            64  0632 PM    72  1981     49      15     48
 MINIMUM            43  0128 AM    22  1976     35       8     40
 AVERAGE            54                          42      12     44

PRECIPITATION
(INCHES)
 YESTERDAY        0.00           0.34  1996   0.03   -0.03   0.23
 MONTH TO DATE    1.48                        0.80    0.68   1.20
 SINCE MAR 1      2.79                        2.21    0.58   2.18
 SINCE JAN 1      4.43                        4.08    0.35   4.35

SNOWFALL
(INCHES)
 YESTERDAY         0.0            1.9  1968    0.0     0.0    0.0
 MONTH TO DATE       T                         2.2    -2.2    2.6
 SINCE MAR 1      16.4                        18.6    -2.2   18.0
 SINCE JUL 1      59.7                        75.3   -15.6   72.3
 SNOW DEPTH (IN)     0                                          0

DEGREE DAYS
 HEATING
  YESTERDAY         11                          23     -12     21
  MONTH TO DATE    720                         830    -110    875
  SINCE MAR 1     3827                        3861     -34   3595
  SINCE JUL 1    11991                       13143   -1152  11749

 COOLING
  YESTERDAY          0                           0       0      0
  MONTH TO DATE      0                           0       0      0
  SINCE MAR 1        0                           0       0      0
  SINCE JAN 1        0                           0       0      0
...................................................................

WIND (MPH)
 HIGHEST WIND SPEED    24     HIGHEST WIND DIRECTION    110
 HIGHEST GUST SPEED    30     HIGHEST GUST DIRECTION    110
 AVERAGE WIND SPEED  14.0

SKY COVER
  POSSIBLE SUNSHINE    MM          AVERAGE SKY COVER     MM

WEATHER CONDITIONS
 THE FOLLOWING WEATHER WAS RECORDED YESTERDAY.
  NO SIGNIFICANT WEATHER WAS OBSERVED.

RELATIVE HUMIDITY
 HIGHEST RH     MM PERCENT       MM
 LOWEST  RH     MM PERCENT       MM
 AVERAGE RH     MM PERCENT       MM
...................................................................

THE NOME CLIMATE NORMALS FOR TODAY
                           NORMAL    RECORD   YEAR
 MAXIMUM TEMPERATURE (F)     49        78     1981
 MINIMUM TEMPERATURE (F)     36        21     1933

SUNRISE AND SUNSET
 MAY 30 2015..........SUNRISE  4:56 AM      SUNSET  1:06 AM
 MAY 31 2015..........SUNRISE  4:53 AM      SUNSET  1:09 AM

-  INDICATES NEGATIVE NUMBERS.
R  INDICATES RECORD HAS BEEN SET OR TIED.
MM INDICATES DATA IS MISSING.
T  INDICATES TRACE OF PRECIPITATION.

&&
-------------------------------------------------------------------

AMOUNT OF DAYLIGHT TODAY  (HOUR:MIN)........20 HOURS 10 MINUTES
GAIN/LOSS SINCE YESTERDAY (HOUR:MIN:SEC)....+0:06:02

TIDE INFORMATION FOR 5/30/2015

HIGH 4:03 AM 1.0 FT
LOW  8:46 AM 0.6 FT
HIGH 3:14 PM 1.4 FT
LOW 10:26 PM 0.3 FT
