000
CDAK49 PAOM 031400
CLIOME

CLIMATE REPORT
NATIONAL WEATHER SERVICE NOME, AK
6 AM AKDT MON AUG 3 2015

...................................
...THE NOME WSO AP CLIMATE SUMMARY FOR AUGUST 2 2015...

CLIMATE NORMAL PERIOD  1981 TO  2010
CLIMATE RECORD PERIOD  1906 TO  2015

WEATHER ITEM   OBSERVED TIME    RECORD YEAR NORMAL DEPARTURE LAST
               VALUE    (LST)   VALUE       VALUE  FROM      YEAR
                                                   NORMAL
...................................................................
TEMPERATURE
YESTERDAY
 MAXIMUM            51  0740 PM    78  1972     57      -6     70
 MINIMUM            48  1039 AM    30  1938     46       2     48
 AVERAGE            50                          51      -1     59

PRECIPITATION
(INCHES)
 YESTERDAY           T           1.69  1952   0.11   -0.11   0.00
 MONTH TO DATE    0.10                        0.21   -0.11      T
 SINCE JUN 1      2.20                        3.30   -1.10   2.84
 SINCE JAN 1      6.64                        7.44   -0.80   7.31

SNOWFALL
(INCHES)
 YESTERDAY         0.0            0.0  2015    0.0     0.0    0.0
 MONTH TO DATE     0.0                         0.0     0.0    0.0
 SINCE JUN 1       0.0                         0.3    -0.3    0.0
 SINCE JUL 1       0.0                         0.0     0.0    0.0
 SNOW DEPTH (IN)     0                                          0

DEGREE DAYS
 HEATING
  YESTERDAY         15                          14       1      6
  MONTH TO DATE     29                          28       1     16
  SINCE JUN 1      861                         944     -83   1007
  SINCE JUL 1      336                         428     -92    439

 COOLING
  YESTERDAY          0                           0       0      0
  MONTH TO DATE      0                           0       0      0
  SINCE JUN 1        5                           0       5      2
  SINCE JAN 1        5                           0       5      2
...................................................................

WIND (MPH)
 HIGHEST WIND SPEED    20     HIGHEST WIND DIRECTION    260
 HIGHEST GUST SPEED    22     HIGHEST GUST DIRECTION    260
 AVERAGE WIND SPEED  12.2

SKY COVER
  POSSIBLE SUNSHINE    MM          AVERAGE SKY COVER     MM

WEATHER CONDITIONS
 THE FOLLOWING WEATHER WAS RECORDED YESTERDAY.
  PATCHY FOG
  LIGHT DRIZZLE
  LIGHT RAINFALL

RELATIVE HUMIDITY
 HIGHEST RH     MM PERCENT       MM
 LOWEST  RH     MM PERCENT       MM
 AVERAGE RH     MM PERCENT       MM
...................................................................

THE NOME CLIMATE NORMALS FOR TODAY
                           NORMAL    RECORD   YEAR
 MAXIMUM TEMPERATURE (F)     57        78     1972
 MINIMUM TEMPERATURE (F)     46        33     1970

SUNRISE AND SUNSET
 AUG 3 2015..........SUNRISE  6:12 AM      SUNSET 12:02 AM
 AUG 4 2015..........SUNRISE  6:15 AM      SUNSET 11:59 PM

-  INDICATES NEGATIVE NUMBERS.
R  INDICATES RECORD HAS BEEN SET OR TIED.
MM INDICATES DATA IS MISSING.
T  INDICATES TRACE OF PRECIPITATION.

&&
-------------------------------------------------------------------

AMOUNT OF DAYLIGHT TODAY  (HOUR:MIN)........17 HOURS 50 MINUTES
GAIN/LOSS SINCE YESTERDAY (HOUR:MIN:SEC)....-0:06:45

NOME TIDAL INFORMATION FOR THE 3RD OF AUGUST 2015
0126  -0.2
0820  +1.4
1341  +0.7
1925  +1.4

$$

CKC AUG 15
