000
CDAK49 PAOM 291000
CLIOME

CLIMATE REPORT
NATIONAL WEATHER SERVICE NOME, AK
2 AM AKDT MON AUG 29 2016

...................................
...THE NOME WSO AP CLIMATE SUMMARY FOR AUGUST 28 2016...

CLIMATE NORMAL PERIOD  1981 TO  2010
CLIMATE RECORD PERIOD  1906 TO  2016

WEATHER ITEM   OBSERVED TIME    RECORD YEAR NORMAL DEPARTURE LAST
               VALUE    (LST)   VALUE       VALUE  FROM      YEAR
                                                   NORMAL
...................................................................
TEMPERATURE
YESTERDAY
 MAXIMUM            58  0844 PM    69  1982     55       3     52
 MINIMUM            48  0555 AM    26  1994     43       5     42
 AVERAGE            53                          49       4     47

PRECIPITATION
(INCHES)
 YESTERDAY        0.01           0.74  1924   0.09   -0.08   0.00
 MONTH TO DATE    3.03                        2.94    0.09   3.70
 SINCE JUN 1      7.19                        6.03    1.16   5.80
 SINCE JAN 1     10.28                       10.17    0.11  10.24

SNOWFALL
(INCHES)
 YESTERDAY         0.0              T  1913    0.0     0.0    0.0
 MONTH TO DATE     0.0                         0.0     0.0    0.0
 SINCE JUN 1       0.0                         0.3    -0.3    0.0
 SINCE JUL 1       0.0                         0.0     0.0    0.0
 SNOW DEPTH (IN)     0                                          0

DEGREE DAYS
 HEATING
  YESTERDAY         12                          16      -4     18
  MONTH TO DATE    327                         414     -87    428
  SINCE JUN 1     1194                        1330    -136   1260
  SINCE JUL 1      730                         814     -84    735

 COOLING
  YESTERDAY          0                           0       0      0
  MONTH TO DATE      0                           0       0      0
  SINCE JUN 1        0                           0       0      5
  SINCE JAN 1        0                           0       0      5
...................................................................

WIND (MPH)
 HIGHEST WIND SPEED    12     HIGHEST WIND DIRECTION    240
 HIGHEST GUST SPEED    12     HIGHEST GUST DIRECTION    240
 AVERAGE WIND SPEED   4.4

SKY COVER
  POSSIBLE SUNSHINE    MM          AVERAGE SKY COVER     MM

WEATHER CONDITIONS
 THE FOLLOWING WEATHER WAS RECORDED YESTERDAY.
  PATCHY FOG
   LIGHT DRIZZLE
  LIGHT RAINFALL

RELATIVE HUMIDITY
 HIGHEST RH     MM PERCENT       MM
 LOWEST  RH     MM PERCENT       MM
 AVERAGE RH     MM PERCENT       MM
...................................................................

THE NOME CLIMATE NORMALS FOR TODAY
                           NORMAL    RECORD   YEAR
 MAXIMUM TEMPERATURE (F)     54        67     1981
 MINIMUM TEMPERATURE (F)     43        27     1927

SUNRISE AND SUNSET
 AUG 29 2016..........SUNRISE  7:37 AM      SUNSET 10:27 PM
 AUG 30 2016..........SUNRISE  7:40 AM      SUNSET 10:24 PM

-  INDICATES NEGATIVE NUMBERS.
R  INDICATES RECORD HAS BEEN SET OR TIED.
MM INDICATES DATA IS MISSING.
T  INDICATES TRACE OF PRECIPITATION.

&&
-------------------------------------------------------------------

AMOUNT OF DAYLIGHT TODAY  (HOUR:MIN)........14 HOURS 50 MINUTES
GAIN/LOSS SINCE YESTERDAY (HOUR:MIN:SEC)....-0:06:38

NOME TIDAL INFORMATION FOR 29 AUGUST 2016
0353  +1.0
0821  +0.6
1437  +1.2
2149  -0.2

$$

CKC AUG 16
