000
CDAK49 PAFG 230954
CLIOME

CLIMATE REPORT
NATIONAL WEATHER SERVICE FAIRBANKS AK
154 AM AKDT FRI JUN 23 2017


...................................

...THE NOME AK CLIMATE SUMMARY FOR JUNE 22 2017...

CLIMATE NORMAL PERIOD 1981 TO 2010
CLIMATE RECORD PERIOD 1906 TO 2017


WEATHER ITEM   OBSERVED TIME   RECORD YEAR NORMAL DEPARTURE LAST
                VALUE   (LST)  VALUE       VALUE  FROM      YEAR
                                                  NORMAL
..................................................................
TEMPERATURE (F)
 YESTERDAY
  MAXIMUM         50    247 PM  77    1924  57     -7       57
  MINIMUM         44    533 AM  25    1949  43      1       41
  AVERAGE         47                        50     -3       49

PRECIPITATION (IN)
  YESTERDAY        T             0.92 1930   0.04  -0.04     0.04
  MONTH TO DATE    0.75                      0.67   0.08     0.30
  SINCE JUN 1      0.75                      0.67   0.08     0.30
  SINCE JAN 1      3.60                      4.81  -1.21     3.39

SNOWFALL (IN)
  YESTERDAY        0.0           0.0    MM   0.0    0.0      0.0
  MONTH TO DATE    0.0                       0.3   -0.3      0.0
  SINCE JUN 1      0.0                       0.3   -0.3      0.0
  SINCE JUL 1     54.6                      75.7  -21.1     16.2
  SNOW DEPTH       0

DEGREE DAYS
 HEATING
  YESTERDAY       18                        15      3       16
  MONTH TO DATE  250                       402   -152      352
  SINCE JUN 1    250                       402   -152      352
  SINCE JUL 1  12868                     13586   -718     6291

 COOLING
  YESTERDAY        0                         0      0        0
  MONTH TO DATE    4                         0      4        0
  SINCE JUN 1      4                         0      4        0
  SINCE JAN 1      4                         0      4        0
..................................................................


WIND (MPH)
  HIGHEST GUST SPEED    19   HIGHEST GUST DIRECTION    SW (210)


SKY COVER
  AVERAGE SKY COVER 1.0


WEATHER CONDITIONS
 THE FOLLOWING WEATHER WAS RECORDED YESTERDAY.
  LIGHT RAIN


RELATIVE HUMIDITY (PERCENT)
 HIGHEST   100
 LOWEST     80
 AVERAGE    90

..........................................................


THE NOME AK CLIMATE NORMALS FOR TODAY
                         NORMAL    RECORD    YEAR
 MAXIMUM TEMPERATURE (F)   57        78      1913
 MINIMUM TEMPERATURE (F)   43        30      1968


SUNRISE AND SUNSET
JUNE 23 2017..........SUNRISE   420 AM AKDT  SUNSET   148 AM AKDT
JUNE 24 2017..........SUNRISE   421 AM AKDT  SUNSET   148 AM AKDT

-  INDICATES NEGATIVE NUMBERS.
R  INDICATES RECORD WAS SET OR TIED.
MM INDICATES DATA IS MISSING.
T  INDICATES TRACE AMOUNT.

&&

SNOW DEPTH IS MEASURED AT 3AM AKST/4AM AKDT.

----------------------------
AVAILABLE DAYLIGHT

AMOUNT OF DAYLIGHT TODAY  (HOUR:MIN)........21:28
GAIN/LOSS SINCE YESTERDAY (HOUR:MIN:SEC)....-0:00:45

NOME TIDAL INFORMATION FOR 23 JUNE 2017
0515  +0.7
0946  +0.2
1532  +1.0
2306  -0.6

$$
CCC JUN 17
