000
CDAK49 PAFG 260956
CLIOME

CLIMATE REPORT
NATIONAL WEATHER SERVICE FAIRBANKS AK
156 AM AKDT MON SEP 26 2016


...................................

...THE NOME AK CLIMATE SUMMARY FOR SEPTEMBER 25 2016...

CLIMATE NORMAL PERIOD 1981 TO 2010
CLIMATE RECORD PERIOD 1906 TO 2016


WEATHER ITEM   OBSERVED TIME   RECORD YEAR NORMAL DEPARTURE LAST
                VALUE   (LST)  VALUE       VALUE  FROM      YEAR
                                                  NORMAL
..................................................................
TEMPERATURE (F)
 YESTERDAY
  MAXIMUM         45    930 PM  57    1976  45      0       MM
  MINIMUM         32   1220 AM  16    1970  33     -1       MM
                                      1968
  AVERAGE         39                        39      0       MM

PRECIPITATION (IN)
  YESTERDAY        0.56          0.59 1929   0.08   0.48    MM
  MONTH TO DATE    1.76                      2.11  -0.35    MM
  SINCE SEP 1      1.76                      2.11  -0.35    MM
  SINCE JAN 1     12.02                     12.56  -0.54    MM

SNOWFALL (IN)
  YESTERDAY        0.0           0.6  2004   0.0    0.0     MM
  MONTH TO DATE    0.0                       0.3   -0.3     MM
  SINCE SEP 1      0.0                       0.3   -0.3     MM
  SINCE JUL 1      0.0                       0.3   -0.3     MM
  SNOW DEPTH       0

DEGREE DAYS
 HEATING
  YESTERDAY       26                        26      0       MM
  MONTH TO DATE  524                       527     -3       MM
  SINCE SEP 1    524                       527     -3       MM
  SINCE JUL 1   1209                      1387   -178       MM

 COOLING
  YESTERDAY        0                         0      0       MM
  MONTH TO DATE    0                         0      0       MM
  SINCE SEP 1      0                         0      0       MM
  SINCE JAN 1      0                         3     -3       MM
..................................................................


WIND (MPH)
  HIGHEST GUST SPEED    32   HIGHEST GUST DIRECTION     S (180)


SKY COVER
  AVERAGE SKY COVER 1.0


WEATHER CONDITIONS
 THE FOLLOWING WEATHER WAS RECORDED YESTERDAY.
  RAIN
  LIGHT RAIN
  FOG


RELATIVE HUMIDITY (PERCENT)
 HIGHEST   100
 LOWEST     75
 AVERAGE    88

..........................................................


THE NOME AK CLIMATE NORMALS FOR TODAY
                         NORMAL    RECORD    YEAR
 MAXIMUM TEMPERATURE (F)   44        58      1966
 MINIMUM TEMPERATURE (F)   33        19      1970


SUNRISE AND SUNSET
SEPTEMBER 26 2016.....SUNRISE   859 AM AKDT  SUNSET   846 PM AKDT
SEPTEMBER 27 2016.....SUNRISE   902 AM AKDT  SUNSET   842 PM AKDT

-  INDICATES NEGATIVE NUMBERS.
R  INDICATES RECORD WAS SET OR TIED.
MM INDICATES DATA IS MISSING.
T  INDICATES TRACE AMOUNT.

&&

SNOW DEPTH IS MEASURED AT 3AM AKST/4AM AKDT.

----------------------------
AVAILABLE DAYLIGHT

AMOUNT OF DAYLIGHT TODAY  (HOUR:MIN)........11:47
GAIN/LOSS SINCE YESTERDAY (HOUR:MIN:SEC)....-0:06:32

NOME TIDAL INFORMATION FOR 26 SEPTEMBER 2016
0224  +1.4
0716  +0.9
1327  +1.4
2034  +1.3

$$
SDB SEP 16
