000
CDUS46 KOTX 250824
CLIOMK


CLIMATE REPORT
NATIONAL WEATHER SERVICE SPOKANE, WA
124 AM PDT SUN JUN 25 2017


...................................

...THE OMAK WA AIRPORT CLIMATE SUMMARY FOR JUNE 24 2017...

CLIMATE NORMAL PERIOD 1981 TO 2010
CLIMATE RECORD PERIOD 9999 TO 9999


WEATHER ITEM   OBSERVED TIME   RECORD YEAR NORMAL DEPARTURE LAST
                VALUE   (LST)  VALUE       VALUE  FROM      YEAR
                                                  NORMAL
..................................................................
TEMPERATURE (F)
 YESTERDAY
  MAXIMUM         92    209 PM 102    1992  82     10       67
  MINIMUM         53    359 AM  36    1953  53      0       48
  AVERAGE         73                        67      6       58

PRECIPITATION (IN)
  YESTERDAY        0.00                      0.05  -0.05     0.08
  MONTH TO DATE    0.26                      1.01  -0.75     1.65
  SINCE OCT 1     16.87                     12.65   4.22    14.08
  SINCE JAN 1     10.39                      7.76   2.63     8.72

SNOWFALL (IN)
  YESTERDAY       MM

DEGREE DAYS
 HEATING
  YESTERDAY        0                         2     -2        7
  MONTH TO DATE   58                        63     -5       81
  SINCE JUN 1     58                        63     -5       81
  SINCE JUL 1   6461                      6336    125     5472

 COOLING
  YESTERDAY        8                         4      4        0
  MONTH TO DATE   31                        58    -27       80
  SINCE JUN 1     31                        58    -27       80
  SINCE JAN 1     62                        81    -19      105
..................................................................


WIND (MPH)
  HIGHEST WIND SPEED    15   HIGHEST WIND DIRECTION     N (10)
  HIGHEST GUST SPEED    18   HIGHEST GUST DIRECTION     N (10)
  AVERAGE WIND SPEED     7.3


SKY COVER
  POSSIBLE SUNSHINE  MM
  AVERAGE SKY COVER 0.0


WEATHER CONDITIONS
 THE FOLLOWING WEATHER WAS RECORDED YESTERDAY.
  NO SIGNIFICANT WEATHER WAS OBSERVED.


RELATIVE HUMIDITY (PERCENT)
 HIGHEST    59          1200 AM
 LOWEST     12           200 PM
 AVERAGE    36

..........................................................


THE OMAK WA AIRPORT CLIMATE NORMALS FOR TODAY
                         NORMAL    RECORD    YEAR
 MAXIMUM TEMPERATURE (F)   82       100      1992
 MINIMUM TEMPERATURE (F)   53        36      1976


SUNRISE AND SUNSET
JUNE 25 2017..........SUNRISE   458 AM PDT   SUNSET   904 PM PDT
JUNE 26 2017..........SUNRISE   458 AM PDT   SUNSET   904 PM PDT


-  INDICATES NEGATIVE NUMBERS.
R  INDICATES RECORD WAS SET OR TIED.
MM INDICATES DATA IS MISSING.
T  INDICATES TRACE AMOUNT.




$$
