000
CDUS46 KOTX 220850
CLIOMK


CLIMATE REPORT
NATIONAL WEATHER SERVICE SPOKANE, WA
149 AM PDT WED MAR 22 2017


...................................

...THE OMAK WA AIRPORT CLIMATE SUMMARY FOR MARCH 21 2017...

CLIMATE NORMAL PERIOD 1981 TO 2010
CLIMATE RECORD PERIOD 9999 TO 9999


WEATHER ITEM   OBSERVED TIME   RECORD YEAR NORMAL DEPARTURE LAST
                VALUE   (LST)  VALUE       VALUE  FROM      YEAR
                                                  NORMAL
..................................................................
TEMPERATURE (F)
 YESTERDAY
  MAXIMUM         46    233 PM  71    1940  55     -9       57
  MINIMUM         38    736 AM  19    2007  32      6       41
  AVERAGE         42                        44     -2       49

PRECIPITATION (IN)
  YESTERDAY        0.35                      0.03   0.32     0.05
  MONTH TO DATE    1.13                      0.85   0.28     2.51
  SINCE OCT 1     11.27                      9.04   2.23    11.06
  SINCE JAN 1      4.79                      4.15   0.64     5.70

SNOWFALL (IN)
  YESTERDAY       MM

DEGREE DAYS
 HEATING
  YESTERDAY       23                        21      2       16
  MONTH TO DATE  564                       533     31      467
  SINCE MAR 1    564                       533     31      467
  SINCE JUL 1   5499                      5394    105     4873

 COOLING
  YESTERDAY        0                         0      0        0
  MONTH TO DATE    0                         0      0        0
  SINCE MAR 1      0                         0      0        0
  SINCE JAN 1      0                         0      0        0
..................................................................


WIND (MPH)
  HIGHEST WIND SPEED    16   HIGHEST WIND DIRECTION     S (200)
  HIGHEST GUST SPEED    20   HIGHEST GUST DIRECTION    SW (210)
  AVERAGE WIND SPEED     5.8


SKY COVER
  POSSIBLE SUNSHINE  MM
  AVERAGE SKY COVER 1.0


WEATHER CONDITIONS
 THE FOLLOWING WEATHER WAS RECORDED YESTERDAY.
  HEAVY RAIN
  RAIN
  LIGHT RAIN
  FOG


RELATIVE HUMIDITY (PERCENT)
 HIGHEST    92           600 AM
 LOWEST     76           200 PM
 AVERAGE    84

..........................................................


THE OMAK WA AIRPORT CLIMATE NORMALS FOR TODAY
                         NORMAL    RECORD    YEAR
 MAXIMUM TEMPERATURE (F)   55        70      2004
                                             1960
 MINIMUM TEMPERATURE (F)   33         8      1996


SUNRISE AND SUNSET
MARCH 22 2017.........SUNRISE   656 AM PDT   SUNSET   714 PM PDT
MARCH 23 2017.........SUNRISE   654 AM PDT   SUNSET   716 PM PDT


-  INDICATES NEGATIVE NUMBERS.
R  INDICATES RECORD WAS SET OR TIED.
MM INDICATES DATA IS MISSING.
T  INDICATES TRACE AMOUNT.




$$
