000
CDUS46 KOTX 290833
CLIOMK


CLIMATE REPORT
NATIONAL WEATHER SERVICE SPOKANE, WA
132 AM PDT TUE JUL 29 2014


...................................

...THE OMAK WA AIRPORT CLIMATE SUMMARY FOR JULY 28 2014...

CLIMATE NORMAL PERIOD 1981 TO 2010
CLIMATE RECORD PERIOD 9999 TO 9999


WEATHER ITEM   OBSERVED TIME   RECORD YEAR NORMAL DEPARTURE LAST
                VALUE   (LST)  VALUE       VALUE  FROM      YEAR
                                                  NORMAL
..................................................................
TEMPERATURE (F)
 YESTERDAY
  MAXIMUM        102    503 PM 106    1934  91     11       91
  MINIMUM         66   1241 AM  40    1959  59      7       64
  AVERAGE         84                        75      9       78

PRECIPITATION (IN)
  YESTERDAY        0.00          0.33 1947   0.02  -0.02     0.00
  MONTH TO DATE    0.17                      0.75  -0.58     0.26
  SINCE OCT 1      6.56                     13.95  -7.39    13.09
  SINCE JAN 1      5.39                      8.50  -3.11     6.10

SNOWFALL (IN)
  YESTERDAY       MM            MM      MM  MM     MM       MM
  MONTH TO DATE   MM                        MM     MM       MM
  SINCE JUN 1     MM                        MM     MM       MM
  SINCE JUL 1     MM                        MM     MM       MM
  SNOW DEPTH      MM

DEGREE DAYS
 HEATING
  YESTERDAY        0                         0      0        0
  MONTH TO DATE    2                        11     -9        0
  SINCE JUN 1     40                        80    -40       67
  SINCE JUL 1      2                        11     -9        0

 COOLING
  YESTERDAY       19                        10      9       13
  MONTH TO DATE  353                       223    130      310
  SINCE JUN 1    418                       307    111      375
  SINCE JAN 1    432                       330    102      398
..................................................................


WIND (MPH)
  HIGHEST WIND SPEED    18   HIGHEST WIND DIRECTION     N (10)
  HIGHEST GUST SPEED    23   HIGHEST GUST DIRECTION     N (350)
  AVERAGE WIND SPEED     8.0


SKY COVER
  POSSIBLE SUNSHINE  MM
  AVERAGE SKY COVER 0.1


WEATHER CONDITIONS
 THE FOLLOWING WEATHER WAS RECORDED YESTERDAY.
  NO SIGNIFICANT WEATHER WAS OBSERVED.


RELATIVE HUMIDITY (PERCENT)
 HIGHEST    36          1200 AM
 LOWEST      9           400 PM
 AVERAGE    23

..........................................................


THE OMAK WA AIRPORT CLIMATE NORMALS FOR TODAY
                         NORMAL    RECORD    YEAR
 MAXIMUM TEMPERATURE (F)   91       105      1998
 MINIMUM TEMPERATURE (F)   59        39      1947


SUNRISE AND SUNSET
JULY 29 2014..........SUNRISE   529 AM PDT   SUNSET   839 PM PDT
JULY 30 2014..........SUNRISE   530 AM PDT   SUNSET   838 PM PDT


-  INDICATES NEGATIVE NUMBERS.
R  INDICATES RECORD WAS SET OR TIED.
MM INDICATES DATA IS MISSING.
T  INDICATES TRACE AMOUNT.




$$
