000
CDUS46 KOTX 290831
CLIOMK


CLIMATE REPORT
NATIONAL WEATHER SERVICE SPOKANE, WA
131 AM PDT SUN MAY 29 2016


...................................

...THE OMAK WA AIRPORT CLIMATE SUMMARY FOR MAY 28 2016...

CLIMATE NORMAL PERIOD 1981 TO 2010
CLIMATE RECORD PERIOD 9999 TO 9999


WEATHER ITEM   OBSERVED TIME   RECORD YEAR NORMAL DEPARTURE LAST
                VALUE   (LST)  VALUE       VALUE  FROM      YEAR
                                                  NORMAL
..................................................................
TEMPERATURE (F)
 YESTERDAY
  MAXIMUM         71    359 PM  98    1934  75     -4       87
  MINIMUM         45    437 AM  32    1977  48     -3       51
  AVERAGE         58                        62     -4       69

PRECIPITATION (IN)
  YESTERDAY        T                         0.04  -0.04      T
  MONTH TO DATE    0.69                      1.09  -0.40     0.90
  SINCE OCT 1     12.43                     11.51   0.92    10.22
  SINCE JAN 1      7.07                      6.62   0.45     3.65

SNOWFALL (IN)
  YESTERDAY       MM

DEGREE DAYS
 HEATING
  YESTERDAY        7                         4      3        0
  MONTH TO DATE  104                       221   -117      130
  SINCE MAR 1    973                      1399   -426     1133
  SINCE JUL 1   5379                      6260   -881     5319

 COOLING
  YESTERDAY        0                         1     -1        4
  MONTH TO DATE   18                        18      0       31
  SINCE MAR 1     23                        19      4       31
  SINCE JAN 1     23                        19      4       31
..................................................................


WIND (MPH)
  HIGHEST WIND SPEED    21   HIGHEST WIND DIRECTION     S (160)
  HIGHEST GUST SPEED    29   HIGHEST GUST DIRECTION    SE (150)
  AVERAGE WIND SPEED    10.4


SKY COVER
  POSSIBLE SUNSHINE  MM
  AVERAGE SKY COVER 0.5


WEATHER CONDITIONS
 THE FOLLOWING WEATHER WAS RECORDED YESTERDAY.
  LIGHT RAIN


RELATIVE HUMIDITY (PERCENT)
 HIGHEST    58           500 AM
 LOWEST     28          1200 PM
 AVERAGE    43

..........................................................


THE OMAK WA AIRPORT CLIMATE NORMALS FOR TODAY
                         NORMAL    RECORD    YEAR
 MAXIMUM TEMPERATURE (F)   76        92      2009
                                             1934
 MINIMUM TEMPERATURE (F)   48        32      1977


SUNRISE AND SUNSET
MAY 29 2016...........SUNRISE   503 AM PDT   SUNSET   849 PM PDT
MAY 30 2016...........SUNRISE   502 AM PDT   SUNSET   850 PM PDT


-  INDICATES NEGATIVE NUMBERS.
R  INDICATES RECORD WAS SET OR TIED.
MM INDICATES DATA IS MISSING.
T  INDICATES TRACE AMOUNT.




$$
