000
CDUS45 KBOI 030931
CLIONO


CLIMATE REPORT
NATIONAL WEATHER SERVICE BOISE ID
331 AM MDT MON AUG 3 2015


...................................

...THE ONTARIO OR CLIMATE SUMMARY FOR AUGUST 2 2015...

CLIMATE NORMAL PERIOD 1981 TO 2010
CLIMATE RECORD PERIOD 1948 TO 2015


WEATHER ITEM   OBSERVED TIME   RECORD YEAR NORMAL DEPARTURE LAST
                VALUE   (LST)  VALUE       VALUE  FROM      YEAR
                                                  NORMAL
..................................................................
TEMPERATURE (F)
 YESTERDAY
  MAXIMUM        106    412 PM 110    1961  95     11       96
  MINIMUM         63    609 AM  45    1975  58      5       63
  AVERAGE         85                        77      8       80

PRECIPITATION (IN)
  YESTERDAY        0.00          T    2009   0.01  -0.01     0.00
  MONTH TO DATE    0.00                      0.01  -0.01     0.00
  SINCE OCT 1      9.23                      9.48  -0.25     6.52
  SINCE JAN 1      4.77                      6.07  -1.30     5.01

DEGREE DAYS
 HEATING
  YESTERDAY        0                         0      0        0
  MONTH TO DATE    0                         0      0        0
  SINCE JUN 1      3                        57    -54       28
  SINCE JUL 1      2                         5     -3        0

 COOLING
  YESTERDAY       20                        12      8       15
  MONTH TO DATE   36                        24     12       28
  SINCE JUN 1    766                       511    255      681
  SINCE JAN 1    799                       547    252      729
..................................................................


WIND (MPH)
  HIGHEST WIND SPEED    16   HIGHEST WIND DIRECTION     W (260)
  HIGHEST GUST SPEED    20   HIGHEST GUST DIRECTION     W (260)
  AVERAGE WIND SPEED     4.6


SKY COVER
  AVERAGE SKY COVER 0.0


WEATHER CONDITIONS
 THE FOLLOWING WEATHER WAS RECORDED YESTERDAY.
  NO SIGNIFICANT WEATHER WAS OBSERVED.


RELATIVE HUMIDITY (PERCENT)
 HIGHEST    49           700 AM
 LOWEST      8           300 PM
 AVERAGE    29

..........................................................


THE ONTARIO OR CLIMATE NORMALS FOR TODAY
                         NORMAL    RECORD    YEAR
 MAXIMUM TEMPERATURE (F)   95       111      1961
 MINIMUM TEMPERATURE (F)   58        37      1956


SUNRISE AND SUNSET
AUGUST  3 2015........SUNRISE   638 AM MDT   SUNSET   910 PM MDT
AUGUST  4 2015........SUNRISE   639 AM MDT   SUNSET   908 PM MDT


-  INDICATES NEGATIVE NUMBERS.
R  INDICATES RECORD WAS SET OR TIED.
MM INDICATES DATA IS MISSING.
T  INDICATES TRACE AMOUNT.




$$
