000
CDUS45 KBOI 160931
CLIONO


CLIMATE REPORT
NATIONAL WEATHER SERVICE BOISE ID
231 AM MST TUE JAN 16 2018


...................................

...THE ONTARIO OR CLIMATE SUMMARY FOR JANUARY 15 2018...

CLIMATE NORMAL PERIOD 1981 TO 2010
CLIMATE RECORD PERIOD 1948 TO 2018


WEATHER ITEM   OBSERVED TIME   RECORD YEAR NORMAL DEPARTURE LAST
                VALUE   (LST)  VALUE       VALUE  FROM      YEAR
                                                  NORMAL
..................................................................
TEMPERATURE (F)
 YESTERDAY
  MAXIMUM         46    453 PM  55    1974  35     11       13
  MINIMUM         25    839 AM  -7    1949  20      5       -5
  AVERAGE         36                        27      9        4

PRECIPITATION (IN)
  YESTERDAY        0.00          0.75 1956   0.03  -0.03      T
  MONTH TO DATE    0.48                      0.67  -0.19     1.91
  SINCE OCT 1      3.19                      4.08  -0.89     5.23
  SINCE JAN 1      0.48                      0.67  -0.19     1.91

DEGREE DAYS
 HEATING
  YESTERDAY       29                        38     -9       61
  MONTH TO DATE  466                       574   -108      746
  SINCE DEC 1   1590                      1727   -137     2153
  SINCE JUL 1   2935                      3155   -220     3244

 COOLING
  YESTERDAY        0                         0      0        0
  MONTH TO DATE    0                         0      0        0
  SINCE DEC 1      0                         0      0        0
  SINCE JAN 1      0                         0      0        0
..................................................................


WIND (MPH)
  HIGHEST WIND SPEED    14   HIGHEST WIND DIRECTION     W (250)
  HIGHEST GUST SPEED    17   HIGHEST GUST DIRECTION     W (250)
  AVERAGE WIND SPEED     2.8


SKY COVER
  AVERAGE SKY COVER 0.1


WEATHER CONDITIONS
 THE FOLLOWING WEATHER WAS RECORDED YESTERDAY.
  FOG
  FOG W/VISIBILITY <= 1/4 MILE


RELATIVE HUMIDITY (PERCENT)
 HIGHEST   100           200 AM
 LOWEST     65           500 PM
 AVERAGE    83

..........................................................


THE ONTARIO OR CLIMATE NORMALS FOR TODAY
                         NORMAL    RECORD    YEAR
 MAXIMUM TEMPERATURE (F)   35        56      1954
 MINIMUM TEMPERATURE (F)   20       -10      2017


SUNRISE AND SUNSET
JANUARY 16 2018.......SUNRISE   819 AM MST   SUNSET   537 PM MST
JANUARY 17 2018.......SUNRISE   818 AM MST   SUNSET   538 PM MST


-  INDICATES NEGATIVE NUMBERS.
R  INDICATES RECORD WAS SET OR TIED.
MM INDICATES DATA IS MISSING.
T  INDICATES TRACE AMOUNT.




$$
