000
CDUS45 KBOI 300930
CLIONO


CLIMATE REPORT
NATIONAL WEATHER SERVICE BOISE ID
330 AM MDT TUE AUG 30 2016


...................................

...THE ONTARIO OR CLIMATE SUMMARY FOR AUGUST 29 2016...

CLIMATE NORMAL PERIOD 1981 TO 2010
CLIMATE RECORD PERIOD 1948 TO 2016


WEATHER ITEM   OBSERVED TIME   RECORD YEAR NORMAL DEPARTURE LAST
                VALUE   (LST)  VALUE       VALUE  FROM      YEAR
                                                  NORMAL
..................................................................
TEMPERATURE (F)
 YESTERDAY
  MAXIMUM         93    456 PM 105    1967  88      5       89
  MINIMUM         55    632 AM  35    1960  51      4       59
  AVERAGE         74                        69      5       74

PRECIPITATION (IN)
  YESTERDAY        0.00          0.04 1951   0.00   0.00     0.01
  MONTH TO DATE    0.01                      0.16  -0.15     0.02
  SINCE OCT 1      7.32                      9.63  -2.31     9.25
  SINCE JAN 1      2.57                      6.22  -3.65     4.79

DEGREE DAYS
 HEATING
  YESTERDAY        0                         1     -1        0
  MONTH TO DATE    0                         5     -5        0
  SINCE JUN 1     35                        62    -27        3
  SINCE JUL 1      9                        10     -1        2

 COOLING
  YESTERDAY        9                         5      4        9
  MONTH TO DATE  300                       259     41      337
  SINCE JUN 1    885                       746    139     1067
  SINCE JAN 1    924                       782    142     1100
..................................................................


WIND (MPH)
  HIGHEST WIND SPEED    13   HIGHEST WIND DIRECTION    NW (320)
  HIGHEST GUST SPEED    15   HIGHEST GUST DIRECTION     S (160)
  AVERAGE WIND SPEED     3.0


SKY COVER
  AVERAGE SKY COVER 0.0


WEATHER CONDITIONS
 THE FOLLOWING WEATHER WAS RECORDED YESTERDAY.
  NO SIGNIFICANT WEATHER WAS OBSERVED.


RELATIVE HUMIDITY (PERCENT)
 HIGHEST    72           300 AM
 LOWEST     15           500 PM
 AVERAGE    44

..........................................................


THE ONTARIO OR CLIMATE NORMALS FOR TODAY
                         NORMAL    RECORD    YEAR
 MAXIMUM TEMPERATURE (F)   88       103      1967
 MINIMUM TEMPERATURE (F)   51        38      1969


SUNRISE AND SUNSET
AUGUST 30 2016........SUNRISE   710 AM MDT   SUNSET   826 PM MDT
AUGUST 31 2016........SUNRISE   711 AM MDT   SUNSET   825 PM MDT


-  INDICATES NEGATIVE NUMBERS.
R  INDICATES RECORD WAS SET OR TIED.
MM INDICATES DATA IS MISSING.
T  INDICATES TRACE AMOUNT.




$$
