000
CDUS45 KBOI 260931
CLIONO


CLIMATE REPORT
NATIONAL WEATHER SERVICE BOISE ID
230 AM MST MON JAN 26 2015


...................................

...THE ONTARIO OR CLIMATE SUMMARY FOR JANUARY 25 2015...

CLIMATE NORMAL PERIOD 1981 TO 2010
CLIMATE RECORD PERIOD 1948 TO 2015


WEATHER ITEM   OBSERVED TIME   RECORD YEAR NORMAL DEPARTURE LAST
                VALUE   (LST)  VALUE       VALUE  FROM      YEAR
                                                  NORMAL
..................................................................
TEMPERATURE (F)
 YESTERDAY
  MAXIMUM         40    405 PM  59    1953  36      4       27
  MINIMUM         28    153 AM -21    1949  20      8       24
  AVERAGE         34                        28      6       26

PRECIPITATION (IN)
  YESTERDAY        0.00          0.59 1969   0.03  -0.03     0.00
  MONTH TO DATE    0.56                      1.01  -0.45     0.31
  SINCE OCT 1      5.02                      4.42   0.60     1.82
  SINCE JAN 1      0.56                      1.01  -0.45     0.31

DEGREE DAYS
 HEATING
  YESTERDAY       31                        37     -6       39
  MONTH TO DATE  866                       946    -80      932
  SINCE DEC 1   1747                      2099   -352     2329
  SINCE JUL 1   3028                      3527   -499     3724

 COOLING
  YESTERDAY        0                         0      0        0
  MONTH TO DATE    0                         0      0        0
  SINCE DEC 1      0                         0      0        0
  SINCE JAN 1      0                         0      0        0
..................................................................


WIND (MPH)
  HIGHEST WIND SPEED     9   HIGHEST WIND DIRECTION    NW (310)
  HIGHEST GUST SPEED    10   HIGHEST GUST DIRECTION    NW (310)
  AVERAGE WIND SPEED     2.0


SKY COVER
  AVERAGE SKY COVER 0.9


WEATHER CONDITIONS
 THE FOLLOWING WEATHER WAS RECORDED YESTERDAY.
  FOG
  HAZE


RELATIVE HUMIDITY (PERCENT)
 HIGHEST    92           200 AM
 LOWEST     76           200 PM
 AVERAGE    84

..........................................................


THE ONTARIO OR CLIMATE NORMALS FOR TODAY
                         NORMAL    RECORD    YEAR
 MAXIMUM TEMPERATURE (F)   37        58      1971
 MINIMUM TEMPERATURE (F)   20       -16      1957


SUNRISE AND SUNSET
JANUARY 26 2015.......SUNRISE   812 AM MST   SUNSET   550 PM MST
JANUARY 27 2015.......SUNRISE   811 AM MST   SUNSET   551 PM MST


-  INDICATES NEGATIVE NUMBERS.
R  INDICATES RECORD WAS SET OR TIED.
MM INDICATES DATA IS MISSING.
T  INDICATES TRACE AMOUNT.




$$
