101
CDUS45 KBOI 040932
CLIONO


CLIMATE REPORT
NATIONAL WEATHER SERVICE BOISE ID
332 AM MDT WED MAY 4 2016


...................................

...THE ONTARIO OR CLIMATE SUMMARY FOR MAY 3 2016...

CLIMATE NORMAL PERIOD 1981 TO 2010
CLIMATE RECORD PERIOD 1948 TO 2016


WEATHER ITEM   OBSERVED TIME   RECORD YEAR NORMAL DEPARTURE LAST
                VALUE   (LST)  VALUE       VALUE  FROM      YEAR
                                                  NORMAL
..................................................................
TEMPERATURE (F)
 YESTERDAY
  MAXIMUM         83    535 PM  93    1966  70     13       80
  MINIMUM         41    600 AM  27    1959  40      1       48
  AVERAGE         62                        55      7       64

PRECIPITATION (IN)
  YESTERDAY        0.00          0.51 2009   0.04  -0.04     0.00
  MONTH TO DATE    0.00                      0.11  -0.11     0.00
  SINCE OCT 1      6.68                      7.31  -0.63     6.86
  SINCE JAN 1      1.93                      3.90  -1.97     2.40

DEGREE DAYS
 HEATING
  YESTERDAY        3                        10     -7        1
  MONTH TO DATE   15                        31    -16       13
  SINCE MAR 1    821                      1142   -321      923
  SINCE JUL 1   4811                      5772   -961     4717

 COOLING
  YESTERDAY        0                         0      0        0
  MONTH TO DATE    0                         0      0        0
  SINCE MAR 1      0                         1     -1        0
  SINCE JAN 1      0                         1     -1        0
..................................................................


WIND (MPH)
  HIGHEST WIND SPEED    10   HIGHEST WIND DIRECTION    SE (120)
  HIGHEST GUST SPEED    17   HIGHEST GUST DIRECTION    SE (130)
  AVERAGE WIND SPEED     3.0


SKY COVER
  AVERAGE SKY COVER 0.0


WEATHER CONDITIONS
 THE FOLLOWING WEATHER WAS RECORDED YESTERDAY.
  NO SIGNIFICANT WEATHER WAS OBSERVED.


RELATIVE HUMIDITY (PERCENT)
 HIGHEST    76           400 AM
 LOWEST     16           500 PM
 AVERAGE    46

..........................................................


THE ONTARIO OR CLIMATE NORMALS FOR TODAY
                         NORMAL    RECORD    YEAR
 MAXIMUM TEMPERATURE (F)   71        98      1966
 MINIMUM TEMPERATURE (F)   41        28      1999


SUNRISE AND SUNSET
MAY  4 2016...........SUNRISE   635 AM MDT   SUNSET   856 PM MDT
MAY  5 2016...........SUNRISE   633 AM MDT   SUNSET   857 PM MDT


-  INDICATES NEGATIVE NUMBERS.
R  INDICATES RECORD WAS SET OR TIED.
MM INDICATES DATA IS MISSING.
T  INDICATES TRACE AMOUNT.




$$
