000
CDUS45 KBOI 270931
CLIONO


CLIMATE REPORT
NATIONAL WEATHER SERVICE BOISE ID
331 AM MDT WED MAY 27 2015


...................................

...THE ONTARIO OR CLIMATE SUMMARY FOR MAY 26 2015...

CLIMATE NORMAL PERIOD 1981 TO 2010
CLIMATE RECORD PERIOD 1948 TO 2015


WEATHER ITEM   OBSERVED TIME   RECORD YEAR NORMAL DEPARTURE LAST
                VALUE   (LST)  VALUE       VALUE  FROM      YEAR
                                                  NORMAL
..................................................................
TEMPERATURE (F)
 YESTERDAY
  MAXIMUM         79    538 PM 102    1966  78      1       84
  MINIMUM         47    519 AM  30    1975  47      0       55
  AVERAGE         63                        62      1       70

PRECIPITATION (IN)
  YESTERDAY        0.03          0.72 1998   0.04  -0.01     0.00
  MONTH TO DATE    1.66                      1.07   0.59     0.42
  SINCE OCT 1      8.52                      8.27   0.25     6.24
  SINCE JAN 1      4.06                      4.86  -0.80     4.73

DEGREE DAYS
 HEATING
  YESTERDAY        2                         4     -2        0
  MONTH TO DATE   88                       189   -101      117
  SINCE MAR 1    998                      1300   -302     1108
  SINCE JUL 1   4792                      5930  -1138     5864

 COOLING
  YESTERDAY        0                         2     -2        5
  MONTH TO DATE    9                        25    -16       41
  SINCE MAR 1      9                        26    -17       41
  SINCE JAN 1      9                        26    -17       41
..................................................................


WIND (MPH)
  HIGHEST WIND SPEED    13   HIGHEST WIND DIRECTION    SE (150)
  HIGHEST GUST SPEED    17   HIGHEST GUST DIRECTION     N (20)
  AVERAGE WIND SPEED     4.3


SKY COVER
  AVERAGE SKY COVER 0.3


WEATHER CONDITIONS
 THE FOLLOWING WEATHER WAS RECORDED YESTERDAY.
  THUNDERSTORM
  LIGHT RAIN


RELATIVE HUMIDITY (PERCENT)
 HIGHEST    93           300 AM
 LOWEST     25           200 PM
 AVERAGE    59

..........................................................


THE ONTARIO OR CLIMATE NORMALS FOR TODAY
                         NORMAL    RECORD    YEAR
 MAXIMUM TEMPERATURE (F)   78        96      1958
 MINIMUM TEMPERATURE (F)   48        33      1954


SUNRISE AND SUNSET
MAY 27 2015...........SUNRISE   611 AM MDT   SUNSET   920 PM MDT
MAY 28 2015...........SUNRISE   611 AM MDT   SUNSET   920 PM MDT


-  INDICATES NEGATIVE NUMBERS.
R  INDICATES RECORD WAS SET OR TIED.
MM INDICATES DATA IS MISSING.
T  INDICATES TRACE AMOUNT.




$$
