000
CDUS45 KBOI 200931
CLIONO


CLIMATE REPORT
NATIONAL WEATHER SERVICE BOISE ID
330 AM MDT WED AUG 20 2014


...................................

...THE ONTARIO OR CLIMATE SUMMARY FOR AUGUST 19 2014...

CLIMATE NORMAL PERIOD 1981 TO 2010
CLIMATE RECORD PERIOD 1948 TO 2014


WEATHER ITEM   OBSERVED TIME   RECORD YEAR NORMAL DEPARTURE LAST
                VALUE   (LST)  VALUE       VALUE  FROM      YEAR
                                                  NORMAL
..................................................................
TEMPERATURE (F)
 YESTERDAY
  MAXIMUM         95    154 PM 109    1967  91      4       96
  MINIMUM         62    620 AM  38    1995  54      8       63
  AVERAGE         79                        73      6       80

PRECIPITATION (IN)
  YESTERDAY        T             0.31 1968   0.01  -0.01     0.00
  MONTH TO DATE    0.33                      0.10   0.23      T
  SINCE OCT 1      6.85                      9.57  -2.72     5.55
  SINCE JAN 1      5.34                      6.16  -0.82     2.61

DEGREE DAYS
 HEATING
  YESTERDAY        0                         0      0        0
  MONTH TO DATE    0                         0      0        0
  SINCE JUN 1     28                        57    -29       39
  SINCE JUL 1      0                         5     -5        0

 COOLING
  YESTERDAY       14                         8      6       15
  MONTH TO DATE  234                       195     39      274
  SINCE JUN 1    887                       682    205      983
  SINCE JAN 1    935                       718    217     1030
..................................................................


WIND (MPH)
  HIGHEST WIND SPEED    31   HIGHEST WIND DIRECTION     W (270)
  HIGHEST GUST SPEED    40   HIGHEST GUST DIRECTION     W (250)
  AVERAGE WIND SPEED     4.9


SKY COVER
  AVERAGE SKY COVER 0.0


WEATHER CONDITIONS
 THE FOLLOWING WEATHER WAS RECORDED YESTERDAY.
  THUNDERSTORM
  LIGHT RAIN
  HAZE


RELATIVE HUMIDITY (PERCENT)
 HIGHEST    67           700 AM
 LOWEST     17           200 PM
 AVERAGE    42

..........................................................


THE ONTARIO OR CLIMATE NORMALS FOR TODAY
                         NORMAL    RECORD    YEAR
 MAXIMUM TEMPERATURE (F)   91       107      1967
 MINIMUM TEMPERATURE (F)   54        41      1964


SUNRISE AND SUNSET
AUGUST 20 2014........SUNRISE   658 AM MDT   SUNSET   844 PM MDT
AUGUST 21 2014........SUNRISE   659 AM MDT   SUNSET   843 PM MDT


-  INDICATES NEGATIVE NUMBERS.
R  INDICATES RECORD WAS SET OR TIED.
MM INDICATES DATA IS MISSING.
T  INDICATES TRACE AMOUNT.




$$
