000
CDUS45 KBOI 230932
CLIONO


CLIMATE REPORT
NATIONAL WEATHER SERVICE BOISE ID
331 AM MDT WED AUG 23 2017


...................................

...THE ONTARIO OR CLIMATE SUMMARY FOR AUGUST 22 2017...

CLIMATE NORMAL PERIOD 1981 TO 2010
CLIMATE RECORD PERIOD 1948 TO 2017


WEATHER ITEM   OBSERVED TIME   RECORD YEAR NORMAL DEPARTURE LAST
                VALUE   (LST)  VALUE       VALUE  FROM      YEAR
                                                  NORMAL
..................................................................
TEMPERATURE (F)
 YESTERDAY
  MAXIMUM         93    511 PM 105    1961  90      3       90
  MINIMUM         50    508 AM  41    1966  53     -3       63
  AVERAGE         72                        72      0       77

PRECIPITATION (IN)
  YESTERDAY        0.00          0.28 2004   0.01  -0.01     0.00
  MONTH TO DATE    0.02                      0.12  -0.10     0.01
  SINCE OCT 1     12.81                      9.59   3.22     7.32
  SINCE JAN 1      9.49                      6.18   3.31     2.57

DEGREE DAYS
 HEATING
  YESTERDAY        0                         0      0        0
  MONTH TO DATE    0                         0      0        0
  SINCE JUN 1     28                        57    -29       35
  SINCE JUL 1      0                         5     -5        9

 COOLING
  YESTERDAY        7                         7      0       12
  MONTH TO DATE  272                       217     55      249
  SINCE JUN 1    961                       704    257      834
  SINCE JAN 1   1001                       740    261      873
..................................................................


WIND (MPH)
  HIGHEST WIND SPEED     7   HIGHEST WIND DIRECTION     W (250)
  HIGHEST GUST SPEED     8   HIGHEST GUST DIRECTION     W (260)
  AVERAGE WIND SPEED     1.1


SKY COVER
  AVERAGE SKY COVER 0.0


WEATHER CONDITIONS
 THE FOLLOWING WEATHER WAS RECORDED YESTERDAY.
  NO SIGNIFICANT WEATHER WAS OBSERVED.


RELATIVE HUMIDITY (PERCENT)
 HIGHEST    83           600 AM
 LOWEST     20           500 PM
 AVERAGE    52

..........................................................


THE ONTARIO OR CLIMATE NORMALS FOR TODAY
                         NORMAL    RECORD    YEAR
 MAXIMUM TEMPERATURE (F)   90       106      1969
 MINIMUM TEMPERATURE (F)   53        37      1960


SUNRISE AND SUNSET
AUGUST 23 2017........SUNRISE   701 AM MDT   SUNSET   839 PM MDT
AUGUST 24 2017........SUNRISE   703 AM MDT   SUNSET   837 PM MDT


-  INDICATES NEGATIVE NUMBERS.
R  INDICATES RECORD WAS SET OR TIED.
MM INDICATES DATA IS MISSING.
T  INDICATES TRACE AMOUNT.




$$
