000
CDUS45 KBOI 230931
CLIONO


CLIMATE REPORT
NATIONAL WEATHER SERVICE BOISE ID
331 AM MDT FRI JUN 23 2017


...................................

...THE ONTARIO OR CLIMATE SUMMARY FOR JUNE 22 2017...

CLIMATE NORMAL PERIOD 1981 TO 2010
CLIMATE RECORD PERIOD 1948 TO 2017


WEATHER ITEM   OBSERVED TIME   RECORD YEAR NORMAL DEPARTURE LAST
                VALUE   (LST)  VALUE       VALUE  FROM      YEAR
                                                  NORMAL
..................................................................
TEMPERATURE (F)
 YESTERDAY
  MAXIMUM         86    434 PM 106    1970  86      0       93
  MINIMUM         60    502 AM  39    1956  54      6       51
  AVERAGE         73                        70      3       72

PRECIPITATION (IN)
  YESTERDAY        0.00          0.09 1980   0.02  -0.02     0.00
  MONTH TO DATE    0.60                      0.57   0.03     0.12
  SINCE OCT 1     12.78                      9.05   3.73     7.10
  SINCE JAN 1      9.46                      5.64   3.82     2.35

DEGREE DAYS
 HEATING
  YESTERDAY        0                         1     -1        0
  MONTH TO DATE   28                        45    -17       25
  SINCE JUN 1     28                        45    -17       25
  SINCE JUL 1   6046                      5995     51     4933

 COOLING
  YESTERDAY        8                         6      2        7
  MONTH TO DATE   87                        84      3      132
  SINCE JUN 1     87                        84      3      132
  SINCE JAN 1    127                       120      7      171
..................................................................


WIND (MPH)
  HIGHEST WIND SPEED    23   HIGHEST WIND DIRECTION    NW (320)
  HIGHEST GUST SPEED    28   HIGHEST GUST DIRECTION    NW (320)
  AVERAGE WIND SPEED    10.4


SKY COVER
  AVERAGE SKY COVER 0.0


WEATHER CONDITIONS
 THE FOLLOWING WEATHER WAS RECORDED YESTERDAY.
  NO SIGNIFICANT WEATHER WAS OBSERVED.


RELATIVE HUMIDITY (PERCENT)
 HIGHEST    36           400 AM
 LOWEST     10           200 PM
 AVERAGE    23

..........................................................


THE ONTARIO OR CLIMATE NORMALS FOR TODAY
                         NORMAL    RECORD    YEAR
 MAXIMUM TEMPERATURE (F)   86       108      1970
 MINIMUM TEMPERATURE (F)   54        37      1993


SUNRISE AND SUNSET
JUNE 23 2017..........SUNRISE   606 AM MDT   SUNSET   935 PM MDT
JUNE 24 2017..........SUNRISE   606 AM MDT   SUNSET   935 PM MDT


-  INDICATES NEGATIVE NUMBERS.
R  INDICATES RECORD WAS SET OR TIED.
MM INDICATES DATA IS MISSING.
T  INDICATES TRACE AMOUNT.




$$
