000
CDUS45 KBOI 260931
CLIONO


CLIMATE REPORT
NATIONAL WEATHER SERVICE BOISE ID
330 AM MDT MON SEP 26 2016


...................................

...THE ONTARIO OR CLIMATE SUMMARY FOR SEPTEMBER 25 2016...

CLIMATE NORMAL PERIOD 1981 TO 2010
CLIMATE RECORD PERIOD 1948 TO 2016


WEATHER ITEM   OBSERVED TIME   RECORD YEAR NORMAL DEPARTURE LAST
                VALUE   (LST)  VALUE       VALUE  FROM      YEAR
                                                  NORMAL
..................................................................
TEMPERATURE (F)
 YESTERDAY
  MAXIMUM         79    522 PM  94    2009  77      2       87
  MINIMUM         39    639 AM  25    1984  41     -2       41
  AVERAGE         59                        59      0       64

PRECIPITATION (IN)
  YESTERDAY        0.00          0.39 1998   0.02  -0.02     0.00
  MONTH TO DATE    0.05                      0.33  -0.28     0.45
  SINCE OCT 1      7.37                      9.98  -2.61     9.70
  SINCE JAN 1      2.62                      6.57  -3.95     5.24

DEGREE DAYS
 HEATING
  YESTERDAY        6                         6      0        1
  MONTH TO DATE   70                        80    -10       73
  SINCE SEP 1     70                        80    -10       73
  SINCE JUL 1     79                        96    -17       75

 COOLING
  YESTERDAY        0                         1     -1        0
  MONTH TO DATE   21                        56    -35       49
  SINCE SEP 1     21                        56    -35       49
  SINCE JAN 1    966                       849    117     1153
..................................................................


WIND (MPH)
  HIGHEST WIND SPEED     9   HIGHEST WIND DIRECTION     W (260)
  HIGHEST GUST SPEED    10   HIGHEST GUST DIRECTION     W (250)
  AVERAGE WIND SPEED     1.6


SKY COVER
  AVERAGE SKY COVER 0.0


WEATHER CONDITIONS
 THE FOLLOWING WEATHER WAS RECORDED YESTERDAY.
  HAZE


RELATIVE HUMIDITY (PERCENT)
 HIGHEST    79           600 AM
 LOWEST     13           500 PM
 AVERAGE    46

..........................................................


THE ONTARIO OR CLIMATE NORMALS FOR TODAY
                         NORMAL    RECORD    YEAR
 MAXIMUM TEMPERATURE (F)   77        92      1962
 MINIMUM TEMPERATURE (F)   41        26      1972


SUNRISE AND SUNSET
SEPTEMBER 26 2016.....SUNRISE   741 AM MDT   SUNSET   737 PM MDT
SEPTEMBER 27 2016.....SUNRISE   742 AM MDT   SUNSET   735 PM MDT


-  INDICATES NEGATIVE NUMBERS.
R  INDICATES RECORD WAS SET OR TIED.
MM INDICATES DATA IS MISSING.
T  INDICATES TRACE AMOUNT.




$$
