000
CDUS45 KBOI 010931
CLIONO


CLIMATE REPORT
NATIONAL WEATHER SERVICE BOISE ID
330 AM MDT TUE SEP 1 2015


...................................

...THE ONTARIO OR CLIMATE SUMMARY FOR AUGUST 31 2015...

CLIMATE NORMAL PERIOD 1981 TO 2010
CLIMATE RECORD PERIOD 1948 TO 2015


WEATHER ITEM   OBSERVED TIME   RECORD YEAR NORMAL DEPARTURE LAST
                VALUE   (LST)  VALUE       VALUE  FROM      YEAR
                                                  NORMAL
..................................................................
TEMPERATURE (F)
 YESTERDAY
  MAXIMUM         83    415 PM 102    1967  87     -4       78
  MINIMUM         50    612 AM  35    1965  50      0       49
  AVERAGE         67                        69     -2       64

PRECIPITATION (IN)
  YESTERDAY        0.00          0.39 1984   0.01  -0.01     0.00
  MONTH TO DATE    0.02                      0.18  -0.16     0.53
  SINCE OCT 1      9.25                      9.65  -0.40     7.05
  SINCE JAN 1      4.79                      6.24  -1.45     5.54

DEGREE DAYS
 HEATING
  YESTERDAY        0                         1     -1        1
  MONTH TO DATE    0                         7     -7        1
  SINCE JUN 1      3                        68    -65       29
  SINCE JUL 1      2                        16    -14        1

 COOLING
  YESTERDAY        2                         5     -3        0
  MONTH TO DATE  341                       270     71      296
  SINCE JUN 1   1071                       757    314      949
  SINCE JAN 1   1104                       793    311      997
..................................................................


WIND (MPH)
  HIGHEST WIND SPEED     9   HIGHEST WIND DIRECTION     W (270)
  HIGHEST GUST SPEED    13   HIGHEST GUST DIRECTION     W (280)
  AVERAGE WIND SPEED     3.3


SKY COVER
  AVERAGE SKY COVER 0.0


WEATHER CONDITIONS
 THE FOLLOWING WEATHER WAS RECORDED YESTERDAY.
  NO SIGNIFICANT WEATHER WAS OBSERVED.


RELATIVE HUMIDITY (PERCENT)
 HIGHEST    71           400 AM
 LOWEST     24           600 PM
 AVERAGE    48

..........................................................


THE ONTARIO OR CLIMATE NORMALS FOR TODAY
                         NORMAL    RECORD    YEAR
 MAXIMUM TEMPERATURE (F)   87       104      1967
 MINIMUM TEMPERATURE (F)   50        37      1965


SUNRISE AND SUNSET
SEPTEMBER  1 2015.....SUNRISE   711 AM MDT   SUNSET   824 PM MDT
SEPTEMBER  2 2015.....SUNRISE   712 AM MDT   SUNSET   822 PM MDT


-  INDICATES NEGATIVE NUMBERS.
R  INDICATES RECORD WAS SET OR TIED.
MM INDICATES DATA IS MISSING.
T  INDICATES TRACE AMOUNT.




$$
