000
CDUS46 KSGX 280018
CLIONT


CLIMATE REPORT
NATIONAL WEATHER SERVICE SAN DIEGO, CA
518 PM PDT WED MAY 27 2015


...................................

...THE ONTARIO INTL AIRPORT CA CLIMATE SUMMARY FOR MAY 27 2015...
VALID TODAY AS OF 0500 PM LOCAL TIME.

CLIMATE NORMAL PERIOD 1981 TO 2010
CLIMATE RECORD PERIOD 1998 TO 2015


WEATHER ITEM   OBSERVED TIME   RECORD YEAR NORMAL DEPARTURE LAST
                VALUE   (LST)  VALUE       VALUE  FROM      YEAR
                                                  NORMAL
..................................................................
TEMPERATURE (F)
 TODAY
  MAXIMUM         79    337 PM  99    2000  81     -2       92
  MINIMUM         59    637 AM  46    1998  57      2       62
  AVERAGE         69                        69      0       77

PRECIPITATION (IN)
  TODAY            0.00          0.01 2001   0.00   0.00     0.00
  MONTH TO DATE    0.94                      0.28   0.66     0.07
  SINCE OCT 1      9.87                     14.41  -4.54     4.37
  SINCE JAN 1      4.23                     10.24  -6.01     3.49

SNOWFALL (IN)
  TODAY            0.0
  MONTH TO DATE    0.0
  SINCE MAR 1      0.0
  SINCE JUL 1      0.0
  SNOW DEPTH       0

DEGREE DAYS
 HEATING
  TODAY            0                         1     -1        0
  MONTH TO DATE   70                        35     35       14
  SINCE MAR 1    183                       371   -188      150
  SINCE JUL 1    783                      1528   -745      836

 COOLING
  TODAY            4                         4      0       12
  MONTH TO DATE   42                        90    -48      182
  SINCE MAR 1    238                       143     95      322
  SINCE JAN 1    268                       149    119      352
..................................................................


WIND (MPH)
  RESULTANT WIND SPEED   5   RESULTANT WIND DIRECTION   W (270)
  HIGHEST WIND SPEED    16   HIGHEST WIND DIRECTION     W (270)
  HIGHEST GUST SPEED    21   HIGHEST GUST DIRECTION     W (270)
  AVERAGE WIND SPEED     5.6


SKY COVER
  POSSIBLE SUNSHINE  MM
  AVERAGE SKY COVER 0.7


WEATHER CONDITIONS
 THE FOLLOWING WEATHER WAS RECORDED TODAY.
  HAZE


RELATIVE HUMIDITY (PERCENT)
 HIGHEST    80          1200 AM
 LOWEST     39           200 PM
 AVERAGE    60

..........................................................


THE ONTARIO INTL AIRPORT CA CLIMATE NORMALS FOR TOMORROW
                         NORMAL    RECORD    YEAR
 MAXIMUM TEMPERATURE (F)   81       103      2003
 MINIMUM TEMPERATURE (F)   57        50      2010


SUNRISE AND SUNSET
MAY 27 2015...........SUNRISE   542 AM PDT   SUNSET   753 PM PDT
MAY 28 2015...........SUNRISE   542 AM PDT   SUNSET   754 PM PDT


-  INDICATES NEGATIVE NUMBERS.
R  INDICATES RECORD WAS SET OR TIED.
MM INDICATES DATA IS MISSING.
T  INDICATES TRACE AMOUNT.




$$
