000
CDUS46 KSGX 211416
CLIONT


CLIMATE REPORT
NATIONAL WEATHER SERVICE SAN DIEGO, CA
716 AM PDT SUN SEP 21 2014


...................................

...THE ONTARIO INTL AIRPORT CA CLIMATE SUMMARY FOR SEPTEMBER 20 2014...

CLIMATE NORMAL PERIOD 1981 TO 2010
CLIMATE RECORD PERIOD 1998 TO 2014


WEATHER ITEM   OBSERVED TIME   RECORD YEAR NORMAL DEPARTURE LAST
                VALUE   (LST)  VALUE       VALUE  FROM      YEAR
                                                  NORMAL
..................................................................
TEMPERATURE (F)
 YESTERDAY
  MAXIMUM         82    350 PM 101    2012  88     -6       78
  MINIMUM         64    507 AM  53    1999  62      2       63
  AVERAGE         73                        75     -2       71

PRECIPITATION (IN)
  YESTERDAY        0.00          0.29 2005   0.01  -0.01     0.00
  MONTH TO DATE    0.12                      0.15  -0.03      T
  SINCE JUL 1      0.25                      0.37  -0.12     0.04
  SINCE JAN 1      3.74                     10.75  -7.01     2.83

SNOWFALL (IN)
  YESTERDAY        0.0
  MONTH TO DATE    0.0
  SINCE JAN 1      0.0
  SINCE JUL 1      0.0
  SNOW DEPTH       0

DEGREE DAYS
 HEATING
  YESTERDAY        0                         0      0        0
  MONTH TO DATE    0                         0      0        0
  SINCE SEP 1      0                         0      0        0
  SINCE JUL 1      0                         0      0        0

 COOLING
  YESTERDAY        8                        10     -2        6
  MONTH TO DATE  362                       243    119      331
  SINCE SEP 1    362                       243    119      331
  SINCE JAN 1   1981                      1466    515     1804
..................................................................


WIND (MPH)
  RESULTANT WIND SPEED   7   RESULTANT WIND DIRECTION   W (250)
  HIGHEST WIND SPEED    15   HIGHEST WIND DIRECTION     W (270)
  HIGHEST GUST SPEED    19   HIGHEST GUST DIRECTION     W (260)
  AVERAGE WIND SPEED     7.0


SKY COVER
  POSSIBLE SUNSHINE  MM
  AVERAGE SKY COVER 0.3


WEATHER CONDITIONS
 THE FOLLOWING WEATHER WAS RECORDED YESTERDAY.
  NO SIGNIFICANT WEATHER WAS OBSERVED.


RELATIVE HUMIDITY (PERCENT)
 HIGHEST    87           500 AM
 LOWEST     49           200 PM
 AVERAGE    68

..........................................................


THE ONTARIO INTL AIRPORT CA CLIMATE NORMALS FOR TODAY
                         NORMAL    RECORD    YEAR
 MAXIMUM TEMPERATURE (F)   88       105      2003
 MINIMUM TEMPERATURE (F)   62        53      2007


SUNRISE AND SUNSET
SEPTEMBER 21 2014.....SUNRISE   638 AM PDT   SUNSET   648 PM PDT
SEPTEMBER 22 2014.....SUNRISE   639 AM PDT   SUNSET   647 PM PDT


-  INDICATES NEGATIVE NUMBERS.
R  INDICATES RECORD WAS SET OR TIED.
MM INDICATES DATA IS MISSING.
T  INDICATES TRACE AMOUNT.




$$
