000
CDUS46 KSGX 231425
CLIONT


CLIMATE REPORT
NATIONAL WEATHER SERVICE SAN DIEGO, CA
725 AM PDT THU OCT 23 2014


...................................

...THE ONTARIO INTL AIRPORT CA CLIMATE SUMMARY FOR OCTOBER 22 2014...

CLIMATE NORMAL PERIOD 1981 TO 2010
CLIMATE RECORD PERIOD 1998 TO 2014


WEATHER ITEM   OBSERVED TIME   RECORD YEAR NORMAL DEPARTURE LAST
                VALUE   (LST)  VALUE       VALUE  FROM      YEAR
                                                  NORMAL
..................................................................
TEMPERATURE (F)
 YESTERDAY
  MAXIMUM         89    309 PM 100    2003  79     10       83
  MINIMUM         57    328 AM  50    2004  54      3       53
  AVERAGE         73                        66      7       68

PRECIPITATION (IN)
  YESTERDAY        0.00          0.03 2010   0.02  -0.02     0.00
  MONTH TO DATE    0.00                      0.36  -0.36     0.09
  SINCE JUL 1      0.25                      0.85  -0.60     0.13
  SINCE JAN 1      3.74                     11.23  -7.49     2.92

SNOWFALL (IN)
  YESTERDAY        0.0
  MONTH TO DATE    0.0
  SINCE JAN 1      0.0
  SINCE JUL 1      0.0
  SNOW DEPTH       0

DEGREE DAYS
 HEATING
  YESTERDAY        0                         2     -2        0
  MONTH TO DATE    0                        21    -21       19
  SINCE SEP 1      0                        24    -24       19
  SINCE JUL 1      0                        24    -24       19

 COOLING
  YESTERDAY        8                         3      5        3
  MONTH TO DATE  202                       108     94       95
  SINCE SEP 1    676                       436    240      491
  SINCE JAN 1   2295                      1659    636     1964
..................................................................


WIND (MPH)
  RESULTANT WIND SPEED   2   RESULTANT WIND DIRECTION   W (250)
  HIGHEST WIND SPEED    12   HIGHEST WIND DIRECTION     W (260)
  HIGHEST GUST SPEED    17   HIGHEST GUST DIRECTION     W (280)
  AVERAGE WIND SPEED     3.1


SKY COVER
  POSSIBLE SUNSHINE  MM
  AVERAGE SKY COVER 0.5


WEATHER CONDITIONS
 THE FOLLOWING WEATHER WAS RECORDED YESTERDAY.
  NO SIGNIFICANT WEATHER WAS OBSERVED.


RELATIVE HUMIDITY (PERCENT)
 HIGHEST    80           400 AM
 LOWEST     17           300 PM
 AVERAGE    49

..........................................................


THE ONTARIO INTL AIRPORT CA CLIMATE NORMALS FOR TODAY
                         NORMAL    RECORD    YEAR
 MAXIMUM TEMPERATURE (F)   79        98      2003
 MINIMUM TEMPERATURE (F)   53        50      2004


SUNRISE AND SUNSET
OCTOBER 23 2014.......SUNRISE   702 AM PDT   SUNSET   607 PM PDT
OCTOBER 24 2014.......SUNRISE   703 AM PDT   SUNSET   606 PM PDT


-  INDICATES NEGATIVE NUMBERS.
R  INDICATES RECORD WAS SET OR TIED.
MM INDICATES DATA IS MISSING.
T  INDICATES TRACE AMOUNT.




$$
