000
CDUS41 KAKQ 190826
CLIORF


CLIMATE REPORT
NATIONAL WEATHER SERVICE WAKEFIELD, VA
426 AM EDT FRI SEP 19 2014


...................................

...THE NORFOLK VA CLIMATE SUMMARY FOR SEPTEMBER 18 2014...

CLIMATE NORMAL PERIOD 1981 TO 2010
CLIMATE RECORD PERIOD 1871 TO 2014


WEATHER ITEM   OBSERVED TIME   RECORD YEAR NORMAL DEPARTURE LAST
                VALUE   (LST)  VALUE       VALUE  FROM      YEAR
                                                  NORMAL
..................................................................
TEMPERATURE (F)
 YESTERDAY
  MAXIMUM         76    217 PM  96    1896  79     -3       74
  MINIMUM         62    331 AM  50    1966  65     -3       58
  AVERAGE         69                        72     -3       66

PRECIPITATION (IN)
  YESTERDAY        0.00          4.02 2003   0.16  -0.16     0.00
  MONTH TO DATE    7.06                      3.01   4.05     0.39
  SINCE SEP 1      7.06                      3.01   4.05     0.39
  SINCE JAN 1     39.47                     34.95   4.52    33.66

SNOWFALL (IN)
  YESTERDAY        0.0           0.0  2002   0.0    0.0
                                      2001
  MONTH TO DATE    0.0                       0.0    0.0
  SINCE NOV 1     15.5                       5.8    9.7
  SINCE JUL 1      0.0                       0.0    0.0
  SNOW DEPTH       0

DEGREE DAYS
 HEATING
  YESTERDAY        0                         0      0        0
  MONTH TO DATE    0                         0      0        0
  SINCE SEP 1      0                         0      0        0
  SINCE JUL 1      0                         0      0        0

 COOLING
  YESTERDAY        4                         7     -3        1
  MONTH TO DATE  211                       165     46      181
  SINCE SEP 1    211                       165     46      181
  SINCE JAN 1   1584                      1500     84     1630
..................................................................


WIND (MPH)
  HIGHEST WIND SPEED    13   HIGHEST WIND DIRECTION    NE (60)
  HIGHEST GUST SPEED    17   HIGHEST GUST DIRECTION    NE (60)
  AVERAGE WIND SPEED     4.9


SKY COVER
  POSSIBLE SUNSHINE  MM
  AVERAGE SKY COVER 0.2


WEATHER CONDITIONS
 THE FOLLOWING WEATHER WAS RECORDED YESTERDAY.
  NO SIGNIFICANT WEATHER WAS OBSERVED.


RELATIVE HUMIDITY (PERCENT)
 HIGHEST    90           300 AM
 LOWEST     36           200 PM
 AVERAGE    63

..........................................................


THE NORFOLK VA CLIMATE NORMALS FOR TODAY
                         NORMAL    RECORD    YEAR
 MAXIMUM TEMPERATURE (F)   79       100      1895
 MINIMUM TEMPERATURE (F)   65        50      1889


SUNRISE AND SUNSET
SEPTEMBER 19 2014.....SUNRISE   650 AM EDT   SUNSET   706 PM EDT
SEPTEMBER 20 2014.....SUNRISE   651 AM EDT   SUNSET   705 PM EDT


-  INDICATES NEGATIVE NUMBERS.
R  INDICATES RECORD WAS SET OR TIED.
MM INDICATES DATA IS MISSING.
T  INDICATES TRACE AMOUNT.




$$
