000
CDUS41 KAKQ 250626
CLIORF


CLIMATE REPORT
NATIONAL WEATHER SERVICE WAKEFIELD, VA
126 AM EST SAT NOV 25 2017


...................................

...THE NORFOLK VA CLIMATE SUMMARY FOR NOVEMBER 24 2017...

CLIMATE NORMAL PERIOD 1981 TO 2010
CLIMATE RECORD PERIOD 1871 TO 2017


WEATHER ITEM   OBSERVED TIME   RECORD YEAR NORMAL DEPARTURE LAST
                VALUE   (LST)  VALUE       VALUE  FROM      YEAR
                                                  NORMAL
..................................................................
TEMPERATURE (F)
 YESTERDAY
  MAXIMUM         52    257 PM  78    1983  59     -7       61
  MINIMUM         29    552 AM  24    1970  42    -13       40
  AVERAGE         41                        50     -9       51

PRECIPITATION (IN)
  YESTERDAY        0.00          1.07 1877   0.11  -0.11     0.13
  MONTH TO DATE    1.17                      2.52  -1.35     0.94
  SINCE SEP 1      8.22                     10.70  -2.48    23.91
  SINCE JAN 1     46.76                     42.64   4.12    66.28

SNOWFALL (IN)
  YESTERDAY        0.0           0.2  1893   0.0    0.0
  MONTH TO DATE    0.0                       0.0    0.0
  SINCE NOV 1      0.0                       0.0    0.0
  SINCE JUL 1      0.0                       0.0    0.0
  SNOW DEPTH       0

DEGREE DAYS
 HEATING
  YESTERDAY       24                        15      9       14
  MONTH TO DATE  272                       276     -4      312
  SINCE SEP 1    346                       433    -87      396
  SINCE JUL 1    346                       433    -87      396

 COOLING
  YESTERDAY        0                         0      0        0
  MONTH TO DATE   12                         1     11        6
  SINCE SEP 1    415                       286    129      441
  SINCE JAN 1   2107                      1621    486     1993
..................................................................


WIND (MPH)
  HIGHEST WIND SPEED    12   HIGHEST WIND DIRECTION    NE (30)
  HIGHEST GUST SPEED    17   HIGHEST GUST DIRECTION     E (90)
  AVERAGE WIND SPEED     3.1


SKY COVER
  POSSIBLE SUNSHINE  MM
  AVERAGE SKY COVER 0.0


WEATHER CONDITIONS
 THE FOLLOWING WEATHER WAS RECORDED YESTERDAY.
  FOG


RELATIVE HUMIDITY (PERCENT)
 HIGHEST   100           500 AM
 LOWEST     59          1200 PM
 AVERAGE    80

..........................................................


THE NORFOLK VA CLIMATE NORMALS FOR TODAY
                         NORMAL    RECORD    YEAR
 MAXIMUM TEMPERATURE (F)   58        80      1973
 MINIMUM TEMPERATURE (F)   42        22      1950


SUNRISE AND SUNSET
NOVEMBER 25 2017......SUNRISE   654 AM EST   SUNSET   450 PM EST
NOVEMBER 26 2017......SUNRISE   655 AM EST   SUNSET   450 PM EST


-  INDICATES NEGATIVE NUMBERS.
R  INDICATES RECORD WAS SET OR TIED.
MM INDICATES DATA IS MISSING.
T  INDICATES TRACE AMOUNT.




$$
