000
CDUS41 KAKQ 290545
CLIORF


CLIMATE REPORT
NATIONAL WEATHER SERVICE WAKEFIELD, VA
145 AM EDT SAT APR 29 2017


...................................

...THE NORFOLK VA CLIMATE SUMMARY FOR APRIL 28 2017...

CLIMATE NORMAL PERIOD 1981 TO 2010
CLIMATE RECORD PERIOD 1871 TO 2017


WEATHER ITEM   OBSERVED TIME   RECORD YEAR NORMAL DEPARTURE LAST
                VALUE   (LST)  VALUE       VALUE  FROM      YEAR
                                                  NORMAL
..................................................................
TEMPERATURE (F)
 YESTERDAY
  MAXIMUM         87    312 PM  93    1957  71     16       60
  MINIMUM         71    633 AM  38    1898  53     18       55
  AVERAGE         79                        62     17       58

PRECIPITATION (IN)
  YESTERDAY        0.78          1.50 1895   0.11   0.67     0.52
  MONTH TO DATE    3.58                      3.19   0.39     2.65
  SINCE MAR 1      8.19                      6.87   1.32     6.11
  SINCE JAN 1     13.26                     13.39  -0.13    16.98

SNOWFALL (IN)
  YESTERDAY        0.0           0.0  2002   0.0    0.0
  MONTH TO DATE    0.0                       0.0    0.0
  SINCE NOV 1      5.4                       5.8   -0.4
  SINCE JUL 1      5.4                       5.8   -0.4
  SNOW DEPTH       0

DEGREE DAYS
 HEATING
  YESTERDAY        0                         5     -5        7
  MONTH TO DATE   94                       229   -135      224
  SINCE MAR 1    566                       721   -155      519
  SINCE JUL 1   2618                      3290   -672     2435

 COOLING
  YESTERDAY       14                         2     12        0
  MONTH TO DATE  110                        36     74       30
  SINCE MAR 1    126                        42     84       48
  SINCE JAN 1    129                        43     86       48
..................................................................


WIND (MPH)
  HIGHEST WIND SPEED    18   HIGHEST WIND DIRECTION    SW (210)
  HIGHEST GUST SPEED    22   HIGHEST GUST DIRECTION    SW (210)
  AVERAGE WIND SPEED     9.3


SKY COVER
  POSSIBLE SUNSHINE  MM
  AVERAGE SKY COVER 0.5


WEATHER CONDITIONS
 THE FOLLOWING WEATHER WAS RECORDED YESTERDAY.
  HEAVY RAIN
  LIGHT RAIN
  FOG


RELATIVE HUMIDITY (PERCENT)
 HIGHEST    93           600 AM
 LOWEST     61           300 PM
 AVERAGE    77

..........................................................


THE NORFOLK VA CLIMATE NORMALS FOR TODAY
                         NORMAL    RECORD    YEAR
 MAXIMUM TEMPERATURE (F)   71        92      1974
 MINIMUM TEMPERATURE (F)   53        38      1874


SUNRISE AND SUNSET
APRIL 29 2017.........SUNRISE   613 AM EDT   SUNSET   752 PM EDT
APRIL 30 2017.........SUNRISE   612 AM EDT   SUNSET   753 PM EDT


-  INDICATES NEGATIVE NUMBERS.
R  INDICATES RECORD WAS SET OR TIED.
MM INDICATES DATA IS MISSING.
T  INDICATES TRACE AMOUNT.




$$
