000
CDUS41 KAKQ 290829
CLIORF


CLIMATE REPORT
NATIONAL WEATHER SERVICE WAKEFIELD, VA
429 AM EDT SUN MAR 29 2015


...................................

...THE NORFOLK VA CLIMATE SUMMARY FOR MARCH 28 2015...

CLIMATE NORMAL PERIOD 1981 TO 2010
CLIMATE RECORD PERIOD 1871 TO 2015


WEATHER ITEM   OBSERVED TIME   RECORD YEAR NORMAL DEPARTURE LAST
                VALUE   (LST)  VALUE       VALUE  FROM      YEAR
                                                  NORMAL
..................................................................
TEMPERATURE (F)
 YESTERDAY
  MAXIMUM         43    310 AM  89    1907  62    -19       75
  MINIMUM         33   1159 PM  28    1982  44    -11       43
                                      1894
  AVERAGE         38                        53    -15       59

PRECIPITATION (IN)
  YESTERDAY        0.00          2.00 1984   0.12  -0.12     0.00
  MONTH TO DATE    2.58                      3.33  -0.75     3.22
  SINCE MAR 1      2.58                      3.33  -0.75     3.22
  SINCE JAN 1      8.76                      9.85  -1.09     9.51

SNOWFALL (IN)
  YESTERDAY        0.0           0.8  1947   0.0    0.0
  MONTH TO DATE    0.2                       0.2    0.0
  SINCE NOV 1     12.7                       5.8    6.9
  SINCE JUL 1     12.7                       5.8    6.9
  SNOW DEPTH       0

DEGREE DAYS
 HEATING
  YESTERDAY       27                        12     15        6
  MONTH TO DATE  484                       457     27      549
  SINCE MAR 1    484                       457     27      549
  SINCE JUL 1   3320                      3026    294     3160

 COOLING
  YESTERDAY        0                         0      0        0
  MONTH TO DATE    2                         0      2        0
  SINCE MAR 1      2                         0      2        0
  SINCE JAN 1      2                         1      1        0
..................................................................


WIND (MPH)
  HIGHEST WIND SPEED    21   HIGHEST WIND DIRECTION     N (350)
  HIGHEST GUST SPEED    29   HIGHEST GUST DIRECTION     N (350)
  AVERAGE WIND SPEED    11.4


SKY COVER
  POSSIBLE SUNSHINE  MM
  AVERAGE SKY COVER 0.8


WEATHER CONDITIONS
 THE FOLLOWING WEATHER WAS RECORDED YESTERDAY.
  NO SIGNIFICANT WEATHER WAS OBSERVED.


RELATIVE HUMIDITY (PERCENT)
 HIGHEST    82          1200 AM
 LOWEST     30           600 PM
 AVERAGE    56

..........................................................


THE NORFOLK VA CLIMATE NORMALS FOR TODAY
                         NORMAL    RECORD    YEAR
 MAXIMUM TEMPERATURE (F)   62        92      1907
 MINIMUM TEMPERATURE (F)   44        25      1982


SUNRISE AND SUNSET
MARCH 29 2015.........SUNRISE   655 AM EDT   SUNSET   724 PM EDT
MARCH 30 2015.........SUNRISE   654 AM EDT   SUNSET   725 PM EDT


-  INDICATES NEGATIVE NUMBERS.
R  INDICATES RECORD WAS SET OR TIED.
MM INDICATES DATA IS MISSING.
T  INDICATES TRACE AMOUNT.




$$
