000
CDUS41 KAKQ 160645
CLIORF


CLIMATE REPORT
NATIONAL WEATHER SERVICE WAKEFIELD, VA
145 AM EST MON JAN 16 2017


...................................

...THE NORFOLK VA CLIMATE SUMMARY FOR JANUARY 15 2017...

CLIMATE NORMAL PERIOD 1981 TO 2010
CLIMATE RECORD PERIOD 1871 TO 2017


WEATHER ITEM   OBSERVED TIME   RECORD YEAR NORMAL DEPARTURE LAST
                VALUE   (LST)  VALUE       VALUE  FROM      YEAR
                                                  NORMAL
..................................................................
TEMPERATURE (F)
 YESTERDAY
  MAXIMUM         43    209 PM  76    1907  48     -5       59
  MINIMUM         40    918 PM  11    1994  33      7       34
  AVERAGE         42                        40      2       47

PRECIPITATION (IN)
  YESTERDAY        0.00          1.28 1892   0.12  -0.12     1.09
  MONTH TO DATE    3.11                      1.66   1.45     1.20
  SINCE DEC 1      5.65                      4.92   0.73     4.57
  SINCE JAN 1      3.11                      1.66   1.45     1.20

SNOWFALL (IN)
  YESTERDAY        0.0           2.3  1957   0.1   -0.1
  MONTH TO DATE    5.3                       1.2    4.1
  SINCE NOV 1      5.3                       2.4    2.9
  SINCE JUL 1      5.3                       2.4    2.9
  SNOW DEPTH       0

DEGREE DAYS
 HEATING
  YESTERDAY       23                        25     -2       18
  MONTH TO DATE  334                       370    -36      323
  SINCE DEC 1    941                      1019    -78      578
  SINCE JUL 1   1404                      1549   -145      917

 COOLING
  YESTERDAY        0                         0      0        0
  MONTH TO DATE    0                         0      0        0
  SINCE DEC 1      0                         1     -1       29
  SINCE JAN 1      0                         0      0        0
..................................................................


WIND (MPH)
  HIGHEST WIND SPEED    20   HIGHEST WIND DIRECTION     N (20)
  HIGHEST GUST SPEED    23   HIGHEST GUST DIRECTION     N (20)
  AVERAGE WIND SPEED     7.0


SKY COVER
  POSSIBLE SUNSHINE  MM
  AVERAGE SKY COVER 0.7


WEATHER CONDITIONS
 THE FOLLOWING WEATHER WAS RECORDED YESTERDAY.
  NO SIGNIFICANT WEATHER WAS OBSERVED.


RELATIVE HUMIDITY (PERCENT)
 HIGHEST    93           100 AM
 LOWEST     70           100 PM
 AVERAGE    82

..........................................................


THE NORFOLK VA CLIMATE NORMALS FOR TODAY
                         NORMAL    RECORD    YEAR
 MAXIMUM TEMPERATURE (F)   48        73      1877
 MINIMUM TEMPERATURE (F)   33         7      1893


SUNRISE AND SUNSET
JANUARY 16 2017.......SUNRISE   716 AM EST   SUNSET   513 PM EST
JANUARY 17 2017.......SUNRISE   716 AM EST   SUNSET   514 PM EST


-  INDICATES NEGATIVE NUMBERS.
R  INDICATES RECORD WAS SET OR TIED.
MM INDICATES DATA IS MISSING.
T  INDICATES TRACE AMOUNT.




$$
