000
CDUS41 KAKQ 240529
CLIORF


CLIMATE REPORT
NATIONAL WEATHER SERVICE WAKEFIELD, VA
127 AM EDT TUE MAY 24 2016


...................................

...THE NORFOLK VA CLIMATE SUMMARY FOR MAY 23 2016...

CLIMATE NORMAL PERIOD 1981 TO 2010
CLIMATE RECORD PERIOD 1871 TO 2016


WEATHER ITEM   OBSERVED TIME   RECORD YEAR NORMAL DEPARTURE LAST
                VALUE   (LST)  VALUE       VALUE  FROM      YEAR
                                                  NORMAL
..................................................................
TEMPERATURE (F)
 YESTERDAY
  MAXIMUM         66    413 PM  95    1944  77    -11       69
                                      1941
  MINIMUM         57   1034 PM  45    2002  60     -3       57
  AVERAGE         62                        69     -7       63

PRECIPITATION (IN)
  YESTERDAY        1.22R         1.03 1956   0.11   1.11      T
  MONTH TO DATE    4.32                      2.43   1.89     1.25
  SINCE MAR 1     10.56                      9.52   1.04     8.56
  SINCE JAN 1     21.43                     16.04   5.39    14.74

SNOWFALL (IN)
  YESTERDAY        0.0           0.0  2002   0.0    0.0
                                      2001
  MONTH TO DATE    0.0                       0.0    0.0
  SINCE NOV 1      5.0                       5.8   -0.8
  SINCE JUL 1      5.0                       5.8   -0.8
  SNOW DEPTH       0

DEGREE DAYS
 HEATING
  YESTERDAY        3                         1      2        2
  MONTH TO DATE   70                        63      7       30
  SINCE MAR 1    606                       794   -188      763
  SINCE JUL 1   2522                      3363   -841     3599

 COOLING
  YESTERDAY        0                         5     -5        0
  MONTH TO DATE   33                        75    -42      121
  SINCE MAR 1     81                       118    -37      146
  SINCE JAN 1     81                       119    -38      146
..................................................................


WIND (MPH)
  HIGHEST WIND SPEED    23   HIGHEST WIND DIRECTION     N (20)
  HIGHEST GUST SPEED    30   HIGHEST GUST DIRECTION     N (360)
  AVERAGE WIND SPEED     7.6


SKY COVER
  POSSIBLE SUNSHINE  MM
  AVERAGE SKY COVER 0.7


WEATHER CONDITIONS
 THE FOLLOWING WEATHER WAS RECORDED YESTERDAY.
  HEAVY RAIN
  RAIN
  LIGHT RAIN
  FOG


RELATIVE HUMIDITY (PERCENT)
 HIGHEST    93           100 AM
 LOWEST     68           100 PM
 AVERAGE    81

..........................................................


THE NORFOLK VA CLIMATE NORMALS FOR TODAY
                         NORMAL    RECORD    YEAR
 MAXIMUM TEMPERATURE (F)   77        92      2011
                                             1964
                                             1962
 MINIMUM TEMPERATURE (F)   60        46      1931


SUNRISE AND SUNSET
MAY 24 2016...........SUNRISE   550 AM EDT   SUNSET   813 PM EDT
MAY 25 2016...........SUNRISE   550 AM EDT   SUNSET   814 PM EDT


-  INDICATES NEGATIVE NUMBERS.
R  INDICATES RECORD WAS SET OR TIED.
MM INDICATES DATA IS MISSING.
T  INDICATES TRACE AMOUNT.




$$
