914
CDUS41 KAKQ 222236
CLIORF


CLIMATE REPORT
NATIONAL WEATHER SERVICE WAKEFIELD, VA
536 PM EST WED FEB 22 2017


...................................

...THE NORFOLK VA CLIMATE SUMMARY FOR FEBRUARY 22 2017...
VALID TODAY AS OF 0500 PM LOCAL TIME.

CLIMATE NORMAL PERIOD 1981 TO 2010
CLIMATE RECORD PERIOD 1871 TO 2017


WEATHER ITEM   OBSERVED TIME   RECORD YEAR NORMAL DEPARTURE LAST
                VALUE   (LST)  VALUE       VALUE  FROM      YEAR
                                                  NORMAL
..................................................................
TEMPERATURE (F)
 TODAY
  MAXIMUM         70   1246 PM  77    2003  52     18       61
  MINIMUM         47    419 AM  16    1963  35     12       43
  AVERAGE         59

PRECIPITATION (IN)
  TODAY            0.00          1.12 1892   0.11  -0.11     0.04
  MONTH TO DATE    0.65                      2.43  -1.78     5.34
  SINCE DEC 1      7.60                      9.09  -1.49    13.33
  SINCE JAN 1      5.06                      5.83  -0.77     9.96

SNOWFALL (IN)
  TODAY            0.0
  MONTH TO DATE    0.0
  SINCE NOV 1      5.3
  SINCE JUL 1      5.3
  SNOW DEPTH       0

DEGREE DAYS
 HEATING
  TODAY            6                        21    -15       13
  MONTH TO DATE  343                       503   -160      485
  SINCE DEC 1   1558                      1915   -357     1473
  SINCE JUL 1   2021                      2445   -424     1812

 COOLING
  TODAY            0                         0      0        0
  MONTH TO DATE    0                         0      0        0
  SINCE DEC 1      0                         1     -1       29
  SINCE JAN 1      0                         0      0        0
..................................................................


WIND (MPH)
  RESULTANT WIND SPEED   3   RESULTANT WIND DIRECTION   S (200)
  HIGHEST WIND SPEED    13   HIGHEST WIND DIRECTION     S (190)
  HIGHEST GUST SPEED    19   HIGHEST GUST DIRECTION     S (190)


SKY COVER
  POSSIBLE SUNSHINE  MM
  AVERAGE SKY COVER 0.6


WEATHER CONDITIONS
 THE FOLLOWING WEATHER WAS RECORDED TODAY.
  NO SIGNIFICANT WEATHER WAS OBSERVED.


RELATIVE HUMIDITY (PERCENT)
 HIGHEST    93
 LOWEST     53
 AVERAGE    73

..........................................................


THE NORFOLK VA CLIMATE NORMALS FOR TOMORROW
                         NORMAL    RECORD    YEAR
 MAXIMUM TEMPERATURE (F)   52        79      1975
 MINIMUM TEMPERATURE (F)   36        15      1963


SUNRISE AND SUNSET
FEBRUARY 22 2017......SUNRISE   644 AM EST   SUNSET   552 PM EST
FEBRUARY 23 2017......SUNRISE   643 AM EST   SUNSET   553 PM EST


-  INDICATES NEGATIVE NUMBERS.
R  INDICATES RECORD WAS SET OR TIED.
MM INDICATES DATA IS MISSING.
T  INDICATES TRACE AMOUNT.




$$
