000
CDUS41 KAKQ 240534
CLIORF


CLIMATE REPORT
NATIONAL WEATHER SERVICE WAKEFIELD, VA
133 AM EDT SUN MAY 24 2015


...................................

...THE NORFOLK VA CLIMATE SUMMARY FOR MAY 23 2015...

CLIMATE NORMAL PERIOD 1981 TO 2010
CLIMATE RECORD PERIOD 1871 TO 2015


WEATHER ITEM   OBSERVED TIME   RECORD YEAR NORMAL DEPARTURE LAST
                VALUE   (LST)  VALUE       VALUE  FROM      YEAR
                                                  NORMAL
..................................................................
TEMPERATURE (F)
 YESTERDAY
  MAXIMUM         69    401 PM  95    1944  77     -8       76
                                      1941
  MINIMUM         57    320 AM  45    2002  60     -3       64
  AVERAGE         63                        69     -6       70

PRECIPITATION (IN)
  YESTERDAY        T             1.03 1956   0.11  -0.11     0.01
  MONTH TO DATE    1.25                      2.43  -1.18     3.37
  SINCE MAR 1      8.56                      9.52  -0.96    12.06
  SINCE JAN 1     14.74                     16.04  -1.30    18.35

SNOWFALL (IN)
  YESTERDAY        0.0           0.0  2002   0.0    0.0
                                      2001
  MONTH TO DATE    0.0                       0.0    0.0
  SINCE NOV 1     12.7                       5.8    6.9
  SINCE JUL 1     12.7                       5.8    6.9
  SNOW DEPTH       0

DEGREE DAYS
 HEATING
  YESTERDAY        2                         1      1        0
  MONTH TO DATE   30                        63    -33       24
  SINCE MAR 1    763                       794    -31      829
  SINCE JUL 1   3599                      3363    236     3440

 COOLING
  YESTERDAY        0                         5     -5        5
  MONTH TO DATE  121                        75     46      129
  SINCE MAR 1    146                       118     28      156
  SINCE JAN 1    146                       119     27      156
..................................................................


WIND (MPH)
  HIGHEST WIND SPEED    20   HIGHEST WIND DIRECTION    NE (30)
  HIGHEST GUST SPEED    24   HIGHEST GUST DIRECTION    NE (30)
  AVERAGE WIND SPEED     7.9


SKY COVER
  POSSIBLE SUNSHINE  MM
  AVERAGE SKY COVER 0.0


WEATHER CONDITIONS
 THE FOLLOWING WEATHER WAS RECORDED YESTERDAY.
  LIGHT RAIN


RELATIVE HUMIDITY (PERCENT)
 HIGHEST    69           500 AM
 LOWEST     39          1200 PM
 AVERAGE    54

..........................................................


THE NORFOLK VA CLIMATE NORMALS FOR TODAY
                         NORMAL    RECORD    YEAR
 MAXIMUM TEMPERATURE (F)   77        92      2011
                                             1964
                                             1962
 MINIMUM TEMPERATURE (F)   60        46      1931


SUNRISE AND SUNSET
MAY 24 2015...........SUNRISE   551 AM EDT   SUNSET   813 PM EDT
MAY 25 2015...........SUNRISE   550 AM EDT   SUNSET   814 PM EDT


-  INDICATES NEGATIVE NUMBERS.
R  INDICATES RECORD WAS SET OR TIED.
MM INDICATES DATA IS MISSING.
T  INDICATES TRACE AMOUNT.




$$
