000
CDUS41 KAKQ 250629
CLIORF


CLIMATE REPORT
NATIONAL WEATHER SERVICE WAKEFIELD, VA
128 AM EST SUN FEB 25 2018


...................................

...THE NORFOLK VA CLIMATE SUMMARY FOR FEBRUARY 24 2018...

CLIMATE NORMAL PERIOD 1981 TO 2010
CLIMATE RECORD PERIOD 1871 TO 2018


WEATHER ITEM   OBSERVED TIME   RECORD YEAR NORMAL DEPARTURE LAST
                VALUE   (LST)  VALUE       VALUE  FROM      YEAR
                                                  NORMAL
..................................................................
TEMPERATURE (F)
 YESTERDAY
  MAXIMUM         80    234 PM  82    2012  53     27       77
  MINIMUM         48   1148 PM  16    1947  36     12       52
                                      1914
                                      1901
  AVERAGE         64                        44     20       65

PRECIPITATION (IN)
  YESTERDAY        0.00          1.03 1989   0.12  -0.12     0.00
                                      1952
  MONTH TO DATE    1.71                      2.67  -0.96     0.66
  SINCE DEC 1      7.62                      9.33  -1.71     7.61
  SINCE JAN 1      5.22                      6.07  -0.85     5.07

SNOWFALL (IN)
  YESTERDAY        0.0           8.6  1989   0.1   -0.1
  MONTH TO DATE    T                         1.8   -1.8
  SINCE NOV 1     13.1                       5.4    7.7
  SINCE JUL 1     13.1                       5.4    7.7
  SNOW DEPTH       0

DEGREE DAYS
 HEATING
  YESTERDAY        1                        21    -20        0
  MONTH TO DATE  354                       545   -191      343
  SINCE DEC 1   1887                      1957    -70     1558
  SINCE JUL 1   2313                      2487   -174     2021

 COOLING
  YESTERDAY        0                         0      0        0
  MONTH TO DATE   14                         0     14        1
  SINCE DEC 1     15                         1     14        1
  SINCE JAN 1     15                         0     15        1
..................................................................


WIND (MPH)
  HIGHEST WIND SPEED    22   HIGHEST WIND DIRECTION    SW (230)
  HIGHEST GUST SPEED    29   HIGHEST GUST DIRECTION    SW (230)
  AVERAGE WIND SPEED    10.4


SKY COVER
  POSSIBLE SUNSHINE  MM
  AVERAGE SKY COVER 0.7


WEATHER CONDITIONS
 THE FOLLOWING WEATHER WAS RECORDED YESTERDAY.
  FOG
  FOG W/VISIBILITY <= 1/4 MILE


RELATIVE HUMIDITY (PERCENT)
 HIGHEST   100          1200 AM
 LOWEST     54           500 PM
 AVERAGE    77

..........................................................


THE NORFOLK VA CLIMATE NORMALS FOR TODAY
                         NORMAL    RECORD    YEAR
 MAXIMUM TEMPERATURE (F)   53        81      2017
                                             1930
 MINIMUM TEMPERATURE (F)   36        15      1914


SUNRISE AND SUNSET
FEBRUARY 25 2018......SUNRISE   641 AM EST   SUNSET   555 PM EST
FEBRUARY 26 2018......SUNRISE   640 AM EST   SUNSET   556 PM EST


-  INDICATES NEGATIVE NUMBERS.
R  INDICATES RECORD WAS SET OR TIED.
MM INDICATES DATA IS MISSING.
T  INDICATES TRACE AMOUNT.




$$
