608
CDUS41 KAKQ 100627
CLIORF


CLIMATE REPORT
NATIONAL WEATHER SERVICE WAKEFIELD, VA
126 AM EST WED FEB 10 2016


...................................

...THE NORFOLK VA CLIMATE SUMMARY FOR FEBRUARY 9 2016...

CLIMATE NORMAL PERIOD 1981 TO 2010
CLIMATE RECORD PERIOD 1871 TO 2016


WEATHER ITEM   OBSERVED TIME   RECORD YEAR NORMAL DEPARTURE LAST
                VALUE   (LST)  VALUE       VALUE  FROM      YEAR
                                                  NORMAL
..................................................................
TEMPERATURE (F)
 YESTERDAY
  MAXIMUM         50    332 PM  75    1937  50      0       60
  MINIMUM         37   1159 PM   6    1934  34      3       38
  AVERAGE         44                        42      2       49

PRECIPITATION (IN)
  YESTERDAY        0.01          0.96 1944   0.10  -0.09     0.27
  MONTH TO DATE    4.20                      0.98   3.22     0.58
  SINCE DEC 1     12.19                      7.64   4.55     7.92
  SINCE JAN 1      8.82                      4.38   4.44     4.22

SNOWFALL (IN)
  YESTERDAY        0.0           4.7  1967   0.0    0.0
  MONTH TO DATE    0.2                       0.7   -0.5
  SINCE NOV 1      3.0                       4.3   -1.3
  SINCE JUL 1      3.0                       4.3   -1.3
  SNOW DEPTH       0

DEGREE DAYS
 HEATING
  YESTERDAY       21                        23     -2       16
  MONTH TO DATE  163                       214    -51      217
  SINCE DEC 1   1151                      1626   -475     1588
  SINCE JUL 1   1490                      2156   -666     2151

 COOLING
  YESTERDAY        0                         0      0        0
  MONTH TO DATE    0                         0      0        0
  SINCE DEC 1     29                         1     28        0
  SINCE JAN 1      0                         0      0        0
..................................................................


WIND (MPH)
  HIGHEST WIND SPEED    17   HIGHEST WIND DIRECTION    SW (240)
  HIGHEST GUST SPEED    24   HIGHEST GUST DIRECTION     W (280)
  AVERAGE WIND SPEED     6.8


SKY COVER
  POSSIBLE SUNSHINE  MM
  AVERAGE SKY COVER 0.7


WEATHER CONDITIONS
 THE FOLLOWING WEATHER WAS RECORDED YESTERDAY.
  LIGHT RAIN


RELATIVE HUMIDITY (PERCENT)
 HIGHEST    89           200 AM
 LOWEST     39           900 PM
 AVERAGE    64

..........................................................


THE NORFOLK VA CLIMATE NORMALS FOR TODAY
                         NORMAL    RECORD    YEAR
 MAXIMUM TEMPERATURE (F)   50        76      1990
 MINIMUM TEMPERATURE (F)   34         5      1899


SUNRISE AND SUNSET
FEBRUARY 10 2016......SUNRISE   659 AM EST   SUNSET   539 PM EST
FEBRUARY 11 2016......SUNRISE   658 AM EST   SUNSET   540 PM EST


-  INDICATES NEGATIVE NUMBERS.
R  INDICATES RECORD WAS SET OR TIED.
MM INDICATES DATA IS MISSING.
T  INDICATES TRACE AMOUNT.




$$
