000
CDUS41 KAKQ 200828
CLIORF


CLIMATE REPORT
NATIONAL WEATHER SERVICE WAKEFIELD, VA
328 AM EST SAT DEC 20 2014


...................................

...THE NORFOLK VA CLIMATE SUMMARY FOR DECEMBER 19 2014...

CLIMATE NORMAL PERIOD 1981 TO 2010
CLIMATE RECORD PERIOD 1871 TO 2014


WEATHER ITEM   OBSERVED TIME   RECORD YEAR NORMAL DEPARTURE LAST
                VALUE   (LST)  VALUE       VALUE  FROM      YEAR
                                                  NORMAL
..................................................................
TEMPERATURE (F)
 YESTERDAY
  MAXIMUM         44    234 PM  77    1984  51     -7       61
  MINIMUM         35    618 AM  12    1884  35      0       29
  AVERAGE         40                        43     -3       45

PRECIPITATION (IN)
  YESTERDAY        0.00          1.17 1996   0.10  -0.10     0.00
  MONTH TO DATE    0.74                      2.01  -1.27     2.85
  SINCE DEC 1      0.74                      2.01  -1.27     2.85
  SINCE JAN 1     47.33                     45.28   2.05    43.75

SNOWFALL (IN)
  YESTERDAY        0.0           1.8  1919   0.0    0.0
  MONTH TO DATE    0.0                       0.4   -0.4
  SINCE NOV 1      0.0                       0.4   -0.4
  SINCE JUL 1      0.0                       0.4   -0.4
  SNOW DEPTH       0

DEGREE DAYS
 HEATING
  YESTERDAY       25                        22      3       20
  MONTH TO DATE  358                       372    -14      370
  SINCE DEC 1    358                       372    -14      370
  SINCE JUL 1    921                       902     19      901

 COOLING
  YESTERDAY        0                         0      0        0
  MONTH TO DATE    0                         0      0        0
  SINCE DEC 1      0                         0      0        0
  SINCE JAN 1   1724                      1628     96     1754
..................................................................


WIND (MPH)
  HIGHEST WIND SPEED    15   HIGHEST WIND DIRECTION     N (360)
  HIGHEST GUST SPEED    18   HIGHEST GUST DIRECTION     N (360)
  AVERAGE WIND SPEED     6.7


SKY COVER
  POSSIBLE SUNSHINE  MM
  AVERAGE SKY COVER 0.1


WEATHER CONDITIONS
 THE FOLLOWING WEATHER WAS RECORDED YESTERDAY.
  NO SIGNIFICANT WEATHER WAS OBSERVED.


RELATIVE HUMIDITY (PERCENT)
 HIGHEST    76           800 PM
 LOWEST     53          1200 PM
 AVERAGE    65

..........................................................


THE NORFOLK VA CLIMATE NORMALS FOR TODAY
                         NORMAL    RECORD    YEAR
 MAXIMUM TEMPERATURE (F)   51        73      1931
 MINIMUM TEMPERATURE (F)   35        15      2004


SUNRISE AND SUNSET
DECEMBER 20 2014......SUNRISE   713 AM EST   SUNSET   451 PM EST
DECEMBER 21 2014......SUNRISE   714 AM EST   SUNSET   452 PM EST


-  INDICATES NEGATIVE NUMBERS.
R  INDICATES RECORD WAS SET OR TIED.
MM INDICATES DATA IS MISSING.
T  INDICATES TRACE AMOUNT.




$$
