000
CDUS41 KBOX 170602
CLIORH


CLIMATE REPORT
NATIONAL WEATHER SERVICE TAUNTON MA
159 AM EDT THU AUG 17 2017


...................................

...THE WORCESTER MA CLIMATE SUMMARY FOR AUGUST 16 2017...

CLIMATE NORMAL PERIOD 1981 TO 2010
CLIMATE RECORD PERIOD 1892 TO 2017


WEATHER ITEM   OBSERVED TIME   RECORD YEAR NORMAL DEPARTURE LAST
                VALUE   (LST)  VALUE       VALUE  FROM      YEAR
                                                  NORMAL
..................................................................
TEMPERATURE (F)
 YESTERDAY
  MAXIMUM         79    400 PM  96    1944  78      1       79
  MINIMUM         64    507 AM  46    1934  61      3       66
  AVERAGE         72                        69      3       73

PRECIPITATION (IN)
  YESTERDAY        0.00          1.86 1952   0.12  -0.12     0.12
  MONTH TO DATE    1.27                      2.06  -0.79     2.56
  SINCE JUN 1      7.89                     10.48  -2.59     6.28
  SINCE JAN 1     28.97                     29.71  -0.74    22.00

SNOWFALL (IN)
  YESTERDAY        0.0           0.0  2002   0.0    0.0      0.0
                                      2001
                                      2000
  MONTH TO DATE    0.0                       0.0    0.0      0.0
  SINCE JUN 1      0.0                       0.0    0.0      0.0
  SINCE JUL 1      0.0                       0.0    0.0      0.0
  SNOW DEPTH      MM

DEGREE DAYS
 HEATING
  YESTERDAY        0                         1     -1        0
  MONTH TO DATE    2                         7     -5        0
  SINCE JUN 1    117                       104     13       60
  SINCE JUL 1     31                        21     10        9

 COOLING
  YESTERDAY        7                         5      2        8
  MONTH TO DATE   75                        86    -11      133
  SINCE JUN 1    348                       345      3      449
  SINCE JAN 1    382                       367     15      491
..................................................................


WIND (MPH)
  RESULTANT WIND SPEED   6   RESULTANT WIND DIRECTION  NW (310)
  HIGHEST WIND SPEED    16   HIGHEST WIND DIRECTION    NW (300)
  HIGHEST GUST SPEED    23   HIGHEST GUST DIRECTION    NW (310)
  AVERAGE WIND SPEED     7.9


SKY COVER
  POSSIBLE SUNSHINE  MM
  AVERAGE SKY COVER 0.3


WEATHER CONDITIONS
 THE FOLLOWING WEATHER WAS RECORDED YESTERDAY.
  FOG
  HAZE


RELATIVE HUMIDITY (PERCENT)
 HIGHEST    93          1200 AM
 LOWEST     42           300 PM
 AVERAGE    68

..........................................................


THE WORCESTER MA CLIMATE NORMALS FOR TODAY
                         NORMAL    RECORD    YEAR
 MAXIMUM TEMPERATURE (F)   77        97      1944
 MINIMUM TEMPERATURE (F)   61        44      1929


SUNRISE AND SUNSET
AUGUST 17 2017........SUNRISE   557 AM EDT   SUNSET   745 PM EDT
AUGUST 18 2017........SUNRISE   558 AM EDT   SUNSET   743 PM EDT


-  INDICATES NEGATIVE NUMBERS.
R  INDICATES RECORD WAS SET OR TIED.
MM INDICATES DATA IS MISSING.
T  INDICATES TRACE AMOUNT.




$$
