000
CDUS41 KBOX 150536
CLIORH


CLIMATE REPORT
NATIONAL WEATHER SERVICE TAUNTON MA
1236 AM EST FRI DEC 15 2017


...................................

...THE WORCESTER MA CLIMATE SUMMARY FOR DECEMBER 14 2017...

CLIMATE NORMAL PERIOD 1981 TO 2010
CLIMATE RECORD PERIOD 1892 TO 2017


WEATHER ITEM   OBSERVED TIME   RECORD YEAR NORMAL DEPARTURE LAST
                VALUE   (LST)  VALUE       VALUE  FROM      YEAR
                                                  NORMAL
..................................................................
TEMPERATURE (F)
 YESTERDAY
  MAXIMUM         24    215 PM  63    1901  37    -13       34
  MINIMUM         11   1138 PM  -6    1898  23    -12       20
  AVERAGE         18                        30    -12       27

PRECIPITATION (IN)
  YESTERDAY        0.01          1.93 1954   0.13  -0.12     0.01
  MONTH TO DATE    1.79                      1.85  -0.06     1.24
  SINCE DEC 1      1.79                      1.85  -0.06     1.24
  SINCE JAN 1     44.21                     46.10  -1.89    38.37

SNOWFALL (IN)
  YESTERDAY        T             8.4  1917   0.4   -0.4       T
  MONTH TO DATE    7.5                       5.4    2.1      5.2
  SINCE DEC 1      7.5                       5.4    2.1      5.2
  SINCE JUL 1      7.5                       8.2   -0.7      5.2
  SNOW DEPTH      MM

DEGREE DAYS
 HEATING
  YESTERDAY       47                        35     12       38
  MONTH TO DATE  460                       458      2      468
  SINCE DEC 1    460                       458      2      468
  SINCE JUL 1   1596                      1860   -264     1655

 COOLING
  YESTERDAY        0                         0      0        0
  MONTH TO DATE    0                         0      0        0
  SINCE DEC 1      0                         0      0        0
  SINCE JAN 1    533                       471     62      663
..................................................................


WIND (MPH)
  RESULTANT WIND SPEED  12   RESULTANT WIND DIRECTION   W (270)
  HIGHEST WIND SPEED    23   HIGHEST WIND DIRECTION     W (280)
  HIGHEST GUST SPEED    32   HIGHEST GUST DIRECTION    NW (300)
  AVERAGE WIND SPEED    11.5


SKY COVER
  POSSIBLE SUNSHINE  MM
  AVERAGE SKY COVER 0.4


WEATHER CONDITIONS
 THE FOLLOWING WEATHER WAS RECORDED YESTERDAY.
  LIGHT SNOW
  HAZE


RELATIVE HUMIDITY (PERCENT)
 HIGHEST    80           600 AM
 LOWEST     36           400 PM
 AVERAGE    58

..........................................................


THE WORCESTER MA CLIMATE NORMALS FOR TODAY
                         NORMAL    RECORD    YEAR
 MAXIMUM TEMPERATURE (F)   36        61      1975
 MINIMUM TEMPERATURE (F)   23         1      1933


SUNRISE AND SUNSET
DECEMBER 15 2017......SUNRISE   709 AM EST   SUNSET   416 PM EST
DECEMBER 16 2017......SUNRISE   710 AM EST   SUNSET   416 PM EST


-  INDICATES NEGATIVE NUMBERS.
R  INDICATES RECORD WAS SET OR TIED.
MM INDICATES DATA IS MISSING.
T  INDICATES TRACE AMOUNT.




$$
