000
CDUS41 KBOX 302235
CLIORH


CLIMATE REPORT
NATIONAL WEATHER SERVICE TAUNTON MA
635 PM EDT FRI SEP 30 2016


...................................

...THE WORCESTER MA CLIMATE SUMMARY FOR SEPTEMBER 30 2016...
VALID TODAY AS OF 0600 PM LOCAL TIME.

CLIMATE NORMAL PERIOD 1981 TO 2010
CLIMATE RECORD PERIOD 1892 TO 2016


WEATHER ITEM   OBSERVED TIME   RECORD YEAR NORMAL DEPARTURE LAST
                VALUE   (LST)  VALUE       VALUE  FROM      YEAR
                                                  NORMAL
..................................................................
TEMPERATURE (F)
 TODAY
  MAXIMUM         55        MM  83    1986  64     -9       74
  MINIMUM         48        MM  28    1941  47      1       51
  AVERAGE         52                        56     -4       63

PRECIPITATION (IN)
  TODAY            0.05          2.39 2015   0.16  -0.11     2.39
  MONTH TO DATE    3.06                      3.93  -0.87     4.15
  SINCE SEP 1      3.06                      3.93  -0.87     4.15
  SINCE JAN 1     26.46                     35.29  -8.83    30.87

SNOWFALL (IN)
  TODAY           MM             T    1992   0.0   MM        0.0
  MONTH TO DATE    0.0                       0.0    0.0      0.0
  SINCE SEP 1      0.0                       0.0    0.0      0.0
  SINCE JUL 1      0.0                       0.0    0.0      0.0
  SNOW DEPTH       0

DEGREE DAYS
 HEATING
  TODAY           13                        10      3        2
  MONTH TO DATE   93                       153    -60       64
  SINCE SEP 1     93                       154    -61       64
  SINCE JUL 1    102                       193    -91       65

 COOLING
  TODAY            0                         0      0        0
  MONTH TO DATE   75                        42     33      102
  SINCE SEP 1     75                        42     33      102
  SINCE JAN 1    663                       468    195      659
..................................................................


WIND (MPH)
  HIGHEST WIND SPEED    13   HIGHEST WIND DIRECTION    NE (40)
  HIGHEST GUST SPEED    23   HIGHEST GUST DIRECTION    NE (40)
  AVERAGE WIND SPEED    11.1


SKY COVER
  POSSIBLE SUNSHINE  MM
  AVERAGE SKY COVER 0.8


WEATHER CONDITIONS
 THE FOLLOWING WEATHER WAS RECORDED TODAY.
  RAIN
  LIGHT RAIN
  FOG


RELATIVE HUMIDITY (PERCENT)
 HIGHEST    93          1200 AM
 LOWEST     72          1200 PM
 AVERAGE    83

..........................................................


THE WORCESTER MA CLIMATE NORMALS FOR TOMORROW
                         NORMAL    RECORD    YEAR
 MAXIMUM TEMPERATURE (F)   64        86      1927
 MINIMUM TEMPERATURE (F)   47        27      1925


SUNRISE AND SUNSET
SEPTEMBER 30 2016.....SUNRISE   644 AM EDT   SUNSET   630 PM EDT
OCTOBER  1 2016.......SUNRISE   645 AM EDT   SUNSET   628 PM EDT


-  INDICATES NEGATIVE NUMBERS.
R  INDICATES RECORD WAS SET OR TIED.
MM INDICATES DATA IS MISSING.
T  INDICATES TRACE AMOUNT.




$$
