000
CDUS41 KBOX 042120
CLIORH


CLIMATE REPORT
NATIONAL WEATHER SERVICE TAUNTON MA
520 PM EDT FRI SEP 4 2015


...................................

...THE WORCESTER MA CLIMATE SUMMARY FOR SEPTEMBER 4 2015...
VALID AS OF 0500 PM LOCAL TIME.

CLIMATE NORMAL PERIOD 1981 TO 2010
CLIMATE RECORD PERIOD 1892 TO 2015


WEATHER ITEM   OBSERVED TIME   RECORD YEAR NORMAL DEPARTURE LAST
                VALUE   (LST)  VALUE       VALUE  FROM      YEAR
                                                  NORMAL
..................................................................
TEMPERATURE (F)
 TODAY
  MAXIMUM         73    341 PM  90    1953  74     -1       80
  MINIMUM         63    628 AM  39    1945  57      6       57
  AVERAGE         68                        65      3       69

PRECIPITATION (IN)
  TODAY            0.00          2.10 1988   0.12  -0.12     0.00
  MONTH TO DATE    T                         0.46  -0.46     0.94
  SINCE SEP 1      T                         0.46  -0.46     0.94
  SINCE JAN 1     26.72                     31.82  -5.10    35.97

SNOWFALL (IN)
  TODAY            0.0           0.0  2002   0.0    0.0      0.0
                                      2001
                                      2000
  MONTH TO DATE    0.0                       0.0    0.0      0.0
  SINCE SEP 1      0.0                       0.0    0.0      0.0
  SINCE JUL 1      0.0                       0.0    0.0      0.0
  SNOW DEPTH      MM

DEGREE DAYS
 HEATING
  TODAY            0                         2     -2        0
  MONTH TO DATE    0                         8     -8        0
  SINCE SEP 1      0                         8     -8        0
  SINCE JUL 1      1                        47    -46       20

 COOLING
  TODAY            3                         3      0        4
  MONTH TO DATE   32                        12     20       31
  SINCE SEP 1     32                        12     20       31
  SINCE JAN 1    589                       438    151      393
..................................................................


WIND (MPH)
  HIGHEST WIND SPEED    16   HIGHEST WIND DIRECTION    NE (40)
  HIGHEST GUST SPEED    25   HIGHEST GUST DIRECTION    NE (30)
  AVERAGE WIND SPEED     9.1


SKY COVER
  POSSIBLE SUNSHINE  MM
  AVERAGE SKY COVER 0.6


WEATHER CONDITIONS
 THE FOLLOWING WEATHER WAS RECORDED TODAY.
  FOG


RELATIVE HUMIDITY (PERCENT)
 HIGHEST    84           100 AM
 LOWEST     53           100 PM
 AVERAGE    69

..........................................................


THE WORCESTER MA CLIMATE NORMALS FOR TOMORROW
                         NORMAL    RECORD    YEAR
 MAXIMUM TEMPERATURE (F)   73        88      1953
                                             1901
 MINIMUM TEMPERATURE (F)   57        39      1930


SUNRISE AND SUNSET
SEPTEMBER  4 2015.....SUNRISE   616 AM EDT   SUNSET   717 PM EDT
SEPTEMBER  5 2015.....SUNRISE   617 AM EDT   SUNSET   715 PM EDT


-  INDICATES NEGATIVE NUMBERS.
R  INDICATES RECORD WAS SET OR TIED.
MM INDICATES DATA IS MISSING.
T  INDICATES TRACE AMOUNT.




$$
