000
CDUS41 KBOX 200538
CLIORH


CLIMATE REPORT
NATIONAL WEATHER SERVICE TAUNTON MA
1238 AM EST MON FEB 20 2017


...................................

...THE WORCESTER MA CLIMATE SUMMARY FOR FEBRUARY 19 2017...

CLIMATE NORMAL PERIOD 1981 TO 2010
CLIMATE RECORD PERIOD 1892 TO 2017


WEATHER ITEM   OBSERVED TIME   RECORD YEAR NORMAL DEPARTURE LAST
                VALUE   (LST)  VALUE       VALUE  FROM      YEAR
                                                  NORMAL
..................................................................
TEMPERATURE (F)
 YESTERDAY
  MAXIMUM         56    319 PM  62    1981  36     20       37
                                      1961
  MINIMUM         40   1156 PM  -3    1936  20     20       14
  AVERAGE         48                        28     20       26

PRECIPITATION (IN)
  YESTERDAY        0.00          1.59 1960   0.11  -0.11      T
  MONTH TO DATE    2.12                      2.15  -0.03     2.92
  SINCE DEC 1      9.83                      9.46   0.37     9.69
  SINCE JAN 1      6.03                      5.64   0.39     5.04

SNOWFALL (IN)
  YESTERDAY        0.0          14.1  1972   0.5   -0.5       T
  MONTH TO DATE   25.4                      10.9   14.5     20.1
  SINCE DEC 1     57.8                      42.4   15.4     31.2
  SINCE JUL 1     57.8                      45.2   12.6     31.2
  SNOW DEPTH      MM

DEGREE DAYS
 HEATING
  YESTERDAY       17                        37    -20       39
  MONTH TO DATE  725                       738    -13      754
  SINCE DEC 1   2899                      3109   -210     2644
  SINCE JUL 1   4086                      4511   -425     3793

 COOLING
  YESTERDAY        0                         0      0        0
  MONTH TO DATE    0                         0      0        0
  SINCE DEC 1      0                         0      0        0
  SINCE JAN 1      0                         0      0        0
..................................................................


WIND (MPH)
  RESULTANT WIND SPEED  12   RESULTANT WIND DIRECTION   W (260)
  HIGHEST WIND SPEED    25   HIGHEST WIND DIRECTION     W (270)
  HIGHEST GUST SPEED    33   HIGHEST GUST DIRECTION     W (270)
  AVERAGE WIND SPEED    12.3


SKY COVER
  POSSIBLE SUNSHINE  MM
  AVERAGE SKY COVER 0.1


WEATHER CONDITIONS
 THE FOLLOWING WEATHER WAS RECORDED YESTERDAY.
  NO SIGNIFICANT WEATHER WAS OBSERVED.


RELATIVE HUMIDITY (PERCENT)
 HIGHEST    73           700 AM
 LOWEST     32           300 PM
 AVERAGE    53

..........................................................


THE WORCESTER MA CLIMATE NORMALS FOR TODAY
                         NORMAL    RECORD    YEAR
 MAXIMUM TEMPERATURE (F)   36        65      1930
 MINIMUM TEMPERATURE (F)   20        -8      1966


SUNRISE AND SUNSET
FEBRUARY 20 2017......SUNRISE   636 AM EST   SUNSET   527 PM EST
FEBRUARY 21 2017......SUNRISE   635 AM EST   SUNSET   528 PM EST


-  INDICATES NEGATIVE NUMBERS.
R  INDICATES RECORD WAS SET OR TIED.
MM INDICATES DATA IS MISSING.
T  INDICATES TRACE AMOUNT.




$$
