000
CDUS46 KMFR 100835
CLIOTH


CLIMATE REPORT
NATIONAL WEATHER SERVICE MEDFORD, OR
1235 AM PST SAT DEC 10 2016


...................................

...THE NORTH BEND OR CLIMATE SUMMARY FOR DECEMBER 9 2016...

CLIMATE NORMAL PERIOD 1981 TO 2010
CLIMATE RECORD PERIOD 1902 TO 2016


WEATHER ITEM   OBSERVED TIME   RECORD YEAR NORMAL DEPARTURE LAST
                VALUE   (LST)  VALUE       VALUE  FROM      YEAR
                                                  NORMAL
..................................................................
TEMPERATURE (F)
 YESTERDAY
  MAXIMUM         52        MM  65    1993  51      1       59
  MINIMUM         48        MM  17    1932  40      8       54
  AVERAGE         50                        45      5       57

PRECIPITATION (IN)
  YESTERDAY        1.15          4.28 1968   0.35   0.80     0.88
  MONTH TO DATE    2.95                      3.37  -0.42     5.23
  SINCE OCT 1     30.20                     18.33  11.87    12.57
  SINCE JAN 1     62.78                     57.15   5.63    32.01

SNOWFALL (IN)
  YESTERDAY       MM
  SNOW DEPTH      MM

DEGREE DAYS
 HEATING
  YESTERDAY       15                        20     -5        8
  MONTH TO DATE  177                       173      4       79
  SINCE DEC 1    177                       173      4       79
  SINCE JUL 1   1173                      1625   -452     1086

 COOLING
  YESTERDAY        0                         0      0        0
  MONTH TO DATE    0                         0      0        0
  SINCE DEC 1      0                         0      0        0
  SINCE JAN 1     15                         2     13       14
..................................................................


WIND (MPH)
  HIGHEST WIND SPEED    12   HIGHEST WIND DIRECTION     W (280)
  HIGHEST GUST SPEED    17   HIGHEST GUST DIRECTION     S (190)
  AVERAGE WIND SPEED     6.5


SKY COVER
  POSSIBLE SUNSHINE  MM
  AVERAGE SKY COVER 1.0


WEATHER CONDITIONS
 THE FOLLOWING WEATHER WAS RECORDED YESTERDAY.
  NO SIGNIFICANT WEATHER WAS OBSERVED.


RELATIVE HUMIDITY (PERCENT)
 HIGHEST   100           400 AM
 LOWEST     89          1200 AM

..........................................................


THE NORTH BEND OR CLIMATE NORMALS FOR TODAY
                         NORMAL    RECORD    YEAR
 MAXIMUM TEMPERATURE (F)   51        66      2014
 MINIMUM TEMPERATURE (F)   40        17      1932


SUNRISE AND SUNSET
DECEMBER 10 2016......SUNRISE   739 AM PST   SUNSET   441 PM PST
DECEMBER 11 2016......SUNRISE   740 AM PST   SUNSET   441 PM PST


-  INDICATES NEGATIVE NUMBERS.
R  INDICATES RECORD WAS SET OR TIED.
MM INDICATES DATA IS MISSING.
T  INDICATES TRACE AMOUNT.




$$
