000
CDUS46 KMFR 150036
CLIOTH


CLIMATE REPORT
NATIONAL WEATHER SERVICE MEDFORD, OR
536 PM PDT SUN SEP 14 2014


...................................

...THE NORTH BEND OR CLIMATE SUMMARY FOR SEPTEMBER 14 2014...
VALID TODAY AS OF 0500 PM LOCAL TIME.

CLIMATE NORMAL PERIOD 1981 TO 2010
CLIMATE RECORD PERIOD 1902 TO 2014


WEATHER ITEM   OBSERVED TIME   RECORD YEAR NORMAL DEPARTURE LAST
                VALUE   (LST)  VALUE       VALUE  FROM      YEAR
                                                  NORMAL
..................................................................
TEMPERATURE (F)
 TODAY
  MAXIMUM         70        MM  88    1952  65      5       64
  MINIMUM         46        MM  33    1921  50     -4       57
  AVERAGE         58                        58      0       61

PRECIPITATION (IN)
  TODAY            0.00          1.58 1935   0.04  -0.04     0.00
  MONTH TO DATE    0.00                      0.56  -0.56     0.46
  SINCE SEP 1      0.00                      0.56  -0.56     0.46
  SINCE JAN 1     22.45                     37.80 -15.35    18.39

SNOWFALL (IN)
  TODAY           MM                         0.0   MM       MM
  MONTH TO DATE   MM                         0.0   MM       MM
  SINCE JUL 1     MM                         0.0   MM       MM
  SNOW DEPTH      MM

DEGREE DAYS
 HEATING
  TODAY            7                         7      0        4
  MONTH TO DATE   55                        93    -38       27
  SINCE SEP 1     55                        93    -38       27
  SINCE JUL 1    320                       472   -152      194

 COOLING
  TODAY            0                         0      0        0
  MONTH TO DATE    8                         0      8        1
  SINCE SEP 1      8                         0      8        1
  SINCE JAN 1     20                         1     19       13
..................................................................


WIND (MPH)
  HIGHEST WIND SPEED    10   HIGHEST WIND DIRECTION     W (280)
  HIGHEST GUST SPEED    MM   HIGHEST GUST DIRECTION    MM
  AVERAGE WIND SPEED     6.3


SKY COVER
  POSSIBLE SUNSHINE   0 PERCENT
  AVERAGE SKY COVER 0.0


WEATHER CONDITIONS
 THE FOLLOWING WEATHER WAS RECORDED TODAY.
  NO SIGNIFICANT WEATHER WAS OBSERVED.


RELATIVE HUMIDITY (PERCENT)
 HIGHEST     0          1200 AM
 LOWEST      0          1200 AM

..........................................................


THE NORTH BEND OR CLIMATE NORMALS FOR TOMORROW
                         NORMAL    RECORD    YEAR
 MAXIMUM TEMPERATURE (F)   65        78      1991
 MINIMUM TEMPERATURE (F)   50        39      1927


SUNRISE AND SUNSET
SEPTEMBER 14 2014.....SUNRISE   655 AM PDT   SUNSET   729 PM PDT
SEPTEMBER 15 2014.....SUNRISE   657 AM PDT   SUNSET   727 PM PDT


-  INDICATES NEGATIVE NUMBERS.
R  INDICATES RECORD WAS SET OR TIED.
MM INDICATES DATA IS MISSING.
T  INDICATES TRACE AMOUNT.




$$
