000
CDUS46 KMFR 010835
CLIOTH


CLIMATE REPORT
NATIONAL WEATHER SERVICE MEDFORD, OR
135 AM PDT SAT OCT 1 2016


...................................

...THE NORTH BEND OR CLIMATE SUMMARY FOR SEPTEMBER 30 2016...

CLIMATE NORMAL PERIOD 1981 TO 2010
CLIMATE RECORD PERIOD 1902 TO 2016


WEATHER ITEM   OBSERVED TIME   RECORD YEAR NORMAL DEPARTURE LAST
                VALUE   (LST)  VALUE       VALUE  FROM      YEAR
                                                  NORMAL
..................................................................
TEMPERATURE (F)
 YESTERDAY
  MAXIMUM         63        MM  81    1923  63      0       64
  MINIMUM         52        MM  34    1919  48      4       48
  AVERAGE         58                        56      2       56

PRECIPITATION (IN)
  YESTERDAY        0.00          2.01 1937   0.08  -0.08     0.00
  MONTH TO DATE    0.34                      1.58  -1.24     0.00
  SINCE OCT 1     58.21                     64.91  -6.70    42.74
  SINCE JAN 1     32.58                     38.82  -6.24    19.44

SNOWFALL (IN)
  YESTERDAY       MM
  SNOW DEPTH      MM

DEGREE DAYS
 HEATING
  YESTERDAY        7                         9     -2        9
  MONTH TO DATE  166                       227    -61      185
  SINCE SEP 1    166                       229    -63      185
  SINCE JUL 1    454                       608   -154      363

 COOLING
  YESTERDAY        0                         0      0        0
  MONTH TO DATE    0                         1     -1        0
  SINCE SEP 1      0                         1     -1        0
  SINCE JAN 1     15                         2     13       14
..................................................................


WIND (MPH)
  HIGHEST WIND SPEED    15   HIGHEST WIND DIRECTION     W (250)
  HIGHEST GUST SPEED    20   HIGHEST GUST DIRECTION    SW (210)
  AVERAGE WIND SPEED     7.1


SKY COVER
  POSSIBLE SUNSHINE  MM
  AVERAGE SKY COVER 0.6


WEATHER CONDITIONS
 THE FOLLOWING WEATHER WAS RECORDED YESTERDAY.
  NO SIGNIFICANT WEATHER WAS OBSERVED.


RELATIVE HUMIDITY (PERCENT)
 HIGHEST    96          1200 AM
 LOWEST     52          1200 PM

..........................................................


THE NORTH BEND OR CLIMATE NORMALS FOR TODAY
                         NORMAL    RECORD    YEAR
 MAXIMUM TEMPERATURE (F)   63        83      1902
 MINIMUM TEMPERATURE (F)   48        37      1999


SUNRISE AND SUNSET
OCTOBER  1 2016.......SUNRISE   715 AM PDT   SUNSET   657 PM PDT
OCTOBER  2 2016.......SUNRISE   716 AM PDT   SUNSET   655 PM PDT


-  INDICATES NEGATIVE NUMBERS.
R  INDICATES RECORD WAS SET OR TIED.
MM INDICATES DATA IS MISSING.
T  INDICATES TRACE AMOUNT.




$$
