000
CDUS46 KMFR 250908
CLIOTH


CLIMATE REPORT
NATIONAL WEATHER SERVICE MEDFORD, OR
207 AM PDT MON MAY 25 2015


...................................

...THE NORTH BEND OR CLIMATE SUMMARY FOR MAY 24 2015...

CLIMATE NORMAL PERIOD 1981 TO 2010
CLIMATE RECORD PERIOD 1902 TO 2015


WEATHER ITEM   OBSERVED TIME   RECORD YEAR NORMAL DEPARTURE LAST
                VALUE   (LST)  VALUE       VALUE  FROM      YEAR
                                                  NORMAL
..................................................................
TEMPERATURE (F)
 YESTERDAY
  MAXIMUM         61        MM  76    1986  60      1       64
  MINIMUM         52        MM  35    1926  48      4       54
  AVERAGE         57                        54      3       59

PRECIPITATION (IN)
  YESTERDAY        0.00          0.94 1980   0.11  -0.11     0.00
  MONTH TO DATE    0.09                      2.66  -2.57     1.72
  SINCE OCT 1     42.03                     59.53 -17.50    26.96
  SINCE JAN 1     18.73                     33.44 -14.71    21.34

SNOWFALL (IN)
  YESTERDAY       MM
  SNOW DEPTH      MM

DEGREE DAYS
 HEATING
  YESTERDAY        8                        11     -3        6
  MONTH TO DATE  238                       299    -61      186
  SINCE MAR 1   1091                      1311   -220     1022
  SINCE JUL 1   3195                      4485  -1290     3819

 COOLING
  YESTERDAY        0                         0      0        0
  MONTH TO DATE    0                         0      0        4
  SINCE MAR 1      0                         0      0       12
  SINCE JAN 1      0                         0      0       12
..................................................................


WIND (MPH)
  HIGHEST WIND SPEED    24   HIGHEST WIND DIRECTION     N (360)
  HIGHEST GUST SPEED    32   HIGHEST GUST DIRECTION     N (360)
  AVERAGE WIND SPEED    14.9


SKY COVER
  POSSIBLE SUNSHINE  MM
  AVERAGE SKY COVER 0.7


WEATHER CONDITIONS
 THE FOLLOWING WEATHER WAS RECORDED YESTERDAY.
  NO SIGNIFICANT WEATHER WAS OBSERVED.


RELATIVE HUMIDITY (PERCENT)
 HIGHEST   100           100 AM
 LOWEST     72          1100 AM

..........................................................


THE NORTH BEND OR CLIMATE NORMALS FOR TODAY
                         NORMAL    RECORD    YEAR
 MAXIMUM TEMPERATURE (F)   60        84      2005
 MINIMUM TEMPERATURE (F)   48        32      1920


SUNRISE AND SUNSET
MAY 25 2015...........SUNRISE   544 AM PDT   SUNSET   845 PM PDT
MAY 26 2015...........SUNRISE   543 AM PDT   SUNSET   846 PM PDT


-  INDICATES NEGATIVE NUMBERS.
R  INDICATES RECORD WAS SET OR TIED.
MM INDICATES DATA IS MISSING.
T  INDICATES TRACE AMOUNT.




$$
