453
CDUS46 KMFR 220037
CLIOTH


CLIMATE REPORT
NATIONAL WEATHER SERVICE MEDFORD, OR
537 PM PDT SAT OCT 21 2017


...................................

...THE NORTH BEND OR CLIMATE SUMMARY FOR OCTOBER 21 2017...
VALID TODAY AS OF 0500 PM LOCAL TIME.

CLIMATE NORMAL PERIOD 1981 TO 2010
CLIMATE RECORD PERIOD 1902 TO 2017


WEATHER ITEM   OBSERVED TIME   RECORD YEAR NORMAL DEPARTURE LAST
                VALUE   (LST)  VALUE       VALUE  FROM      YEAR
                                                  NORMAL
..................................................................
TEMPERATURE (F)
 TODAY
  MAXIMUM         MM        MM  80    1998  60     MM       63
  MINIMUM         MM        MM  30    1928  46     MM       52
  AVERAGE         MM                        53     MM       58

PRECIPITATION (IN)
  TODAY            0.50          1.88 1934   0.18   0.32     0.03
  MONTH TO DATE    4.01                      2.61   1.40     9.04
  SINCE OCT 1      4.01                      2.61   1.40     9.04
  SINCE JAN 1     52.36                     41.43  10.93    41.62

SNOWFALL (IN)
  TODAY           MM                         0.0   MM       MM
  MONTH TO DATE   MM                         0.0   MM       MM
  SINCE JUL 1     MM                         0.0   MM       MM
  SNOW DEPTH      MM

DEGREE DAYS
 HEATING
  TODAY           MM                        12     MM        7
  MONTH TO DATE  218                       230    -12      135
  SINCE SEP 1    368                       459    -91      301
  SINCE JUL 1    675                       838   -163      589

 COOLING
  TODAY           MM                         0     MM        0
  MONTH TO DATE    0                         0      0        0
  SINCE SEP 1      6                         1      5        0
  SINCE JAN 1      9                         2      7       15
..................................................................


WIND (MPH)
  HIGHEST WIND SPEED    27   HIGHEST WIND DIRECTION     S (200)
  HIGHEST GUST SPEED    40   HIGHEST GUST DIRECTION     S (190)
  AVERAGE WIND SPEED    16.6


SKY COVER
  POSSIBLE SUNSHINE  MM
  AVERAGE SKY COVER 1.0


WEATHER CONDITIONS
 THE FOLLOWING WEATHER WAS RECORDED TODAY.
  RAIN
  LIGHT RAIN
  FOG


RELATIVE HUMIDITY (PERCENT)
 HIGHEST    93          1200 AM
 LOWEST     80           700 AM

..........................................................


THE NORTH BEND OR CLIMATE NORMALS FOR TOMORROW
                         NORMAL    RECORD    YEAR
 MAXIMUM TEMPERATURE (F)   60        85      1922
 MINIMUM TEMPERATURE (F)   45        30      1928


SUNRISE AND SUNSET
OCTOBER 21 2017.......SUNRISE   739 AM PDT   SUNSET   624 PM PDT
OCTOBER 22 2017.......SUNRISE   740 AM PDT   SUNSET   622 PM PDT


-  INDICATES NEGATIVE NUMBERS.
R  INDICATES RECORD WAS SET OR TIED.
MM INDICATES DATA IS MISSING.
T  INDICATES TRACE AMOUNT.




$$
