000
CDUS46 KMFR 170039
CLIOTH


CLIMATE REPORT
NATIONAL WEATHER SERVICE MEDFORD, OR
539 PM PDT WED AUG 16 2017


...................................

...THE NORTH BEND OR CLIMATE SUMMARY FOR AUGUST 16 2017...
VALID TODAY AS OF 0500 PM LOCAL TIME.

CLIMATE NORMAL PERIOD 1981 TO 2010
CLIMATE RECORD PERIOD 1902 TO 2017


WEATHER ITEM   OBSERVED TIME   RECORD YEAR NORMAL DEPARTURE LAST
                VALUE   (LST)  VALUE       VALUE  FROM      YEAR
                                                  NORMAL
..................................................................
TEMPERATURE (F)
 TODAY
  MAXIMUM         68        MM  76    1903  65      3       63
  MINIMUM         51        MM  42    1911  53     -2       54
  AVERAGE         60                        59      1       59

PRECIPITATION (IN)
  TODAY            0.00          0.86 1972   0.02  -0.02     0.00
  MONTH TO DATE    0.11                      0.24  -0.13     0.00
  SINCE OCT 1     81.31                     62.95  18.36    57.85
  SINCE JAN 1     47.16                     36.86  10.30    32.22

SNOWFALL (IN)
  TODAY           MM                         0.0   MM       MM
  MONTH TO DATE   MM                         0.0   MM       MM
  SINCE JUL 1     MM                         0.0   MM       MM
  SNOW DEPTH      MM

DEGREE DAYS
 HEATING
  TODAY            5                         6     -1        6
  MONTH TO DATE   58                        96    -38       80
  SINCE JUN 1    424                       560   -136      386
  SINCE JUL 1    228                       293    -65      196

 COOLING
  TODAY            0                         0      0        0
  MONTH TO DATE    3                         0      3        0
  SINCE JUN 1      3                         0      3        1
  SINCE JAN 1      3                         0      3        9
..................................................................


WIND (MPH)
  HIGHEST WIND SPEED    27   HIGHEST WIND DIRECTION     N (360)
  HIGHEST GUST SPEED    38   HIGHEST GUST DIRECTION     N (360)
  AVERAGE WIND SPEED    10.4


SKY COVER
  POSSIBLE SUNSHINE   0 PERCENT
  AVERAGE SKY COVER 0.0


WEATHER CONDITIONS
 THE FOLLOWING WEATHER WAS RECORDED TODAY.
  NO SIGNIFICANT WEATHER WAS OBSERVED.


RELATIVE HUMIDITY (PERCENT)
 HIGHEST     0          1200 AM
 LOWEST      0          1200 AM

..........................................................


THE NORTH BEND OR CLIMATE NORMALS FOR TOMORROW
                         NORMAL    RECORD    YEAR
 MAXIMUM TEMPERATURE (F)   65        77      1903
 MINIMUM TEMPERATURE (F)   53        42      1914


SUNRISE AND SUNSET
AUGUST 16 2017........SUNRISE   624 AM PDT   SUNSET   818 PM PDT
AUGUST 17 2017........SUNRISE   625 AM PDT   SUNSET   816 PM PDT


-  INDICATES NEGATIVE NUMBERS.
R  INDICATES RECORD WAS SET OR TIED.
MM INDICATES DATA IS MISSING.
T  INDICATES TRACE AMOUNT.




$$
