000
CDUS43 KDMX 260635 RRA
CLIOTM

CLIMATE REPORT
NATIONAL WEATHER SERVICE DES MOINES IA
130 AM CDT SAT JUL 26 2014

...................................

...THE OTTUMWA IA CLIMATE SUMMARY FOR JULY 25 2014...

CLIMATE NORMAL PERIOD 1981 TO 2010
CLIMATE RECORD PERIOD 1920 TO 2014


WEATHER ITEM   OBSERVED TIME   RECORD YEAR NORMAL DEPARTURE LAST
                VALUE   (LST)  VALUE       VALUE  FROM      YEAR
                                                  NORMAL
..................................................................
TEMPERATURE (F)
 YESTERDAY
  MAXIMUM         78    537 PM 111    1936  85     -7       84
  MINIMUM         60    654 AM  51    1933  65     -5       59
  AVERAGE         69                        75     -6       72

PRECIPITATION (IN)
  YESTERDAY        1.90R         1.38 1992   0.13   1.77      T
  MONTH TO DATE    5.25                      3.65   1.60     0.89
  SINCE JUN 1     13.27                      8.74   4.53     3.28
  SINCE JAN 1     24.11                     21.27   2.84    27.60

DEGREE DAYS
 HEATING
  YESTERDAY        0                         0      0        0
  MONTH TO DATE   13                         0     13        0
  SINCE JUN 1     22                        21      1       26
  SINCE JUL 1     13                         0     13        0

 COOLING
  YESTERDAY        4                        10     -6        7
  MONTH TO DATE  137                       250   -113      250
  SINCE JUN 1    351                       451   -100      448
  SINCE JAN 1    462                       515    -53      525
..................................................................


WIND (MPH)
  HIGHEST WIND SPEED    25   HIGHEST WIND DIRECTION     S (180)
  HIGHEST GUST SPEED    36   HIGHEST GUST DIRECTION     S (190)
  AVERAGE WIND SPEED    12.1


SKY COVER
  POSSIBLE SUNSHINE  MM
  AVERAGE SKY COVER 0.6


WEATHER CONDITIONS
 THE FOLLOWING WEATHER WAS RECORDED YESTERDAY.
  HEAVY RAIN
  RAIN
  LIGHT RAIN
  FOG


RELATIVE HUMIDITY (PERCENT)
 HIGHEST    97           700 AM
 LOWEST     68           200 AM
 AVERAGE    83

..........................................................


THE OTTUMWA IA CLIMATE NORMALS FOR TODAY
                         NORMAL    RECORD    YEAR
 MAXIMUM TEMPERATURE (F)   85       107      1936
 MINIMUM TEMPERATURE (F)   64        50      1911


SUNRISE AND SUNSET
JULY 26 2014..........SUNRISE   600 AM CDT   SUNSET   832 PM CDT
JULY 27 2014..........SUNRISE   601 AM CDT   SUNSET   831 PM CDT


-  INDICATES NEGATIVE NUMBERS.
R  INDICATES RECORD WAS SET OR TIED.
MM INDICATES DATA IS MISSING.
T  INDICATES TRACE AMOUNT.

$$

REV
