924
CDUS43 KDMX 240650 RRC
CLIOTM

CLIMATE REPORT
NATIONAL WEATHER SERVICE DES MOINES IA
1248 AM CST TUE JAN 24 2017


...................................

...THE OTTUMWA IA CLIMATE SUMMARY FOR JANUARY 23 2017...

CLIMATE NORMAL PERIOD 1981 TO 2010
CLIMATE RECORD PERIOD 1920 TO 2017


WEATHER ITEM   OBSERVED TIME   RECORD YEAR NORMAL DEPARTURE LAST
                VALUE   (LST)  VALUE       VALUE  FROM      YEAR
                                                  NORMAL
..................................................................
TEMPERATURE (F)
 YESTERDAY
  MAXIMUM         38   1244 AM  64    1942  32      6       31
  MINIMUM         32   1159 PM -21    1963  13     19       16
  AVERAGE         35                        22     13       24

PRECIPITATION (IN)
  YESTERDAY        0.00          0.80 1898   0.03  -0.03     0.00
  MONTH TO DATE    1.08                      0.69   0.39     0.48
  SINCE DEC 1      2.45                      2.06   0.39     4.51
  SINCE JAN 1      1.08                      0.69   0.39     0.48

DEGREE DAYS
 HEATING
  YESTERDAY       30                        43    -13       41
  MONTH TO DATE  883                       983   -100     1019
  SINCE DEC 1   2039                      2190   -151     1865
  SINCE JUL 1   2832                      3488   -656     2876

 COOLING
  YESTERDAY        0                         0      0        0
  MONTH TO DATE    0                         0      0        0
  SINCE DEC 1      0                         0      0        0
  SINCE JAN 1      0                         0      0        0
..................................................................


WIND (MPH)
  HIGHEST WIND SPEED    15   HIGHEST WIND DIRECTION    NW (300)
  HIGHEST GUST SPEED    19   HIGHEST GUST DIRECTION    NW (300)
  AVERAGE WIND SPEED     6.7


SKY COVER
  POSSIBLE SUNSHINE  MM
  AVERAGE SKY COVER 1.0


WEATHER CONDITIONS
 THE FOLLOWING WEATHER WAS RECORDED YESTERDAY.
  FOG


RELATIVE HUMIDITY (PERCENT)
 HIGHEST    92           200 AM
 LOWEST     75          1000 PM
 AVERAGE    84

..........................................................


THE OTTUMWA IA CLIMATE NORMALS FOR TODAY
                         NORMAL    RECORD    YEAR
 MAXIMUM TEMPERATURE (F)   32        59      1981
 MINIMUM TEMPERATURE (F)   13       -16      1897


SUNRISE AND SUNSET
JANUARY 24 2017.......SUNRISE   727 AM CST   SUNSET   517 PM CST
JANUARY 25 2017.......SUNRISE   726 AM CST   SUNSET   518 PM CST


-  INDICATES NEGATIVE NUMBERS.
R  INDICATES RECORD WAS SET OR TIED.
MM INDICATES DATA IS MISSING.
T  INDICATES TRACE AMOUNT.




$$
