000
CDUS43 KDMX 230643 RRB
CLIOTM

CLIMATE REPORT
NATIONAL WEATHER SERVICE DES MOINES IA
140 AM CDT TUE SEP 23 2014

...................................

...THE OTTUMWA IA CLIMATE SUMMARY FOR SEPTEMBER 22 2014...

CLIMATE NORMAL PERIOD 1981 TO 2010
CLIMATE RECORD PERIOD 1920 TO 2014


WEATHER ITEM   OBSERVED TIME   RECORD YEAR NORMAL DEPARTURE LAST
                VALUE   (LST)  VALUE       VALUE  FROM      YEAR
                                                  NORMAL
..................................................................
TEMPERATURE (F)
 YESTERDAY
  MAXIMUM         71    339 PM  99    1937  74     -3       76
  MINIMUM         42    543 AM  33    1995  50     -8       44
  AVERAGE         57                        62     -5       60

PRECIPITATION (IN)
  YESTERDAY        0.00          1.89 1945   0.13  -0.13     0.00
  MONTH TO DATE    4.16                      2.89   1.27     0.68
  SINCE SEP 1      4.16                      2.89   1.27     0.68
  SINCE JAN 1     35.13                     29.59   5.54    29.79

DEGREE DAYS
 HEATING
  YESTERDAY        8                         5      3        5
  MONTH TO DATE  114                        57     57       44
  SINCE SEP 1    114                        57     57       44
  SINCE JUL 1    127                        68     59       60

 COOLING
  YESTERDAY        0                         2     -2        0
  MONTH TO DATE   48                        82    -34      151
  SINCE SEP 1     48                        82    -34      151
  SINCE JAN 1    780                       916   -136      966
..................................................................


WIND (MPH)
  HIGHEST WIND SPEED     8   HIGHEST WIND DIRECTION     W (290)
  HIGHEST GUST SPEED    10   HIGHEST GUST DIRECTION    NW (310)
  AVERAGE WIND SPEED     4.4


SKY COVER
  POSSIBLE SUNSHINE  MM
  AVERAGE SKY COVER 0.0


WEATHER CONDITIONS
 THE FOLLOWING WEATHER WAS RECORDED YESTERDAY.
  FOG
  FOG W/VISIBILITY <= 1/4 MILE
  HAZE


RELATIVE HUMIDITY (PERCENT)
 HIGHEST    93           200 AM
 LOWEST     44           100 PM
 AVERAGE    69

..........................................................


THE OTTUMWA IA CLIMATE NORMALS FOR TODAY
                         NORMAL    RECORD    YEAR
 MAXIMUM TEMPERATURE (F)   73        93      1938
 MINIMUM TEMPERATURE (F)   50        30      2012


SUNRISE AND SUNSET
SEPTEMBER 23 2014.....SUNRISE   658 AM CDT   SUNSET   705 PM CDT
SEPTEMBER 24 2014.....SUNRISE   659 AM CDT   SUNSET   703 PM CDT


-  INDICATES NEGATIVE NUMBERS.
R  INDICATES RECORD WAS SET OR TIED.
MM INDICATES DATA IS MISSING.
T  INDICATES TRACE AMOUNT.




$$
