184
CDUS43 KDMX 210701 RRB
CLIOTM

CLIMATE REPORT
NATIONAL WEATHER SERVICE DES MOINES IA
1258 AM CST WED FEB 21 2018

...................................

...THE OTTUMWA IA CLIMATE SUMMARY FOR FEBRUARY 20 2018...

CLIMATE NORMAL PERIOD 1981 TO 2010
CLIMATE RECORD PERIOD 1920 TO 2018


WEATHER ITEM   OBSERVED TIME   RECORD YEAR NORMAL DEPARTURE LAST
                VALUE   (LST)  VALUE       VALUE  FROM      YEAR
                                                  NORMAL
..................................................................
TEMPERATURE (F)
 YESTERDAY
  MAXIMUM         32   1036 AM  65    2017  38     -6       65
                                      1930
  MINIMUM         20   1159 PM -16    1929  19      1       56
  AVERAGE         26                        29     -3       61

PRECIPITATION (IN)
  YESTERDAY        0.72          1.60 1919   0.05   0.67     0.07
  MONTH TO DATE    2.02                      0.78   1.24     0.19
  SINCE DEC 1      3.04                      3.05  -0.01     2.71
  SINCE JAN 1      2.34                      1.68   0.66     1.34

DEGREE DAYS
 HEATING
  YESTERDAY       39                        36      3        4
  MONTH TO DATE  858                       785     73      554
  SINCE DEC 1   3349                      3309     40     2849
  SINCE JUL 1   4476                      4607   -131     3642

 COOLING
  YESTERDAY        0                         0      0        0
  MONTH TO DATE    0                         0      0        0
  SINCE DEC 1      0                         0      0        0
  SINCE JAN 1      0                         0      0        0
..................................................................


WIND (MPH)
  HIGHEST WIND SPEED    28   HIGHEST WIND DIRECTION     W (270)
  HIGHEST GUST SPEED    34   HIGHEST GUST DIRECTION     W (280)
  AVERAGE WIND SPEED    13.9


SKY COVER
  POSSIBLE SUNSHINE  MM
  AVERAGE SKY COVER 1.0


WEATHER CONDITIONS
 THE FOLLOWING WEATHER WAS RECORDED YESTERDAY.
  THUNDERSTORM
  FREEZING RAIN
  LT FREEZING RAIN
  FOG


RELATIVE HUMIDITY (PERCENT)
 HIGHEST   100           400 AM
 LOWEST     71          1100 PM
 AVERAGE    86

..........................................................


THE OTTUMWA IA CLIMATE NORMALS FOR TODAY
                         NORMAL    RECORD    YEAR
 MAXIMUM TEMPERATURE (F)   38        70      2017
 MINIMUM TEMPERATURE (F)   20        -7      1963


SUNRISE AND SUNSET
FEBRUARY 21 2018......SUNRISE   656 AM CST   SUNSET   551 PM CST
FEBRUARY 22 2018......SUNRISE   654 AM CST   SUNSET   553 PM CST


-  INDICATES NEGATIVE NUMBERS.
R  INDICATES RECORD WAS SET OR TIED.
MM INDICATES DATA IS MISSING.
T  INDICATES TRACE AMOUNT.




$$
