000
CDUS46 KOTX 220827
CLIOTX


CLIMATE REPORT
NATIONAL WEATHER SERVICE SPOKANE, WA
1226 AM PST WED FEB 22 2017


...................................

...THE SPOKANE  WA WFO CLIMATE SUMMARY FOR FEBRUARY 21 2017...

CLIMATE NORMAL PERIOD 1981 TO 2010
CLIMATE RECORD PERIOD 1881 TO 2017


WEATHER ITEM   OBSERVED TIME   RECORD YEAR NORMAL DEPARTURE LAST
                VALUE   (LST)  VALUE       VALUE  FROM      YEAR
                                                  NORMAL
..................................................................
TEMPERATURE (F)
 YESTERDAY
  MAXIMUM         35        MM  MM      MM  41     -6       42
  MINIMUM         32        MM  MM      MM  24      8       25
  AVERAGE         34                        32      2       34

PRECIPITATION (IN)
  YESTERDAY        0.30         MM      MM   0.05   0.25     0.00
  MONTH TO DATE    3.55                      1.11   2.44     0.71
  SINCE OCT 1     15.58                      9.01   6.57    10.08
  SINCE JAN 1      5.21                      2.98   2.23     3.33

SNOWFALL (IN)
  YESTERDAY        0.9          MM      MM   0.2    0.7      0.0
  MONTH TO DATE   11.3                       4.9    6.4      1.1
  SINCE DEC 1     42.8                      37.4    5.4     31.1
  SINCE JUL 1     45.0                      45.3   -0.3     32.6
  SNOW DEPTH       5

DEGREE DAYS
 HEATING
  YESTERDAY       31                        33     -2       31
  MONTH TO DATE  757                       719     38      590
  SINCE DEC 1   3521                      3094    427     2791
  SINCE JUL 1   5077                      4976    101     4451

 COOLING
  YESTERDAY        0                         0      0        0
  MONTH TO DATE    0                         0      0        0
  SINCE DEC 1      0                         0      0        0
  SINCE JAN 1      0                         0      0        0
..................................................................


WIND (MPH)
  HIGHEST WIND SPEED    MM   HIGHEST WIND DIRECTION    MM
  HIGHEST GUST SPEED    MM   HIGHEST GUST DIRECTION    MM
  AVERAGE WIND SPEED    MM


SKY COVER
  POSSIBLE SUNSHINE  MM
  AVERAGE SKY COVER  MM


WEATHER CONDITIONS
 THE FOLLOWING WEATHER WAS RECORDED YESTERDAY.
  RAIN
  LIGHT RAIN
  SNOW
  LIGHT SNOW
  FOG
  FOG W/VISIBILITY <= 1/4 MILE


RELATIVE HUMIDITY (PERCENT)
 HIGHEST    MM
 LOWEST     MM
 AVERAGE    MM

..........................................................


THE SPOKANE  WA WFO CLIMATE NORMALS FOR TODAY
                         NORMAL    RECORD    YEAR
 MAXIMUM TEMPERATURE (F)   41        MM        MM
 MINIMUM TEMPERATURE (F)   24        MM        MM


SUNRISE AND SUNSET
FEBRUARY 22 2017......SUNRISE   643 AM PST   SUNSET   525 PM PST
FEBRUARY 23 2017......SUNRISE   642 AM PST   SUNSET   527 PM PST


-  INDICATES NEGATIVE NUMBERS.
R  INDICATES RECORD WAS SET OR TIED.
MM INDICATES DATA IS MISSING.
T  INDICATES TRACE AMOUNT.




$$
