000
CDUS46 KOTX 200826
CLIOTX


CLIMATE REPORT
NATIONAL WEATHER SERVICE SPOKANE, WA
1226 AM PST SAT DEC 20 2014


...................................

...THE SPOKANE  WA WFO CLIMATE SUMMARY FOR DECEMBER 19 2014...

CLIMATE NORMAL PERIOD 1981 TO 2010
CLIMATE RECORD PERIOD 1881 TO 2014


WEATHER ITEM   OBSERVED TIME   RECORD YEAR NORMAL DEPARTURE LAST
                VALUE   (LST)  VALUE       VALUE  FROM      YEAR
                                                  NORMAL
..................................................................
TEMPERATURE (F)
 YESTERDAY
  MAXIMUM         41        MM  MM      MM  31     10       30
  MINIMUM         34        MM  MM      MM  19     15       17
  AVERAGE         38                        25     13       24

PRECIPITATION (IN)
  YESTERDAY        0.13         MM      MM   0.08   0.05     0.00
  MONTH TO DATE    1.02                      1.57  -0.55     0.29
  SINCE OCT 1      3.85                      5.07  -1.22     2.13
  SINCE JAN 1     15.82                     16.12  -0.30    12.59

SNOWFALL (IN)
  YESTERDAY        0.0          MM      MM   0.6   -0.6      0.0
  MONTH TO DATE    0.3                       9.6   -9.3      0.5
  SINCE DEC 1      0.3                       9.6   -9.3      0.5
  SINCE JUL 1      0.8                      17.5  -16.7      3.5
  SNOW DEPTH       0

DEGREE DAYS
 HEATING
  YESTERDAY       27                        40    -13       41
  MONTH TO DATE  591                       737   -146      803
  SINCE DEC 1    591                       737   -146      803
  SINCE JUL 1   2170                      2619   -449     2659

 COOLING
  YESTERDAY        0                         0      0        0
  MONTH TO DATE    0                         0      0        0
  SINCE DEC 1      0                         0      0        0
  SINCE JAN 1    408                       249    159      383
..................................................................


WIND (MPH)
  HIGHEST WIND SPEED    MM   HIGHEST WIND DIRECTION    MM
  HIGHEST GUST SPEED    MM   HIGHEST GUST DIRECTION    MM
  AVERAGE WIND SPEED    MM


SKY COVER
  POSSIBLE SUNSHINE  MM
  AVERAGE SKY COVER  MM


WEATHER CONDITIONS
 THE FOLLOWING WEATHER WAS RECORDED YESTERDAY.
  LIGHT RAIN
  FOG
  FOG W/VISIBILITY <= 1/4 MILE


RELATIVE HUMIDITY (PERCENT)
 HIGHEST    MM
 LOWEST     MM
 AVERAGE    MM

..........................................................


THE SPOKANE  WA WFO CLIMATE NORMALS FOR TODAY
                         NORMAL    RECORD    YEAR
 MAXIMUM TEMPERATURE (F)   30        MM        MM
 MINIMUM TEMPERATURE (F)   19        MM        MM


SUNRISE AND SUNSET
DECEMBER 20 2014......SUNRISE   736 AM PST   SUNSET   401 PM PST
DECEMBER 21 2014......SUNRISE   736 AM PST   SUNSET   401 PM PST


-  INDICATES NEGATIVE NUMBERS.
R  INDICATES RECORD WAS SET OR TIED.
MM INDICATES DATA IS MISSING.
T  INDICATES TRACE AMOUNT.




$$
