000
CDAK49 PAOT 251207
CLIOTZ

CLIMATE REPORT
NATIONAL WEATHER SERVICE KOTZEBUE, AK
307 AM AKST SUN JAN 25 2015

...................................
...THE KOTZEBUE WSO AP CLIMATE SUMMARY FOR JANUARY 24 2015...

CLIMATE NORMAL PERIOD  1981 TO  2010
CLIMATE RECORD PERIOD  1897 TO  2015

WEATHER ITEM   OBSERVED TIME    RECORD YEAR NORMAL DEPARTURE LAST
               VALUE    (LST)   VALUE       VALUE  FROM      YEAR
                                                   NORMAL
...................................................................
TEMPERATURE
YESTERDAY
 MAXIMUM            -9  0137 AM    36  2014      3     -12     36
 MINIMUM           -21  0121 PM   -52  1903    -10     -11     32
 AVERAGE           -15                          -3     -12     34

PRECIPITATION
(INCHES)
 YESTERDAY        0.00           0.30  1937   0.02   -0.02   0.01
 MONTH TO DATE    0.31                        0.49   -0.18   0.52
 SINCE DEC 1      0.66                        1.25   -0.59   1.29
 SINCE JAN 1      0.31                        0.49   -0.18   0.52

SNOWFALL
(INCHES)
 YESTERDAY         0.0            7.0  1937    0.3    -0.3    0.0
 MONTH TO DATE     2.9                         7.2    -4.3    4.8
 SINCE DEC 1       5.9                        18.7   -12.8   12.0
 SINCE JUL 1      10.6                        36.1   -25.5   23.7
 SNOW DEPTH (IN)     4                                          9

DEGREE DAYS
 HEATING
  YESTERDAY         80                          68      12     31
  MONTH TO DATE   1324                        1621    -297   1328
  SINCE DEC 1     3086                        3564    -478   3150
  SINCE JUL 1     6761                        7923   -1162   7039

 COOLING
  YESTERDAY          0                           0       0      0
  MONTH TO DATE      0                           0       0      0
  SINCE DEC 1        0                           0       0      0
  SINCE JAN 1        0                           0       0      0
...................................................................

WIND (MPH)
 HIGHEST WIND SPEED    23     HIGHEST WIND DIRECTION    350
 HIGHEST GUST SPEED    25     HIGHEST GUST DIRECTION    350
 AVERAGE WIND SPEED   6.9

SKY COVER
  POSSIBLE SUNSHINE    MM          AVERAGE SKY COVER     MM

WEATHER CONDITIONS
 THE FOLLOWING WEATHER WAS RECORDED YESTERDAY.
 NO SIGNIFICANT WEATHER WAS OBSERVED.

RELATIVE HUMIDITY
 HIGHEST RH     MM PERCENT       MM
 LOWEST  RH     MM PERCENT       MM
 AVERAGE RH     MM PERCENT       MM
...................................................................

THE KOTZEBUE CLIMATE NORMALS FOR TODAY
                           NORMAL    RECORD   YEAR
 MAXIMUM TEMPERATURE (F)      3        36     2014
 MINIMUM TEMPERATURE (F)    -10       -50     1903

SUNRISE AND SUNSET
 JAN 25 2015..........SUNRISE 11:22 AM      SUNSET  4:46 PM
 JAN 26 2015..........SUNRISE 11:18 AM      SUNSET  4:50 PM

-  INDICATES NEGATIVE NUMBERS.
R  INDICATES RECORD HAS BEEN SET OR TIED.
MM INDICATES DATA IS MISSING.
T  INDICATES TRACE OF PRECIPITATION.

&&
-------------------------------------------------------------------

AMOUNT OF DAYLIGHT TODAY  (HOUR:MIN)........5 HOURS 24 MINUTES
GAIN/LOSS SINCE YESTERDAY (HOUR:MIN:SEC)....+0:07:59

$$


JAN 15
