000
CDAK49 PAOT 170039
CLIOTZ

CLIMATE REPORT
NATIONAL WEATHER SERVICE KOTZEBUE, AK
439 PM AKDT WED APR 16 2014

...................................
...THE KOTZEBUE WSO AP CLIMATE SUMMARY FOR APRIL 16 2014...
VALID TODAY AS OF 2:00 PM LOCAL TIME

CLIMATE NORMAL PERIOD  1981 TO  2010
CLIMATE RECORD PERIOD  1897 TO  2014

WEATHER ITEM   OBSERVED TIME    RECORD YEAR NORMAL DEPARTURE LAST
               VALUE    (LST)   VALUE       VALUE  FROM      YEAR
                                                   NORMAL
...................................................................
TEMPERATURE
TODAY
 MAXIMUM            35  0337 PM    41  1991     21      14     10
 MINIMUM            21  0649 AM   -20  1959      5      16    -11
 AVERAGE            28                          13      15     -1

PRECIPITATION
(INCHES)
 TODAY            0.00           0.17  1978   0.02   -0.02   0.00
 MONTH TO DATE    0.07                        0.26   -0.19   0.04
 SINCE MAR 1      0.41                        0.70   -0.29   0.41
 SINCE JAN 1      1.13                        1.98   -0.85   2.47

SNOWFALL
(INCHES)
 TODAY             0.0            1.3  1978    0.2    -0.2    0.0
 MONTH TO DATE     0.4                         2.9    -2.5    0.4
 SINCE MAR 1       7.2                         8.8    -1.6    4.1
 SINCE JUL 1      32.2                        56.4   -24.2   28.4
 SNOW DEPTH (IN)     5                                          5

DEGREE DAYS
 HEATING
  TODAY             37                          52     -15     66
  MONTH TO DATE    855                         904     -49    973
  SINCE MAR 1     2620                        2891    -271   2927
  SINCE JUL 1    11552                       13133   -1581  13258

 COOLING
  TODAY              0                           0       0      0
  MONTH TO DATE      0                           0       0      0
  SINCE MAR 1        0                           0       0      0
  SINCE JAN 1        0                           0       0      0
...................................................................

WIND (MPH)
 HIGHEST WIND SPEED    13     HIGHEST WIND DIRECTION     10
 HIGHEST GUST SPEED    15     HIGHEST GUST DIRECTION     20
 AVERAGE WIND SPEED    MM

SKY COVER
  POSSIBLE SUNSHINE  MM            AVERAGE SKY COVER MM

WEATHER CONDITIONS
 THE FOLLOWING WEATHER WAS RECORDED TODAY.
NO SIGNIFICANT WEATHER WAS OBSERVED.

RELATIVE HUMIDITY
 HIGHEST RH     MM PERCENT       MM
 LOWEST  RH     MM PERCENT       MM
 AVERAGE RH     MM PERCENT       MM
...................................................................

THE KOTZEBUE CLIMATE NORMALS FOR TOMORROW
                        NORMAL    RECORD   YEAR
 MAXIMUM TEMPERATURE      22        45     1904
 MINIMUM TEMPERATURE       6       -22     1959

SUNRISE AND SUNSET
 APR 16 2014..........SUNRISE  7:01 AM      SUNSET 10:43 PM
 APR 17 2014..........SUNRISE  6:57 AM      SUNSET 10:47 PM

-  INDICATES NEGATIVE NUMBERS.
R  INDICATES RECORD HAS BEEN SET OR TIED.
MM INDICATES DATA IS MISSING.
T  INDICATES TRACE OF PRECIPITATION.

&&
-------------------------------------------------------------------

AMOUNT OF DAYLIGHT TODAY  (HOUR:MIN)........15 HOURS 42 MINUTES
GAIN/LOSS SINCE YESTERDAY (HOUR:MIN:SEC)....+0:07:43

$$
EWH APR 14
