195
CDAK49 PAFG 260944
CLIOTZ

CLIMATE REPORT
NATIONAL WEATHER SERVICE FAIRBANKS AK
144 AM AKDT SUN MAR 26 2017


...................................

...THE KOTZEBUE AK CLIMATE SUMMARY FOR MARCH 25 2017...

CLIMATE NORMAL PERIOD 1981 TO 2010
CLIMATE RECORD PERIOD 1920 TO 2017


WEATHER ITEM   OBSERVED TIME   RECORD YEAR NORMAL DEPARTURE LAST
                VALUE   (LST)  VALUE       VALUE  FROM      YEAR
                                                  NORMAL
..................................................................
TEMPERATURE (F)
 YESTERDAY
  MAXIMUM         -2    513 PM  36    1979  10    -12       13
  MINIMUM        -23    516 AM -33    1938  -6    -17        0
  AVERAGE        -12                         2    -14        7

PRECIPITATION (IN)
  YESTERDAY        T             0.17 1965   0.01  -0.01     0.06
  MONTH TO DATE    0.03                      0.37  -0.34     0.14
  SINCE MAR 1      0.03                      0.37  -0.34     0.14
  SINCE JAN 1      1.62                      1.65  -0.03     0.85

SNOWFALL (IN)
  YESTERDAY        T             5.0  1932   0.1   -0.1     MM
  MONTH TO DATE    0.7                       5.0   -4.3      1.4
  SINCE MAR 1      0.7                       5.0   -4.3      1.4
  SINCE JUL 1     50.9                      52.6   -1.7     21.4
  SNOW DEPTH      46

DEGREE DAYS
 HEATING
  YESTERDAY       77                        63     14       58
  MONTH TO DATE 1652                      1614     38     1514
  SINCE MAR 1   1652                      1614     38     1514
  SINCE JUL 1  10511                     11859  -1348    10292

 COOLING
  YESTERDAY        0                         0      0        0
  MONTH TO DATE    0                         0      0        0
  SINCE MAR 1      0                         0      0        0
  SINCE JAN 1      0                         0      0        0
..................................................................


WIND (MPH)
  HIGHEST GUST SPEED     6   HIGHEST GUST DIRECTION    NW (320)


SKY COVER
  AVERAGE SKY COVER 0.2


WEATHER CONDITIONS
 THE FOLLOWING WEATHER WAS RECORDED YESTERDAY.
  FOG
  FOG W/VISIBILITY <= 1/4 MILE
  HAZE


RELATIVE HUMIDITY (PERCENT)
 HIGHEST   100
 LOWEST     64
 AVERAGE    82

..........................................................


THE KOTZEBUE AK CLIMATE NORMALS FOR TODAY
                         NORMAL    RECORD    YEAR
 MAXIMUM TEMPERATURE (F)   10        36      1965
 MINIMUM TEMPERATURE (F)   -6       -40      1939


SUNRISE AND SUNSET
MARCH 26 2017.........SUNRISE   825 AM AKDT  SUNSET   930 PM AKDT
MARCH 27 2017.........SUNRISE   821 AM AKDT  SUNSET   933 PM AKDT

-  INDICATES NEGATIVE NUMBERS.
R  INDICATES RECORD WAS SET OR TIED.
MM INDICATES DATA IS MISSING.
T  INDICATES TRACE AMOUNT.

&&

SNOW DEPTH IS MEASURED AT 3AM AKST/4AM AKDT.

----------------------------
AVAILABLE DAYLIGHT

AMOUNT OF DAYLIGHT TODAY  (HOUR:MIN)........13:05
GAIN/LOSS SINCE YESTERDAY (HOUR:MIN:SEC)....+0:07:25

$$
MAR 17
