000
CDAK49 PAOT 301203
CLIOTZ

CLIMATE REPORT
NATIONAL WEATHER SERVICE KOTZEBUE, AK
403 AM AKDT SAT AUG 30 2014

...................................
...THE KOTZEBUE WSO AP CLIMATE SUMMARY FOR AUGUST 29 2014...

CLIMATE NORMAL PERIOD  1981 TO  2010
CLIMATE RECORD PERIOD  1897 TO  2014

WEATHER ITEM   OBSERVED TIME    RECORD YEAR NORMAL DEPARTURE LAST
               VALUE    (LST)   VALUE       VALUE  FROM      YEAR
                                                   NORMAL
...................................................................
TEMPERATURE
YESTERDAY
 MAXIMUM            47  0306 PM    72  1941     54      -7     45
 MINIMUM            41  0929 AM    32  1980     44      -4     37
 AVERAGE            44                          49      -5     41

PRECIPITATION
(INCHES)
 YESTERDAY           T           0.46  1963   0.06   -0.06   0.06
 MONTH TO DATE    0.92                        2.06   -1.14   0.65
 SINCE JUN 1      3.89                        4.09   -0.20   2.84
 SINCE JAN 1      6.15                        6.76   -0.61   6.44

SNOWFALL
(INCHES)
 YESTERDAY         0.0              T  1962    0.0     0.0    0.0
 MONTH TO DATE     0.0                         0.0     0.0    0.0
 SINCE JUN 1       0.0                         0.0     0.0    0.0
 SINCE JUL 1       0.0                         0.0     0.0    0.0
 SNOW DEPTH (IN)     0                                          0

DEGREE DAYS
 HEATING
  YESTERDAY         21                          16       5     24
  MONTH TO DATE    164                         380    -216    285
  SINCE JUN 1     1135                        1287    -152    972
  SINCE JUL 1      518                         706    -188    547

 COOLING
  YESTERDAY          0                           0       0      0
  MONTH TO DATE     11                           0      11      0
  SINCE JUN 1       19                           0      19     13
  SINCE JAN 1       19                           0      19     13
...................................................................

WIND (MPH)
 HIGHEST WIND SPEED    28     HIGHEST WIND DIRECTION    300
 HIGHEST GUST SPEED    35     HIGHEST GUST DIRECTION    320
 AVERAGE WIND SPEED  18.5

SKY COVER
  POSSIBLE SUNSHINE    MM          AVERAGE SKY COVER     MM

WEATHER CONDITIONS
 THE FOLLOWING WEATHER WAS RECORDED YESTERDAY.
 RAIN


RELATIVE HUMIDITY
 HIGHEST RH     MM PERCENT       MM
 LOWEST  RH     MM PERCENT       MM
 AVERAGE RH     MM PERCENT       MM
...................................................................

THE KOTZEBUE CLIMATE NORMALS FOR TODAY
                           NORMAL    RECORD   YEAR
 MAXIMUM TEMPERATURE (F)     53        67     1941
 MINIMUM TEMPERATURE (F)     44        28     1929

SUNRISE AND SUNSET
 AUG 30 2014..........SUNRISE  7:16 AM      SUNSET 10:24 PM
 AUG 31 2014..........SUNRISE  7:20 AM      SUNSET 10:20 PM

-  INDICATES NEGATIVE NUMBERS.
R  INDICATES RECORD HAS BEEN SET OR TIED.
MM INDICATES DATA IS MISSING.
T  INDICATES TRACE OF PRECIPITATION.

&&
-------------------------------------------------------------------

AMOUNT OF DAYLIGHT TODAY  (HOUR:MIN)........15 HOURS 8 MINUTES
LOSS SINCE YESTERDAY (HOUR:MIN:SEC).........-0:07:32

$$
TGH AUG 14
