000
CDAK49 PAOT 281212
CLIOTZ

CLIMATE REPORT
NATIONAL WEATHER SERVICE KOTZEBUE, AK
313 AM AKST SAT FEB 28 2015

...................................
...THE KOTZEBUE WSO AP CLIMATE SUMMARY FOR FEBRUARY 27 2015...

CLIMATE NORMAL PERIOD  1981 TO  2010
CLIMATE RECORD PERIOD  1897 TO  2015

WEATHER ITEM   OBSERVED TIME    RECORD YEAR NORMAL DEPARTURE LAST
               VALUE    (LST)   VALUE       VALUE  FROM      YEAR
                                                   NORMAL
...................................................................
TEMPERATURE
YESTERDAY
 MAXIMUM            33  1044 AM    35  1945      8      25     34
 MINIMUM            27  1007 PM   -42  1956     -7      34     30
 AVERAGE            30                           0      30     32

PRECIPITATION
(INCHES)
 YESTERDAY        0.03           0.60  2009   0.03    0.00      T
 MONTH TO DATE    0.49                        0.64   -0.15   0.09
 SINCE DEC 1      1.20                        2.02   -0.82   1.41
 SINCE JAN 1      0.85                        1.26   -0.41   0.64

SNOWFALL
(INCHES)
 YESTERDAY         0.3            6.0  2009    0.4    -0.1    0.0
 MONTH TO DATE     3.3                         9.3    -6.0    0.7
 SINCE DEC 1       9.7                        29.9   -20.2   12.8
 SINCE JUL 1      14.4                        47.3   -32.9   24.5
 SNOW DEPTH (IN)     5                                          7

DEGREE DAYS
 HEATING
  YESTERDAY         35                          65     -30     33
  MONTH TO DATE   1478                        1778    -300   1634
  SINCE DEC 1     5122                        5818    -696   5018
  SINCE JUL 1     8797                       10177   -1380   8912

 COOLING
  YESTERDAY          0                           0       0      0
  MONTH TO DATE      0                           0       0      0
  SINCE DEC 1        0                           0       0      0
  SINCE JAN 1        0                           0       0      0
...................................................................

WIND (MPH)
 HIGHEST WIND SPEED    30     HIGHEST WIND DIRECTION    160
 HIGHEST GUST SPEED    34     HIGHEST GUST DIRECTION    160
 AVERAGE WIND SPEED  19.5

SKY COVER
  POSSIBLE SUNSHINE    MM          AVERAGE SKY COVER     MM

WEATHER CONDITIONS
 THE FOLLOWING WEATHER WAS RECORDED YESTERDAY.
 FOG
 BLOWING SNOW
 SNOW


RELATIVE HUMIDITY
 HIGHEST RH     MM PERCENT       MM
 LOWEST  RH     MM PERCENT       MM
 AVERAGE RH     MM PERCENT       MM
...................................................................

THE KOTZEBUE CLIMATE NORMALS FOR TODAY
                           NORMAL    RECORD   YEAR
 MAXIMUM TEMPERATURE (F)      8        35     1943
 MINIMUM TEMPERATURE (F)     -7       -39     1971

SUNRISE AND SUNSET
 FEB 28 2015..........SUNRISE  9:10 AM      SUNSET  6:58 PM
 MAR 1 2015..........SUNRISE  9:06 AM      SUNSET  7:02 PM

-  INDICATES NEGATIVE NUMBERS.
R  INDICATES RECORD HAS BEEN SET OR TIED.
MM INDICATES DATA IS MISSING.
T  INDICATES TRACE OF PRECIPITATION.

&&
-------------------------------------------------------------------

AMOUNT OF DAYLIGHT TODAY  (HOUR:MIN)........9 HOURS 48 MINUTES
GAIN/LOSS SINCE YESTERDAY (HOUR:MIN:SEC)....+0:07:31

$$


FEB 15
