000
CDAK49 PAOT 301200
CLIOTZ

CLIMATE REPORT
NATIONAL WEATHER SERVICE KOTZEBUE, AK
400 AM AKDT THU JUL 30 2015

...................................
...THE KOTZEBUE WSO AP CLIMATE SUMMARY FOR JULY 29 2015...

CLIMATE NORMAL PERIOD  1981 TO  2010
CLIMATE RECORD PERIOD  1897 TO  2015

WEATHER ITEM   OBSERVED TIME    RECORD YEAR NORMAL DEPARTURE LAST
               VALUE    (LST)   VALUE       VALUE  FROM      YEAR
                                                   NORMAL
...................................................................
TEMPERATURE
YESTERDAY
 MAXIMUM            61  0520 PM    73  2009     59       2     59
 MINIMUM            50  0551 AM    37  1975     50       0     53
 AVERAGE            56                          55       1     56

PRECIPITATION
(INCHES)
 YESTERDAY        0.00           1.04  2012   0.07   -0.07   0.00
 MONTH TO DATE    0.28                        1.32   -1.04   2.58
 SINCE JUN 1      0.49                        1.90   -1.41   2.96
 SINCE JAN 1      3.00                        4.57   -1.57   5.22

SNOWFALL
(INCHES)
 YESTERDAY         0.0            0.0  2015    0.0     0.0    0.0
 MONTH TO DATE     0.0                         0.0     0.0    0.0
 SINCE JUN 1       0.0                         0.0     0.0    0.0
 SINCE JUL 1       0.0                         0.0     0.0    0.0
 SNOW DEPTH (IN)     0                                          0

DEGREE DAYS
 HEATING
  YESTERDAY          9                          10      -1      9
  MONTH TO DATE    176                         305    -129    338
  SINCE JUN 1      585                         886    -301    955
  SINCE JUL 1      176                         305    -129    338

 COOLING
  YESTERDAY          0                           0       0      0
  MONTH TO DATE     10                           0      10      8
  SINCE JUN 1       14                           0      14      8
  SINCE JAN 1       14                           0      14      8
...................................................................

WIND (MPH)
 HIGHEST WIND SPEED    21     HIGHEST WIND DIRECTION    280
 HIGHEST GUST SPEED    26     HIGHEST GUST DIRECTION    240
 AVERAGE WIND SPEED  10.8

SKY COVER
  POSSIBLE SUNSHINE    MM          AVERAGE SKY COVER     MM

WEATHER CONDITIONS
 THE FOLLOWING WEATHER WAS RECORDED YESTERDAY.
  FOG


RELATIVE HUMIDITY
 HIGHEST RH     MM PERCENT       MM
 LOWEST  RH     MM PERCENT       MM
 AVERAGE RH     MM PERCENT       MM
...................................................................

THE KOTZEBUE CLIMATE NORMALS FOR TODAY
                           NORMAL    RECORD   YEAR
 MAXIMUM TEMPERATURE (F)     59        76     1953
 MINIMUM TEMPERATURE (F)     50        38     1931

SUNRISE AND SUNSET
 JUL 30 2015..........SUNRISE  5:16 AM      SUNSET 12:35 AM
 JUL 31 2015..........SUNRISE  5:20 AM      SUNSET 12:31 AM

-  INDICATES NEGATIVE NUMBERS.
R  INDICATES RECORD HAS BEEN SET OR TIED.
MM INDICATES DATA IS MISSING.
T  INDICATES TRACE OF PRECIPITATION.

&&
-------------------------------------------------------------------

AMOUNT OF DAYLIGHT TODAY  (HOUR:MIN)........19 HOURS 19 MINUTES
LOSS SINCE YESTERDAY (HOUR:MIN:SEC).........-0:08:57

$$

DT JUL 15
