000
CDAK49 PAOT 290004
CLIOTZ

CLIMATE REPORT
NATIONAL WEATHER SERVICE KOTZEBUE, AK
304 PM AKST SUN DEC 28 2014

...................................
...THE KOTZEBUE WSO AP CLIMATE SUMMARY FOR DECEMBER 28 2014...
VALID TODAY AS OF 2:00 PM LOCAL TIME

CLIMATE NORMAL PERIOD  1981 TO  2010
CLIMATE RECORD PERIOD  1897 TO  2014

WEATHER ITEM   OBSERVED TIME    RECORD YEAR NORMAL DEPARTURE LAST
               VALUE    (LST)   VALUE       VALUE  FROM      YEAR
                                                   NORMAL
...................................................................
TEMPERATURE
TODAY
 MAXIMUM            20  0109 PM    31  1982      6      13     -3
 MINIMUM            14  0152 AM   -47  1961     -7      21    -24
 AVERAGE            17                           0      17    -14

PRECIPITATION
(INCHES)
 TODAY            0.11           0.28  1990   0.03    0.08      T
 MONTH TO DATE    0.20                        0.69   -0.49   0.76
 SINCE DEC 1      0.20                        0.69   -0.49   0.76
 SINCE JAN 1      9.46                       10.93   -1.47  12.07

SNOWFALL
(INCHES)
 TODAY             1.1            5.0  1987    0.4     0.8      T
 MONTH TO DATE     2.1                        10.4    -8.3    7.1
 SINCE DEC 1       2.1                        10.4    -8.3    7.1
 SINCE JUL 1       6.8                        27.8   -21.0   18.8
 SNOW DEPTH (IN)     2                                          7

DEGREE DAYS
 HEATING
  TODAY             48                          65     -17     79
  MONTH TO DATE   1660                        1746     -86   1665
  SINCE DEC 1     1655                        1746     -91   1659
  SINCE JUL 1     5330                        6105    -775   5545

 COOLING
  TODAY              0                           0       0      0
  MONTH TO DATE      0                           0       0      0
  SINCE DEC 1        0                           0       0      0
  SINCE JAN 1       19                           0      19     13
...................................................................

WIND (MPH)
 HIGHEST WIND SPEED    52     HIGHEST WIND DIRECTION    110
 HIGHEST GUST SPEED    60     HIGHEST GUST DIRECTION    110
 AVERAGE WIND SPEED   0.0

SKY COVER
  POSSIBLE SUNSHINE  MM            AVERAGE SKY COVER MM

WEATHER CONDITIONS
 THE FOLLOWING WEATHER WAS RECORDED TODAY.
 FOG
 BLOWING SNOW
 SNOW


RELATIVE HUMIDITY
 HIGHEST RH     MM PERCENT       MM
 LOWEST  RH     MM PERCENT       MM
 AVERAGE RH     MM PERCENT       MM
...................................................................

THE KOTZEBUE CLIMATE NORMALS FOR TOMORROW
                        NORMAL    RECORD   YEAR
 MAXIMUM TEMPERATURE       6        37     1982
 MINIMUM TEMPERATURE      -7       -47     1961

SUNRISE AND SUNSET
 DEC 28 2014..........SUNRISE 12:53 PM      SUNSET  2:53 PM
 DEC 29 2014..........SUNRISE 12:51 PM      SUNSET  2:56 PM

-  INDICATES NEGATIVE NUMBERS.
R  INDICATES RECORD HAS BEEN SET OR TIED.
MM INDICATES DATA IS MISSING.
T  INDICATES TRACE OF PRECIPITATION.

&&
-------------------------------------------------------------------

AMOUNT OF DAYLIGHT TODAY  (HOUR:MIN)........2 HOURS 0 MINUTES
GAIN SINCE YESTERDAY (HOUR:MIN:SEC).........+0:04:24

$$
TGH DEC 14
