000
CDAK49 PAOT 171207
CLIOTZ

CLIMATE REPORT
NATIONAL WEATHER SERVICE KOTZEBUE, AK
408 AM AKDT WED SEP 17 2014

...................................
...THE KOTZEBUE WSO AP CLIMATE SUMMARY FOR SEPTEMBER 16 2014...

CLIMATE NORMAL PERIOD  1981 TO  2010
CLIMATE RECORD PERIOD  1897 TO  2014

WEATHER ITEM   OBSERVED TIME    RECORD YEAR NORMAL DEPARTURE LAST
               VALUE    (LST)   VALUE       VALUE  FROM      YEAR
                                                   NORMAL
...................................................................
TEMPERATURE
YESTERDAY
 MAXIMUM            53  1219 AM    61  1973     47       6     47
 MINIMUM            48  1159 PM    18  1890     38      10     38
 AVERAGE            51                          43       8     43

PRECIPITATION
(INCHES)
 YESTERDAY        0.30           0.49  1997   0.05    0.25   0.00
 MONTH TO DATE    0.88                        0.88    0.00   1.88
 SINCE SEP 1      0.88                        0.88   -0.00   1.88
 SINCE JAN 1      7.62                        7.76   -0.14   8.34

SNOWFALL
(INCHES)
 YESTERDAY         0.0            0.6  1962    0.0     0.0    0.0
 MONTH TO DATE     0.0                         0.2    -0.2    0.0
 SINCE SEP 1       0.0                         0.2    -0.2    0.0
 SINCE JUL 1       0.0                         0.2    -0.2    0.0
 SNOW DEPTH (IN)     0                                          0

DEGREE DAYS
 HEATING
  YESTERDAY         14                          22      -8     22
  MONTH TO DATE    259                         310     -51    319
  SINCE SEP 1      259                         310     -51    319
  SINCE JUL 1      819                        1048    -229    913

 COOLING
  YESTERDAY          0                           0       0      0
  MONTH TO DATE      0                           0       0      0
  SINCE SEP 1        0                           0       0      0
  SINCE JAN 1       19                           0      19     13
...................................................................

WIND (MPH)
 HIGHEST WIND SPEED    14     HIGHEST WIND DIRECTION    150
 HIGHEST GUST SPEED    16     HIGHEST GUST DIRECTION    150
 AVERAGE WIND SPEED   7.0

SKY COVER
  POSSIBLE SUNSHINE    MM          AVERAGE SKY COVER     MM

WEATHER CONDITIONS
 THE FOLLOWING WEATHER WAS RECORDED YESTERDAY.
  FOG
RAIN


RELATIVE HUMIDITY
 HIGHEST RH     MM PERCENT       MM
 LOWEST  RH     MM PERCENT       MM
 AVERAGE RH     MM PERCENT       MM
...................................................................

THE KOTZEBUE CLIMATE NORMALS FOR TODAY
                           NORMAL    RECORD   YEAR
 MAXIMUM TEMPERATURE (F)     46        57     1999
 MINIMUM TEMPERATURE (F)     38        21     1897

SUNRISE AND SUNSET
 SEP 17 2014..........SUNRISE  8:17 AM      SUNSET  9:11 PM
 SEP 18 2014..........SUNRISE  8:20 AM      SUNSET  9:07 PM

-  INDICATES NEGATIVE NUMBERS.
R  INDICATES RECORD HAS BEEN SET OR TIED.
MM INDICATES DATA IS MISSING.
T  INDICATES TRACE OF PRECIPITATION.

&&
-------------------------------------------------------------------

AMOUNT OF DAYLIGHT TODAY  (HOUR:MIN)........12 HOURS 54 MINUTES
GAIN/LOSS SINCE YESTERDAY (HOUR:MIN:SEC)....-0:07:18

$$
EWH SEP 14
