168
CDAK49 PAFG 201027
CLIOTZ

CLIMATE REPORT
NATIONAL WEATHER SERVICE FAIRBANKS AK
127 AM AKST TUE FEB 20 2018


...................................

...THE KOTZEBUE AK CLIMATE SUMMARY FOR FEBRUARY 19 2018...

CLIMATE NORMAL PERIOD 1981 TO 2010
CLIMATE RECORD PERIOD 1920 TO 2018


WEATHER ITEM   OBSERVED TIME   RECORD YEAR NORMAL DEPARTURE LAST
                VALUE   (LST)  VALUE       VALUE  FROM      YEAR
                                                  NORMAL
..................................................................
TEMPERATURE (F)
 YESTERDAY
  MAXIMUM         32   1159 PM  33    2010   7     25        6
  MINIMUM         20   1247 AM -52    1964  -7     27      -16
  AVERAGE         26                         0     26       -5

PRECIPITATION (IN)
  YESTERDAY        0.09          0.41 1997   0.02   0.07     0.01
  MONTH TO DATE    0.58                      0.43   0.15     0.04
  SINCE DEC 1      2.42                      1.81   0.61     1.33
  SINCE JAN 1      0.84                      1.05  -0.21     0.59

SNOWFALL (IN)
  YESTERDAY        0.7           4.0  2009   0.4    0.3      0.5
  MONTH TO DATE    3.7                       6.4   -2.7      1.4
  SINCE DEC 1     27.8                      27.0    0.8     26.8
  SINCE JUL 1     68.8                      44.4   24.4     32.4
  SNOW DEPTH      64

DEGREE DAYS
 HEATING
  YESTERDAY       39                        65    -26       70
  MONTH TO DATE  990                      1258   -268     1244
  SINCE DEC 1   4408                      5304   -896     5000
  SINCE JUL 1   8225                      9662  -1437     8613

 COOLING
  YESTERDAY        0                         0      0        0
  MONTH TO DATE    0                         0      0        0
  SINCE DEC 1      0                         0      0        0
  SINCE JAN 1      0                         0      0        0
..................................................................


WIND (MPH)
  HIGHEST GUST SPEED    45   HIGHEST GUST DIRECTION    SE (120)


SKY COVER
  AVERAGE SKY COVER 0.9


WEATHER CONDITIONS
 THE FOLLOWING WEATHER WAS RECORDED YESTERDAY.
  SNOW
  LIGHT SNOW
  FOG
  FOG W/VISIBILITY <= 1/4 MILE
  BLOWING SNOW


RELATIVE HUMIDITY (PERCENT)
 HIGHEST   100
 LOWEST     84
 AVERAGE    92

..........................................................


THE KOTZEBUE AK CLIMATE NORMALS FOR TODAY
                         NORMAL    RECORD    YEAR
 MAXIMUM TEMPERATURE (F)    7        34      1977
 MINIMUM TEMPERATURE (F)   -7       -44      1955


SUNRISE AND SUNSET
FEBRUARY 20 2018......SUNRISE   940 AM AKST  SUNSET   630 PM AKST
FEBRUARY 21 2018......SUNRISE   937 AM AKST  SUNSET   634 PM AKST

-  INDICATES NEGATIVE NUMBERS.
R  INDICATES RECORD WAS SET OR TIED.
MM INDICATES DATA IS MISSING.
T  INDICATES TRACE AMOUNT.

&&

SNOW DEPTH IS MEASURED AT 3AM AKST/4AM AKDT.

----------------------------
AVAILABLE DAYLIGHT

AMOUNT OF DAYLIGHT TODAY  (HOUR:MIN)........8:50
GAIN/LOSS SINCE YESTERDAY (HOUR:MIN:SEC)....+0:07:38

$$
FEB 18
