000
CDAK49 PAFG 040049
CLIOTZ

CLIMATE REPORT
NATIONAL WEATHER SERVICE FAIRBANKS AK
349 PM AKST SAT DEC 3 2016


...................................

...THE KOTZEBUE AK CLIMATE SUMMARY FOR DECEMBER 3 2016...
VALID TODAY AS OF 0300 PM LOCAL TIME.

CLIMATE NORMAL PERIOD 1981 TO 2010
CLIMATE RECORD PERIOD 1920 TO 2016


WEATHER ITEM   OBSERVED TIME   RECORD YEAR NORMAL DEPARTURE LAST
                VALUE   (LST)  VALUE       VALUE  FROM      YEAR
                                                  NORMAL
..................................................................
TEMPERATURE (F)
 TODAY
  MAXIMUM          1    551 AM  29    2006  11    -10        4
                                      2002
  MINIMUM         -7   1234 PM -39    1951  -1     -6       -7
  AVERAGE         -3                         5     -8       -1

PRECIPITATION (IN)
  TODAY            0.00          0.45 2010   0.03  -0.03     0.00
  MONTH TO DATE    T                         0.08  -0.08     0.05
  SINCE DEC 1      T                         0.08  -0.08     0.05
  SINCE JAN 1      8.16                     10.32  -2.16    10.18

SNOWFALL (IN)
  TODAY            0.0           5.0  2011   0.4   -0.4      0.0
  MONTH TO DATE    T                         1.2   -1.2      0.0
  SINCE DEC 1      T                         1.2   -1.2      0.0
  SINCE JUL 1      5.6                      18.6  -13.0     13.4
  SNOW DEPTH       0

DEGREE DAYS
 HEATING
  TODAY           68                        60      8       66
  MONTH TO DATE  214                       180     34      170
  SINCE DEC 1    214                       180     34      170
  SINCE JUL 1   3827                      4538   -711     3889

 COOLING
  TODAY            0                         0      0        0
  MONTH TO DATE    0                         0      0        0
  SINCE DEC 1      0                         0      0        0
  SINCE JAN 1      5                         5      0       16
..................................................................


WIND (MPH)
  HIGHEST GUST SPEED    14   HIGHEST GUST DIRECTION     N (10)


SKY COVER
  AVERAGE SKY COVER 0.0


WEATHER CONDITIONS
 THE FOLLOWING WEATHER WAS RECORDED TODAY.
  NO SIGNIFICANT WEATHER WAS OBSERVED.


RELATIVE HUMIDITY (PERCENT)
 HIGHEST    82
 LOWEST     68
 AVERAGE    75

..........................................................


THE KOTZEBUE AK CLIMATE NORMALS FOR TOMORROW
                         NORMAL    RECORD    YEAR
 MAXIMUM TEMPERATURE (F)   11        34      2002
 MINIMUM TEMPERATURE (F)   -1       -39      1951


SUNRISE AND SUNSET
DECEMBER 03 2016......SUNRISE  1208 PM AKST  SUNSET   314 PM AKST
DECEMBER 04 2016......SUNRISE  1212 PM AKST  SUNSET   311 PM AKST

-  INDICATES NEGATIVE NUMBERS.
R  INDICATES RECORD WAS SET OR TIED.
MM INDICATES DATA IS MISSING.
T  INDICATES TRACE AMOUNT.

&&

SNOW DEPTH IS MEASURED AT 3AM AKST/4AM AKDT.

----------------------------
AVAILABLE DAYLIGHT

AMOUNT OF DAYLIGHT TODAY  (HOUR:MIN)........3:06
GAIN/LOSS SINCE YESTERDAY (HOUR:MIN:SEC)....-0:07:22

$$
DEC 16
