000
CDAK49 PAOT 311232
CLIOTZ

CLIMATE REPORT
NATIONAL WEATHER SERVICE KOTZEBUE, AK
432 AM AKDT WED AUG 31 2016

...................................
...THE KOTZEBUE WSO AP CLIMATE SUMMARY FOR AUGUST 30 2016...

CLIMATE NORMAL PERIOD  1981 TO  2010
CLIMATE RECORD PERIOD  1897 TO  2016

WEATHER ITEM   OBSERVED TIME    RECORD YEAR NORMAL DEPARTURE LAST
               VALUE    (LST)   VALUE       VALUE  FROM      YEAR
                                                   NORMAL
...................................................................
TEMPERATURE
YESTERDAY
 MAXIMUM            69R  0612 PM    69  2016   53      16     48
 MINIMUM            54T  0731 AM    28  1929   44      10     38
 AVERAGE            62                         49      13     43

PRECIPITATION
(INCHES)
 YESTERDAY        0.00           1.02  1944   0.06   -0.06   0.00
 MONTH TO DATE    1.92                        2.12   -0.20   3.99
 SINCE JUN 1      3.61                        4.15   -0.54   4.55
 SINCE JAN 1      5.72                        6.82   -1.10   7.06

SNOWFALL
(INCHES)
 YESTERDAY         0.0            0.1  1962    0.0     0.0    0.0
 MONTH TO DATE     0.0                         0.0     0.0    0.0
 SINCE JUN 1       0.0                         0.0     0.0    0.0
 SINCE JUL 1       0.0                         0.0     0.0    0.0
 SNOW DEPTH (IN)     0                                          0

DEGREE DAYS
 HEATING
  YESTERDAY          3                          16     -13     22
  MONTH TO DATE    233                         396    -163    402
  SINCE JUN 1      890                        1303    -413   1007
  SINCE JUL 1      486                         722    -236    598

 COOLING
  YESTERDAY          0                           0       0      0
  MONTH TO DATE      0                           0       0      0
  SINCE JUN 1        5                           0       5     14
  SINCE JAN 1        5                           0       5     14
...................................................................

WIND (MPH)
 HIGHEST WIND SPEED    21     HIGHEST WIND DIRECTION    100
 HIGHEST GUST SPEED    25     HIGHEST GUST DIRECTION    110
 AVERAGE WIND SPEED   9.3

SKY COVER
  POSSIBLE SUNSHINE    MM          AVERAGE SKY COVER     MM

WEATHER CONDITIONS
 THE FOLLOWING WEATHER WAS RECORDED YESTERDAY.
  NO SIGNIFICANT WEATHER WAS OBSERVED.

RELATIVE HUMIDITY
 HIGHEST RH     MM PERCENT       MM
 LOWEST  RH     MM PERCENT       MM
 AVERAGE RH     MM PERCENT       MM
...................................................................

THE KOTZEBUE CLIMATE NORMALS FOR TODAY
                           NORMAL    RECORD   YEAR
 MAXIMUM TEMPERATURE (F)     53        74     1941
 MINIMUM TEMPERATURE (F)     44        30     1980

SUNRISE AND SUNSET
 AUG 31 2016..........SUNRISE  7:22 AM      SUNSET 10:18 PM
 SEP 1 2016..........SUNRISE  7:25 AM      SUNSET 10:14 PM

-  INDICATES NEGATIVE NUMBERS.
R  INDICATES RECORD HAS BEEN SET OR TIED.
MM INDICATES DATA IS MISSING.
T  INDICATES TRACE OF PRECIPITATION.

&&
-------------------------------------------------------------------

AMOUNT OF DAYLIGHT TODAY  (HOUR:MIN)........14 HOURS 56 MINUTES
LOSS SINCE YESTERDAY  (HOUR:MIN:SEC)........-0:07:30

$$
SV AUG 16
