000
CDUS43 KDDC 172328
CLIP28


CLIMATE REPORT
NATIONAL WEATHER SERVICE DODGE CITY KS
528 PM CST TUE JAN 17 2017


...................................

...THE MEDICINE LODGE KS CLIMATE SUMMARY FOR JANUARY 17 2017...
VALID TODAY AS OF 0500 PM LOCAL TIME.

CLIMATE NORMAL PERIOD 1981 TO 2010
CLIMATE RECORD PERIOD 1893 TO 2017


WEATHER ITEM   OBSERVED TIME   RECORD YEAR NORMAL DEPARTURE LAST
                VALUE   (LST)  VALUE       VALUE  FROM      YEAR
                                                  NORMAL
..................................................................
TEMPERATURE (F)
 TODAY
  MAXIMUM         55    359 PM  79    1923  45     10       28
  MINIMUM         28    816 AM  -6    1978  21      7       16
  AVERAGE         42                        33      9       22

PRECIPITATION (IN)
  TODAY            0.00          0.55 1960   0.03  -0.03     0.00
  MONTH TO DATE    3.45                      0.32   3.13     0.50
  SINCE DEC 1      4.15                      1.24   2.91     2.87
  SINCE JAN 1      3.45                      0.32   3.13     0.50

DEGREE DAYS
 HEATING
  TODAY           23                        32     -9       43
  MONTH TO DATE  567                       544     23      537
  SINCE DEC 1   1588                      1485    103     1277
  SINCE JUL 1   2124                      2343   -219     1872

 COOLING
  TODAY            0                         0      0        0
  MONTH TO DATE    0                         0      0        0
  SINCE DEC 1      0                         0      0        0
  SINCE JAN 1      0                         0      0        0
..................................................................


WIND (MPH)
  HIGHEST WIND SPEED    12   HIGHEST WIND DIRECTION    NW (320)
  HIGHEST GUST SPEED    16   HIGHEST GUST DIRECTION    NW (310)
  AVERAGE WIND SPEED     5.4




RELATIVE HUMIDITY (PERCENT)
 HIGHEST    92           400 AM
 LOWEST     38           200 PM
 AVERAGE    65

..........................................................


THE MEDICINE LODGE KS CLIMATE NORMALS FOR TOMORROW
                         NORMAL    RECORD    YEAR
 MAXIMUM TEMPERATURE (F)   45        75      1951
 MINIMUM TEMPERATURE (F)   22        -5      1943


SUNRISE AND SUNSET
JANUARY 17 2017.......SUNRISE   746 AM CST   SUNSET   543 PM CST
JANUARY 18 2017.......SUNRISE   746 AM CST   SUNSET   544 PM CST


-  INDICATES NEGATIVE NUMBERS.
R  INDICATES RECORD WAS SET OR TIED.
MM INDICATES DATA IS MISSING.
T  INDICATES TRACE AMOUNT.




$$
