000
CDUS43 KDDC 300707
CLIP28


CLIMATE REPORT
NATIONAL WEATHER SERVICE DODGE CITY KS
207 AM CDT SUN APR 30 2017


...................................

...THE MEDICINE LODGE KS CLIMATE SUMMARY FOR APRIL 29 2017...

CLIMATE NORMAL PERIOD 1981 TO 2010
CLIMATE RECORD PERIOD 1893 TO 2017


WEATHER ITEM   OBSERVED TIME   RECORD YEAR NORMAL DEPARTURE LAST
                VALUE   (LST)  VALUE       VALUE  FROM      YEAR
                                                  NORMAL
..................................................................
TEMPERATURE (F)
 YESTERDAY
  MAXIMUM         60    300 PM 100    1910  73    -13       54
  MINIMUM         40        MM  32    1907  49     -9       44
  AVERAGE         50                        61    -11       49

PRECIPITATION (IN)
  YESTERDAY        1.33          2.37 1924   0.09   1.24     0.95
  MONTH TO DATE    3.70                      2.33   1.37     4.94
  SINCE MAR 1      5.93                      4.59   1.34     5.61
  SINCE JAN 1      9.85                      6.34   3.51     6.50

SNOWFALL (IN)
  YESTERDAY        0.0          MM      MM   0.0             0.0
  MONTH TO DATE    0.0                       0.0             0.0
  SINCE MAR 1      0.0                       0.1             1.0
  SINCE JUL 1      1.4                       8.5             2.0
  SNOW DEPTH       0

DEGREE DAYS
 HEATING
  YESTERDAY       15                         5     10       16
  MONTH TO DATE  229                       283    -54      181
  SINCE MAR 1    673                       851   -178      592
  SINCE JUL 1   3674                      4380   -706     3481

 COOLING
  YESTERDAY        0                         1     -1        0
  MONTH TO DATE   28                        21      7       26
  SINCE MAR 1     40                        23     17       36
  SINCE JAN 1     40                        23     17       36
..................................................................


WIND (MPH)
  HIGHEST WIND SPEED    31   HIGHEST WIND DIRECTION     N (10)
  HIGHEST GUST SPEED    52   HIGHEST GUST DIRECTION    NE (30)
  AVERAGE WIND SPEED    19.5




RELATIVE HUMIDITY (PERCENT)
 HIGHEST    93           400 AM
 LOWEST     51           300 PM
 AVERAGE    72

..........................................................


THE MEDICINE LODGE KS CLIMATE NORMALS FOR TODAY
                         NORMAL    RECORD    YEAR
 MAXIMUM TEMPERATURE (F)   73        95      1959
 MINIMUM TEMPERATURE (F)   49        26      1908


SUNRISE AND SUNSET
APRIL 30 2017.........SUNRISE   640 AM CDT   SUNSET   823 PM CDT
MAY  1 2017...........SUNRISE   639 AM CDT   SUNSET   824 PM CDT


-  INDICATES NEGATIVE NUMBERS.
R  INDICATES RECORD WAS SET OR TIED.
MM INDICATES DATA IS MISSING.
T  INDICATES TRACE AMOUNT.




$$
