000
CDUS43 KDDC 140707
CLIP28


CLIMATE REPORT
NATIONAL WEATHER SERVICE DODGE CITY KS
106 AM CST THU DEC 14 2017


...................................

...THE MEDICINE LODGE KS CLIMATE SUMMARY FOR DECEMBER 13 2017...

CLIMATE NORMAL PERIOD 1981 TO 2010
CLIMATE RECORD PERIOD 1893 TO 2017


WEATHER ITEM   OBSERVED TIME   RECORD YEAR NORMAL DEPARTURE LAST
                VALUE   (LST)  VALUE       VALUE  FROM      YEAR
                                                  NORMAL
..................................................................
TEMPERATURE (F)
 YESTERDAY
  MAXIMUM         66    244 PM  81    1921  46     20       32
  MINIMUM         26    400 AM  -7    1961  23      3       15
  AVERAGE         46                        35     11       24

PRECIPITATION (IN)
  YESTERDAY        0.00          1.63 2015   0.03  -0.03     0.00
  MONTH TO DATE    0.00                      0.39  -0.39     0.27
  SINCE DEC 1      0.00                      0.39  -0.39     0.27
  SINCE JAN 1     29.81                     26.61   3.20    29.91

SNOWFALL (IN)
  YESTERDAY        0.0          MM      MM   0.1             0.0
  MONTH TO DATE    0.0                       1.2             0.0
  SINCE DEC 1      0.0                       1.2             0.0
  SINCE JUL 1      0.0                       1.4             0.0
  SNOW DEPTH       0

DEGREE DAYS
 HEATING
  YESTERDAY       19                        30    -11       41
  MONTH TO DATE  296                       372    -76      432
  SINCE DEC 1    296                       372    -76      432
  SINCE JUL 1   1056                      1230   -174      968

 COOLING
  YESTERDAY        0                         0      0        0
  MONTH TO DATE    0                         0      0        0
  SINCE DEC 1      0                         0      0        0
  SINCE JAN 1   1656                      1770   -114     1937
..................................................................


WIND (MPH)
  HIGHEST WIND SPEED    26   HIGHEST WIND DIRECTION     N (350)
  HIGHEST GUST SPEED    39   HIGHEST GUST DIRECTION     N (340)
  AVERAGE WIND SPEED    10.2




RELATIVE HUMIDITY (PERCENT)
 HIGHEST    81           400 AM
 LOWEST     16           200 PM
 AVERAGE    49

..........................................................


THE MEDICINE LODGE KS CLIMATE NORMALS FOR TODAY
                         NORMAL    RECORD    YEAR
 MAXIMUM TEMPERATURE (F)   46        75      1933
 MINIMUM TEMPERATURE (F)   23        -6      1958


SUNRISE AND SUNSET
DECEMBER 14 2017......SUNRISE   741 AM CST   SUNSET   518 PM CST
DECEMBER 15 2017......SUNRISE   741 AM CST   SUNSET   518 PM CST


-  INDICATES NEGATIVE NUMBERS.
R  INDICATES RECORD WAS SET OR TIED.
MM INDICATES DATA IS MISSING.
T  INDICATES TRACE AMOUNT.




$$
