000
CDUS43 KDDC 222328
CLIP28


CLIMATE REPORT
NATIONAL WEATHER SERVICE DODGE CITY KS
528 PM CST SAT NOV 22 2014


...................................

...THE MEDICINE LODGE KS CLIMATE SUMMARY FOR NOVEMBER 22 2014...
VALID TODAY AS OF 0500 PM LOCAL TIME.

CLIMATE NORMAL PERIOD 1981 TO 2010
CLIMATE RECORD PERIOD 1893 TO 2014


WEATHER ITEM   OBSERVED TIME   RECORD YEAR NORMAL DEPARTURE LAST
                VALUE   (LST)  VALUE       VALUE  FROM      YEAR
                                                  NORMAL
..................................................................
TEMPERATURE (F)
 TODAY
  MAXIMUM         57    359 PM  77    1966  55      2       29
  MINIMUM         40    307 AM   9    1929  30     10       20
  AVERAGE         49                        42      7       25

PRECIPITATION (IN)
  TODAY            0.00          0.43 1941   0.03  -0.03     0.12
  MONTH TO DATE    0.27                      0.76  -0.49     0.67
  SINCE SEP 1      1.82                      5.70  -3.88     3.59
  SINCE JAN 1     19.33                     26.05  -6.72    25.23

DEGREE DAYS
 HEATING
  TODAY           16                        23     -7       40
  MONTH TO DATE  540                       390    150      392
  SINCE SEP 1    714                       659     55      679
  SINCE JUL 1    719                       659     60      679

 COOLING
  TODAY            0                         0      0        0
  MONTH TO DATE    0                         0      0        0
  SINCE SEP 1    318                       258     60      337
  SINCE JAN 1   1802                      1769     33     1786
..................................................................


WIND (MPH)
  HIGHEST WIND SPEED    18   HIGHEST WIND DIRECTION     S (180)
  HIGHEST GUST SPEED    26   HIGHEST GUST DIRECTION     S (180)
  AVERAGE WIND SPEED     5.6




RELATIVE HUMIDITY (PERCENT)
 HIGHEST   100          1200 AM
 LOWEST     93           400 PM
 AVERAGE    97

..........................................................


THE MEDICINE LODGE KS CLIMATE NORMALS FOR TOMORROW
                         NORMAL    RECORD    YEAR
 MAXIMUM TEMPERATURE (F)   54        78      1904
 MINIMUM TEMPERATURE (F)   29         8      1921


SUNRISE AND SUNSET
NOVEMBER 22 2014......SUNRISE   721 AM CST   SUNSET   520 PM CST
NOVEMBER 23 2014......SUNRISE   722 AM CST   SUNSET   519 PM CST


-  INDICATES NEGATIVE NUMBERS.
R  INDICATES RECORD WAS SET OR TIED.
MM INDICATES DATA IS MISSING.
T  INDICATES TRACE AMOUNT.




$$
