000
CDUS43 KDDC 072327
CLIP28


CLIMATE REPORT
NATIONAL WEATHER SERVICE DODGE CITY KS
626 PM CDT TUE JUL 7 2015


...................................

...THE MEDICINE LODGE KS CLIMATE SUMMARY FOR JULY 7 2015...
VALID TODAY AS OF 0500 PM LOCAL TIME.

CLIMATE NORMAL PERIOD 1981 TO 2010
CLIMATE RECORD PERIOD 1893 TO 2015


WEATHER ITEM   OBSERVED TIME   RECORD YEAR NORMAL DEPARTURE LAST
                VALUE   (LST)  VALUE       VALUE  FROM      YEAR
                                                  NORMAL
..................................................................
TEMPERATURE (F)
 TODAY
  MAXIMUM         69   1231 AM 108    1917  94    -25      100
  MINIMUM         64    713 AM  53    1908  69     -5       68
  AVERAGE         67                        82    -15       84

PRECIPITATION (IN)
  TODAY            1.07          1.60 1993   0.11   0.96     0.00
  MONTH TO DATE    1.07                      0.87   0.20     0.37
  SINCE JUN 1      3.33                      4.98  -1.65     8.26
  SINCE JAN 1     15.29                     14.72   0.57    11.15

DEGREE DAYS
 HEATING
  TODAY            0                         0      0        0
  MONTH TO DATE    0                         0      0        0
  SINCE JUN 1      0                         3     -3        0
  SINCE JUL 1      0                         0      0        0

 COOLING
  TODAY            2                        16    -14       19
  MONTH TO DATE  103                       111     -8       84
  SINCE JUN 1    535                       464     71      426
  SINCE JAN 1    642                       620     22      695
..................................................................


WIND (MPH)
  HIGHEST WIND SPEED    23   HIGHEST WIND DIRECTION    NE (40)
  HIGHEST GUST SPEED    36   HIGHEST GUST DIRECTION    NE (40)
  AVERAGE WIND SPEED    14.3




RELATIVE HUMIDITY (PERCENT)
 HIGHEST   100           200 AM
 LOWEST     55           300 PM
 AVERAGE    78

..........................................................


THE MEDICINE LODGE KS CLIMATE NORMALS FOR TOMORROW
                         NORMAL    RECORD    YEAR
 MAXIMUM TEMPERATURE (F)   94       109      1917
 MINIMUM TEMPERATURE (F)   69        51      1952


SUNRISE AND SUNSET
JULY  7 2015..........SUNRISE   620 AM CDT   SUNSET   858 PM CDT
JULY  8 2015..........SUNRISE   621 AM CDT   SUNSET   857 PM CDT


-  INDICATES NEGATIVE NUMBERS.
R  INDICATES RECORD WAS SET OR TIED.
MM INDICATES DATA IS MISSING.
T  INDICATES TRACE AMOUNT.




$$
