000
CDUS43 KDDC 210707
CLIP28


CLIMATE REPORT
NATIONAL WEATHER SERVICE DODGE CITY KS
206 AM CDT SAT OCT 21 2017


...................................

...THE MEDICINE LODGE KS CLIMATE SUMMARY FOR OCTOBER 20 2017...

CLIMATE NORMAL PERIOD 1981 TO 2010
CLIMATE RECORD PERIOD 1893 TO 2017


WEATHER ITEM   OBSERVED TIME   RECORD YEAR NORMAL DEPARTURE LAST
                VALUE   (LST)  VALUE       VALUE  FROM      YEAR
                                                  NORMAL
..................................................................
TEMPERATURE (F)
 YESTERDAY
  MAXIMUM         78    315 PM  94    1927  70      8       66
  MINIMUM         54    444 AM  16    1976  45      9       40
  AVERAGE         66                        57      9       53

PRECIPITATION (IN)
  YESTERDAY        0.00          1.95 1920   0.10  -0.10     0.00
  MONTH TO DATE    1.09                      1.96  -0.87     1.28
  SINCE SEP 1      7.04                      4.06   2.98     8.46
  SINCE JAN 1     29.17                     24.41   4.76    28.89

SNOWFALL (IN)
  YESTERDAY        0.0          MM      MM   0.0             0.0
  MONTH TO DATE    0.0                       0.0             0.0
  SINCE SEP 1      0.0                       0.0             0.0
  SINCE JUL 1      0.0                       0.0             0.0
  SNOW DEPTH       0

DEGREE DAYS
 HEATING
  YESTERDAY        0                         9     -9       12
  MONTH TO DATE   67                       119    -52       67
  SINCE SEP 1     79                       153    -74       89
  SINCE JUL 1     79                       153    -74       89

 COOLING
  YESTERDAY        1                         1      0        0
  MONTH TO DATE   55                        36     19       56
  SINCE SEP 1    296                       256     40      311
  SINCE JAN 1   1655                      1767   -112     1911
..................................................................


WIND (MPH)
  HIGHEST WIND SPEED    31   HIGHEST WIND DIRECTION     S (170)
  HIGHEST GUST SPEED    47   HIGHEST GUST DIRECTION     S (160)
  AVERAGE WIND SPEED    15.2




RELATIVE HUMIDITY (PERCENT)
 HIGHEST    80           500 AM
 LOWEST     54           100 PM
 AVERAGE    67

..........................................................


THE MEDICINE LODGE KS CLIMATE NORMALS FOR TODAY
                         NORMAL    RECORD    YEAR
 MAXIMUM TEMPERATURE (F)   69        93      2012
                                             1975
 MINIMUM TEMPERATURE (F)   44        19      1910


SUNRISE AND SUNSET
OCTOBER 21 2017.......SUNRISE   748 AM CDT   SUNSET   649 PM CDT
OCTOBER 22 2017.......SUNRISE   749 AM CDT   SUNSET   648 PM CDT


-  INDICATES NEGATIVE NUMBERS.
R  INDICATES RECORD WAS SET OR TIED.
MM INDICATES DATA IS MISSING.
T  INDICATES TRACE AMOUNT.




$$
