756
CDUS43 KDDC 230712
CLIP28


CLIMATE REPORT
NATIONAL WEATHER SERVICE DODGE CITY KS
212 AM CDT FRI JUN 23 2017


...................................

...THE MEDICINE LODGE KS CLIMATE SUMMARY FOR JUNE 22 2017...

CLIMATE NORMAL PERIOD 1981 TO 2010
CLIMATE RECORD PERIOD 1893 TO 2017


WEATHER ITEM   OBSERVED TIME   RECORD YEAR NORMAL DEPARTURE LAST
                VALUE   (LST)  VALUE       VALUE  FROM      YEAR
                                                  NORMAL
..................................................................
TEMPERATURE (F)
 YESTERDAY
  MAXIMUM         97    424 PM 108    1897  91      6       99
  MINIMUM         68    543 AM  50    1926  66      2       68
  AVERAGE         83                        78      5       84

PRECIPITATION (IN)
  YESTERDAY        0.00          1.65 1963   0.12  -0.12     0.00
  MONTH TO DATE    1.74                      3.20  -1.46     1.65
  SINCE JUN 1      1.74                      3.20  -1.46     1.65
  SINCE JAN 1     17.29                     12.94   4.35    10.43

SNOWFALL (IN)
  YESTERDAY        0.0          MM      MM   0.0             0.0
  MONTH TO DATE    0.0                       0.0             0.0
  SINCE JUN 1      0.0                       0.0             0.0
  SINCE JUL 1      1.4                       8.5             2.0
  SNOW DEPTH       0

DEGREE DAYS
 HEATING
  YESTERDAY        0                         0      0        0
  MONTH TO DATE    0                         0      0        0
  SINCE JUN 1      0                         0      0        0
  SINCE JUL 1   3711                      4455   -744     3601

 COOLING
  YESTERDAY       18                        14      4       19
  MONTH TO DATE  274                       236     38      327
  SINCE JUN 1    274                       236     38      327
  SINCE JAN 1    372                       392    -20      464
..................................................................


WIND (MPH)
  HIGHEST WIND SPEED    17   HIGHEST WIND DIRECTION     S (170)
  HIGHEST GUST SPEED    23   HIGHEST GUST DIRECTION     S (180)
  AVERAGE WIND SPEED     9.2




RELATIVE HUMIDITY (PERCENT)
 HIGHEST    66           500 AM
 LOWEST     30           300 PM
 AVERAGE    48

..........................................................


THE MEDICINE LODGE KS CLIMATE NORMALS FOR TODAY
                         NORMAL    RECORD    YEAR
 MAXIMUM TEMPERATURE (F)   91       107      1897
 MINIMUM TEMPERATURE (F)   67        52      1972


SUNRISE AND SUNSET
JUNE 23 2017..........SUNRISE   615 AM CDT   SUNSET   859 PM CDT
JUNE 24 2017..........SUNRISE   615 AM CDT   SUNSET   859 PM CDT


-  INDICATES NEGATIVE NUMBERS.
R  INDICATES RECORD WAS SET OR TIED.
MM INDICATES DATA IS MISSING.
T  INDICATES TRACE AMOUNT.




$$
