000
CDUS43 KDDC 022327
CLIP28


CLIMATE REPORT
NATIONAL WEATHER SERVICE DODGE CITY KS
526 PM CST MON MAR 2 2015


...................................

...THE MEDICINE LODGE KS CLIMATE SUMMARY FOR MARCH 2 2015...
VALID TODAY AS OF 0500 PM LOCAL TIME.

CLIMATE NORMAL PERIOD 1981 TO 2010
CLIMATE RECORD PERIOD 1893 TO 2015


WEATHER ITEM   OBSERVED TIME   RECORD YEAR NORMAL DEPARTURE LAST
                VALUE   (LST)  VALUE       VALUE  FROM      YEAR
                                                  NORMAL
..................................................................
TEMPERATURE (F)
 TODAY
  MAXIMUM         32    359 PM  87    1904  55    -23        9
  MINIMUM         20    723 AM   0    1980  30    -10        4
  AVERAGE         26                        42    -16        7

PRECIPITATION (IN)
  TODAY            0.00          1.32 1993   0.06  -0.06     0.31
  MONTH TO DATE    0.00                      0.12  -0.12     0.31
  SINCE MAR 1      0.00                      0.12  -0.12     0.31
  SINCE JAN 1      1.31                      1.87  -0.56     1.26

DEGREE DAYS
 HEATING
  TODAY           39                        23     16       58
  MONTH TO DATE   76                        46     30       99
  SINCE MAR 1     76                        46     30       99
  SINCE JUL 1   3650                      3575     75     4050

 COOLING
  TODAY            0                         0      0        0
  MONTH TO DATE    0                         0      0        0
  SINCE MAR 1      0                         0      0        0
  SINCE JAN 1      0                         0      0        0
..................................................................


WIND (MPH)
  HIGHEST WIND SPEED    13   HIGHEST WIND DIRECTION     S (190)
  HIGHEST GUST SPEED    16   HIGHEST GUST DIRECTION     S (190)
  AVERAGE WIND SPEED     4.7




RELATIVE HUMIDITY (PERCENT)
 HIGHEST   100           400 AM
 LOWEST     63           200 PM
 AVERAGE    82

..........................................................


THE MEDICINE LODGE KS CLIMATE NORMALS FOR TOMORROW
                         NORMAL    RECORD    YEAR
 MAXIMUM TEMPERATURE (F)   55        85      1910
 MINIMUM TEMPERATURE (F)   30        -7      2014
                                             1960


SUNRISE AND SUNSET
MARCH  2 2015.........SUNRISE   704 AM CST   SUNSET   629 PM CST
MARCH  3 2015.........SUNRISE   703 AM CST   SUNSET   630 PM CST


-  INDICATES NEGATIVE NUMBERS.
R  INDICATES RECORD WAS SET OR TIED.
MM INDICATES DATA IS MISSING.
T  INDICATES TRACE AMOUNT.




$$
