000
CDUS43 KDDC 080715
CLIP28


CLIMATE REPORT
NATIONAL WEATHER SERVICE DODGE CITY KS
115 AM CST THU DEC 8 2016


...................................

...THE MEDICINE LODGE KS CLIMATE SUMMARY FOR DECEMBER 7 2016...

CLIMATE NORMAL PERIOD 1981 TO 2010
CLIMATE RECORD PERIOD 1893 TO 2016


WEATHER ITEM   OBSERVED TIME   RECORD YEAR NORMAL DEPARTURE LAST
                VALUE   (LST)  VALUE       VALUE  FROM      YEAR
                                                  NORMAL
..................................................................
TEMPERATURE (F)
 YESTERDAY
  MAXIMUM         36   1151 AM  80    1966  48    -12       60
  MINIMUM         19   1159 PM   0    1950  25     -6       30
  AVERAGE         28                        36     -8       45

PRECIPITATION (IN)
  YESTERDAY        0.00          0.87 1980   0.03  -0.03     0.00
  MONTH TO DATE    0.27                      0.20   0.07     0.00
  SINCE DEC 1      0.27                      0.20   0.07     0.00
  SINCE JAN 1     29.91                     26.42   3.49    31.83


DEGREE DAYS
 HEATING
  YESTERDAY       37                        29      8       20
  MONTH TO DATE  196                       194      2      162
  SINCE DEC 1    196                       194      2      162
  SINCE JUL 1    732                      1052   -320      757

 COOLING
  YESTERDAY        0                         0      0        0
  MONTH TO DATE    0                         0      0        0
  SINCE DEC 1      0                         0      0        0
  SINCE JAN 1   1937                      1770    167     1867
..................................................................


WIND (MPH)
  HIGHEST WIND SPEED    23   HIGHEST WIND DIRECTION     N (20)
  HIGHEST GUST SPEED    28   HIGHEST GUST DIRECTION     N (10)
  AVERAGE WIND SPEED    10.9




RELATIVE HUMIDITY (PERCENT)
 HIGHEST    84           900 PM
 LOWEST     41          1000 AM
 AVERAGE    63

..........................................................


THE MEDICINE LODGE KS CLIMATE NORMALS FOR TODAY
                         NORMAL    RECORD    YEAR
 MAXIMUM TEMPERATURE (F)   48        76      1918
 MINIMUM TEMPERATURE (F)   24        -6      1917


SUNRISE AND SUNSET
DECEMBER  8 2016......SUNRISE   736 AM CST   SUNSET   517 PM CST
DECEMBER  9 2016......SUNRISE   737 AM CST   SUNSET   517 PM CST


-  INDICATES NEGATIVE NUMBERS.
R  INDICATES RECORD WAS SET OR TIED.
MM INDICATES DATA IS MISSING.
T  INDICATES TRACE AMOUNT.




$$
