000
CDUS43 KDDC 182331
CLIP28


CLIMATE REPORT
NATIONAL WEATHER SERVICE DODGE CITY KS
629 PM CDT FRI APR 18 2014


...................................

...THE MEDICINE LODGE KS CLIMATE SUMMARY FOR APRIL 18 2014...
VALID TODAY AS OF 0500 PM LOCAL TIME.

CLIMATE NORMAL PERIOD 1981 TO 2010
CLIMATE RECORD PERIOD 1893 TO 2014


WEATHER ITEM   OBSERVED TIME   RECORD YEAR NORMAL DEPARTURE LAST
                VALUE   (LST)  VALUE       VALUE  FROM      YEAR
                                                  NORMAL
..................................................................
TEMPERATURE (F)
 TODAY
  MAXIMUM         72    358 PM  91    1897  69      3       42
                                      1994
                                      2002
  MINIMUM         30R   517 AM  30    2013  45    -15       30
                                      1953
  AVERAGE         51                        57     -6       36

PRECIPITATION (IN)
  TODAY            0.00          2.00 1970   0.08  -0.08     0.00
  MONTH TO DATE    0.21                      1.29  -1.08     1.29
  SINCE MAR 1      0.70                      3.55  -2.85     3.70
  SINCE JAN 1      1.65                      5.30  -3.65     7.25

DEGREE DAYS
 HEATING
  TODAY           14                         9      5       29
  MONTH TO DATE  218                       206     12      309
  SINCE MAR 1    942                       774    168      985
  SINCE JUL 1   4893                      4303    590     4271

 COOLING
  TODAY            0                         1     -1        0
  MONTH TO DATE   11                        10      1        3
  SINCE MAR 1     11                        12     -1        4
  SINCE JAN 1     11                        12     -1        4
..................................................................


WIND (MPH)
  HIGHEST WIND SPEED    24   HIGHEST WIND DIRECTION     S (190)
  HIGHEST GUST SPEED    33   HIGHEST GUST DIRECTION     S (190)
  AVERAGE WIND SPEED     7.4




RELATIVE HUMIDITY (PERCENT)
 HIGHEST   100           500 AM
 LOWEST     35           400 PM
 AVERAGE    68

..........................................................


THE MEDICINE LODGE KS CLIMATE NORMALS FOR TOMORROW
                         NORMAL    RECORD    YEAR
 MAXIMUM TEMPERATURE (F)   70        97      1961
 MINIMUM TEMPERATURE (F)   45        27      1939


SUNRISE AND SUNSET
APRIL 18 2014.........SUNRISE   656 AM CDT   SUNSET   812 PM CDT
APRIL 19 2014.........SUNRISE   654 AM CDT   SUNSET   813 PM CDT


-  INDICATES NEGATIVE NUMBERS.
R  INDICATES RECORD WAS SET OR TIED.
MM INDICATES DATA IS MISSING.
T  INDICATES TRACE AMOUNT.




$$
