000
CDUS43 KDDC 270725
CLIP28


CLIMATE REPORT
NATIONAL WEATHER SERVICE DODGE CITY KS
225 AM CDT FRI MAY 27 2016


...................................

...THE MEDICINE LODGE KS CLIMATE SUMMARY FOR MAY 26 2016...

CLIMATE NORMAL PERIOD 1981 TO 2010
CLIMATE RECORD PERIOD 1893 TO 2016


WEATHER ITEM   OBSERVED TIME   RECORD YEAR NORMAL DEPARTURE LAST
                VALUE   (LST)  VALUE       VALUE  FROM      YEAR
                                                  NORMAL
..................................................................
TEMPERATURE (F)
 YESTERDAY
  MAXIMUM         89    127 PM 101    1953  83      6       84
  MINIMUM         62    936 PM  40    1901  59      3       55
  AVERAGE         76                        70      6       70

PRECIPITATION (IN)
  YESTERDAY        0.23          2.12 1898   0.10   0.13     0.00
  MONTH TO DATE    1.84                      2.66  -0.82     6.75
  SINCE MAR 1      7.45                      7.35   0.10    10.61
  SINCE JAN 1      8.34                      9.10  -0.76    11.92

SNOWFALL (IN)
  YESTERDAY        0.0          MM      MM   0.0             0.0
  MONTH TO DATE    0.0                       0.0             0.0
  SINCE MAR 1      1.0                       0.1             0.3
  SINCE JUL 1      2.0                       8.5            13.2
  SNOW DEPTH       0

DEGREE DAYS
 HEATING
  YESTERDAY        0                         1     -1        0
  MONTH TO DATE  109                        68     41      103
  SINCE MAR 1    712                       924   -212      746
  SINCE JUL 1   3601                      4453   -852     4320

 COOLING
  YESTERDAY       11                         6      5        5
  MONTH TO DATE   73                        97    -24       58
  SINCE MAR 1    109                       121    -12       90
  SINCE JAN 1    109                       121    -12       90
..................................................................


WIND (MPH)
  HIGHEST WIND SPEED    33   HIGHEST WIND DIRECTION    SW (240)
  HIGHEST GUST SPEED    44   HIGHEST GUST DIRECTION     W (250)
  AVERAGE WIND SPEED    12.9




RELATIVE HUMIDITY (PERCENT)
 HIGHEST    93           600 AM
 LOWEST     40           100 PM
 AVERAGE    67

..........................................................


THE MEDICINE LODGE KS CLIMATE NORMALS FOR TODAY
                         NORMAL    RECORD    YEAR
 MAXIMUM TEMPERATURE (F)   83       100      1896
                                             1953
 MINIMUM TEMPERATURE (F)   59        44      1992


SUNRISE AND SUNSET
MAY 27 2016...........SUNRISE   617 AM CDT   SUNSET   846 PM CDT
MAY 28 2016...........SUNRISE   617 AM CDT   SUNSET   847 PM CDT


-  INDICATES NEGATIVE NUMBERS.
R  INDICATES RECORD WAS SET OR TIED.
MM INDICATES DATA IS MISSING.
T  INDICATES TRACE AMOUNT.




$$
