000
CDUS45 KRIW 040746
CLIP60


CLIMATE REPORT
NATIONAL WEATHER SERVICE RIVERTON WY
139 AM MDT TUE AUG 4 2015


...................................

...THE LAKE YELLOWSTONE WY CLIMATE SUMMARY FOR AUGUST 3 2015...

CLIMATE NORMAL PERIOD 1981 TO 2010
CLIMATE RECORD PERIOD 1998 TO 2015


WEATHER ITEM   OBSERVED TIME   RECORD YEAR NORMAL DEPARTURE LAST
                VALUE   (LST)  VALUE       VALUE  FROM      YEAR
                                                  NORMAL
..................................................................
TEMPERATURE (F)
 YESTERDAY
  MAXIMUM         75   1246 PM  81    2001  74      1       72
  MINIMUM         44    449 AM  32    2006  40      4       38
  AVERAGE         60                        57      3       55

PRECIPITATION (IN)
  YESTERDAY        0.18          0.50 2002   0.04   0.14     0.36
  MONTH TO DATE    0.18                      0.11   0.07     0.58
  SINCE JUN 1      2.22                      3.58  -1.36     4.27
  SINCE JAN 1      9.96                     12.66  -2.70    19.41

DEGREE DAYS
 HEATING
  YESTERDAY        5                         8     -3       10
  MONTH TO DATE   19                        24     -5       30
  SINCE JUN 1    677                       800   -123      881
  SINCE JUL 1    351                       307     44      295

 COOLING
  YESTERDAY        0                         0      0        0
  MONTH TO DATE    0                         0      0        0
  SINCE JUN 1      1                         0      1        0
  SINCE JAN 1      1                         0      1        0
..................................................................


WIND (MPH)
  HIGHEST WIND SPEED    14   HIGHEST WIND DIRECTION    NW (310)
  HIGHEST GUST SPEED    20   HIGHEST GUST DIRECTION    NW (300)
  AVERAGE WIND SPEED     2.7


SKY COVER
  POSSIBLE SUNSHINE  MM
  AVERAGE SKY COVER 0.0


WEATHER CONDITIONS
 THE FOLLOWING WEATHER WAS RECORDED YESTERDAY.
  NO SIGNIFICANT WEATHER WAS OBSERVED.


RELATIVE HUMIDITY (PERCENT)
 HIGHEST    93          1000 PM
 LOWEST     27           200 PM
 AVERAGE    60

..........................................................


THE LAKE YELLOWSTONE WY CLIMATE NORMALS FOR TODAY
                         NORMAL    RECORD    YEAR
 MAXIMUM TEMPERATURE (F)   74        77      2013
                                             2010
 MINIMUM TEMPERATURE (F)   40        29      2012


SUNRISE AND SUNSET
AUGUST  4 2015........SUNRISE   611 AM MDT   SUNSET   843 PM MDT
AUGUST  5 2015........SUNRISE   613 AM MDT   SUNSET   842 PM MDT


-  INDICATES NEGATIVE NUMBERS.
R  INDICATES RECORD WAS SET OR TIED.
MM INDICATES DATA IS MISSING.
T  INDICATES TRACE AMOUNT.




$$
