000
CDUS45 KRIW 160735
CLIP60


CLIMATE REPORT
NATIONAL WEATHER SERVICE RIVERTON WY
133 AM MDT WED APR 16 2014


...................................

...THE LAKE YELLOWSTONE WY CLIMATE SUMMARY FOR APRIL 15 2014...

CLIMATE NORMAL PERIOD 1981 TO 2010
CLIMATE RECORD PERIOD 1998 TO 2014


WEATHER ITEM   OBSERVED TIME   RECORD YEAR NORMAL DEPARTURE LAST
                VALUE   (LST)  VALUE       VALUE  FROM      YEAR
                                                  NORMAL
..................................................................
TEMPERATURE (F)
 YESTERDAY
  MAXIMUM         39   1050 AM  49    2007  43     -4       29
  MINIMUM         15    322 AM  -5    2001  19     -4       -2
                                      1999
  AVERAGE         27                        31     -4       14

PRECIPITATION (IN)
  YESTERDAY        0.12          0.56 2002   0.07   0.05     0.01
  MONTH TO DATE    1.40                      1.00   0.40     1.94
  SINCE MAR 1      5.98                      2.21   3.77     4.25
  SINCE JAN 1     11.06                      5.73   5.33     6.59

DEGREE DAYS
 HEATING
  YESTERDAY       38                        34      4       51
  MONTH TO DATE  606                       538     68      570
  SINCE MAR 1   1979                      1840    139     1966
  SINCE JUL 1  10032                      9777    255     9833

 COOLING
  YESTERDAY        0                         0      0        0
  MONTH TO DATE    0                         0      0        0
  SINCE MAR 1      0                         0      0        0
  SINCE JAN 1      0                         0      0        0
..................................................................


WIND (MPH)
  HIGHEST WIND SPEED    18   HIGHEST WIND DIRECTION     W (280)
  HIGHEST GUST SPEED    30   HIGHEST GUST DIRECTION     W (290)
  AVERAGE WIND SPEED     3.8


SKY COVER
  POSSIBLE SUNSHINE  MM
  AVERAGE SKY COVER 0.0


WEATHER CONDITIONS
 THE FOLLOWING WEATHER WAS RECORDED YESTERDAY.
  NO SIGNIFICANT WEATHER WAS OBSERVED.


RELATIVE HUMIDITY (PERCENT)
 HIGHEST    88           800 PM
 LOWEST     32           900 AM
 AVERAGE    60

..........................................................


THE LAKE YELLOWSTONE WY CLIMATE NORMALS FOR TODAY
                         NORMAL    RECORD    YEAR
 MAXIMUM TEMPERATURE (F)   44        52      2010
 MINIMUM TEMPERATURE (F)   19        -2      1999


SUNRISE AND SUNSET
APRIL 16 2014.........SUNRISE   636 AM MDT   SUNSET   808 PM MDT
APRIL 17 2014.........SUNRISE   634 AM MDT   SUNSET   809 PM MDT


-  INDICATES NEGATIVE NUMBERS.
R  INDICATES RECORD WAS SET OR TIED.
MM INDICATES DATA IS MISSING.
T  INDICATES TRACE AMOUNT.




$$
