000
CDUS45 KRIW 270745
CLIP60


CLIMATE REPORT
NATIONAL WEATHER SERVICE RIVERTON WY
127 AM MDT FRI MAR 27 2015


...................................

...THE LAKE YELLOWSTONE WY CLIMATE SUMMARY FOR MARCH 26 2015...

CLIMATE NORMAL PERIOD 1981 TO 2010
CLIMATE RECORD PERIOD 1998 TO 2015


WEATHER ITEM   OBSERVED TIME   RECORD YEAR NORMAL DEPARTURE LAST
                VALUE   (LST)  VALUE       VALUE  FROM      YEAR
                                                  NORMAL
..................................................................
TEMPERATURE (F)
 YESTERDAY
  MAXIMUM         41    440 PM  48    2007  40      1       36
  MINIMUM         21    329 AM  -6    2013  12      9       22
  AVERAGE         31                        26      5       29

PRECIPITATION (IN)
  YESTERDAY        0.00          0.61 2014   0.05  -0.05     0.61
  MONTH TO DATE    0.74                      0.97  -0.23     3.06
  SINCE MAR 1      0.74                      0.97  -0.23     3.06
  SINCE JAN 1      3.63                      4.49  -0.86     8.14

DEGREE DAYS
 HEATING
  YESTERDAY       34                        39     -5       36
  MONTH TO DATE 1031                      1110    -79     1162
  SINCE MAR 1   1031                      1110    -79     1162
  SINCE JUL 1   8595                      9047   -452     9215

 COOLING
  YESTERDAY        0                         0      0        0
  MONTH TO DATE    0                         0      0        0
  SINCE MAR 1      0                         0      0        0
  SINCE JAN 1      0                         0      0        0
..................................................................


WIND (MPH)
  HIGHEST WIND SPEED    13   HIGHEST WIND DIRECTION     W (280)
  HIGHEST GUST SPEED    18   HIGHEST GUST DIRECTION    NW (320)
  AVERAGE WIND SPEED     2.5


SKY COVER
  POSSIBLE SUNSHINE  MM
  AVERAGE SKY COVER 0.0


WEATHER CONDITIONS
 THE FOLLOWING WEATHER WAS RECORDED YESTERDAY.
  NO SIGNIFICANT WEATHER WAS OBSERVED.


RELATIVE HUMIDITY (PERCENT)
 HIGHEST    92           800 AM
 LOWEST     60           400 PM
 AVERAGE    76

..........................................................


THE LAKE YELLOWSTONE WY CLIMATE NORMALS FOR TODAY
                         NORMAL    RECORD    YEAR
 MAXIMUM TEMPERATURE (F)   40        48      2007
 MINIMUM TEMPERATURE (F)   13       -13      2009


SUNRISE AND SUNSET
MARCH 27 2015.........SUNRISE   712 AM MDT   SUNSET   743 PM MDT
MARCH 28 2015.........SUNRISE   710 AM MDT   SUNSET   744 PM MDT


-  INDICATES NEGATIVE NUMBERS.
R  INDICATES RECORD WAS SET OR TIED.
MM INDICATES DATA IS MISSING.
T  INDICATES TRACE AMOUNT.




$$
