000
CDUS45 KRIW 040032
CLIP60


CLIMATE REPORT
NATIONAL WEATHER SERVICE RIVERTON WY
632 PM MDT FRI JUL 3 2015


...................................

...THE LAKE YELLOWSTONE WY CLIMATE SUMMARY FOR JULY 3 2015...
VALID TODAY AS OF 0500 PM LOCAL TIME.

CLIMATE NORMAL PERIOD 1981 TO 2010
CLIMATE RECORD PERIOD 1998 TO 2015


WEATHER ITEM   OBSERVED TIME   RECORD YEAR NORMAL DEPARTURE LAST
                VALUE   (LST)  VALUE       VALUE  FROM      YEAR
                                                  NORMAL
..................................................................
TEMPERATURE (F)
 TODAY
  MAXIMUM         80        MM  82    2013  69     11       77
                                      2001
  MINIMUM         43        MM  35    2005  38      5       38
                                      2004
  AVERAGE         62

PRECIPITATION (IN)
  TODAY            0.00          0.24 2009   0.04  -0.04     0.01
  MONTH TO DATE    0.00                      0.13  -0.13     0.01
  SINCE JUN 1      0.91                      2.13  -1.22     2.35
  SINCE JAN 1      8.65                     11.21  -2.56    17.49

DEGREE DAYS
 HEATING
  TODAY            3                        11     -8        7
  MONTH TO DATE    8                        35    -27       37
  SINCE JUN 1    334                       528   -194      623
  SINCE JUL 1      8                        35    -27       37

 COOLING
  TODAY            0                         0      0        0
  MONTH TO DATE    0                         0      0        0
  SINCE JUN 1      1                         0      1        0
  SINCE JAN 1      1                         0      1        0
..................................................................


WIND (MPH)
  HIGHEST WIND SPEED    14   HIGHEST WIND DIRECTION     W (270)
  HIGHEST GUST SPEED    22   HIGHEST GUST DIRECTION    NW (310)
  AVERAGE WIND SPEED     3.5


SKY COVER
  POSSIBLE SUNSHINE  MM
  AVERAGE SKY COVER 0.0


WEATHER CONDITIONS
 THE FOLLOWING WEATHER WAS RECORDED TODAY.
  NO SIGNIFICANT WEATHER WAS OBSERVED.


RELATIVE HUMIDITY (PERCENT)
 HIGHEST    89           500 AM
 LOWEST     15           100 PM
 AVERAGE    52

..........................................................


THE LAKE YELLOWSTONE WY CLIMATE NORMALS FOR TOMORROW
                         NORMAL    RECORD    YEAR
 MAXIMUM TEMPERATURE (F)   70        80      2007
 MINIMUM TEMPERATURE (F)   38        30      2010


SUNRISE AND SUNSET
JULY  3 2015..........SUNRISE   542 AM MDT   SUNSET   910 PM MDT
JULY  4 2015..........SUNRISE   542 AM MDT   SUNSET   910 PM MDT


-  INDICATES NEGATIVE NUMBERS.
R  INDICATES RECORD WAS SET OR TIED.
MM INDICATES DATA IS MISSING.
T  INDICATES TRACE AMOUNT.




$$
