000
CDUS45 KLKN 180045
CLIP68


CLIMATE REPORT
NATIONAL WEATHER SERVICE ELKO NV
445 PM PST SAT FEB 17 2018


...................................

...THE EUREKA AIRPORT NV CLIMATE SUMMARY FOR FEBRUARY 17 2018...
VALID TODAY AS OF 0400 PM LOCAL TIME.

CLIMATE NORMAL PERIOD 1981 TO 2010
CLIMATE RECORD PERIOD 1963 TO 2018


WEATHER ITEM   OBSERVED TIME   RECORD YEAR NORMAL DEPARTURE LAST
                VALUE   (LST)  VALUE       VALUE  FROM      YEAR
                                                  NORMAL
..................................................................
TEMPERATURE (F)
 TODAY
  MAXIMUM         60    348 PM  61    1996  43     17       43
  MINIMUM         17    130 AM  -9    1966  16      1       25
  AVERAGE         39                        30      9       34

PRECIPITATION (IN)
  TODAY            0.00          0.39 1997   0.03  -0.03     0.02
  MONTH TO DATE    0.03                      0.51  -0.48     0.20
  SINCE OCT 1      1.95                      3.38  -1.43     4.74
  SINCE JAN 1      0.76                      1.25  -0.49     2.65

DEGREE DAYS
 HEATING
  TODAY           26                        35     -9       31
  MONTH TO DATE  512                       635   -123      481
  SINCE DEC 1   2578                      3159   -581     3063
  SINCE JUL 1   4162                      4918   -756     4476

 COOLING
  TODAY            0                         0      0        0
  MONTH TO DATE    0                         0      0        0
  SINCE DEC 1      0                         0      0        0
  SINCE JAN 1      0                         0      0        0
..................................................................


WIND (MPH)
  HIGHEST WIND SPEED    17   HIGHEST WIND DIRECTION     W (280)
  HIGHEST GUST SPEED    23   HIGHEST GUST DIRECTION     W (270)




RELATIVE HUMIDITY (PERCENT)
 HIGHEST    84           400 AM
 LOWEST     12           300 PM
 AVERAGE    48

..........................................................


THE EUREKA AIRPORT NV CLIMATE NORMALS FOR TOMORROW
                         NORMAL    RECORD    YEAR
 MAXIMUM TEMPERATURE (F)   43        64      2015
 MINIMUM TEMPERATURE (F)   17        -7      1984


SUNRISE AND SUNSET
FEBRUARY 17 2018......SUNRISE   633 AM PST   SUNSET   523 PM PST
FEBRUARY 18 2018......SUNRISE   632 AM PST   SUNSET   524 PM PST


-  INDICATES NEGATIVE NUMBERS.
R  INDICATES RECORD WAS SET OR TIED.
MM INDICATES DATA IS MISSING.
T  INDICATES TRACE AMOUNT.




$$
