000
CDUS45 KLKN 230929
CLIP68


CLIMATE REPORT
NATIONAL WEATHER SERVICE ELKO NV
226 AM PDT THU OCT 23 2014


...................................

...THE EUREKA AIRPORT NV CLIMATE SUMMARY FOR OCTOBER 22 2014...

CLIMATE NORMAL PERIOD 1981 TO 2010
CLIMATE RECORD PERIOD 1963 TO 2014


WEATHER ITEM   OBSERVED TIME   RECORD YEAR NORMAL DEPARTURE LAST
                VALUE   (LST)  VALUE       VALUE  FROM      YEAR
                                                  NORMAL
..................................................................
TEMPERATURE (F)
 YESTERDAY
  MAXIMUM         68    343 PM  83    2003  61      7       69
  MINIMUM         26    605 AM   6    1996  27     -1       27
  AVERAGE         47                        44      3       48

PRECIPITATION (IN)
  YESTERDAY        0.00          0.07 2010   0.03  -0.03     0.00
  MONTH TO DATE    0.00                      0.49  -0.49     0.25
  SINCE OCT 1      0.00                      0.49  -0.49     0.25
  SINCE JAN 1      7.94                      7.36   0.58     6.39

DEGREE DAYS
 HEATING
  YESTERDAY       18                        21     -3       17
  MONTH TO DATE  257                       377   -120      429
  SINCE SEP 1    350                       594   -244      619
  SINCE JUL 1    375                       641   -266      620

 COOLING
  YESTERDAY        0                         0      0        0
  MONTH TO DATE    0                         0      0        0
  SINCE SEP 1     37                        11     26       44
  SINCE JAN 1    436                       288    148      585
..................................................................


WIND (MPH)
  HIGHEST WIND SPEED     9   HIGHEST WIND DIRECTION     S (180)
  HIGHEST GUST SPEED    12   HIGHEST GUST DIRECTION    NE (30)
  AVERAGE WIND SPEED     4.4




RELATIVE HUMIDITY (PERCENT)
 HIGHEST    50           600 AM
 LOWEST     18           200 PM
 AVERAGE    34

..........................................................


THE EUREKA AIRPORT NV CLIMATE NORMALS FOR TODAY
                         NORMAL    RECORD    YEAR
 MAXIMUM TEMPERATURE (F)   61        75      2011
                                             1965
 MINIMUM TEMPERATURE (F)   27         8      1995
                                             1980


SUNRISE AND SUNSET
OCTOBER 23 2014.......SUNRISE   702 AM PDT   SUNSET   553 PM PDT
OCTOBER 24 2014.......SUNRISE   703 AM PDT   SUNSET   552 PM PDT


-  INDICATES NEGATIVE NUMBERS.
R  INDICATES RECORD WAS SET OR TIED.
MM INDICATES DATA IS MISSING.
T  INDICATES TRACE AMOUNT.




$$
