000
CDUS45 KLKN 160931
CLIP68


CLIMATE REPORT
NATIONAL WEATHER SERVICE ELKO NV
228 AM PDT WED APR 16 2014


...................................

...THE EUREKA AIRPORT NV CLIMATE SUMMARY FOR APRIL 15 2014...

CLIMATE NORMAL PERIOD 1981 TO 2010
CLIMATE RECORD PERIOD 1963 TO 2014


WEATHER ITEM   OBSERVED TIME   RECORD YEAR NORMAL DEPARTURE LAST
                VALUE   (LST)  VALUE       VALUE  FROM      YEAR
                                                  NORMAL
..................................................................
TEMPERATURE (F)
 YESTERDAY
  MAXIMUM         70    238 PM  76    1990  58     12       44
                                      1985
                                      1964
  MINIMUM         31    428 AM  12    1970  28      3       30
  AVERAGE         51                        43      8       37

PRECIPITATION (IN)
  YESTERDAY        0.00          0.43 2002   0.03  -0.03     0.06
  MONTH TO DATE    0.13                      0.46  -0.33     0.37
  SINCE OCT 1      4.87                      5.12  -0.25     3.88
  SINCE JAN 1      2.47                      2.99  -0.52     2.44

DEGREE DAYS
 HEATING
  YESTERDAY       14                        22     -8       28
  MONTH TO DATE  310                       353    -43      303
  SINCE MAR 1   1088                      1224   -136     1022
  SINCE JUL 1   5892                      6509   -617     6110

 COOLING
  YESTERDAY        0                         0      0        0
  MONTH TO DATE    0                         0      0        0
  SINCE MAR 1      0                         0      0        0
  SINCE JAN 1      0                         0      0        0
..................................................................


WIND (MPH)
  HIGHEST WIND SPEED    28   HIGHEST WIND DIRECTION    NW (300)
  HIGHEST GUST SPEED    37   HIGHEST GUST DIRECTION     W (280)
  AVERAGE WIND SPEED    11.2




RELATIVE HUMIDITY (PERCENT)
 HIGHEST    48          1100 PM
 LOWEST     10          1200 PM
 AVERAGE    29

..........................................................


THE EUREKA AIRPORT NV CLIMATE NORMALS FOR TODAY
                         NORMAL    RECORD    YEAR
 MAXIMUM TEMPERATURE (F)   59        78      1994
                                             1987
 MINIMUM TEMPERATURE (F)   28        11      2008
                                             1968


SUNRISE AND SUNSET
APRIL 16 2014.........SUNRISE   605 AM PDT   SUNSET   723 PM PDT
APRIL 17 2014.........SUNRISE   604 AM PDT   SUNSET   724 PM PDT


-  INDICATES NEGATIVE NUMBERS.
R  INDICATES RECORD WAS SET OR TIED.
MM INDICATES DATA IS MISSING.
T  INDICATES TRACE AMOUNT.




$$
