000
CDUS45 KLKN 050935
CLIP68


CLIMATE REPORT
NATIONAL WEATHER SERVICE ELKO NV
228 AM PDT SAT SEP 5 2015


...................................

...THE EUREKA AIRPORT NV CLIMATE SUMMARY FOR SEPTEMBER 4 2015...

CLIMATE NORMAL PERIOD 1981 TO 2010
CLIMATE RECORD PERIOD 1963 TO 2015


WEATHER ITEM   OBSERVED TIME   RECORD YEAR NORMAL DEPARTURE LAST
                VALUE   (LST)  VALUE       VALUE  FROM      YEAR
                                                  NORMAL
..................................................................
TEMPERATURE (F)
 YESTERDAY
  MAXIMUM         81    258 PM  91    2010  82     -1       80
  MINIMUM         40    333 AM  26    1999  43     -3       41
  AVERAGE         61                        62     -1       61

PRECIPITATION (IN)
  YESTERDAY        0.00          1.02 1995   0.02  -0.02     0.00
  MONTH TO DATE    0.00                      0.08  -0.08     0.00
  SINCE OCT 1      6.74                      8.50  -1.76     9.21
  SINCE JAN 1      5.62                      6.37  -0.75     6.81

DEGREE DAYS
 HEATING
  YESTERDAY        4                         4      0        4
  MONTH TO DATE    4                        13     -9        4
  SINCE SEP 1      4                        13     -9        4
  SINCE JUL 1     32                        60    -28       29

 COOLING
  YESTERDAY        0                         1     -1        0
  MONTH TO DATE   11                         4      7        8
  SINCE SEP 1     11                         4      7        8
  SINCE JAN 1    484                       281    203      407
..................................................................


WIND (MPH)
  HIGHEST WIND SPEED    29   HIGHEST WIND DIRECTION     S (180)
  HIGHEST GUST SPEED    37   HIGHEST GUST DIRECTION     S (200)
  AVERAGE WIND SPEED     9.8




RELATIVE HUMIDITY (PERCENT)
 HIGHEST    45           600 AM
 LOWEST      7           300 PM
 AVERAGE    26

..........................................................


THE EUREKA AIRPORT NV CLIMATE NORMALS FOR TODAY
                         NORMAL    RECORD    YEAR
 MAXIMUM TEMPERATURE (F)   82        89      1981
 MINIMUM TEMPERATURE (F)   42        28      1968


SUNRISE AND SUNSET
SEPTEMBER  5 2015.....SUNRISE   616 AM PDT   SUNSET   709 PM PDT
SEPTEMBER  6 2015.....SUNRISE   617 AM PDT   SUNSET   707 PM PDT


-  INDICATES NEGATIVE NUMBERS.
R  INDICATES RECORD WAS SET OR TIED.
MM INDICATES DATA IS MISSING.
T  INDICATES TRACE AMOUNT.




$$
