000
CDUS45 KLKN 240928
CLIP68


CLIMATE REPORT
NATIONAL WEATHER SERVICE ELKO NV
228 AM PDT SUN JUL 24 2016


...................................

...THE EUREKA AIRPORT NV CLIMATE SUMMARY FOR JULY 23 2016...

CLIMATE NORMAL PERIOD 1981 TO 2010
CLIMATE RECORD PERIOD 1963 TO 2016


WEATHER ITEM   OBSERVED TIME   RECORD YEAR NORMAL DEPARTURE LAST
                VALUE   (LST)  VALUE       VALUE  FROM      YEAR
                                                  NORMAL
..................................................................
TEMPERATURE (F)
 YESTERDAY
  MAXIMUM         94    213 PM  99    2003  91      3       85
  MINIMUM         46    222 AM  32    1987  50     -4       54
  AVERAGE         70                        70      0       70

PRECIPITATION (IN)
  YESTERDAY        0.00          0.53 1986   0.02  -0.02     0.02
  MONTH TO DATE    0.00                      0.43  -0.43     0.88
  SINCE OCT 1     12.05                      7.64   4.41     6.02
  SINCE JAN 1      7.78                      5.51   2.27     4.90

DEGREE DAYS
 HEATING
  YESTERDAY        0                         0      0        0
  MONTH TO DATE   13                         8      5       13
  SINCE JUN 1     67                       168   -101       52
  SINCE JUL 1     13                         8      5       13

 COOLING
  YESTERDAY        5                         6     -1        5
  MONTH TO DATE  113                        99     14       97
  SINCE JUN 1    204                       128     76      254
  SINCE JAN 1    204                       131     73      262
..................................................................


WIND (MPH)
  HIGHEST WIND SPEED    22   HIGHEST WIND DIRECTION     N (10)
  HIGHEST GUST SPEED    26   HIGHEST GUST DIRECTION     N (10)
  AVERAGE WIND SPEED     7.1




RELATIVE HUMIDITY (PERCENT)
 HIGHEST    29          1200 AM
 LOWEST      5           200 PM
 AVERAGE    17

..........................................................


THE EUREKA AIRPORT NV CLIMATE NORMALS FOR TODAY
                         NORMAL    RECORD    YEAR
 MAXIMUM TEMPERATURE (F)   91        97      2010
 MINIMUM TEMPERATURE (F)   50        37      1993


SUNRISE AND SUNSET
JULY 24 2016..........SUNRISE   537 AM PDT   SUNSET   803 PM PDT
JULY 25 2016..........SUNRISE   538 AM PDT   SUNSET   803 PM PDT


-  INDICATES NEGATIVE NUMBERS.
R  INDICATES RECORD WAS SET OR TIED.
MM INDICATES DATA IS MISSING.
T  INDICATES TRACE AMOUNT.




$$
