000
CDUS45 KLKN 170927
CLIP68


CLIMATE REPORT
NATIONAL WEATHER SERVICE ELKO NV
226 AM PDT TUE OCT 7  2017


...................................

...THE EUREKA AIRPORT NV CLIMATE SUMMARY FOR OCTOBER 16 2017...

CLIMATE NORMAL PERIOD 1981 TO 2010
CLIMATE RECORD PERIOD 1963 TO 2017


WEATHER ITEM   OBSERVED TIME   RECORD YEAR NORMAL DEPARTURE LAST
                VALUE   (LST)  VALUE       VALUE  FROM      YEAR
                                                  NORMAL
..................................................................
TEMPERATURE (F)
 YESTERDAY
  MAXIMUM         74    347 PM  79    1991  64     10       71
                                      1986
  MINIMUM         24    305 AM   9    1999  28     -4       44
                                      1970
  AVERAGE         49                        46      3       58

PRECIPITATION (IN)
  YESTERDAY        0.00          0.43 1993   0.03  -0.03     0.03
  MONTH TO DATE    0.28                      0.33  -0.05     0.04
  SINCE OCT 1      0.28                      0.33  -0.05     0.04
  SINCE JAN 1      9.32                      7.20   2.12     8.95

DEGREE DAYS
 HEATING
  YESTERDAY       16                        19     -3        7
  MONTH TO DATE  352                       256     96      214
  SINCE SEP 1    614                       473    141      403
  SINCE JUL 1    618                       520     98      427

 COOLING
  YESTERDAY        0                         0      0        0
  MONTH TO DATE    0                         0      0        0
  SINCE SEP 1     61                        11     50        9
  SINCE JAN 1    570                       288    282      424
..................................................................


WIND (MPH)
  HIGHEST WIND SPEED    14   HIGHEST WIND DIRECTION    SW (210)
  HIGHEST GUST SPEED    16   HIGHEST GUST DIRECTION    SW (210)
  AVERAGE WIND SPEED     5.9




RELATIVE HUMIDITY (PERCENT)
 HIGHEST    46           300 AM
 LOWEST      6           300 PM
 AVERAGE    26

..........................................................


THE EUREKA AIRPORT NV CLIMATE NORMALS FOR TODAY
                         NORMAL    RECORD    YEAR
 MAXIMUM TEMPERATURE (F)   63        81      2003
 MINIMUM TEMPERATURE (F)   28         9      1999
                                             1996


SUNRISE AND SUNSET
OCTOBER 17 2017.......SUNRISE   656 AM PDT   SUNSET   601 PM PDT
OCTOBER 18 2017.......SUNRISE   657 AM PDT   SUNSET   600 PM PDT


-  INDICATES NEGATIVE NUMBERS.
R  INDICATES RECORD WAS SET OR TIED.
MM INDICATES DATA IS MISSING.
T  INDICATES TRACE AMOUNT.




$$
