000
CDUS45 KLKN 050926
CLIP68


CLIMATE REPORT
NATIONAL WEATHER SERVICE ELKO NV
226 AM PDT THU MAY 5 2016


...................................

...THE EUREKA AIRPORT NV CLIMATE SUMMARY FOR MAY 4 2016...

CLIMATE NORMAL PERIOD 1981 TO 2010
CLIMATE RECORD PERIOD 1963 TO 2016


WEATHER ITEM   OBSERVED TIME   RECORD YEAR NORMAL DEPARTURE LAST
                VALUE   (LST)  VALUE       VALUE  FROM      YEAR
                                                  NORMAL
..................................................................
TEMPERATURE (F)
 YESTERDAY
  MAXIMUM         72   1255 PM  86    2004  65      7       71
  MINIMUM         41    342 AM  19    2001  32      9       40
  AVERAGE         57                        49      8       56

PRECIPITATION (IN)
  YESTERDAY        0.00          0.36 1980   0.03  -0.03     0.00
  MONTH TO DATE    0.00                      0.11  -0.11     0.01
  SINCE OCT 1      9.70                      5.74   3.96     2.38
  SINCE JAN 1      5.43                      3.61   1.82     1.26

DEGREE DAYS
 HEATING
  YESTERDAY        8                        16     -8        9
  MONTH TO DATE   62                        67     -5       32
  SINCE MAR 1   1366                      1586   -220     1312
  SINCE JUL 1   6469                      6871   -402     5355

 COOLING
  YESTERDAY        0                         0      0        0
  MONTH TO DATE    0                         0      0        0
  SINCE MAR 1      0                         0      0        0
  SINCE JAN 1      0                         0      0        0
..................................................................


WIND (MPH)
  HIGHEST WIND SPEED    29   HIGHEST WIND DIRECTION     S (170)
  HIGHEST GUST SPEED    39   HIGHEST GUST DIRECTION     S (160)
  AVERAGE WIND SPEED    12.1




RELATIVE HUMIDITY (PERCENT)
 HIGHEST    62           200 AM
 LOWEST     18           500 PM
 AVERAGE    40

..........................................................


THE EUREKA AIRPORT NV CLIMATE NORMALS FOR TODAY
                         NORMAL    RECORD    YEAR
 MAXIMUM TEMPERATURE (F)   66        82      2004
 MINIMUM TEMPERATURE (F)   32        20      1999
                                             1985


SUNRISE AND SUNSET
MAY  5 2016...........SUNRISE   539 AM PDT   SUNSET   742 PM PDT
MAY  6 2016...........SUNRISE   538 AM PDT   SUNSET   743 PM PDT


-  INDICATES NEGATIVE NUMBERS.
R  INDICATES RECORD WAS SET OR TIED.
MM INDICATES DATA IS MISSING.
T  INDICATES TRACE AMOUNT.




$$
