000
CDUS45 KLKN 290934
CLIP68


CLIMATE REPORT
NATIONAL WEATHER SERVICE ELKO NV
233 AM PDT SAT APR 29 2017


...................................

...THE EUREKA AIRPORT NV CLIMATE SUMMARY FOR APRIL 28 2017...

CLIMATE NORMAL PERIOD 1981 TO 2010
CLIMATE RECORD PERIOD 1963 TO 2017


WEATHER ITEM   OBSERVED TIME   RECORD YEAR NORMAL DEPARTURE LAST
                VALUE   (LST)  VALUE       VALUE  FROM      YEAR
                                                  NORMAL
..................................................................
TEMPERATURE (F)
 YESTERDAY
  MAXIMUM         45    107 PM  81    2007  63    -18       47
  MINIMUM         24   1149 PM  10    1966  31     -7       33
  AVERAGE         35                        47    -12       40

PRECIPITATION (IN)
  YESTERDAY        0.05          0.49 2016   0.04   0.01     0.49
  MONTH TO DATE    2.10                      0.91   1.19     2.01
  SINCE OCT 1      8.56                      5.57   2.99     9.58
  SINCE JAN 1      6.47                      3.44   3.03     5.31

DEGREE DAYS
 HEATING
  YESTERDAY       30                        18     12       25
  MONTH TO DATE  602                       613    -11      513
  SINCE MAR 1   1287                      1484   -197     1262
  SINCE JUL 1   6147                      6769   -622     6365

 COOLING
  YESTERDAY        0                         0      0        0
  MONTH TO DATE    0                         0      0        0
  SINCE MAR 1      0                         0      0        0
  SINCE JAN 1      0                         0      0        0
..................................................................


WIND (MPH)
  HIGHEST WIND SPEED    30   HIGHEST WIND DIRECTION    NW (320)
  HIGHEST GUST SPEED    37   HIGHEST GUST DIRECTION     N (360)
  AVERAGE WIND SPEED    11.0




RELATIVE HUMIDITY (PERCENT)
 HIGHEST    81           500 AM
 LOWEST     36           200 PM
 AVERAGE    59

..........................................................


THE EUREKA AIRPORT NV CLIMATE NORMALS FOR TODAY
                         NORMAL    RECORD    YEAR
 MAXIMUM TEMPERATURE (F)   63        83      1992
 MINIMUM TEMPERATURE (F)   31        12      1990


SUNRISE AND SUNSET
APRIL 29 2017.........SUNRISE   547 AM PDT   SUNSET   736 PM PDT
APRIL 30 2017.........SUNRISE   546 AM PDT   SUNSET   737 PM PDT


-  INDICATES NEGATIVE NUMBERS.
R  INDICATES RECORD WAS SET OR TIED.
MM INDICATES DATA IS MISSING.
T  INDICATES TRACE AMOUNT.




$$
