000
CDUS45 KLKN 240036
CLIP68


CLIMATE REPORT
NATIONAL WEATHER SERVICE ELKO NV
434 PM PST THU FEB 23 2017


...................................

...THE EUREKA AIRPORT NV CLIMATE SUMMARY FOR FEBRUARY 23 2017...
VALID TODAY AS OF 0400 PM LOCAL TIME.

CLIMATE NORMAL PERIOD 1981 TO 2010
CLIMATE RECORD PERIOD 1963 TO 2017


WEATHER ITEM   OBSERVED TIME   RECORD YEAR NORMAL DEPARTURE LAST
                VALUE   (LST)  VALUE       VALUE  FROM      YEAR
                                                  NORMAL
..................................................................
TEMPERATURE (F)
 TODAY
  MAXIMUM         31    158 PM  63    1995  45    -14       40
  MINIMUM         20    104 AM  -8    1996  18      2       13
  AVERAGE         26                        32     -6       27

PRECIPITATION (IN)
  TODAY            0.00          0.10 2013   0.04  -0.04     0.00
  MONTH TO DATE    0.31                      0.70  -0.39     0.33
  SINCE OCT 1      4.85                      3.57   1.28     6.24
  SINCE JAN 1      2.76                      1.44   1.32     1.97

DEGREE DAYS
 HEATING
  TODAY           39                        33      6       38
  MONTH TO DATE  651                       840   -189      934
  SINCE DEC 1   3233                      3364   -131     3469
  SINCE JUL 1   4646                      5123   -477     4955

 COOLING
  TODAY            0                         0      0        0
  MONTH TO DATE    0                         0      0        0
  SINCE DEC 1      0                         0      0        0
  SINCE JAN 1      0                         0      0        0
..................................................................


WIND (MPH)
  HIGHEST WIND SPEED    22   HIGHEST WIND DIRECTION    NW (300)
  HIGHEST GUST SPEED    27   HIGHEST GUST DIRECTION     N (20)




RELATIVE HUMIDITY (PERCENT)
 HIGHEST    74           800 AM
 LOWEST     47          1100 AM
 AVERAGE    61

..........................................................


THE EUREKA AIRPORT NV CLIMATE NORMALS FOR TOMORROW
                         NORMAL    RECORD    YEAR
 MAXIMUM TEMPERATURE (F)   45        65      1995
 MINIMUM TEMPERATURE (F)   18        -2      1987


SUNRISE AND SUNSET
FEBRUARY 23 2017......SUNRISE   625 AM PST   SUNSET   530 PM PST
FEBRUARY 24 2017......SUNRISE   623 AM PST   SUNSET   531 PM PST


-  INDICATES NEGATIVE NUMBERS.
R  INDICATES RECORD WAS SET OR TIED.
MM INDICATES DATA IS MISSING.
T  INDICATES TRACE AMOUNT.




$$
