000
CDUS43 KPAH 260632
CLIPAH


CLIMATE REPORT
NATIONAL WEATHER SERVICE PADUCAH KY
128 AM CDT THU MAY 26 2016


...................................

...THE PADUCAH KY CLIMATE SUMMARY FOR MAY 25 2016...

CLIMATE NORMAL PERIOD 1981 TO 2010
CLIMATE RECORD PERIOD 1937 TO 2016


WEATHER ITEM   OBSERVED TIME   RECORD YEAR NORMAL DEPARTURE LAST
                VALUE   (LST)  VALUE       VALUE  FROM      YEAR
                                                  NORMAL
..................................................................
TEMPERATURE (F)
 YESTERDAY
  MAXIMUM         77    315 PM  93    2012  80     -3       76
  MINIMUM         64    343 AM  43    1992  59      5       68
  AVERAGE         71                        70      1       72

PRECIPITATION (IN)
  YESTERDAY        1.17          3.78 1946   0.14   1.03     0.35
  MONTH TO DATE    4.54                      4.06   0.48     2.98
  SINCE MAR 1     17.01                     12.75   4.26    17.60
  SINCE JAN 1     22.47                     20.34   2.13    24.89

SNOWFALL (IN)
  YESTERDAY        0.0                       0.0    0.0      0.0
  MONTH TO DATE    0.0                       0.0    0.0      0.0
  SINCE MAR 1      T                         0.6   -0.6     12.1
  SINCE JUL 1     12.1                       9.1    3.0     28.6
  SNOW DEPTH       0

DEGREE DAYS
 HEATING
  YESTERDAY        0                         1     -1        0
  MONTH TO DATE   91                        59     32       50
  SINCE MAR 1    630                       827   -197      806
  SINCE JUL 1   3292                      4123   -831     4475

 COOLING
  YESTERDAY        6                         6      0        7
  MONTH TO DATE   50                        91    -41      127
  SINCE MAR 1     86                       133    -47      169
  SINCE JAN 1     86                       133    -47      169
..................................................................


WIND (MPH)
  HIGHEST WIND SPEED    15   HIGHEST WIND DIRECTION    SE (130)
  HIGHEST GUST SPEED    18   HIGHEST GUST DIRECTION    SE (140)
  AVERAGE WIND SPEED     5.6


SKY COVER
  POSSIBLE SUNSHINE  MM
  AVERAGE SKY COVER 0.5


WEATHER CONDITIONS
 THE FOLLOWING WEATHER WAS RECORDED YESTERDAY.
  THUNDERSTORM
  HEAVY RAIN
  RAIN
  LIGHT RAIN
  FOG


RELATIVE HUMIDITY (PERCENT)
 HIGHEST    93           200 AM
 LOWEST     79           300 PM
 AVERAGE    86

..........................................................


THE PADUCAH KY CLIMATE NORMALS FOR TODAY
                         NORMAL    RECORD    YEAR
 MAXIMUM TEMPERATURE (F)   81        96      1953
                                             1944
 MINIMUM TEMPERATURE (F)   59        42      1988
                                             1979
                                             1961


SUNRISE AND SUNSET
MAY 26 2016...........SUNRISE   539 AM CDT   SUNSET   806 PM CDT
MAY 27 2016...........SUNRISE   539 AM CDT   SUNSET   806 PM CDT


-  INDICATES NEGATIVE NUMBERS.
R  INDICATES RECORD WAS SET OR TIED.
MM INDICATES DATA IS MISSING.
T  INDICATES TRACE AMOUNT.

&&
..........................................................
***** AGRICULTURAL DATA *****

SOIL TEMPERATURES AT A DEPTH OF FOUR INCHES

UNDER GRASS...   MAX: 68  MIN: 66

$$
