000
CDUS43 KPAH 260628
CLIPAH


CLIMATE REPORT
NATIONAL WEATHER SERVICE PADUCAH KY
126 AM CDT FRI MAY 26 2017


...................................

...THE PADUCAH KY CLIMATE SUMMARY FOR MAY 25 2017...

CLIMATE NORMAL PERIOD 1981 TO 2010
CLIMATE RECORD PERIOD 1937 TO 2017


WEATHER ITEM   OBSERVED TIME   RECORD YEAR NORMAL DEPARTURE LAST
                VALUE   (LST)  VALUE       VALUE  FROM      YEAR
                                                  NORMAL
..................................................................
TEMPERATURE (F)
 YESTERDAY
  MAXIMUM         77    422 PM  93    2012  80     -3       77
  MINIMUM         53    511 AM  43    1992  59     -6       64
  AVERAGE         65                        70     -5       71

PRECIPITATION (IN)
  YESTERDAY        0.00          3.78 1946   0.14  -0.14     1.17
  MONTH TO DATE    3.63                      4.06  -0.43     4.54
  SINCE MAR 1     16.20                     12.75   3.45    17.01
  SINCE JAN 1     21.03                     20.34   0.69    22.47

SNOWFALL (IN)
  YESTERDAY        0.0           0.0  2002   0.0    0.0      0.0
                                      2001
  MONTH TO DATE    0.0                       0.0    0.0      0.0
  SINCE MAR 1      1.0                       0.6    0.4       T
  SINCE JUL 1      1.2                       9.1   -7.9     12.1
  SNOW DEPTH       0

DEGREE DAYS
 HEATING
  YESTERDAY        0                         1     -1        0
  MONTH TO DATE   59                        59      0       91
  SINCE MAR 1    599                       827   -228      630
  SINCE JUL 1   3078                      4123  -1045     3292

 COOLING
  YESTERDAY        0                         6     -6        6
  MONTH TO DATE  105                        91     14       50
  SINCE MAR 1    181                       133     48       86
  SINCE JAN 1    181                       133     48       86
..................................................................


WIND (MPH)
  HIGHEST WIND SPEED    21   HIGHEST WIND DIRECTION     W (250)
  HIGHEST GUST SPEED    27   HIGHEST GUST DIRECTION     W (250)
  AVERAGE WIND SPEED     7.8


SKY COVER
  POSSIBLE SUNSHINE  MM
  AVERAGE SKY COVER 0.2


WEATHER CONDITIONS
 THE FOLLOWING WEATHER WAS RECORDED YESTERDAY.
  NO SIGNIFICANT WEATHER WAS OBSERVED.


RELATIVE HUMIDITY (PERCENT)
 HIGHEST    83           400 AM
 LOWEST     36           400 PM
 AVERAGE    60

..........................................................


THE PADUCAH KY CLIMATE NORMALS FOR TODAY
                         NORMAL    RECORD    YEAR
 MAXIMUM TEMPERATURE (F)   81        96      1953
                                             1944
 MINIMUM TEMPERATURE (F)   59        42      1988
                                             1979
                                             1961


SUNRISE AND SUNSET
MAY 26 2017...........SUNRISE   539 AM CDT   SUNSET   805 PM CDT
MAY 27 2017...........SUNRISE   539 AM CDT   SUNSET   806 PM CDT


-  INDICATES NEGATIVE NUMBERS.
R  INDICATES RECORD WAS SET OR TIED.
MM INDICATES DATA IS MISSING.
T  INDICATES TRACE AMOUNT.

&&

***** AGRICULTURAL DATA *****

SOIL TEMPERATURES AT A DEPTH OF FOUR INCHES

UNDER GRASS...  MAX: 70    MIN: 68


$$
