000
CDUS43 KPAH 230629
CLIPAH


CLIMATE REPORT
NATIONAL WEATHER SERVICE PADUCAH KY
1228 AM CST THU NOV 23 2017


...................................

...THE PADUCAH KY CLIMATE SUMMARY FOR NOVEMBER 22 2017...

CLIMATE NORMAL PERIOD 1981 TO 2010
CLIMATE RECORD PERIOD 1937 TO 2017


WEATHER ITEM   OBSERVED TIME   RECORD YEAR NORMAL DEPARTURE LAST
                VALUE   (LST)  VALUE       VALUE  FROM      YEAR
                                                  NORMAL
..................................................................
TEMPERATURE (F)
 YESTERDAY
  MAXIMUM         45    315 PM  72    2003  55    -10       57
  MINIMUM         23   1159 PM  11    1964  36    -13       31
  AVERAGE         34                        45    -11       44

PRECIPITATION (IN)
  YESTERDAY        0.00          2.68 1961   0.15  -0.15     0.03
  MONTH TO DATE    3.37                      3.04   0.33     0.31
  SINCE SEP 1      9.96                     10.75  -0.79     1.48
  SINCE JAN 1     43.09                     43.23  -0.14    44.15

SNOWFALL (IN)
  YESTERDAY        0.0           T    2007   0.0    0.0      0.0
                                      1975
  MONTH TO DATE    0.0                       0.0    0.0      0.0
  SINCE SEP 1      0.0                       0.1   -0.1      0.0
  SINCE JUL 1      0.0                       0.1   -0.1      0.0
  SNOW DEPTH       0

DEGREE DAYS
 HEATING
  YESTERDAY       31                        20     11       21
  MONTH TO DATE  338                       338      0      263
  SINCE SEP 1    547                       604    -57      367
  SINCE JUL 1    547                       605    -58      367

 COOLING
  YESTERDAY        0                         0      0        0
  MONTH TO DATE    7                         0      7       19
  SINCE SEP 1    318                       225     93      423
  SINCE JAN 1   1692                      1538    154     1953
..................................................................


WIND (MPH)
  HIGHEST WIND SPEED    20   HIGHEST WIND DIRECTION     N (360)
  HIGHEST GUST SPEED    26   HIGHEST GUST DIRECTION     N (10)
  AVERAGE WIND SPEED     6.8


SKY COVER
  POSSIBLE SUNSHINE  MM
  AVERAGE SKY COVER 0.0


WEATHER CONDITIONS
 THE FOLLOWING WEATHER WAS RECORDED YESTERDAY.
  HAZE


RELATIVE HUMIDITY (PERCENT)
 HIGHEST    75          1000 PM
 LOWEST     37           200 PM
 AVERAGE    56

..........................................................


THE PADUCAH KY CLIMATE NORMALS FOR TODAY
                         NORMAL    RECORD    YEAR
 MAXIMUM TEMPERATURE (F)   55        70      2003
 MINIMUM TEMPERATURE (F)   35        15      1970
                                             1950


SUNRISE AND SUNSET
NOVEMBER 23 2017......SUNRISE   642 AM CST   SUNSET   441 PM CST
NOVEMBER 24 2017......SUNRISE   643 AM CST   SUNSET   440 PM CST


-  INDICATES NEGATIVE NUMBERS.
R  INDICATES RECORD WAS SET OR TIED.
MM INDICATES DATA IS MISSING.
T  INDICATES TRACE AMOUNT.

&&
.............................................

***** AGRICULTURAL DATA *****

SOIL TEMPERATURES AT A DEPTH OF FOUR INCHES

UNDER GRASS... MAX: 50    MIN: 49

$$
