144
CDUS43 KPAH 130635
CLIPAH


CLIMATE REPORT
NATIONAL WEATHER SERVICE PADUCAH KY
1231 AM CST SAT FEB 13 2016


...................................

...THE PADUCAH KY CLIMATE SUMMARY FOR FEBRUARY 12 2016...

CLIMATE NORMAL PERIOD 1981 TO 2010
CLIMATE RECORD PERIOD 1937 TO 2016


WEATHER ITEM   OBSERVED TIME   RECORD YEAR NORMAL DEPARTURE LAST
                VALUE   (LST)  VALUE       VALUE  FROM      YEAR
                                                  NORMAL
..................................................................
TEMPERATURE (F)
 YESTERDAY
  MAXIMUM         41    141 PM  77    1938  48     -7       31
  MINIMUM         25   1159 PM   2    1988  29     -4       19
  AVERAGE         33                        38     -5       25

PRECIPITATION (IN)
  YESTERDAY        0.00          3.55 1950   0.14  -0.14      T
  MONTH TO DATE    0.45                      1.69  -1.24     0.89
  SINCE DEC 1     10.42                      9.96   0.46     6.34
  SINCE JAN 1      3.00                      5.37  -2.37     3.45

SNOWFALL (IN)
  YESTERDAY        0.0           3.0  1971   0.1   -0.1       T
  MONTH TO DATE    1.2                       1.5   -0.3      0.1
  SINCE DEC 1      9.6                       6.7    2.9      0.8
  SINCE JUL 1      9.6                       6.8    2.8      3.6
  SNOW DEPTH       0

DEGREE DAYS
 HEATING
  YESTERDAY       32                        27      5       40
  MONTH TO DATE  326                       336    -10      336
  SINCE DEC 1   1755                      2132   -377     2032
  SINCE JUL 1   2299                      2909   -610     2969

 COOLING
  YESTERDAY        0                         0      0        0
  MONTH TO DATE    0                         0      0        0
  SINCE DEC 1      6                         0      6        0
  SINCE JAN 1      0                         0      0        0
..................................................................


WIND (MPH)
  HIGHEST WIND SPEED    17   HIGHEST WIND DIRECTION     N (340)
  HIGHEST GUST SPEED    24   HIGHEST GUST DIRECTION     N (340)
  AVERAGE WIND SPEED     8.3


SKY COVER
  POSSIBLE SUNSHINE  MM
  AVERAGE SKY COVER 0.7


WEATHER CONDITIONS
 THE FOLLOWING WEATHER WAS RECORDED YESTERDAY.
  NO SIGNIFICANT WEATHER WAS OBSERVED.


RELATIVE HUMIDITY (PERCENT)
 HIGHEST    85           700 AM
 LOWEST     54           200 PM
 AVERAGE    70

..........................................................


THE PADUCAH KY CLIMATE NORMALS FOR TODAY
                         NORMAL    RECORD    YEAR
 MAXIMUM TEMPERATURE (F)   48        78      1962
 MINIMUM TEMPERATURE (F)   29         0      1986


SUNRISE AND SUNSET
FEBRUARY 13 2016......SUNRISE   647 AM CST   SUNSET   532 PM CST
FEBRUARY 14 2016......SUNRISE   645 AM CST   SUNSET   534 PM CST


-  INDICATES NEGATIVE NUMBERS.
R  INDICATES RECORD WAS SET OR TIED.
MM INDICATES DATA IS MISSING.
T  INDICATES TRACE AMOUNT.

&&
.......................................................
***** AGRICULTURAL DATA *****

SOIL TEMPERATURES AT A DEPTH OF FOUR INCHES

UNDER GRASS...   MAX: 40   MIN: 40

$$
