000
CDUS43 KPAH 250637
CLIPAH


CLIMATE REPORT
NATIONAL WEATHER SERVICE PADUCAH KY
1231 AM CST SAT FEB 25 2017


...................................

...THE PADUCAH KY CLIMATE SUMMARY FOR FEBRUARY 24 2017...

CLIMATE NORMAL PERIOD 1981 TO 2010
CLIMATE RECORD PERIOD 1937 TO 2017


WEATHER ITEM   OBSERVED TIME   RECORD YEAR NORMAL DEPARTURE LAST
                VALUE   (LST)  VALUE       VALUE  FROM      YEAR
                                                  NORMAL
..................................................................
TEMPERATURE (F)
 YESTERDAY
  MAXIMUM         74R  1154 AM  73    2000  52     22       44
  MINIMUM         48   1159 PM   9    1967  32     16       34
  AVERAGE         61                        42     19       39

PRECIPITATION (IN)
  YESTERDAY        0.03          3.20 2011   0.15  -0.12     0.52
  MONTH TO DATE    1.20                      3.37  -2.17     2.91
  SINCE DEC 1      9.71                     11.64  -1.93    12.88
  SINCE JAN 1      3.70                      7.05  -3.35     5.46

SNOWFALL (IN)
  YESTERDAY        0.0           6.0  1965   0.1   -0.1        T
  MONTH TO DATE    T                         2.9   -2.9      3.7
  SINCE DEC 1      0.2                       8.1   -7.9     12.1
  SINCE JUL 1      0.2                       8.2   -8.0     12.1
  SNOW DEPTH       0

DEGREE DAYS
 HEATING
  YESTERDAY        4                        23    -19       26
  MONTH TO DATE  393                       633   -240      588
  SINCE DEC 1   1913                      2429   -516     2017
  SINCE JUL 1   2414                      3206   -792     2561

 COOLING
  YESTERDAY        0                         0      0        0
  MONTH TO DATE    0                         0      0        0
  SINCE DEC 1      0                         0      0        6
  SINCE JAN 1      0                         0      0        0
..................................................................


WIND (MPH)
  HIGHEST WIND SPEED    28   HIGHEST WIND DIRECTION    SW (240)
  HIGHEST GUST SPEED    37   HIGHEST GUST DIRECTION    SW (240)
  AVERAGE WIND SPEED    13.6


SKY COVER
  POSSIBLE SUNSHINE  MM
  AVERAGE SKY COVER 0.3


WEATHER CONDITIONS
 THE FOLLOWING WEATHER WAS RECORDED YESTERDAY.
  RAIN
  LIGHT RAIN


RELATIVE HUMIDITY (PERCENT)
 HIGHEST    78           500 AM
 LOWEST     41           900 PM
 AVERAGE    60

..........................................................


THE PADUCAH KY CLIMATE NORMALS FOR TODAY
                         NORMAL    RECORD    YEAR
 MAXIMUM TEMPERATURE (F)   52        75      1981
                                             1944
 MINIMUM TEMPERATURE (F)   32         4      1967


SUNRISE AND SUNSET
FEBRUARY 25 2017......SUNRISE   631 AM CST   SUNSET   546 PM CST
FEBRUARY 26 2017......SUNRISE   630 AM CST   SUNSET   547 PM CST


-  INDICATES NEGATIVE NUMBERS.
R  INDICATES RECORD WAS SET OR TIED.
MM INDICATES DATA IS MISSING.
T  INDICATES TRACE AMOUNT.

&&
....................................................

***** AGRICULTURAL DATA *****

SOIL TEMPERATURES AT A DEPTH OF FOUR INCHES

UNDER GRASS...  MAX: 53    MIN: 52


$$
