000
CDUS44 KLZK 230816
CLIPBF


CLIMATE REPORT
NATIONAL WEATHER SERVICE LITTLE ROCK AR
216 AM CST TUE JAN 23 2018


...................................

...THE PINE BLUFF CLIMATE SUMMARY FOR JANUARY 22 2018...

CLIMATE NORMAL PERIOD 1981 TO 2010
CLIMATE RECORD PERIOD 1883 TO 2018


WEATHER ITEM   OBSERVED TIME   RECORD YEAR NORMAL DEPARTURE LAST
                VALUE   (LST)  VALUE       VALUE  FROM      YEAR
                                                  NORMAL
..................................................................
TEMPERATURE (F)
 YESTERDAY
  MAXIMUM         65    124 AM  79    1921  52     13       60
  MINIMUM         44   1159 PM   3    1918  33     11       51
  AVERAGE         55                        42     13       56

PRECIPITATION (IN)
  YESTERDAY        1.11          5.65 1906   0.12   0.99     0.27
  MONTH TO DATE    2.54                      2.64  -0.10     2.86
  SINCE DEC 1     10.82                      8.08   2.74     7.44
  SINCE JAN 1      2.54                      2.64  -0.10     2.86

SNOWFALL (IN)
  YESTERDAY        0.0           4.0  1995   0.1   -0.1      0.0
  MONTH TO DATE    4.1                       1.2    2.9      1.5
  SINCE DEC 1      4.1                       1.4    2.7      1.5
  SINCE JUL 1      4.1                       1.4    2.7      1.5
  SNOW DEPTH       0

DEGREE DAYS
 HEATING
  YESTERDAY       10                        23    -13        9
  MONTH TO DATE  658                       506    152      367
  SINCE DEC 1   1317                      1155    162      978
  SINCE JUL 1   1780                      1659    121     1275

 COOLING
  YESTERDAY        0                         0      0        0
  MONTH TO DATE    0                         0      0        5
  SINCE DEC 1      0                         1     -1       10
  SINCE JAN 1      0                         0      0        5
..................................................................


WIND (MPH)
  HIGHEST WIND SPEED    30   HIGHEST WIND DIRECTION     S (200)
  HIGHEST GUST SPEED    40   HIGHEST GUST DIRECTION    SW (220)
  AVERAGE WIND SPEED    15.8


SKY COVER
  POSSIBLE SUNSHINE  MM
  AVERAGE SKY COVER 0.4


WEATHER CONDITIONS
 THE FOLLOWING WEATHER WAS RECORDED YESTERDAY.
  THUNDERSTORM
  HEAVY RAIN
  RAIN
  LIGHT RAIN
  FOG


RELATIVE HUMIDITY (PERCENT)
 HIGHEST    93           300 AM
 LOWEST     36           100 PM
 AVERAGE    65

..........................................................


THE PINE BLUFF CLIMATE NORMALS FOR TODAY
                         NORMAL    RECORD    YEAR
 MAXIMUM TEMPERATURE (F)   52        82      1943
 MINIMUM TEMPERATURE (F)   33         2      1918


SUNRISE AND SUNSET
JANUARY 23 2018.......SUNRISE   710 AM CST   SUNSET   529 PM CST
JANUARY 24 2018.......SUNRISE   710 AM CST   SUNSET   530 PM CST


-  INDICATES NEGATIVE NUMBERS.
R  INDICATES RECORD WAS SET OR TIED.
MM INDICATES DATA IS MISSING.
T  INDICATES TRACE AMOUNT.




$$
