000
CDUS44 KLZK 282202
CLIPBF


CLIMATE REPORT
NATIONAL WEATHER SERVICE LITTLE ROCK AR
402 PM CST SUN DEC 28 2014


...................................

...THE PINE BLUFF CLIMATE SUMMARY FOR DECEMBER 28 2014...
VALID TODAY AS OF 0400 PM LOCAL TIME.

CLIMATE NORMAL PERIOD 1981 TO 2010
CLIMATE RECORD PERIOD 1883 TO 2014


WEATHER ITEM   OBSERVED TIME   RECORD YEAR NORMAL DEPARTURE LAST
                VALUE   (LST)  VALUE       VALUE  FROM      YEAR
                                                  NORMAL
..................................................................
TEMPERATURE (F)
 TODAY
  MAXIMUM         42   1233 AM  78    1928  51     -9       51
                                      1907
  MINIMUM         39    137 PM  10    1925  33      6       32
  AVERAGE         41                        42     -1       42

PRECIPITATION (IN)
  TODAY            0.01          3.39 1982   0.16  -0.15     0.00
  MONTH TO DATE    1.20                      4.99  -3.79     7.73
  SINCE DEC 1      1.20                      4.99  -3.79     7.73
  SINCE JAN 1     41.41                     50.70  -9.29    52.66

SNOWFALL (IN)
  TODAY            0.0           T    1950   0.0    0.0      0.0
  MONTH TO DATE    0.0                       0.2   -0.2      0.2
  SINCE DEC 1      0.0                       0.2   -0.2      0.2
  SINCE JUL 1      0.1                       0.2   -0.1      0.2
  SNOW DEPTH       0

DEGREE DAYS
 HEATING
  TODAY           24                        23      1       23
  MONTH TO DATE  513                       581    -68      597
  SINCE DEC 1    513                       581    -68      597
  SINCE JUL 1   1117                      1085     32     1197

 COOLING
  TODAY            0                         0      0        0
  MONTH TO DATE    0                         0      0        3
  SINCE DEC 1      0                         0      0        3
  SINCE JAN 1   1901                      2131   -230     2151
..................................................................


WIND (MPH)
  HIGHEST WIND SPEED    20   HIGHEST WIND DIRECTION     N (340)
  HIGHEST GUST SPEED    26   HIGHEST GUST DIRECTION    NW (330)
  AVERAGE WIND SPEED    12.1


SKY COVER
  POSSIBLE SUNSHINE  MM
  AVERAGE SKY COVER 1.0


WEATHER CONDITIONS
 THE FOLLOWING WEATHER WAS RECORDED TODAY.
  LIGHT RAIN


RELATIVE HUMIDITY (PERCENT)
 HIGHEST    89          1200 AM
 LOWEST     79           400 AM
 AVERAGE    84

..........................................................


THE PINE BLUFF CLIMATE NORMALS FOR TOMORROW
                         NORMAL    RECORD    YEAR
 MAXIMUM TEMPERATURE (F)   51        79      1923
 MINIMUM TEMPERATURE (F)   33         9      1983


SUNRISE AND SUNSET
DECEMBER 28 2014......SUNRISE   713 AM CST   SUNSET   506 PM CST
DECEMBER 29 2014......SUNRISE   713 AM CST   SUNSET   507 PM CST


-  INDICATES NEGATIVE NUMBERS.
R  INDICATES RECORD WAS SET OR TIED.
MM INDICATES DATA IS MISSING.
T  INDICATES TRACE AMOUNT.




$$
