000
CDUS44 KLZK 280641
CLIPBF


CLIMATE REPORT
NATIONAL WEATHER SERVICE LITTLE ROCK AR
140 AM CDT SAT MAY 28 2016


...................................

...THE PINE BLUFF CLIMATE SUMMARY FOR MAY 27 2016...

CLIMATE NORMAL PERIOD 1981 TO 2010
CLIMATE RECORD PERIOD 1883 TO 2016


WEATHER ITEM   OBSERVED TIME   RECORD YEAR NORMAL DEPARTURE LAST
                VALUE   (LST)  VALUE       VALUE  FROM      YEAR
                                                  NORMAL
..................................................................
TEMPERATURE (F)
 YESTERDAY
  MAXIMUM         77    250 PM  97    1918  85     -8       84
  MINIMUM         68   1036 PM  45    1901  65      3       69
  AVERAGE         73                        75     -2       77

PRECIPITATION (IN)
  YESTERDAY        1.05          1.65 1924   0.15   0.90     0.03
  MONTH TO DATE    2.88                      4.42  -1.54     3.59
  SINCE MAR 1     23.39                     14.75   8.64    19.30
  SINCE JAN 1     29.44                     22.57   6.87    26.23

SNOWFALL (IN)
  YESTERDAY        0.0          MM      MM   0.0    0.0      0.0
  MONTH TO DATE    0.0                       0.0    0.0      0.0
  SINCE MAR 1      0.0                       0.0    0.0      2.0
  SINCE JUL 1      3.6                       3.1    0.5      9.2
  SNOW DEPTH       0

DEGREE DAYS
 HEATING
  YESTERDAY        0                         0      0        0
  MONTH TO DATE   28                        15     13       13
  SINCE MAR 1    327                       491   -164      515
  SINCE JUL 1   2234                      2879   -645     3249

 COOLING
  YESTERDAY        8                        10     -2       12
  MONTH TO DATE  119                       180    -61      203
  SINCE MAR 1    202                       264    -62      288
  SINCE JAN 1    206                       267    -61      288
..................................................................


WIND (MPH)
  HIGHEST WIND SPEED    18   HIGHEST WIND DIRECTION    SE (130)
  HIGHEST GUST SPEED    25   HIGHEST GUST DIRECTION     W (280)
  AVERAGE WIND SPEED     8.7


SKY COVER
  POSSIBLE SUNSHINE  MM
  AVERAGE SKY COVER 0.7


WEATHER CONDITIONS
 THE FOLLOWING WEATHER WAS RECORDED YESTERDAY.
  HEAVY RAIN
  RAIN
  LIGHT RAIN
  FOG


RELATIVE HUMIDITY (PERCENT)
 HIGHEST    93          1200 AM
 LOWEST     84           900 PM
 AVERAGE    89

..........................................................


THE PINE BLUFF CLIMATE NORMALS FOR TODAY
                         NORMAL    RECORD    YEAR
 MAXIMUM TEMPERATURE (F)   85        99      1926
 MINIMUM TEMPERATURE (F)   65        47      1961


SUNRISE AND SUNSET
MAY 28 2016...........SUNRISE   558 AM CDT   SUNSET   812 PM CDT
MAY 29 2016...........SUNRISE   558 AM CDT   SUNSET   813 PM CDT


-  INDICATES NEGATIVE NUMBERS.
R  INDICATES RECORD WAS SET OR TIED.
MM INDICATES DATA IS MISSING.
T  INDICATES TRACE AMOUNT.




$$
