463
CDUS44 KLZK 092205
CLIPBF


CLIMATE REPORT
NATIONAL WEATHER SERVICE LITTLE ROCK AR
405 PM CST FRI DEC 9 2016


...................................

...THE PINE BLUFF CLIMATE SUMMARY FOR DECEMBER 9 2016...
VALID TODAY AS OF 0400 PM LOCAL TIME.

CLIMATE NORMAL PERIOD 1981 TO 2010
CLIMATE RECORD PERIOD 1883 TO 2016


WEATHER ITEM   OBSERVED TIME   RECORD YEAR NORMAL DEPARTURE LAST
                VALUE   (LST)  VALUE       VALUE  FROM      YEAR
                                                  NORMAL
..................................................................
TEMPERATURE (F)
 TODAY
  MAXIMUM         36    259 PM  77    2007  55    -19       71
  MINIMUM         25    726 AM  10    1917  36    -11       46
  AVERAGE         31                        45    -14       59

PRECIPITATION (IN)
  TODAY            0.00          2.65 1961   0.20  -0.20     0.00
  MONTH TO DATE    1.30                      1.72  -0.42     0.01
  SINCE DEC 1      1.30                      1.72  -0.42     0.01
  SINCE JAN 1     51.10                     47.43   3.67    45.98

SNOWFALL (IN)
  TODAY            0.0           1.0  1898   0.0    0.0      0.0
  MONTH TO DATE    0.0                       0.0    0.0      0.0
  SINCE DEC 1      0.0                       0.0    0.0      0.0
  SINCE JUL 1      0.0                       0.0    0.0      0.0
  SNOW DEPTH       0

DEGREE DAYS
 HEATING
  TODAY           34                        20     14        6
  MONTH TO DATE  199                       169     30      150
  SINCE DEC 1    199                       169     30      150
  SINCE JUL 1    496                       673   -177      489

 COOLING
  TODAY            0                         0      0        0
  MONTH TO DATE    0                         0      0        0
  SINCE DEC 1      0                         0      0        0
  SINCE JAN 1   2328                      2131    197     2287
..................................................................


WIND (MPH)
  HIGHEST WIND SPEED    15   HIGHEST WIND DIRECTION     N (10)
  HIGHEST GUST SPEED    18   HIGHEST GUST DIRECTION     N (20)
  AVERAGE WIND SPEED     7.9


SKY COVER
  POSSIBLE SUNSHINE  MM
  AVERAGE SKY COVER 0.0


WEATHER CONDITIONS
 THE FOLLOWING WEATHER WAS RECORDED TODAY.
  NO SIGNIFICANT WEATHER WAS OBSERVED.


RELATIVE HUMIDITY (PERCENT)
 HIGHEST    68           100 AM
 LOWEST     52           200 PM
 AVERAGE    60

..........................................................


THE PINE BLUFF CLIMATE NORMALS FOR TOMORROW
                         NORMAL    RECORD    YEAR
 MAXIMUM TEMPERATURE (F)   54        78      1918
 MINIMUM TEMPERATURE (F)   36        11      1917


SUNRISE AND SUNSET
DECEMBER  9 2016......SUNRISE   702 AM CST   SUNSET   458 PM CST
DECEMBER 10 2016......SUNRISE   703 AM CST   SUNSET   458 PM CST


-  INDICATES NEGATIVE NUMBERS.
R  INDICATES RECORD WAS SET OR TIED.
MM INDICATES DATA IS MISSING.
T  INDICATES TRACE AMOUNT.




$$
