000
CDUS44 KLZK 010639
CLIPBF


CLIMATE REPORT
NATIONAL WEATHER SERVICE LITTLE ROCK AR
1239 AM CST WED MAR 1 2017


...................................

...THE PINE BLUFF CLIMATE SUMMARY FOR FEBRUARY 28 2017...

CLIMATE NORMAL PERIOD 1981 TO 2010
CLIMATE RECORD PERIOD 1883 TO 2017


WEATHER ITEM   OBSERVED TIME   RECORD YEAR NORMAL DEPARTURE LAST
                VALUE   (LST)  VALUE       VALUE  FROM      YEAR
                                                  NORMAL
..................................................................
TEMPERATURE (F)
 YESTERDAY
  MAXIMUM         81    313 PM  91    1918  60     21       72
  MINIMUM         56    101 AM  21    2002  40     16       46
  AVERAGE         69                        50     19       59

PRECIPITATION (IN)
  YESTERDAY        0.00          2.33 1900   0.17  -0.17     0.00
  MONTH TO DATE    3.43                      4.06  -0.63     4.12
  SINCE DEC 1     10.88                     13.26  -2.38    11.39
  SINCE JAN 1      6.30                      7.82  -1.52     6.05

SNOWFALL (IN)
  YESTERDAY        0.0           3.0  1916   0.0    0.0      0.0
  MONTH TO DATE    0.0                       0.6   -0.6      0.0
  SINCE DEC 1      1.5                       3.1   -1.6      3.6
  SINCE JUL 1      1.5                       3.1   -1.6      3.6
  SNOW DEPTH       0

DEGREE DAYS
 HEATING
  YESTERDAY        0                        16    -16        6
  MONTH TO DATE  302                       528   -226      458
  SINCE DEC 1   1414                      1884   -470     1562
  SINCE JUL 1   1711                      2388   -677     1901

 COOLING
  YESTERDAY        4                         0      4        0
  MONTH TO DATE   16                         2     14        2
  SINCE DEC 1     26                         4     22       14
  SINCE JAN 1     21                         3     18        4
..................................................................


WIND (MPH)
  HIGHEST WIND SPEED    25   HIGHEST WIND DIRECTION    SW (210)
  HIGHEST GUST SPEED    31   HIGHEST GUST DIRECTION    SW (210)
  AVERAGE WIND SPEED    12.4


SKY COVER
  POSSIBLE SUNSHINE  MM
  AVERAGE SKY COVER 0.6


WEATHER CONDITIONS
 THE FOLLOWING WEATHER WAS RECORDED YESTERDAY.
  NO SIGNIFICANT WEATHER WAS OBSERVED.


RELATIVE HUMIDITY (PERCENT)
 HIGHEST   100          1200 AM
 LOWEST     62           300 PM
 AVERAGE    81

..........................................................


THE PINE BLUFF CLIMATE NORMALS FOR TODAY
                         NORMAL    RECORD    YEAR
 MAXIMUM TEMPERATURE (F)   60        82      2006
 MINIMUM TEMPERATURE (F)   40        21      1980
                                             2002


SUNRISE AND SUNSET
MARCH  1 2017.........SUNRISE   636 AM CST   SUNSET   604 PM CST
MARCH  2 2017.........SUNRISE   635 AM CST   SUNSET   605 PM CST


-  INDICATES NEGATIVE NUMBERS.
R  INDICATES RECORD WAS SET OR TIED.
MM INDICATES DATA IS MISSING.
T  INDICATES TRACE AMOUNT.




$$
