000
CDUS44 KLZK 302125
CLIPBF


CLIMATE REPORT
NATIONAL WEATHER SERVICE LITTLE ROCK AR
418 PM CDT SAT MAY 30 2015


...................................

...THE PINE BLUFF CLIMATE SUMMARY FOR MAY 30 2015...
VALID TODAY AS OF 0400 PM LOCAL TIME.

CLIMATE NORMAL PERIOD 1981 TO 2010
CLIMATE RECORD PERIOD 1883 TO 2015


WEATHER ITEM   OBSERVED TIME   RECORD YEAR NORMAL DEPARTURE LAST
                VALUE   (LST)  VALUE       VALUE  FROM      YEAR
                                                  NORMAL
..................................................................
TEMPERATURE (F)
 TODAY
  MAXIMUM         83    157 PM  98    1921  86     -3       77
  MINIMUM         69    313 AM  42    1984  65      4       70
  AVERAGE         76                        75      1       74

PRECIPITATION (IN)
  TODAY            0.28          1.94 2014   0.16   0.12     1.94
  MONTH TO DATE    4.16                      4.89  -0.73     6.29
  SINCE MAR 1     19.87                     15.22   4.65    15.98
  SINCE JAN 1     26.80                     23.04   3.76    21.41

SNOWFALL (IN)
  TODAY            0.0          MM      MM   0.0    0.0      0.0
  MONTH TO DATE    0.0                       0.0    0.0      0.0
  SINCE MAR 1      2.0                       0.0    2.0       T
  SINCE JUL 1      9.2                       3.1    6.1      3.7
  SNOW DEPTH       0

DEGREE DAYS
 HEATING
  TODAY            0                         0      0        0
  MONTH TO DATE   13                        15     -2       46
  SINCE MAR 1    515                       491     24      684
  SINCE JUL 1   3249                      2879    370     3453

 COOLING
  TODAY           11                        10      1        9
  MONTH TO DATE  238                       210     28      196
  SINCE MAR 1    323                       294     29      250
  SINCE JAN 1    323                       297     26      250
..................................................................


WIND (MPH)
  HIGHEST WIND SPEED    17   HIGHEST WIND DIRECTION     S (180)
  HIGHEST GUST SPEED    23   HIGHEST GUST DIRECTION     S (180)
  AVERAGE WIND SPEED     9.1


SKY COVER
  POSSIBLE SUNSHINE  MM
  AVERAGE SKY COVER 0.9


WEATHER CONDITIONS
 THE FOLLOWING WEATHER WAS RECORDED TODAY.
  THUNDERSTORM
  HEAVY RAIN
  RAIN
  LIGHT RAIN
  FOG


RELATIVE HUMIDITY (PERCENT)
 HIGHEST   100           500 AM
 LOWEST     58           100 PM
 AVERAGE    79

..........................................................


THE PINE BLUFF CLIMATE NORMALS FOR TOMORROW
                         NORMAL    RECORD    YEAR
 MAXIMUM TEMPERATURE (F)   86        99      1886
 MINIMUM TEMPERATURE (F)   66        40      1984
                                             2002


SUNRISE AND SUNSET
MAY 30 2015...........SUNRISE   558 AM CDT   SUNSET   813 PM CDT
MAY 31 2015...........SUNRISE   557 AM CDT   SUNSET   814 PM CDT


-  INDICATES NEGATIVE NUMBERS.
R  INDICATES RECORD WAS SET OR TIED.
MM INDICATES DATA IS MISSING.
T  INDICATES TRACE AMOUNT.




$$
