000
CDUS44 KLZK 230636
CLIPBF


CLIMATE REPORT
NATIONAL WEATHER SERVICE LITTLE ROCK AR
135 AM CDT SUN APR 23 2017


...................................

...THE PINE BLUFF CLIMATE SUMMARY FOR APRIL 22 2017...

CLIMATE NORMAL PERIOD 1981 TO 2010
CLIMATE RECORD PERIOD 1883 TO 2017


WEATHER ITEM   OBSERVED TIME   RECORD YEAR NORMAL DEPARTURE LAST
                VALUE   (LST)  VALUE       VALUE  FROM      YEAR
                                                  NORMAL
..................................................................
TEMPERATURE (F)
 YESTERDAY
  MAXIMUM         65   1235 AM  92    1925  76    -11       77
  MINIMUM         51   1146 PM  35    1931  54     -3       56
  AVERAGE         58                        65     -7       67

PRECIPITATION (IN)
  YESTERDAY        0.70          3.03 1974   0.17   0.53     0.00
  MONTH TO DATE    4.07                      3.61   0.46     1.95
  SINCE MAR 1      7.17                      9.01  -1.84    17.63
  SINCE JAN 1     13.47                     16.83  -3.36    23.68

SNOWFALL (IN)
  YESTERDAY        0.0          MM      MM   0.0    0.0      0.0
  MONTH TO DATE    0.0                       0.0    0.0      0.0
  SINCE MAR 1      0.0                       0.0    0.0      0.0
  SINCE JUL 1      1.5                       3.1   -1.6      3.6
  SNOW DEPTH       0

DEGREE DAYS
 HEATING
  YESTERDAY        7                         3      4        0
  MONTH TO DATE   37                       111    -74       73
  SINCE MAR 1    284                       458   -174      299
  SINCE JUL 1   1995                      2846   -851     2206

 COOLING
  YESTERDAY        0                         3     -3        2
  MONTH TO DATE   80                        40     40       20
  SINCE MAR 1    116                        57     59       41
  SINCE JAN 1    137                        60     77       45
..................................................................


WIND (MPH)
  HIGHEST WIND SPEED    33   HIGHEST WIND DIRECTION    NW (330)
  HIGHEST GUST SPEED    45   HIGHEST GUST DIRECTION     N (340)
  AVERAGE WIND SPEED     9.8


SKY COVER
  POSSIBLE SUNSHINE  MM
  AVERAGE SKY COVER 0.8


WEATHER CONDITIONS
 THE FOLLOWING WEATHER WAS RECORDED YESTERDAY.
  THUNDERSTORM
  HEAVY RAIN
  RAIN
  LIGHT RAIN
  FOG


RELATIVE HUMIDITY (PERCENT)
 HIGHEST   100           500 AM
 LOWEST     80           200 PM
 AVERAGE    90

..........................................................


THE PINE BLUFF CLIMATE NORMALS FOR TODAY
                         NORMAL    RECORD    YEAR
 MAXIMUM TEMPERATURE (F)   76        96      1905
 MINIMUM TEMPERATURE (F)   54        38      1931


SUNRISE AND SUNSET
APRIL 23 2017.........SUNRISE   627 AM CDT   SUNSET   746 PM CDT
APRIL 24 2017.........SUNRISE   626 AM CDT   SUNSET   747 PM CDT


-  INDICATES NEGATIVE NUMBERS.
R  INDICATES RECORD WAS SET OR TIED.
MM INDICATES DATA IS MISSING.
T  INDICATES TRACE AMOUNT.




$$
