000
CDUS44 KLZK 252102
CLIPBF


CLIMATE REPORT
NATIONAL WEATHER SERVICE LITTLE ROCK AR
402 PM CDT FRI JUL 25 2014


...................................

...THE PINE BLUFF CLIMATE SUMMARY FOR JULY 25 2014...
VALID TODAY AS OF 0400 PM LOCAL TIME.

CLIMATE NORMAL PERIOD 1981 TO 2010
CLIMATE RECORD PERIOD 1883 TO 2014


WEATHER ITEM   OBSERVED TIME   RECORD YEAR NORMAL DEPARTURE LAST
                VALUE   (LST)  VALUE       VALUE  FROM      YEAR
                                                  NORMAL
..................................................................
TEMPERATURE (F)
 TODAY
  MAXIMUM         88    208 PM 107    1943  92     -4       87
                                      1918
  MINIMUM         60    545 AM  57    1911  72    -12       69
  AVERAGE         74                        82     -8       78

PRECIPITATION (IN)
  TODAY            0.00          3.40 1913   0.13  -0.13     0.00
  MONTH TO DATE    1.69                      3.20  -1.51     0.15
  SINCE JUN 1      5.04                      6.78  -1.74     2.13
  SINCE JAN 1     27.31                     29.98  -2.67    29.57

SNOWFALL (IN)
  TODAY            0.0          MM      MM   0.0    0.0      0.0
  MONTH TO DATE    0.0                       0.0    0.0      0.0
  SINCE JUN 1      0.0                       0.0    0.0      0.0
  SINCE JUL 1      0.0                       0.0    0.0      0.0
  SNOW DEPTH       0

DEGREE DAYS
 HEATING
  TODAY            0                         0      0        0
  MONTH TO DATE    1                         0      1        0
  SINCE JUN 1      1                         0      1        0
  SINCE JUL 1      1                         0      1        0

 COOLING
  TODAY            9                        17     -8       13
  MONTH TO DATE  289                       424   -135      386
  SINCE JUN 1    707                       846   -139      807
  SINCE JAN 1    970                      1153   -183     1074
..................................................................


WIND (MPH)
  HIGHEST WIND SPEED     7   HIGHEST WIND DIRECTION    SE (140)
  HIGHEST GUST SPEED    12   HIGHEST GUST DIRECTION     S (170)
  AVERAGE WIND SPEED     1.2


SKY COVER
  POSSIBLE SUNSHINE  MM
  AVERAGE SKY COVER 0.1


WEATHER CONDITIONS
 THE FOLLOWING WEATHER WAS RECORDED TODAY.
  NO SIGNIFICANT WEATHER WAS OBSERVED.


RELATIVE HUMIDITY (PERCENT)
 HIGHEST   100           400 AM
 LOWEST     51          1200 PM
 AVERAGE    76

..........................................................


THE PINE BLUFF CLIMATE NORMALS FOR TOMORROW
                         NORMAL    RECORD    YEAR
 MAXIMUM TEMPERATURE (F)   93       109      1918
 MINIMUM TEMPERATURE (F)   72        58      1911


SUNRISE AND SUNSET
JULY 25 2014..........SUNRISE   614 AM CDT   SUNSET   814 PM CDT
JULY 26 2014..........SUNRISE   615 AM CDT   SUNSET   814 PM CDT


-  INDICATES NEGATIVE NUMBERS.
R  INDICATES RECORD WAS SET OR TIED.
MM INDICATES DATA IS MISSING.
T  INDICATES TRACE AMOUNT.




$$
