000
CDUS44 KLZK 172156
CLIPBF


CLIMATE REPORT
NATIONAL WEATHER SERVICE LITTLE ROCK AR
355 PM CST FRI NOV 17 2017


...................................

...THE PINE BLUFF CLIMATE SUMMARY FOR NOVEMBER 17 2017...
VALID TODAY AS OF 0300 PM LOCAL TIME.

CLIMATE NORMAL PERIOD 1981 TO 2010
CLIMATE RECORD PERIOD 1883 TO 2017


WEATHER ITEM   OBSERVED TIME   RECORD YEAR NORMAL DEPARTURE LAST
                VALUE   (LST)  VALUE       VALUE  FROM      YEAR
                                                  NORMAL
..................................................................
TEMPERATURE (F)
 TODAY
  MAXIMUM         77    204 PM  82    1921  63     14       81
                                      1908
  MINIMUM         53    616 AM  20    1959  42     11       51
  AVERAGE         65                        53     12       66

PRECIPITATION (IN)
  TODAY            0.01          3.15 1906   0.15  -0.14     0.00
  MONTH TO DATE    0.25                      2.62  -2.37      T
  SINCE SEP 1      2.01                     10.31  -8.30     1.92
  SINCE JAN 1     42.52                     43.50  -0.98    45.87

SNOWFALL (IN)
  TODAY            0.0          MM      MM   0.0    0.0      0.0
  MONTH TO DATE    0.0                       0.0    0.0      0.0
  SINCE SEP 1      0.0                       0.0    0.0      0.0
  SINCE JUL 1      0.0                       0.0    0.0      0.0
  SNOW DEPTH       0

DEGREE DAYS
 HEATING
  TODAY            0                        13    -13        0
  MONTH TO DATE  132                       172    -40       84
  SINCE SEP 1    271                       309    -38      112
  SINCE JUL 1    271                       309    -38      112

 COOLING
  TODAY            0                         0      0        1
  MONTH TO DATE   35                        10     25       15
  SINCE SEP 1    448                       371     77      520
  SINCE JAN 1   2094                      2129    -35     2328
..................................................................


WIND (MPH)
  HIGHEST WIND SPEED    23   HIGHEST WIND DIRECTION     S (190)
  HIGHEST GUST SPEED    28   HIGHEST GUST DIRECTION     S (180)
  AVERAGE WIND SPEED     9.8


SKY COVER
  POSSIBLE SUNSHINE  MM
  AVERAGE SKY COVER 0.8


WEATHER CONDITIONS
 THE FOLLOWING WEATHER WAS RECORDED TODAY.
  LIGHT RAIN


RELATIVE HUMIDITY (PERCENT)
 HIGHEST    93           700 AM
 LOWEST     57          1200 PM
 AVERAGE    75

..........................................................


THE PINE BLUFF CLIMATE NORMALS FOR TOMORROW
                         NORMAL    RECORD    YEAR
 MAXIMUM TEMPERATURE (F)   63        87      1930
 MINIMUM TEMPERATURE (F)   42        19      1959


SUNRISE AND SUNSET
NOVEMBER 17 2017......SUNRISE   643 AM CST   SUNSET   502 PM CST
NOVEMBER 18 2017......SUNRISE   644 AM CST   SUNSET   502 PM CST


-  INDICATES NEGATIVE NUMBERS.
R  INDICATES RECORD WAS SET OR TIED.
MM INDICATES DATA IS MISSING.
T  INDICATES TRACE AMOUNT.




$$
