000
CDUS44 KLZK 310912
CLIPBF


CLIMATE REPORT
NATIONAL WEATHER SERVICE LITTLE ROCK AR
412 AM CDT FRI OCT 31 2014


...................................

...THE PINE BLUFF CLIMATE SUMMARY FOR OCTOBER 30 2014...

CLIMATE NORMAL PERIOD 1981 TO 2010
CLIMATE RECORD PERIOD 1883 TO 2014


WEATHER ITEM   OBSERVED TIME   RECORD YEAR NORMAL DEPARTURE LAST
                VALUE   (LST)  VALUE       VALUE  FROM      YEAR
                                                  NORMAL
..................................................................
TEMPERATURE (F)
 YESTERDAY
  MAXIMUM         72    253 PM  91    1937  70      2       72
  MINIMUM         44    506 AM  25    1917  48     -4       62
  AVERAGE         58                        59     -1       67

PRECIPITATION (IN)
  YESTERDAY        0.01          3.07 1926   0.16  -0.15     0.15
  MONTH TO DATE    6.36                      4.83   1.53     2.77
  SINCE SEP 1      7.15                      7.52  -0.37     7.25
  SINCE JAN 1     37.06                     40.71  -3.65    40.88

SNOWFALL (IN)
  YESTERDAY        0.0           T    1993   0.0    0.0      0.0
                                      1917
  MONTH TO DATE    0.0                       0.0    0.0      0.0
  SINCE SEP 1      0.0                       0.0    0.0      0.0
  SINCE JUL 1      0.0                       0.0    0.0      0.0
  SNOW DEPTH       0

DEGREE DAYS
 HEATING
  YESTERDAY        7                         7      0        0
  MONTH TO DATE   69                       118    -49      118
  SINCE SEP 1     72                       129    -57      118
  SINCE JUL 1     73                       129    -56      118

 COOLING
  YESTERDAY        0                         1     -1        2
  MONTH TO DATE   92                        74     18       90
  SINCE SEP 1    397                       360     37      478
  SINCE JAN 1   1898                      2118   -220     2142
..................................................................


WIND (MPH)
  HIGHEST WIND SPEED    10   HIGHEST WIND DIRECTION     W (290)
  HIGHEST GUST SPEED    15   HIGHEST GUST DIRECTION    SW (210)
  AVERAGE WIND SPEED     3.7


SKY COVER
  POSSIBLE SUNSHINE  MM
  AVERAGE SKY COVER 0.1


WEATHER CONDITIONS
 THE FOLLOWING WEATHER WAS RECORDED YESTERDAY.
  LIGHT RAIN
  HAZE


RELATIVE HUMIDITY (PERCENT)
 HIGHEST    93           200 AM
 LOWEST     38           100 PM
 AVERAGE    66

..........................................................


THE PINE BLUFF CLIMATE NORMALS FOR TODAY
                         NORMAL    RECORD    YEAR
 MAXIMUM TEMPERATURE (F)   70        91      1937
 MINIMUM TEMPERATURE (F)   47        26      1917


SUNRISE AND SUNSET
OCTOBER 31 2014.......SUNRISE   727 AM CDT   SUNSET   616 PM CDT
NOVEMBER  1 2014......SUNRISE   728 AM CDT   SUNSET   615 PM CDT


-  INDICATES NEGATIVE NUMBERS.
R  INDICATES RECORD WAS SET OR TIED.
MM INDICATES DATA IS MISSING.
T  INDICATES TRACE AMOUNT.




$$
