000
CDUS44 KLZK 070634
CLIPBF


CLIMATE REPORT
NATIONAL WEATHER SERVICE LITTLE ROCK AR
1233 AM CST SUN FEB 7 2016


...................................

...THE PINE BLUFF CLIMATE SUMMARY FOR FEBRUARY 6 2016...

CLIMATE NORMAL PERIOD 1981 TO 2010
CLIMATE RECORD PERIOD 1883 TO 2016


WEATHER ITEM   OBSERVED TIME   RECORD YEAR NORMAL DEPARTURE LAST
                VALUE   (LST)  VALUE       VALUE  FROM      YEAR
                                                  NORMAL
..................................................................
TEMPERATURE (F)
 YESTERDAY
  MAXIMUM         56    250 PM  78    1963  54      2       52
  MINIMUM         30    414 AM  16    1917  35     -5       23
  AVERAGE         43                        44     -1       38

PRECIPITATION (IN)
  YESTERDAY        0.00          1.52 1946   0.13  -0.13     0.00
  MONTH TO DATE    0.00                      0.77  -0.77     0.58
  SINCE DEC 1      7.27                      9.97  -2.70     5.39
  SINCE JAN 1      1.93                      4.53  -2.60     4.19

SNOWFALL (IN)
  YESTERDAY        0.0           0.1  2003   0.0    0.0      0.0
  MONTH TO DATE    0.0                       0.3   -0.3      0.0
  SINCE DEC 1      3.6                       2.8    0.8       T
  SINCE JUL 1      3.6                       2.8    0.8      0.1
  SNOW DEPTH       0

DEGREE DAYS
 HEATING
  YESTERDAY       22                        21      1       27
  MONTH TO DATE  100                       127    -27      159
  SINCE DEC 1   1204                      1481   -277     1519
  SINCE JUL 1   1543                      1985   -442     2123

 COOLING
  YESTERDAY        0                         0      0        0
  MONTH TO DATE    0                         0      0        0
  SINCE DEC 1     12                         2     10        0
  SINCE JAN 1      2                         1      1        0
..................................................................


WIND (MPH)
  HIGHEST WIND SPEED    12   HIGHEST WIND DIRECTION     E (80)
  HIGHEST GUST SPEED    14   HIGHEST GUST DIRECTION     E (80)
  AVERAGE WIND SPEED     1.5


SKY COVER
  POSSIBLE SUNSHINE  MM
  AVERAGE SKY COVER 0.0


WEATHER CONDITIONS
 THE FOLLOWING WEATHER WAS RECORDED YESTERDAY.
  NO SIGNIFICANT WEATHER WAS OBSERVED.


RELATIVE HUMIDITY (PERCENT)
 HIGHEST    85           500 AM
 LOWEST     26           100 PM
 AVERAGE    56

..........................................................


THE PINE BLUFF CLIMATE NORMALS FOR TODAY
                         NORMAL    RECORD    YEAR
 MAXIMUM TEMPERATURE (F)   54        76      1926
 MINIMUM TEMPERATURE (F)   35        13      1914


SUNRISE AND SUNSET
FEBRUARY  7 2016......SUNRISE   701 AM CST   SUNSET   543 PM CST
FEBRUARY  8 2016......SUNRISE   700 AM CST   SUNSET   544 PM CST


-  INDICATES NEGATIVE NUMBERS.
R  INDICATES RECORD WAS SET OR TIED.
MM INDICATES DATA IS MISSING.
T  INDICATES TRACE AMOUNT.




$$
