000
CDUS42 KMFL 270827
CLIPBI


CLIMATE REPORT
NATIONAL WEATHER SERVICE MIAMI, FL
426 AM EDT WED JUL 27 2016


...................................

...THE WEST PALM BEACH CLIMATE SUMMARY FOR JULY 26 2016...

CLIMATE NORMAL PERIOD 1981 TO 2010
CLIMATE RECORD PERIOD 1888 TO 2016


WEATHER ITEM   OBSERVED TIME   RECORD YEAR NORMAL DEPARTURE LAST
                VALUE   (LST)  VALUE       VALUE  FROM      YEAR
                                                  NORMAL
..................................................................
TEMPERATURE (F)
 YESTERDAY
  MAXIMUM         92    113 PM  99    1983  90      2       89
  MINIMUM         82    640 AM  64    1940  76      6       75
  AVERAGE         87                        83      4       82

PRECIPITATION (IN)
  YESTERDAY        0.01          1.17 1995   0.18  -0.17     0.26
  MONTH TO DATE    1.51                      4.87  -3.36     4.15
  SINCE JUN 1      6.03                     13.17  -7.14     8.17
  SINCE JAN 1     27.42                     31.88  -4.46    21.92

SNOWFALL (IN)
  YESTERDAY        0.0
  MONTH TO DATE    0.0
  SINCE JUN 1      0.0
  SINCE JUL 1      0.0
  SNOW DEPTH       0

DEGREE DAYS
 HEATING
  YESTERDAY        0                         0      0        0
  MONTH TO DATE    0                         0      0        0
  SINCE JUN 1      0                         0      0        0
  SINCE JUL 1      0                         0      0        0

 COOLING
  YESTERDAY       22                        18      4       17
  MONTH TO DATE  557                       457    100      487
  SINCE JUN 1   1106                       947    159     1022
  SINCE JAN 1   2387                      2056    331     2556
..................................................................


WIND (MPH)
  HIGHEST WIND SPEED    17   HIGHEST WIND DIRECTION    SE (130)
  HIGHEST GUST SPEED    24   HIGHEST GUST DIRECTION     E (110)
  AVERAGE WIND SPEED     8.9


SKY COVER
  AVERAGE SKY COVER 0.4


WEATHER CONDITIONS
 THE FOLLOWING WEATHER WAS RECORDED YESTERDAY.
  LIGHT RAIN


RELATIVE HUMIDITY (PERCENT)
 HIGHEST    80
 LOWEST     52
 AVERAGE    66

..........................................................


THE WEST PALM BEACH CLIMATE NORMALS FOR TODAY
                         NORMAL    RECORD    YEAR
 MAXIMUM TEMPERATURE (F)   90        96      1962
                                             1950
 MINIMUM TEMPERATURE (F)   76        69      1911


SUNRISE AND SUNSET
JULY 27 2016..........SUNRISE   643 AM EDT   SUNSET   811 PM EDT
JULY 28 2016..........SUNRISE   644 AM EDT   SUNSET   810 PM EDT


-  INDICATES NEGATIVE NUMBERS.
R  INDICATES RECORD WAS SET OR TIED.
MM INDICATES DATA IS MISSING.
T  INDICATES TRACE AMOUNT.




$$
