000
CDUS42 KMFL 210824
CLIPBI


CLIMATE REPORT
NATIONAL WEATHER SERVICE MIAMI, FL
423 AM EDT TUE OCT 21 2014


...................................

...THE WEST PALM BEACH CLIMATE SUMMARY FOR OCTOBER 20 2014...

CLIMATE NORMAL PERIOD 1981 TO 2010
CLIMATE RECORD PERIOD 1894 TO 2014


WEATHER ITEM   OBSERVED TIME   RECORD YEAR NORMAL DEPARTURE LAST
                VALUE   (LST)  VALUE       VALUE  FROM      YEAR
                                                  NORMAL
..................................................................
TEMPERATURE (F)
 YESTERDAY
  MAXIMUM         85    204 PM  91    1980  84      1       90
                                      1916
                                      1910
  MINIMUM         68    535 AM  49    1927  71     -3       75
  AVERAGE         77                        78     -1       83

PRECIPITATION (IN)
  YESTERDAY        0.00          5.15 1959   0.15  -0.15      T
  MONTH TO DATE    1.82                      3.48  -1.66     1.11
  SINCE JUN 1     36.38                     33.84   2.54    32.88
  SINCE JAN 1     54.10                     52.55   1.55    57.83

SNOWFALL (IN)
  YESTERDAY        0.0
  MONTH TO DATE    0.0
  SINCE SEP 1      0.0
  SINCE JUL 1      0.0
  SNOW DEPTH       0

DEGREE DAYS
 HEATING
  YESTERDAY        0                         0      0
  MONTH TO DATE    0                         0      0
  SINCE SEP 1      0                         0      0
  SINCE JUL 1      0                         0      0

 COOLING
  YESTERDAY       12                        13     -1
  MONTH TO DATE  300                       286     14
  SINCE SEP 1    812                       788     24
  SINCE JAN 1   3820                      3494    326
..................................................................


WIND (MPH)
  HIGHEST WIND SPEED    14   HIGHEST WIND DIRECTION     E (110)
  HIGHEST GUST SPEED    21   HIGHEST GUST DIRECTION     E (100)
  AVERAGE WIND SPEED     5.9


SKY COVER
  AVERAGE SKY COVER 0.5


WEATHER CONDITIONS
 THE FOLLOWING WEATHER WAS RECORDED YESTERDAY.
  NO SIGNIFICANT WEATHER WAS OBSERVED.


RELATIVE HUMIDITY (PERCENT)
 HIGHEST    90
 LOWEST     48
 AVERAGE    69

..........................................................


THE WEST PALM BEACH CLIMATE NORMALS FOR TODAY
                         NORMAL    RECORD    YEAR
 MAXIMUM TEMPERATURE (F)   84        91      1941
 MINIMUM TEMPERATURE (F)   71        48      1989


SUNRISE AND SUNSET
OCTOBER 21 2014.......SUNRISE   723 AM EDT   SUNSET   647 PM EDT
OCTOBER 22 2014.......SUNRISE   724 AM EDT   SUNSET   646 PM EDT


-  INDICATES NEGATIVE NUMBERS.
R  INDICATES RECORD WAS SET OR TIED.
MM INDICATES DATA IS MISSING.
T  INDICATES TRACE AMOUNT.




$$
