000
CDUS42 KMFL 280923
CLIPBI


CLIMATE REPORT
NATIONAL WEATHER SERVICE MIAMI, FL
423 AM EST WED JAN 28 2015


...................................

...THE WEST PALM BEACH CLIMATE SUMMARY FOR JANUARY 27 2015...

CLIMATE NORMAL PERIOD 1981 TO 2010
CLIMATE RECORD PERIOD 1888 TO 2015


WEATHER ITEM   OBSERVED TIME   RECORD YEAR NORMAL DEPARTURE LAST
                VALUE   (LST)  VALUE       VALUE  FROM      YEAR
                                                  NORMAL
..................................................................
TEMPERATURE (F)
 YESTERDAY
  MAXIMUM         69    339 PM  85    2012  75     -6       83
  MINIMUM         49    548 AM  32    1905  57     -8       59
  AVERAGE         59                        66     -7       71

PRECIPITATION (IN)
  YESTERDAY        0.00          3.47 1980   0.09  -0.09     0.00
  MONTH TO DATE    1.05                      2.76  -1.71     6.72
  SINCE NOV 1      4.75                     10.89  -6.14    13.84
  SINCE JAN 1      1.05                      2.76  -1.71     6.72

SNOWFALL (IN)
  YESTERDAY        0.0
  MONTH TO DATE    0.0
  SINCE DEC 1      0.0
  SINCE JUL 1      0.0
  SNOW DEPTH       0

DEGREE DAYS
 HEATING
  YESTERDAY        6                         2      4
  MONTH TO DATE   18                        80    -62
  SINCE DEC 1     43                       139    -96
  SINCE JUL 1     60                       151    -91

 COOLING
  YESTERDAY        0                         4     -4
  MONTH TO DATE  164                        90     74
  SINCE DEC 1    362                       245    117
  SINCE JAN 1    164                        90     74
..................................................................


WIND (MPH)
  HIGHEST WIND SPEED    22   HIGHEST WIND DIRECTION     W (280)
  HIGHEST GUST SPEED    28   HIGHEST GUST DIRECTION     W (270)
  AVERAGE WIND SPEED    11.0


SKY COVER
  AVERAGE SKY COVER 0.1


WEATHER CONDITIONS
 THE FOLLOWING WEATHER WAS RECORDED YESTERDAY.
  NO SIGNIFICANT WEATHER WAS OBSERVED.


RELATIVE HUMIDITY (PERCENT)
 HIGHEST    83
 LOWEST     25
 AVERAGE    54

..........................................................


THE WEST PALM BEACH CLIMATE NORMALS FOR TODAY
                         NORMAL    RECORD    YEAR
 MAXIMUM TEMPERATURE (F)   75        87      1991
                                             1952
                                             1929
 MINIMUM TEMPERATURE (F)   57        31      1986


SUNRISE AND SUNSET
JANUARY 28 2015.......SUNRISE   707 AM EST   SUNSET   600 PM EST
JANUARY 29 2015.......SUNRISE   707 AM EST   SUNSET   600 PM EST


-  INDICATES NEGATIVE NUMBERS.
R  INDICATES RECORD WAS SET OR TIED.
MM INDICATES DATA IS MISSING.
T  INDICATES TRACE AMOUNT.




$$
