000
CDUS42 KMFL 260911
CLIPBI


CLIMATE REPORT
NATIONAL WEATHER SERVICE MIAMI, FL
501 AM EDT THU MAY 26 2016


...................................

...THE WEST PALM BEACH CLIMATE SUMMARY FOR MAY 25 2016...

CLIMATE NORMAL PERIOD 1981 TO 2010
CLIMATE RECORD PERIOD 1888 TO 2016


WEATHER ITEM   OBSERVED TIME   RECORD YEAR NORMAL DEPARTURE LAST
                VALUE   (LST)  VALUE       VALUE  FROM      YEAR
                                                  NORMAL
..................................................................
TEMPERATURE (F)
 YESTERDAY
  MAXIMUM         85    317 PM  96    1949  87     -2       89
  MINIMUM         73    317 AM  62    1928  73      0       78
  AVERAGE         79                        80     -1       84

PRECIPITATION (IN)
  YESTERDAY        T             1.08 1972   0.20  -0.20     0.01
  MONTH TO DATE    4.88                      3.20   1.68     1.45
  SINCE NOV 1     31.72                     25.53   6.19    17.34
  SINCE JAN 1     21.32                     17.40   3.92    13.64

SNOWFALL (IN)
  YESTERDAY        0.0
  MONTH TO DATE    0.0
  SINCE MAR 1      0.0
  SINCE JUL 1      0.0
  SNOW DEPTH       0

DEGREE DAYS
 HEATING
  YESTERDAY        0                         0      0        0
  MONTH TO DATE    0                         0      0        0
  SINCE MAR 1      2                        28    -26        2
  SINCE JUL 1    135                       233    -98      126

 COOLING
  YESTERDAY       14                        15     -1       19
  MONTH TO DATE  339                       322     17      369
  SINCE MAR 1    987                       782    205     1156
  SINCE JAN 1   1189                      1017    172     1434
..................................................................


WIND (MPH)
  HIGHEST WIND SPEED    20   HIGHEST WIND DIRECTION     E (90)
  HIGHEST GUST SPEED    25   HIGHEST GUST DIRECTION     E (90)
  AVERAGE WIND SPEED    12.8


SKY COVER
  AVERAGE SKY COVER 0.3


WEATHER CONDITIONS
 THE FOLLOWING WEATHER WAS RECORDED YESTERDAY.
  NO SIGNIFICANT WEATHER WAS OBSERVED.


RELATIVE HUMIDITY (PERCENT)
 HIGHEST    67
 LOWEST     44
 AVERAGE    56

..........................................................


THE WEST PALM BEACH CLIMATE NORMALS FOR TODAY
                         NORMAL    RECORD    YEAR
 MAXIMUM TEMPERATURE (F)   87        93      2000
                                             1927
 MINIMUM TEMPERATURE (F)   73        57      1979


SUNRISE AND SUNSET
MAY 26 2016...........SUNRISE   628 AM EDT   SUNSET   807 PM EDT
MAY 27 2016...........SUNRISE   628 AM EDT   SUNSET   807 PM EDT


-  INDICATES NEGATIVE NUMBERS.
R  INDICATES RECORD WAS SET OR TIED.
MM INDICATES DATA IS MISSING.
T  INDICATES TRACE AMOUNT.




$$
