000
CDUS42 KMFL 080924
CLIPBI


CLIMATE REPORT
NATIONAL WEATHER SERVICE MIAMI, FL
424 AM EST THU DEC 8 2016


...................................

...THE WEST PALM BEACH CLIMATE SUMMARY FOR DECEMBER 7 2016...

CLIMATE NORMAL PERIOD 1981 TO 2010
CLIMATE RECORD PERIOD 1888 TO 2016


WEATHER ITEM   OBSERVED TIME   RECORD YEAR NORMAL DEPARTURE LAST
                VALUE   (LST)  VALUE       VALUE  FROM      YEAR
                                                  NORMAL
..................................................................
TEMPERATURE (F)
 YESTERDAY
  MAXIMUM         83    322 PM  86    1942  77      6       76
  MINIMUM         69    402 AM  36    2010  62      7       67
                                      1937
  AVERAGE         76                        70      6       72

PRECIPITATION (IN)
  YESTERDAY        0.00          1.05 1979   0.11  -0.11     0.01
  MONTH TO DATE    0.44                      0.77  -0.33     5.08
  SINCE NOV 1      1.44                      5.52  -4.08     8.14
  SINCE JAN 1     48.05                     59.72 -11.67    48.36

SNOWFALL (IN)
  YESTERDAY        0.0
  MONTH TO DATE    0.0
  SINCE DEC 1      0.0
  SINCE JUL 1      0.0
  SNOW DEPTH       0

DEGREE DAYS
 HEATING
  YESTERDAY        0                         1     -1        0
  MONTH TO DATE    0                         7     -7        0
  SINCE DEC 1      0                         7     -7        0
  SINCE JUL 1      1                        19    -18        0

 COOLING
  YESTERDAY       11                         6      5        7
  MONTH TO DATE   89                        42     47       70
  SINCE DEC 1     89                        42     47       70
  SINCE JAN 1   4495                      3908    587     4659
..................................................................


WIND (MPH)
  HIGHEST WIND SPEED    12   HIGHEST WIND DIRECTION    NW (330)
  HIGHEST GUST SPEED    16   HIGHEST GUST DIRECTION     E (80)
  AVERAGE WIND SPEED     5.6


SKY COVER
  AVERAGE SKY COVER 0.5


WEATHER CONDITIONS
 THE FOLLOWING WEATHER WAS RECORDED YESTERDAY.
  FOG


RELATIVE HUMIDITY (PERCENT)
 HIGHEST   100
 LOWEST     63
 AVERAGE    82

..........................................................


THE WEST PALM BEACH CLIMATE NORMALS FOR TODAY
                         NORMAL    RECORD    YEAR
 MAXIMUM TEMPERATURE (F)   77        87      1948
                                             1942
 MINIMUM TEMPERATURE (F)   62        37      2010


SUNRISE AND SUNSET
DECEMBER  8 2016......SUNRISE   657 AM EST   SUNSET   528 PM EST
DECEMBER  9 2016......SUNRISE   658 AM EST   SUNSET   528 PM EST


-  INDICATES NEGATIVE NUMBERS.
R  INDICATES RECORD WAS SET OR TIED.
MM INDICATES DATA IS MISSING.
T  INDICATES TRACE AMOUNT.




$$
