000
CDUS42 KMFL 300830
CLIPBI


CLIMATE REPORT
NATIONAL WEATHER SERVICE MIAMI, FL
430 AM EDT TUE SEP 30 2014


...................................

...THE WEST PALM BEACH CLIMATE SUMMARY FOR SEPTEMBER 29 2014...

CLIMATE NORMAL PERIOD 1981 TO 2010
CLIMATE RECORD PERIOD 1894 TO 2014


WEATHER ITEM   OBSERVED TIME   RECORD YEAR NORMAL DEPARTURE LAST
                VALUE   (LST)  VALUE       VALUE  FROM      YEAR
                                                  NORMAL
..................................................................
TEMPERATURE (F)
 YESTERDAY
  MAXIMUM         89    137 PM  94    1980  87      2       88
                                      1907
                                      1900
  MINIMUM         75   1159 PM  62    1919  75      0       72
  AVERAGE         82                        81      1       80

PRECIPITATION (IN)
  YESTERDAY        0.51          3.12 1936   0.25   0.26     0.00
  MONTH TO DATE    9.09                      8.10   0.99     9.10
  SINCE JUN 1     34.51                     30.11   4.40    31.77
  SINCE JAN 1     52.23                     48.82   3.41    56.72

SNOWFALL (IN)
  YESTERDAY        0.0
  MONTH TO DATE    0.0
  SINCE SEP 1      0.0
  SINCE JUL 1      0.0
  SNOW DEPTH       0

DEGREE DAYS
 HEATING
  YESTERDAY        0                         0      0
  MONTH TO DATE    0                         0      0
  SINCE SEP 1      0                         0      0
  SINCE JUL 1      0                         0      0

 COOLING
  YESTERDAY       17                        16      1
  MONTH TO DATE  493                       485      8
  SINCE SEP 1    493                       485      8
  SINCE JAN 1   3501                      3191    310
..................................................................


WIND (MPH)
  HIGHEST WIND SPEED    23   HIGHEST WIND DIRECTION    SW (220)
  HIGHEST GUST SPEED    29   HIGHEST GUST DIRECTION    SW (230)
  AVERAGE WIND SPEED     6.3


SKY COVER
  AVERAGE SKY COVER 0.7


WEATHER CONDITIONS
 THE FOLLOWING WEATHER WAS RECORDED YESTERDAY.
  THUNDERSTORM
  HEAVY RAIN
  RAIN
  LIGHT RAIN
  FOG


RELATIVE HUMIDITY (PERCENT)
 HIGHEST    94
 LOWEST     63
 AVERAGE    79

..........................................................


THE WEST PALM BEACH CLIMATE NORMALS FOR TODAY
                         NORMAL    RECORD    YEAR
 MAXIMUM TEMPERATURE (F)   87        95      1980
 MINIMUM TEMPERATURE (F)   75        63      1919


SUNRISE AND SUNSET
SEPTEMBER 30 2014.....SUNRISE   712 AM EDT   SUNSET   708 PM EDT
OCTOBER  1 2014.......SUNRISE   713 AM EDT   SUNSET   707 PM EDT


-  INDICATES NEGATIVE NUMBERS.
R  INDICATES RECORD WAS SET OR TIED.
MM INDICATES DATA IS MISSING.
T  INDICATES TRACE AMOUNT.




$$
