000
CDUS42 KMFL 042124
CLIPBI


CLIMATE REPORT
NATIONAL WEATHER SERVICE MIAMI, FL
423 PM EST WED MAR 4 2015


...................................

...THE WEST PALM BEACH CLIMATE SUMMARY FOR MARCH 4 2015...
VALID TODAY AS OF 0400 PM LOCAL TIME.

CLIMATE NORMAL PERIOD 1981 TO 2010
CLIMATE RECORD PERIOD 1888 TO 2015


WEATHER ITEM   OBSERVED TIME   RECORD YEAR NORMAL DEPARTURE LAST
                VALUE   (LST)  VALUE       VALUE  FROM      YEAR
                                                  NORMAL
..................................................................
TEMPERATURE (F)
 TODAY
  MAXIMUM         83    142 PM  92    2003  78      5       80
  MINIMUM         73    645 AM  37    1927  61     12       60
  AVERAGE         78                        69      9       70

PRECIPITATION (IN)
  TODAY            0.00          0.96 1948   0.13  -0.13     0.00
  MONTH TO DATE    0.00                      0.50  -0.50     0.00
  SINCE NOV 1      6.80                     14.58  -7.78    18.60
  SINCE JAN 1      3.10                      6.45  -3.35    11.48

SNOWFALL (IN)
  TODAY            0.0
  MONTH TO DATE    0.0
  SINCE MAR 1      0.0
  SINCE JUL 1      0.0
  SNOW DEPTH      MM

DEGREE DAYS
 HEATING
  TODAY            0                         1     -1        0
  MONTH TO DATE    0                         4     -4        0
  SINCE MAR 1      0                         4     -4        0
  SINCE JUL 1    124                       209    -85      115

 COOLING
  TODAY           13                         6      7        5
  MONTH TO DATE   51                        22     29       19
  SINCE MAR 1     51                        22     29       19
  SINCE JAN 1    329                       257     72      365
..................................................................


WIND (MPH)
  HIGHEST WIND SPEED    20   HIGHEST WIND DIRECTION    SE (130)
  HIGHEST GUST SPEED    27   HIGHEST GUST DIRECTION    SE (140)
  AVERAGE WIND SPEED    14.2


SKY COVER
  AVERAGE SKY COVER 0.5


WEATHER CONDITIONS
 THE FOLLOWING WEATHER WAS RECORDED TODAY.
  NO SIGNIFICANT WEATHER WAS OBSERVED.


RELATIVE HUMIDITY (PERCENT)
 HIGHEST    79
 LOWEST     58
 AVERAGE    69

..........................................................


THE WEST PALM BEACH CLIMATE NORMALS FOR TOMORROW
                         NORMAL    RECORD    YEAR
 MAXIMUM TEMPERATURE (F)   78        91      1964
 MINIMUM TEMPERATURE (F)   61        39      2010


SUNRISE AND SUNSET
MARCH  4 2015.........SUNRISE   642 AM EST   SUNSET   623 PM EST
MARCH  5 2015.........SUNRISE   641 AM EST   SUNSET   624 PM EST


-  INDICATES NEGATIVE NUMBERS.
R  INDICATES RECORD WAS SET OR TIED.
MM INDICATES DATA IS MISSING.
T  INDICATES TRACE AMOUNT.




$$
