000
CDUS42 KMFL 170925
CLIPBI


CLIMATE REPORT
NATIONAL WEATHER SERVICE MIAMI, FL
425 AM EST SUN DEC 17 2017


...................................

...THE WEST PALM BEACH CLIMATE SUMMARY FOR DECEMBER 16 2017...

CLIMATE NORMAL PERIOD 1981 TO 2010
CLIMATE RECORD PERIOD 1888 TO 2017


WEATHER ITEM   OBSERVED TIME   RECORD YEAR NORMAL DEPARTURE LAST
                VALUE   (LST)  VALUE       VALUE  FROM      YEAR
                                                  NORMAL
..................................................................
TEMPERATURE (F)
 YESTERDAY
  MAXIMUM         78    224 PM  86    1927  76      2       79
  MINIMUM         52    711 AM  33    1968  60     -8       61
  AVERAGE         65                        68     -3       70

PRECIPITATION (IN)
  YESTERDAY        0.00          1.70 1892   0.11  -0.11     0.00
  MONTH TO DATE    0.63                      1.70  -1.07     2.31
  SINCE NOV 1      3.32                      6.45  -3.13     3.31
  SINCE JAN 1     59.01                     60.65  -1.64    49.92

SNOWFALL (IN)
  YESTERDAY        0.0
  MONTH TO DATE    0.0
  SINCE DEC 1      0.0
  SINCE JUL 1      0.0
  SNOW DEPTH       0

DEGREE DAYS
 HEATING
  YESTERDAY        0                         2     -2        0
  MONTH TO DATE   43                        22     21        0
  SINCE DEC 1     43                        22     21        0
  SINCE JUL 1     47                        34     13        1

 COOLING
  YESTERDAY        0                         5     -5        5
  MONTH TO DATE   82                        89     -7      157
  SINCE DEC 1     82                        89     -7      157
  SINCE JAN 1   4457                      3955    502     4563
..................................................................


WIND (MPH)
  HIGHEST WIND SPEED    15   HIGHEST WIND DIRECTION     E (100)
  HIGHEST GUST SPEED    19   HIGHEST GUST DIRECTION     E (110)
  AVERAGE WIND SPEED     5.8


SKY COVER
  AVERAGE SKY COVER 0.5


WEATHER CONDITIONS
 THE FOLLOWING WEATHER WAS RECORDED YESTERDAY.
  FOG


RELATIVE HUMIDITY (PERCENT)
 HIGHEST   100
 LOWEST     54
 AVERAGE    77

..........................................................


THE WEST PALM BEACH CLIMATE NORMALS FOR TODAY
                         NORMAL    RECORD    YEAR
 MAXIMUM TEMPERATURE (F)   76        87      1925
 MINIMUM TEMPERATURE (F)   60        28      1920


SUNRISE AND SUNSET
DECEMBER 17 2017......SUNRISE   703 AM EST   SUNSET   531 PM EST
DECEMBER 18 2017......SUNRISE   703 AM EST   SUNSET   531 PM EST


-  INDICATES NEGATIVE NUMBERS.
R  INDICATES RECORD WAS SET OR TIED.
MM INDICATES DATA IS MISSING.
T  INDICATES TRACE AMOUNT.




$$
