000
CDUS42 KMFL 042018
CLIPBI


CLIMATE REPORT
NATIONAL WEATHER SERVICE MIAMI, FL
418 PM EDT TUE AUG 4 2015


...................................

...THE WEST PALM BEACH CLIMATE SUMMARY FOR AUGUST 4 2015...
VALID TODAY AS OF 0400 PM LOCAL TIME.

CLIMATE NORMAL PERIOD 1981 TO 2010
CLIMATE RECORD PERIOD 1888 TO 2015


WEATHER ITEM   OBSERVED TIME   RECORD YEAR NORMAL DEPARTURE LAST
                VALUE   (LST)  VALUE       VALUE  FROM      YEAR
                                                  NORMAL
..................................................................
TEMPERATURE (F)
 TODAY
  MAXIMUM         90    258 PM  97    1970  91     -1       88
                                      1942
  MINIMUM         72    543 AM  69    1936  76     -4       75
                                      1907
                                      1902
  AVERAGE         81                        83     -2       82

PRECIPITATION (IN)
  TODAY            0.03          2.62 1936   0.22  -0.19     1.07
  MONTH TO DATE    0.20                      0.88  -0.68     2.62
  SINCE JUN 1     10.26                     14.94  -4.68    18.33
  SINCE JAN 1     24.01                     33.65  -9.64    36.05

SNOWFALL (IN)
  TODAY            0.0
  MONTH TO DATE    0.0
  SINCE JUN 1      0.0
  SINCE JUL 1      0.0
  SNOW DEPTH       0

DEGREE DAYS
 HEATING
  TODAY            0                         0      0        0
  MONTH TO DATE    0                         0      0        0
  SINCE JUN 1      0                         0      0        0
  SINCE JUL 1      0                         0      0        0

 COOLING
  TODAY           16                        18     -2       17
  MONTH TO DATE   66                        72     -6       73
  SINCE JUN 1   1181                      1111     70     1125
  SINCE JAN 1   2715                      2220    495     2477
..................................................................


WIND (MPH)
  HIGHEST WIND SPEED    16   HIGHEST WIND DIRECTION    NW (300)
  HIGHEST GUST SPEED    19   HIGHEST GUST DIRECTION    NW (310)
  AVERAGE WIND SPEED     3.2


SKY COVER
  AVERAGE SKY COVER 0.4


WEATHER CONDITIONS
 THE FOLLOWING WEATHER WAS RECORDED TODAY.
  THUNDERSTORM
  LIGHT RAIN
  FOG
  HAZE


RELATIVE HUMIDITY (PERCENT)
 HIGHEST    94
 LOWEST     56
 AVERAGE    75

..........................................................


THE WEST PALM BEACH CLIMATE NORMALS FOR TOMORROW
                         NORMAL    RECORD    YEAR
 MAXIMUM TEMPERATURE (F)   91        96      1970
                                             1942
 MINIMUM TEMPERATURE (F)   76        68      1936


SUNRISE AND SUNSET
AUGUST  4 2015........SUNRISE   647 AM EDT   SUNSET   806 PM EDT
AUGUST  5 2015........SUNRISE   647 AM EDT   SUNSET   805 PM EDT


-  INDICATES NEGATIVE NUMBERS.
R  INDICATES RECORD WAS SET OR TIED.
MM INDICATES DATA IS MISSING.
T  INDICATES TRACE AMOUNT.




$$
