000
CDUS42 KFFC 280816
CLIPDK


CLIMATE REPORT
NATIONAL WEATHER SERVICE PEACHTREE CITY GA
416 AM EDT WED SEP 28 2016


...................................

...THE DEKALB PEACHTREE AIRPORT CLIMATE SUMMARY FOR SEPTEMBER 27 2016...

CLIMATE NORMAL PERIOD 1981 TO 2010
CLIMATE RECORD PERIOD 9999 TO 9999


WEATHER ITEM   OBSERVED TIME   RECORD YEAR NORMAL DEPARTURE LAST
                VALUE   (LST)  VALUE       VALUE  FROM      YEAR
                                                  NORMAL
..................................................................
TEMPERATURE (F)
 YESTERDAY
  MAXIMUM         89    233 PM  MM      MM  79     10       71
  MINIMUM         68   1159 PM  MM      MM  59      9       64
  AVERAGE         79                        69     10       68

PRECIPITATION (IN)
  YESTERDAY        0.12         MM      MM   0.17  -0.05     0.00
  MONTH TO DATE    3.01                      4.06  -1.05     2.68
  SINCE SEP 1      3.01                      4.06  -1.05     2.68
  SINCE JAN 1     28.64                     40.64 -12.00    32.36

DEGREE DAYS
 HEATING
  YESTERDAY        0                         1     -1        0
  MONTH TO DATE    0                         5     -5        5
  SINCE SEP 1      0                         5     -5        5
  SINCE JUL 1      0                         5     -5        5

 COOLING
  YESTERDAY       14                         5      9        3
  MONTH TO DATE  372                       233    139      226
  SINCE SEP 1    372                       233    139      226
  SINCE JAN 1   2236                      1690    546     1929
..................................................................


WIND (MPH)
  RESULTANT WIND SPEED   2   RESULTANT WIND DIRECTION  SW (220)
  HIGHEST WIND SPEED    14   HIGHEST WIND DIRECTION    SW (220)
  HIGHEST GUST SPEED    19   HIGHEST GUST DIRECTION     W (260)
  AVERAGE WIND SPEED     3.7


SKY COVER
  AVERAGE SKY COVER 0.1


WEATHER CONDITIONS
 THE FOLLOWING WEATHER WAS RECORDED YESTERDAY.
  THUNDERSTORM
  RAIN
  LIGHT RAIN


RELATIVE HUMIDITY (PERCENT)
 HIGHEST    90           600 AM
 LOWEST     41           200 PM
 AVERAGE    66

..........................................................


THE DEKALB PEACHTREE AIRPORT CLIMATE NORMALS FOR TODAY
                         NORMAL    RECORD    YEAR
 MAXIMUM TEMPERATURE (F)   79        MM        MM
 MINIMUM TEMPERATURE (F)   58        MM        MM


SUNRISE AND SUNSET
SEPTEMBER 28 2016.....SUNRISE   730 AM EDT   SUNSET   725 PM EDT
SEPTEMBER 29 2016.....SUNRISE   731 AM EDT   SUNSET   724 PM EDT


-  INDICATES NEGATIVE NUMBERS.
R  INDICATES RECORD WAS SET OR TIED.
MM INDICATES DATA IS MISSING.
T  INDICATES TRACE AMOUNT.




$$
