000
CDUS42 KFFC 250820
CLIPDK


CLIMATE REPORT
NATIONAL WEATHER SERVICE PEACHTREE CITY GA
420 AM EDT THU AUG 25 2016


...................................

...THE DEKALB PEACHTREE AIRPORT CLIMATE SUMMARY FOR AUGUST 24 2016...

CLIMATE NORMAL PERIOD 1981 TO 2010
CLIMATE RECORD PERIOD 9999 TO 9999


WEATHER ITEM   OBSERVED TIME   RECORD YEAR NORMAL DEPARTURE LAST
                VALUE   (LST)  VALUE       VALUE  FROM      YEAR
                                                  NORMAL
..................................................................
TEMPERATURE (F)
 YESTERDAY
  MAXIMUM         83   1044 AM  MM      MM  88     -5       90
  MINIMUM         74   1157 PM  MM      MM  69      5       71
  AVERAGE         79                        78      1       81

PRECIPITATION (IN)
  YESTERDAY        1.39         MM      MM   0.13   1.26     0.00
  MONTH TO DATE    5.40                      3.57   1.83     6.82
  SINCE JUN 1      9.09                     13.35  -4.26    10.79
  SINCE JAN 1     25.62                     35.84 -10.22    29.34

DEGREE DAYS
 COOLING
  YESTERDAY       14                        13      1       16
  MONTH TO DATE  422                       346     76      391
  SINCE JUN 1   1463                      1158    305     1359
  SINCE JAN 1   1744                      1369    375     1636
..................................................................


WIND (MPH)
  RESULTANT WIND SPEED   2   RESULTANT WIND DIRECTION   S (160)
  HIGHEST WIND SPEED     9   HIGHEST WIND DIRECTION    SW (220)
  HIGHEST GUST SPEED    12   HIGHEST GUST DIRECTION     E (70)
  AVERAGE WIND SPEED     3.3


SKY COVER
  AVERAGE SKY COVER 0.5


WEATHER CONDITIONS
 THE FOLLOWING WEATHER WAS RECORDED YESTERDAY.
  THUNDERSTORM
  HEAVY RAIN
  LIGHT RAIN
  FOG


RELATIVE HUMIDITY (PERCENT)
 HIGHEST    93          1100 PM
 LOWEST     69           500 PM
 AVERAGE    81

..........................................................


THE DEKALB PEACHTREE AIRPORT CLIMATE NORMALS FOR TODAY
                         NORMAL    RECORD    YEAR
 MAXIMUM TEMPERATURE (F)   88        MM        MM
 MINIMUM TEMPERATURE (F)   69        MM        MM


SUNRISE AND SUNSET
AUGUST 25 2016........SUNRISE   706 AM EDT   SUNSET   811 PM EDT
AUGUST 26 2016........SUNRISE   707 AM EDT   SUNSET   810 PM EDT


-  INDICATES NEGATIVE NUMBERS.
R  INDICATES RECORD WAS SET OR TIED.
MM INDICATES DATA IS MISSING.
T  INDICATES TRACE AMOUNT.




$$
