000
CDUS46 KPDT 270830
CLIPDT

CLIMATE REPORT
NATIONAL WEATHER SERVICE PENDLETON OR
129 AM PDT THU JUL 27 2017


...................................

...THE PENDLETON OR CLIMATE SUMMARY FOR JULY 26 2017...

CLIMATE NORMAL PERIOD 1981 TO 2010
CLIMATE RECORD PERIOD 1890 TO 2017


WEATHER ITEM   OBSERVED TIME   RECORD YEAR NORMAL DEPARTURE LAST
                VALUE   (LST)  VALUE       VALUE  FROM      YEAR
                                                  NORMAL
..................................................................
TEMPERATURE (F)
 YESTERDAY
  MAXIMUM         97    255 PM 109    1928  90      7       95
  MINIMUM         58    444 AM  40    1908  59     -1       63
  AVERAGE         78                        74      4       79

PRECIPITATION (IN)
  YESTERDAY        0.00          0.52 1940   0.01  -0.01     0.00
  MONTH TO DATE    T                         0.28  -0.28     0.80
  SINCE OCT 1     16.82                     11.67   5.15    11.59
  SINCE JAN 1     11.30                      7.67   3.63     7.32

SNOWFALL (IN)
  YESTERDAY        0.0           0.0  2002   0.0    0.0      0.0
                                      2001
                                      2000
  MONTH TO DATE    0.0                       0.0    0.0      0.0
  SINCE JAN 1     25.9                       7.7   18.2       T
  SINCE JUL 1      0.0                       0.0    0.0      0.0
  SNOW DEPTH       0

DEGREE DAYS
 HEATING
  YESTERDAY        0                         0      0        0
  MONTH TO DATE    0                         7     -7        0
  SINCE JUN 1     75                        90    -15       69
  SINCE JUL 1      0                         7     -7        0

 COOLING
  YESTERDAY       13                         9      4       14
  MONTH TO DATE  262                       197     65      137
  SINCE JUN 1    361                       276     85      274
  SINCE JAN 1    389                       299     90      292
..................................................................


WIND (MPH)
  HIGHEST WIND SPEED    15   HIGHEST WIND DIRECTION     W (250)
  HIGHEST GUST SPEED    20   HIGHEST GUST DIRECTION     W (260)
  AVERAGE WIND SPEED     6.7


SKY COVER
  POSSIBLE SUNSHINE  MM
  AVERAGE SKY COVER 0.0


WEATHER CONDITIONS
 THE FOLLOWING WEATHER WAS RECORDED YESTERDAY.
  NO SIGNIFICANT WEATHER WAS OBSERVED.


RELATIVE HUMIDITY (PERCENT)
 HIGHEST    51           400 AM
 LOWEST     17           300 PM
 AVERAGE    34

..........................................................


THE PENDLETON OR CLIMATE NORMALS FOR TODAY
                         NORMAL    RECORD    YEAR
 MAXIMUM TEMPERATURE (F)   90       110      1939
 MINIMUM TEMPERATURE (F)   59        41      1894


SUNRISE AND SUNSET
JULY 27 2017..........SUNRISE   533 AM PDT   SUNSET   830 PM PDT
JULY 28 2017..........SUNRISE   535 AM PDT   SUNSET   828 PM PDT


-  INDICATES NEGATIVE NUMBERS.
R  INDICATES RECORD WAS SET OR TIED.
MM INDICATES DATA IS MISSING.
T  INDICATES TRACE AMOUNT.




$$
