000
CDUS46 KPDT 280837
CLIPDT

CLIMATE REPORT
NATIONAL WEATHER SERVICE PENDLETON OR
125 AM PDT MON JUL 28 2014


...................................

...THE PENDLETON OR CLIMATE SUMMARY FOR JULY 27 2014...

CLIMATE NORMAL PERIOD 1981 TO 2010
CLIMATE RECORD PERIOD 1890 TO 2014


WEATHER ITEM   OBSERVED TIME   RECORD YEAR NORMAL DEPARTURE LAST
                VALUE   (LST)  VALUE       VALUE  FROM      YEAR
                                                  NORMAL
..................................................................
TEMPERATURE (F)
 YESTERDAY
  MAXIMUM         97    401 PM 110    1939  90      7       87
  MINIMUM         55    453 AM  41    1894  59     -4       65
  AVERAGE         76                        74      2       76

PRECIPITATION (IN)
  YESTERDAY        0.00          0.10 1947   0.01  -0.01     0.00
  MONTH TO DATE    0.22                      0.29  -0.07     0.06
  SINCE OCT 1      9.50                     11.68  -2.18     9.41
  SINCE JAN 1      7.71                      7.68   0.03     4.97

SNOWFALL (IN)
  YESTERDAY        0.0           0.0  2002   0.0    0.0      0.0
                                      2001
                                      2000
  MONTH TO DATE    0.0                       0.0    0.0      0.0
  SINCE JAN 1     15.2                       7.7    7.5      0.2
  SINCE JUL 1      0.0                       0.0    0.0      0.0
  SNOW DEPTH       0

DEGREE DAYS
 HEATING
  YESTERDAY        0                         0      0        0
  MONTH TO DATE    2                         7     -5        0
  SINCE JUN 1     45                        90    -45       80
  SINCE JUL 1      2                         7     -5        0

 COOLING
  YESTERDAY       11                        10      1       11
  MONTH TO DATE  323                       207    116      304
  SINCE JUN 1    383                       286     97      399
  SINCE JAN 1    405                       309     96      430
..................................................................


WIND (MPH)
  HIGHEST WIND SPEED    16   HIGHEST WIND DIRECTION     N (340)
  HIGHEST GUST SPEED    20   HIGHEST GUST DIRECTION     N (350)
  AVERAGE WIND SPEED     8.3


SKY COVER
  POSSIBLE SUNSHINE  MM
  AVERAGE SKY COVER 0.0


WEATHER CONDITIONS
 THE FOLLOWING WEATHER WAS RECORDED YESTERDAY.
  NO SIGNIFICANT WEATHER WAS OBSERVED.


RELATIVE HUMIDITY (PERCENT)
 HIGHEST    55           500 AM
 LOWEST     13          1200 PM
 AVERAGE    34

..........................................................


THE PENDLETON OR CLIMATE NORMALS FOR TODAY
                         NORMAL    RECORD    YEAR
 MAXIMUM TEMPERATURE (F)   90       106      1968
                                             1958
 MINIMUM TEMPERATURE (F)   59        43      1910


SUNRISE AND SUNSET
JULY 28 2014..........SUNRISE   534 AM PDT   SUNSET   829 PM PDT
JULY 29 2014..........SUNRISE   535 AM PDT   SUNSET   828 PM PDT


-  INDICATES NEGATIVE NUMBERS.
R  INDICATES RECORD WAS SET OR TIED.
MM INDICATES DATA IS MISSING.
T  INDICATES TRACE AMOUNT.




$$
