000
CDUS46 KPDT 220844
CLIPDT

CLIMATE REPORT
NATIONAL WEATHER SERVICE PENDLETON OR
1244 AM PST MON JAN 22 2018


...................................

...THE PENDLETON OR CLIMATE SUMMARY FOR JANUARY 21 2018...

CLIMATE NORMAL PERIOD 1981 TO 2010
CLIMATE RECORD PERIOD 1890 TO 2018


WEATHER ITEM   OBSERVED TIME   RECORD YEAR NORMAL DEPARTURE LAST
                VALUE   (LST)  VALUE       VALUE  FROM      YEAR
                                                  NORMAL
..................................................................
TEMPERATURE (F)
 YESTERDAY
  MAXIMUM         49   1221 PM  62    1909  43      6       45
  MINIMUM         33    511 AM -26    1930  30      3       31
  AVERAGE         41                        36      5       38

PRECIPITATION (IN)
  YESTERDAY        0.09          1.10 1894   0.04   0.05      T
  MONTH TO DATE    1.15                      1.01   0.14     1.33
  SINCE OCT 1      5.34                      5.01   0.33     6.85
  SINCE JAN 1      1.15                      1.01   0.14     1.33

SNOWFALL (IN)
  YESTERDAY        0.0           5.0  1943   0.1   -0.1      0.0
  MONTH TO DATE    T                         2.7   -2.7     13.3
  SINCE JAN 1      T                         2.7   -2.7     13.3
  SINCE JUL 1     10.0                      10.2   -0.2     31.8
  SNOW DEPTH       0

DEGREE DAYS
 HEATING
  YESTERDAY       24                        29     -5       27
  MONTH TO DATE  558                       637    -79      980
  SINCE DEC 1   1607                      1621    -14     2117
  SINCE JUL 1   2815                      2874    -59     3141

 COOLING
  YESTERDAY        0                         0      0        0
  MONTH TO DATE    0                         0      0        0
  SINCE DEC 1      0                         0      0        0
  SINCE JAN 1      0                         0      0        0
..................................................................


WIND (MPH)
  HIGHEST WIND SPEED    23   HIGHEST WIND DIRECTION     S (170)
  HIGHEST GUST SPEED    30   HIGHEST GUST DIRECTION     S (180)
  AVERAGE WIND SPEED     9.5


SKY COVER
  POSSIBLE SUNSHINE  MM
  AVERAGE SKY COVER 0.5


WEATHER CONDITIONS
 THE FOLLOWING WEATHER WAS RECORDED YESTERDAY.
  RAIN


RELATIVE HUMIDITY (PERCENT)
 HIGHEST    79           800 PM
 LOWEST     39          1100 AM
 AVERAGE    59

..........................................................


THE PENDLETON OR CLIMATE NORMALS FOR TODAY
                         NORMAL    RECORD    YEAR
 MAXIMUM TEMPERATURE (F)   43        67      1897
 MINIMUM TEMPERATURE (F)   30       -26      1930


SUNRISE AND SUNSET
JANUARY 22 2018.......SUNRISE   727 AM PST   SUNSET   447 PM PST
JANUARY 23 2018.......SUNRISE   726 AM PST   SUNSET   449 PM PST


-  INDICATES NEGATIVE NUMBERS.
R  INDICATES RECORD WAS SET OR TIED.
MM INDICATES DATA IS MISSING.
T  INDICATES TRACE AMOUNT.

$$
