000
CDUS46 KPDT 260055
CLIPDT

CLIMATE REPORT
NATIONAL WEATHER SERVICE PENDLETON OR
541 PM PDT MON SEP 25 2017


...................................

...THE PENDLETON OR CLIMATE SUMMARY FOR SEPTEMBER 25 2017...
VALID TODAY AS OF 0500 PM LOCAL TIME.

CLIMATE NORMAL PERIOD 1981 TO 2010
CLIMATE RECORD PERIOD 1890 TO 2017


WEATHER ITEM   OBSERVED TIME   RECORD YEAR NORMAL DEPARTURE LAST
                VALUE   (LST)  VALUE       VALUE  FROM      YEAR
                                                  NORMAL
..................................................................
TEMPERATURE (F)
 TODAY
  MAXIMUM         73    127 PM  99    1952  74     -1       82
  MINIMUM         50    554 AM  21    1926  46      4       44
  AVERAGE         62                        60      2       63

PRECIPITATION (IN)
  TODAY            0.00          0.45 1923   0.02  -0.02     0.00
  MONTH TO DATE    0.91                      0.45   0.46     0.68
  SINCE OCT 1     17.80                     12.54   5.26    12.34
  SINCE JAN 1     12.28                      8.54   3.74     8.07

SNOWFALL (IN)
  TODAY            0.0           0.0  2002   0.0    0.0      0.0
                                      2001
                                      1999
  MONTH TO DATE    0.0                       0.0    0.0      0.0
  SINCE JAN 1     25.9                       7.7   18.2       T
  SINCE JUL 1      0.0                       0.0    0.0      0.0
  SNOW DEPTH       0

DEGREE DAYS
 HEATING
  TODAY            3                         6     -3        2
  MONTH TO DATE  102                        79     23      110
  SINCE SEP 1    102                        79     23      110
  SINCE JUL 1    104                       101      3      112

 COOLING
  TODAY            0                         1     -1        0
  MONTH TO DATE  110                        60     50        8
  SINCE SEP 1    110                        60     50        8
  SINCE JAN 1    891                       630    261      596
..................................................................


WIND (MPH)
  HIGHEST WIND SPEED    15   HIGHEST WIND DIRECTION     W (290)
  HIGHEST GUST SPEED    19   HIGHEST GUST DIRECTION     W (290)
  AVERAGE WIND SPEED     7.6


SKY COVER
  POSSIBLE SUNSHINE  MM
  AVERAGE SKY COVER 0.3


WEATHER CONDITIONS
THE FOLLOWING WEATHER WAS RECORDED TODAY.
  NO SIGNIFICANT WEATHER WAS OBSERVED.


RELATIVE HUMIDITY (PERCENT)
 HIGHEST    74           600 AM
 LOWEST     35          1200 PM
 AVERAGE    55

..........................................................


THE PENDLETON OR CLIMATE NORMALS FOR TOMORROW
                         NORMAL    RECORD    YEAR
 MAXIMUM TEMPERATURE (F)   73        94      1899
 MINIMUM TEMPERATURE (F)   46        24      1908


SUNRISE AND SUNSET
SEPTEMBER 25 2017.....SUNRISE   647 AM PDT   SUNSET   646 PM PDT
SEPTEMBER 26 2017.....SUNRISE   648 AM PDT   SUNSET   645 PM PDT


-  INDICATES NEGATIVE NUMBERS.
R  INDICATES RECORD WAS SET OR TIED.
MM INDICATES DATA IS MISSING.
T  INDICATES TRACE AMOUNT.




$$
