000
CDUS46 KPDT 200838
CLIPDT

CLIMATE REPORT
NATIONAL WEATHER SERVICE PENDLETON OR
1238 AM PST MON FEB 20 2017


...................................

...THE PENDLETON OR CLIMATE SUMMARY FOR FEBRUARY 19 2017...

CLIMATE NORMAL PERIOD 1981 TO 2010
CLIMATE RECORD PERIOD 1890 TO 2017


WEATHER ITEM   OBSERVED TIME   RECORD YEAR NORMAL DEPARTURE LAST
                VALUE   (LST)  VALUE       VALUE  FROM      YEAR
                                                  NORMAL
..................................................................
TEMPERATURE (F)
 YESTERDAY
  MAXIMUM         51    312 PM  68    1930  48      3       54
                                      1895
  MINIMUM         33    746 AM   8    2006  30      3       35
  AVERAGE         42                        39      3       45

PRECIPITATION (IN)
  YESTERDAY        0.03          0.40 1923   0.04  -0.01     0.02
  MONTH TO DATE    1.22                      0.74   0.48     0.82
  SINCE OCT 1      8.39                      6.17   2.22     6.60
  SINCE JAN 1      2.87                      2.17   0.70     2.33

SNOWFALL (IN)
  YESTERDAY        0.0           2.1  1949   0.1   -0.1       T
  MONTH TO DATE    3.0                       2.4    0.6       T
  SINCE JAN 1     21.5                       6.1   15.4       T
  SINCE JUL 1     40.0                      13.6   26.4      4.1
  SNOW DEPTH       0

DEGREE DAYS
 HEATING
  YESTERDAY       23                        26     -3       20
  MONTH TO DATE  582                       517     65      404
  SINCE DEC 1   3031                      2422    609     2170
  SINCE JUL 1   4055                      3675    380     3370

 COOLING
  YESTERDAY        0                         0      0        0
  MONTH TO DATE    0                         0      0        0
  SINCE DEC 1      0                         0      0        0
  SINCE JAN 1      0                         0      0        0
..................................................................


WIND (MPH)
  HIGHEST WIND SPEED    26   HIGHEST WIND DIRECTION    SW (240)
  HIGHEST GUST SPEED    31   HIGHEST GUST DIRECTION     W (260)
  AVERAGE WIND SPEED     6.9


SKY COVER
  POSSIBLE SUNSHINE  MM
  AVERAGE SKY COVER 0.7


WEATHER CONDITIONS
 THE FOLLOWING WEATHER WAS RECORDED YESTERDAY.
  RAIN
  LIGHT RAIN
  FOG
  FOG W/VISIBILITY <= 1/4 MILE


RELATIVE HUMIDITY (PERCENT)
 HIGHEST   100          1200 AM
 LOWEST     56           300 PM
 AVERAGE    78

..........................................................


THE PENDLETON OR CLIMATE NORMALS FOR TODAY
                         NORMAL    RECORD    YEAR
 MAXIMUM TEMPERATURE (F)   48        69      1982
 MINIMUM TEMPERATURE (F)   31         7      1957


SUNRISE AND SUNSET
FEBRUARY 20 2017......SUNRISE   649 AM PST   SUNSET   530 PM PST
FEBRUARY 21 2017......SUNRISE   647 AM PST   SUNSET   531 PM PST


-  INDICATES NEGATIVE NUMBERS.
R  INDICATES RECORD WAS SET OR TIED.
MM INDICATES DATA IS MISSING.
T  INDICATES TRACE AMOUNT.


$$
