000
CDUS46 KPDT 061044
CLIPDT

CLIMATE REPORT
NATIONAL WEATHER SERVICE PENDLETON OR
343 AM PDT FRI MAY 6 2016

...................................

...THE PENDLETON OR CLIMATE SUMMARY FOR MAY 5 2016...

CLIMATE NORMAL PERIOD 1981 TO 2010
CLIMATE RECORD PERIOD 1890 TO 2016


WEATHER ITEM   OBSERVED TIME   RECORD YEAR NORMAL DEPARTURE LAST
                VALUE   (LST)  VALUE       VALUE  FROM      YEAR
                                                  NORMAL
..................................................................
TEMPERATURE (F)
 YESTERDAY
  MAXIMUM         70    353 PM  96    1966  67      3       64
  MINIMUM         50    333 AM  29    1904  43      7       46
  AVERAGE         60                        55      5       55

PRECIPITATION (IN)
  YESTERDAY        0.02          0.45 1986   0.05  -0.03     0.00
  MONTH TO DATE    0.17                      0.21  -0.04     0.00
  SINCE OCT 1      8.84                      9.27  -0.43     7.83
  SINCE JAN 1      4.57                      5.27  -0.70     3.13

SNOWFALL (IN)
  YESTERDAY        0.0           T    2010   0.0    0.0      0.0
  MONTH TO DATE    0.0                       0.0    0.0      0.0
  SINCE JAN 1      T                         7.7   -7.7      0.4
  SINCE JUL 1      4.1                      15.2  -11.1      7.2
  SNOW DEPTH       0

DEGREE DAYS
 HEATING
  YESTERDAY        5                        11     -6       10
  MONTH TO DATE   15                        55    -40       38
  SINCE MAR 1    835                      1103   -268      984
  SINCE JUL 1   4427                      5002   -575     4477

COOLING
  YESTERDAY        0                         0      0        0
  MONTH TO DATE    8                         0      8        0
  SINCE MAR 1      8                         1      7        0
  SINCE JAN 1      8                         1      7        0
..................................................................


WIND (MPH)
  HIGHEST WIND SPEED    20   HIGHEST WIND DIRECTION     N (360)
  HIGHEST GUST SPEED    23   HIGHEST GUST DIRECTION     N (360)
  AVERAGE WIND SPEED     6.2


SKY COVER
  POSSIBLE SUNSHINE  MM
  AVERAGE SKY COVER 0.6


WEATHER CONDITIONS
 THE FOLLOWING WEATHER WAS RECORDED YESTERDAY.
  LIGHT RAIN


RELATIVE HUMIDITY (PERCENT)
 HIGHEST    96           500 AM
 LOWEST     53           400 PM
 AVERAGE    75

..........................................................


THE PENDLETON OR CLIMATE NORMALS FOR TODAY
                         NORMAL    RECORD    YEAR
 MAXIMUM TEMPERATURE (F)   67        93      1992
 MINIMUM TEMPERATURE (F)   43        31      1927
                                             1911


SUNRISE AND SUNSET
MAY  6 2016...........SUNRISE   535 AM PDT   SUNSET   810 PM PDT
MAY  7 2016...........SUNRISE   534 AM PDT   SUNSET   811 PM PDT


-  INDICATES NEGATIVE NUMBERS.
R  INDICATES RECORD WAS SET OR TIED.
MM INDICATES DATA IS MISSING.
T  INDICATES TRACE AMOUNT.

$$
