000
CDUS46 KPQR 021143
CLIPDX


CLIMATE REPORT
NATIONAL WEATHER SERVICE PORTLAND OREGON
442 AM PDT WED SEP 2 2015


...................................

...THE PORTLAND OR CLIMATE SUMMARY FOR SEPTEMBER 1 2015...

CLIMATE NORMAL PERIOD 1981 TO 2010
CLIMATE RECORD PERIOD 1940 TO 2015


WEATHER ITEM   OBSERVED TIME   RECORD YEAR NORMAL DEPARTURE LAST
                VALUE   (LST)  VALUE       VALUE  FROM      YEAR
                                                  NORMAL
..................................................................
TEMPERATURE (F)
 YESTERDAY
  MAXIMUM         76    300 PM  98    1988  79     -3       80
  MINIMUM         58   1154 PM  44    1973  56      2       54
  AVERAGE         67                        68     -1       67

PRECIPITATION (IN)
  YESTERDAY        0.06          1.48 1971   0.03   0.03     0.00
  MONTH TO DATE    0.06                      0.03   0.03     0.00
  SINCE OCT 1     30.76                     34.59  -3.83    29.97
  SINCE JAN 1     15.78                     20.47  -4.69    24.15

DEGREE DAYS
 HEATING
  YESTERDAY        0                         1     -1        0
  MONTH TO DATE    0                         1     -1        0
  SINCE SEP 1      0                         1     -1        0
  SINCE JUL 1      0                        28    -28        1

 COOLING
  YESTERDAY        2                         3     -1        2
  MONTH TO DATE    2                         3     -1        2
  SINCE SEP 1      2                         3     -1        2
  SINCE JAN 1    731                       366    365      537
..................................................................


WIND (MPH)
  HIGHEST WIND SPEED    18   HIGHEST WIND DIRECTION     W (270)
  HIGHEST GUST SPEED    23   HIGHEST GUST DIRECTION     W (260)
  AVERAGE WIND SPEED     7.9


SKY COVER
  POSSIBLE SUNSHINE  MM
  AVERAGE SKY COVER 0.9


WEATHER CONDITIONS
 THE FOLLOWING WEATHER WAS RECORDED YESTERDAY.
  RAIN
  LIGHT RAIN
  FOG


RELATIVE HUMIDITY (PERCENT)
 HIGHEST    90           900 PM
 LOWEST     43           100 PM
 AVERAGE    67

..........................................................


THE PORTLAND OR CLIMATE NORMALS FOR TODAY
                         NORMAL    RECORD    YEAR
 MAXIMUM TEMPERATURE (F)   79       105      1988
 MINIMUM TEMPERATURE (F)   56        42      1960


SUNRISE AND SUNSET
SEPTEMBER  2 2015.....SUNRISE   633 AM PDT   SUNSET   747 PM PDT
SEPTEMBER  3 2015.....SUNRISE   634 AM PDT   SUNSET   745 PM PDT


-  INDICATES NEGATIVE NUMBERS.
R  INDICATES RECORD WAS SET OR TIED.
MM INDICATES DATA IS MISSING.
T  INDICATES TRACE AMOUNT.




$$
