000
CDUS46 KPQR 251142
CLIPDX


CLIMATE REPORT
NATIONAL WEATHER SERVICE PORTLAND OREGON
442 AM PDT WED MAY 25 2016


...................................

...THE PORTLAND OR CLIMATE SUMMARY FOR MAY 24 2016...

CLIMATE NORMAL PERIOD 1981 TO 2010
CLIMATE RECORD PERIOD 1940 TO 2016


WEATHER ITEM   OBSERVED TIME   RECORD YEAR NORMAL DEPARTURE LAST
                VALUE   (LST)  VALUE       VALUE  FROM      YEAR
                                                  NORMAL
..................................................................
TEMPERATURE (F)
 YESTERDAY
  MAXIMUM         73    348 PM  93    1992  70      3       67
  MINIMUM         55    232 AM  37    1955  50      5       54
  AVERAGE         64                        60      4       61

PRECIPITATION (IN)
  YESTERDAY        0.00          0.96 2008   0.09  -0.09     0.00
  MONTH TO DATE    1.66                      1.88  -0.22     0.59
  SINCE OCT 1     43.10                     30.95  12.15    29.07
  SINCE JAN 1     19.68                     16.83   2.85    14.09

DEGREE DAYS
 HEATING
  YESTERDAY        1                         6     -5        4
  MONTH TO DATE   82                       187   -105      126
  SINCE MAR 1    758                      1092   -334      869
  SINCE JUL 1   3361                      4150   -789     3341

 COOLING
  YESTERDAY        0                         1     -1        0
  MONTH TO DATE   25                         5     20        3
  SINCE MAR 1     43                         6     37        5
  SINCE JAN 1     43                         6     37        5
..................................................................


WIND (MPH)
  HIGHEST WIND SPEED    16   HIGHEST WIND DIRECTION    NW (300)
  HIGHEST GUST SPEED    20   HIGHEST GUST DIRECTION    NW (300)
  AVERAGE WIND SPEED     7.6


SKY COVER
  POSSIBLE SUNSHINE  MM
  AVERAGE SKY COVER 0.7


WEATHER CONDITIONS
 THE FOLLOWING WEATHER WAS RECORDED YESTERDAY.
  NO SIGNIFICANT WEATHER WAS OBSERVED.


RELATIVE HUMIDITY (PERCENT)
 HIGHEST    86           300 AM
 LOWEST     38           300 PM
 AVERAGE    62

..........................................................


THE PORTLAND OR CLIMATE NORMALS FOR TODAY
                         NORMAL    RECORD    YEAR
 MAXIMUM TEMPERATURE (F)   70        90      1947
 MINIMUM TEMPERATURE (F)   51        38      1975
                                             1964


SUNRISE AND SUNSET
MAY 25 2016...........SUNRISE   529 AM PDT   SUNSET   846 PM PDT
MAY 26 2016...........SUNRISE   528 AM PDT   SUNSET   847 PM PDT


-  INDICATES NEGATIVE NUMBERS.
R  INDICATES RECORD WAS SET OR TIED.
MM INDICATES DATA IS MISSING.
T  INDICATES TRACE AMOUNT.




$$
