000
CDUS46 KPQR 171144
CLIPDX


CLIMATE REPORT
NATIONAL WEATHER SERVICE PORTLAND OREGON
343 AM PST TUE JAN 17 2017


...................................

...THE PORTLAND OR CLIMATE SUMMARY FOR JANUARY 16 2017...

CLIMATE NORMAL PERIOD 1981 TO 2010
CLIMATE RECORD PERIOD 1940 TO 2017


WEATHER ITEM   OBSERVED TIME   RECORD YEAR NORMAL DEPARTURE LAST
                VALUE   (LST)  VALUE       VALUE  FROM      YEAR
                                                  NORMAL
..................................................................
TEMPERATURE (F)
 YESTERDAY
  MAXIMUM         29    302 PM  60    1971  47    -18       52
  MINIMUM         22    838 AM   8    1950  36    -14       42
  AVERAGE         26                        42    -16       47

PRECIPITATION (IN)
  YESTERDAY        0.00          1.13 1982   0.15  -0.15     0.52
  MONTH TO DATE    1.60                      2.67  -1.07     3.33
  SINCE OCT 1     21.35                     16.79   4.56    26.75
  SINCE JAN 1      1.60                      2.67  -1.07     3.33

SNOWFALL (IN)
  YESTERDAY        0.0           4.9  1954
  MONTH TO DATE    8.4
  SINCE DEC 1     11.7
  SINCE JUL 1     11.7

DEGREE DAYS
 HEATING
  YESTERDAY       39                        24     15       18
  MONTH TO DATE  581                       390    191      419
  SINCE DEC 1   1435                      1153    282     1078
  SINCE JUL 1   2145                      2122     23     1886

 COOLING
  YESTERDAY        0                         0      0        0
  MONTH TO DATE    0                         0      0        0
  SINCE DEC 1      0                         0      0        0
  SINCE JAN 1      0                         0      0        0
..................................................................


WIND (MPH)
  HIGHEST WIND SPEED    22   HIGHEST WIND DIRECTION    SE (130)
  HIGHEST GUST SPEED    26   HIGHEST GUST DIRECTION    SE (130)
  AVERAGE WIND SPEED    14.2


SKY COVER
  POSSIBLE SUNSHINE  MM
  AVERAGE SKY COVER 0.8


WEATHER CONDITIONS
 THE FOLLOWING WEATHER WAS RECORDED YESTERDAY.
  NO SIGNIFICANT WEATHER WAS OBSERVED.


RELATIVE HUMIDITY (PERCENT)
 HIGHEST    68          1200 AM
 LOWEST     58           100 PM
 AVERAGE    63

..........................................................


THE PORTLAND OR CLIMATE NORMALS FOR TODAY
                         NORMAL    RECORD    YEAR
 MAXIMUM TEMPERATURE (F)   47        59      2015
                                             1975
 MINIMUM TEMPERATURE (F)   36         8      1950


SUNRISE AND SUNSET
JANUARY 17 2017.......SUNRISE   745 AM PST   SUNSET   456 PM PST
JANUARY 18 2017.......SUNRISE   745 AM PST   SUNSET   458 PM PST


-  INDICATES NEGATIVE NUMBERS.
R  INDICATES RECORD WAS SET OR TIED.
MM INDICATES DATA IS MISSING.
T  INDICATES TRACE AMOUNT.




$$
