000
CDUS46 KPQR 011144
CLIPDX


CLIMATE REPORT
NATIONAL WEATHER SERVICE PORTLAND OREGON
443 AM PDT SAT AUG 1 2015


...................................

...THE PORTLAND OR CLIMATE SUMMARY FOR JULY 31 2015...

CLIMATE NORMAL PERIOD 1981 TO 2010
CLIMATE RECORD PERIOD 1940 TO 2015


WEATHER ITEM   OBSERVED TIME   RECORD YEAR NORMAL DEPARTURE LAST
                VALUE   (LST)  VALUE       VALUE  FROM      YEAR
                                                  NORMAL
..................................................................
TEMPERATURE (F)
 YESTERDAY
  MAXIMUM        101    328 PM 102    1965  82     19       91
  MINIMUM         64    518 AM  48    1956  59      5       62
                                      1953
  AVERAGE         83                        71     12       77

PRECIPITATION (IN)
  YESTERDAY        0.00          0.38 1985   0.02  -0.02     0.00
  MONTH TO DATE    0.57                      0.65  -0.08     1.05
  SINCE OCT 1     30.04                     33.89  -3.85    29.96
  SINCE JAN 1     15.06                     19.77  -4.71    24.14

DEGREE DAYS
 HEATING
  YESTERDAY        0                         0      0        0
  MONTH TO DATE    0                        15    -15        1
  SINCE JUN 1     19                       108    -89       63
  SINCE JUL 1      0                        17    -17        1

 COOLING
  YESTERDAY       18                         6     12       12
  MONTH TO DATE  287                       147    140      220
  SINCE JUN 1    472                       194    278      249
  SINCE JAN 1    494                       211    283      277
..................................................................


WIND (MPH)
  HIGHEST WIND SPEED    15   HIGHEST WIND DIRECTION    NW (320)
  HIGHEST GUST SPEED    20   HIGHEST GUST DIRECTION    NW (320)
  AVERAGE WIND SPEED     6.3


SKY COVER
  POSSIBLE SUNSHINE  MM
  AVERAGE SKY COVER 0.2


WEATHER CONDITIONS
 THE FOLLOWING WEATHER WAS RECORDED YESTERDAY.
  NO SIGNIFICANT WEATHER WAS OBSERVED.


RELATIVE HUMIDITY (PERCENT)
 HIGHEST    68           200 AM
 LOWEST     13           200 PM
 AVERAGE    41

..........................................................


THE PORTLAND OR CLIMATE NORMALS FOR TODAY
                         NORMAL    RECORD    YEAR
 MAXIMUM TEMPERATURE (F)   82        95      2009
 MINIMUM TEMPERATURE (F)   59        47      1963
                                             1957


SUNRISE AND SUNSET
AUGUST  1 2015........SUNRISE   554 AM PDT   SUNSET   839 PM PDT
AUGUST  2 2015........SUNRISE   555 AM PDT   SUNSET   838 PM PDT


-  INDICATES NEGATIVE NUMBERS.
R  INDICATES RECORD WAS SET OR TIED.
MM INDICATES DATA IS MISSING.
T  INDICATES TRACE AMOUNT.




$$
