000
CDUS46 KPQR 261141
CLIPDX


CLIMATE REPORT
NATIONAL WEATHER SERVICE PORTLAND OREGON
440 AM PDT TUE SEP 26 2017


...................................

...THE PORTLAND OR CLIMATE SUMMARY FOR SEPTEMBER 25 2017...

CLIMATE NORMAL PERIOD 1981 TO 2010
CLIMATE RECORD PERIOD 1940 TO 2017


WEATHER ITEM   OBSERVED TIME   RECORD YEAR NORMAL DEPARTURE LAST
                VALUE   (LST)  VALUE       VALUE  FROM      YEAR
                                                  NORMAL
..................................................................
TEMPERATURE (F)
 YESTERDAY
  MAXIMUM         69    102 PM  94    1991  73     -4       83
  MINIMUM         55    412 AM  38    1955  51      4       50
  AVERAGE         62                        62      0       67

PRECIPITATION (IN)
  YESTERDAY        T             1.48 1986   0.06  -0.06     0.00
  MONTH TO DATE    2.15                      1.15   1.00     1.69
  SINCE OCT 1     51.22                     35.71  15.51    47.02
  SINCE JAN 1     31.47                     21.59   9.88    23.60

SNOWFALL (IN)
  YESTERDAY        0.0           0.0  2002
                                      2001
  MONTH TO DATE    0.0
  SINCE SEP 1      0.0
  SINCE JUL 1      0.0

DEGREE DAYS
 HEATING
  YESTERDAY        3                         4     -1        0
  MONTH TO DATE   59                        53      6       60
  SINCE SEP 1     59                        53      6       60
  SINCE JUL 1     61                        80    -19       66

 COOLING
  YESTERDAY        0                         1     -1        2
  MONTH TO DATE  118                        55     63       21
  SINCE SEP 1    118                        55     63       21
  SINCE JAN 1    686                       418    268      539
..................................................................


WIND (MPH)
  HIGHEST WIND SPEED     8   HIGHEST WIND DIRECTION     E (70)
  HIGHEST GUST SPEED    11   HIGHEST GUST DIRECTION     E (70)
  AVERAGE WIND SPEED     2.4


SKY COVER
  POSSIBLE SUNSHINE  MM
  AVERAGE SKY COVER 0.9


WEATHER CONDITIONS
 THE FOLLOWING WEATHER WAS RECORDED YESTERDAY.
  LIGHT RAIN


RELATIVE HUMIDITY (PERCENT)
 HIGHEST    86           200 AM
 LOWEST     59           100 PM
 AVERAGE    73

..........................................................


THE PORTLAND OR CLIMATE NORMALS FOR TODAY
                         NORMAL    RECORD    YEAR
 MAXIMUM TEMPERATURE (F)   73        92      1967
 MINIMUM TEMPERATURE (F)   51        38      1961


SUNRISE AND SUNSET
SEPTEMBER 26 2017.....SUNRISE   703 AM PDT   SUNSET   659 PM PDT
SEPTEMBER 27 2017.....SUNRISE   704 AM PDT   SUNSET   658 PM PDT


-  INDICATES NEGATIVE NUMBERS.
R  INDICATES RECORD WAS SET OR TIED.
MM INDICATES DATA IS MISSING.
T  INDICATES TRACE AMOUNT.




$$
