000
CDUS46 KPQR 271142
CLIPDX


CLIMATE REPORT
NATIONAL WEATHER SERVICE PORTLAND OREGON
441 AM PDT WED JUL 27 2016


...................................

...THE PORTLAND OR CLIMATE SUMMARY FOR JULY 26 2016...

CLIMATE NORMAL PERIOD 1981 TO 2010
CLIMATE RECORD PERIOD 1940 TO 2016


WEATHER ITEM   OBSERVED TIME   RECORD YEAR NORMAL DEPARTURE LAST
                VALUE   (LST)  VALUE       VALUE  FROM      YEAR
                                                  NORMAL
..................................................................
TEMPERATURE (F)
 YESTERDAY
  MAXIMUM         84    319 PM  99    1998  82      2       72
  MINIMUM         60    522 AM  48    1953  59      1       57
                                      1951
  AVERAGE         72                        70      2       65

PRECIPITATION (IN)
  YESTERDAY        0.00          0.52 1947   0.01  -0.01     0.34
  MONTH TO DATE    0.66                      0.57   0.09     0.57
  SINCE OCT 1     45.24                     33.81  11.43    30.04
  SINCE JAN 1     21.82                     19.69   2.13    15.06

DEGREE DAYS
 HEATING
  YESTERDAY        0                         0      0        0
  MONTH TO DATE    3                        15    -12        0
  SINCE JUN 1     70                       106    -36       19
  SINCE JUL 1      3                        15    -12        0

 COOLING
  YESTERDAY        7                         6      1        0
  MONTH TO DATE   95                       119    -24      228
  SINCE JUN 1    200                       166     34      413
  SINCE JAN 1    249                       183     66      435
..................................................................


WIND (MPH)
  HIGHEST WIND SPEED    17   HIGHEST WIND DIRECTION    NW (320)
  HIGHEST GUST SPEED    28   HIGHEST GUST DIRECTION     W (260)
  AVERAGE WIND SPEED     6.8


SKY COVER
  POSSIBLE SUNSHINE  MM
  AVERAGE SKY COVER 0.3


WEATHER CONDITIONS
 THE FOLLOWING WEATHER WAS RECORDED YESTERDAY.
  NO SIGNIFICANT WEATHER WAS OBSERVED.


RELATIVE HUMIDITY (PERCENT)
 HIGHEST    84           400 AM
 LOWEST     42           200 PM
 AVERAGE    63

..........................................................


THE PORTLAND OR CLIMATE NORMALS FOR TODAY
                         NORMAL    RECORD    YEAR
 MAXIMUM TEMPERATURE (F)   82       103      2009
 MINIMUM TEMPERATURE (F)   59        47      1959


SUNRISE AND SUNSET
JULY 27 2016..........SUNRISE   549 AM PDT   SUNSET   844 PM PDT
JULY 28 2016..........SUNRISE   550 AM PDT   SUNSET   843 PM PDT


-  INDICATES NEGATIVE NUMBERS.
R  INDICATES RECORD WAS SET OR TIED.
MM INDICATES DATA IS MISSING.
T  INDICATES TRACE AMOUNT.




$$
