000
CDUS41 KPBZ 222113
CLIPHD


CLIMATE REPORT
NATIONAL WEATHER SERVICE PITTSBURGH PA
511 PM EDT SUN OCT 22 2017


...................................

...THE NEW PHILADELPHIA OH CLIMATE SUMMARY FOR OCTOBER 22 2017...
VALID TODAY AS OF 0500 PM LOCAL TIME.

CLIMATE NORMAL PERIOD 1981 TO 2010
CLIMATE RECORD PERIOD 1948 TO 2017


WEATHER ITEM   OBSERVED TIME   RECORD YEAR NORMAL DEPARTURE LAST
                VALUE   (LST)  VALUE       VALUE  FROM      YEAR
                                                  NORMAL
..................................................................
TEMPERATURE (F)
 TODAY
  MAXIMUM         79    227 PM  83    1979  62     17       50
  MINIMUM         48    700 AM  26    1974  39      9       38
  AVERAGE         64                        51     13       44

PRECIPITATION (IN)
  TODAY            0.00          1.37 1965   0.09  -0.09      T
  MONTH TO DATE    2.55                      1.95   0.60     4.02
  SINCE JUN 1     13.50                     16.56  -3.06    15.15
  SINCE JAN 1     34.25                     32.16   2.09    29.80

DEGREE DAYS
 HEATING
  TODAY            1                        14    -13       21
  MONTH TO DATE   84                       249   -165      143
  SINCE SEP 1    165                       345   -180      163
  SINCE JUL 1    175                       355   -180      163

 COOLING
  TODAY            0                         0      0        0
  MONTH TO DATE   46                         9     37       25
  SINCE SEP 1    163                        75     88      209
  SINCE JAN 1    831                       697    134     1337
..................................................................


WIND (MPH)
  HIGHEST WIND SPEED    10   HIGHEST WIND DIRECTION    SE (150)
  HIGHEST GUST SPEED    16   HIGHEST GUST DIRECTION     S (190)
  AVERAGE WIND SPEED     2.8


SKY COVER
  POSSIBLE SUNSHINE  MM
  AVERAGE SKY COVER 0.0


WEATHER CONDITIONS
 THE FOLLOWING WEATHER WAS RECORDED TODAY.
  FOG


RELATIVE HUMIDITY (PERCENT)
 HIGHEST   100           100 AM
 LOWEST     35           300 PM
 AVERAGE    68

..........................................................


THE NEW PHILADELPHIA OH CLIMATE NORMALS FOR TOMORROW
                         NORMAL    RECORD    YEAR
 MAXIMUM TEMPERATURE (F)   62        82      1979
 MINIMUM TEMPERATURE (F)   39        22      1976


SUNRISE AND SUNSET
OCTOBER 22 2017.......SUNRISE   744 AM EDT   SUNSET   635 PM EDT
OCTOBER 23 2017.......SUNRISE   746 AM EDT   SUNSET   634 PM EDT


-  INDICATES NEGATIVE NUMBERS.
R  INDICATES RECORD WAS SET OR TIED.
MM INDICATES DATA IS MISSING.
T  INDICATES TRACE AMOUNT.




$$
