000
CDUS41 KPBZ 270801
CLIPHD


CLIMATE REPORT
NATIONAL WEATHER SERVICE PITTSBURGH PA
301 AM EST TUE JAN 27 2015


...................................

...THE NEW PHILADELPHIA OH CLIMATE SUMMARY FOR JANUARY 26 2015...

CLIMATE NORMAL PERIOD 1981 TO 2010
CLIMATE RECORD PERIOD 1946 TO 2015


WEATHER ITEM   OBSERVED TIME   RECORD YEAR NORMAL DEPARTURE LAST
                VALUE   (LST)  VALUE       VALUE  FROM      YEAR
                                                  NORMAL
..................................................................
TEMPERATURE (F)
 YESTERDAY
  MAXIMUM         27    256 PM  67    1967  38    -11       35
  MINIMUM         21           -14    1961  21      0        5
  AVERAGE         24                        29     -5       20

PRECIPITATION (IN)
  YESTERDAY        0.13         MM      MM   0.07   0.06     0.07
  MONTH TO DATE    1.62                      2.17  -0.55     1.82
  SINCE JUN 1     26.35                     25.47   0.88    26.46
  SINCE JAN 1      1.62                      2.17  -0.55     1.82

DEGREE DAYS
 HEATING
  YESTERDAY       41                        36      5       45
  MONTH TO DATE  988                       936     52     1020
  SINCE DEC 1   1873                      1939    -66     1985
  SINCE JUL 1   3107                      3097     10     3221

 COOLING
  YESTERDAY        0                         0      0        0
  MONTH TO DATE    0                         0      0        0
  SINCE DEC 1      0                         0      0        0
  SINCE JAN 1      0                         0      0        0
..................................................................


WIND (MPH)
  HIGHEST WIND SPEED    15   HIGHEST WIND DIRECTION    NW (330)
  HIGHEST GUST SPEED    21   HIGHEST GUST DIRECTION    NW (320)
  AVERAGE WIND SPEED     7.4


SKY COVER
  POSSIBLE SUNSHINE  MM
  AVERAGE SKY COVER 1.0


WEATHER CONDITIONS
 THE FOLLOWING WEATHER WAS RECORDED YESTERDAY.
  LIGHT SNOW
  FOG
  HAZE


RELATIVE HUMIDITY (PERCENT)
 HIGHEST    92           300 AM
 LOWEST     74           500 PM
 AVERAGE    83

..........................................................


THE NEW PHILADELPHIA OH CLIMATE NORMALS FOR TODAY
                         NORMAL    RECORD    YEAR
 MAXIMUM TEMPERATURE (F)   38        61      1974
 MINIMUM TEMPERATURE (F)   21        -3      1966


SUNRISE AND SUNSET
JANUARY 27 2015.......SUNRISE   740 AM EST   SUNSET   537 PM EST
JANUARY 28 2015.......SUNRISE   739 AM EST   SUNSET   539 PM EST


-  INDICATES NEGATIVE NUMBERS.
R  INDICATES RECORD WAS SET OR TIED.
MM INDICATES DATA IS MISSING.
T  INDICATES TRACE AMOUNT.




$$
