000
CDUS41 KPBZ 250708
CLIPHD


CLIMATE REPORT
NATIONAL WEATHER SERVICE PITTSBURGH PA
307 AM EDT MON MAY 25 2015


...................................

...THE NEW PHILADELPHIA OH CLIMATE SUMMARY FOR MAY 24 2015...

CLIMATE NORMAL PERIOD 1981 TO 2010
CLIMATE RECORD PERIOD 1946 TO 2015


WEATHER ITEM   OBSERVED TIME   RECORD YEAR NORMAL DEPARTURE LAST
                VALUE   (LST)  VALUE       VALUE  FROM      YEAR
                                                  NORMAL
..................................................................
TEMPERATURE (F)
 YESTERDAY
  MAXIMUM         84    404 PM  89    1964  74     10       75
  MINIMUM         48            27    1963  50     -2       45
  AVERAGE         66                        62      4       60

PRECIPITATION (IN)
  YESTERDAY        0.00         MM      MM   0.14  -0.14     0.00
  MONTH TO DATE    2.68                      3.13  -0.45     3.18
  SINCE JUN 1     37.66                     37.86  -0.20    39.61
  SINCE JAN 1     12.93                     14.56  -1.63    14.97

DEGREE DAYS
 HEATING
  YESTERDAY        0                         5     -5        5
  MONTH TO DATE   87                       168    -81      154
  SINCE MAR 1   1279                      1376    -97     1525
  SINCE JUL 1   5897                      5583    314     6158

 COOLING
  YESTERDAY        1                         2     -1        0
  MONTH TO DATE   99                        19     80       39
  SINCE MAR 1    102                        26     76       40
  SINCE JAN 1    102                        26     76       40
..................................................................


WIND (MPH)
  HIGHEST WIND SPEED    12   HIGHEST WIND DIRECTION     S (180)
  HIGHEST GUST SPEED    16   HIGHEST GUST DIRECTION     S (180)
  AVERAGE WIND SPEED     3.7


SKY COVER
  POSSIBLE SUNSHINE  MM
  AVERAGE SKY COVER 0.0


WEATHER CONDITIONS
 THE FOLLOWING WEATHER WAS RECORDED YESTERDAY.
  FOG


RELATIVE HUMIDITY (PERCENT)
 HIGHEST    86           300 AM
 LOWEST     22           200 PM
 AVERAGE    54

..........................................................


THE NEW PHILADELPHIA OH CLIMATE NORMALS FOR TODAY
                         NORMAL    RECORD    YEAR
 MAXIMUM TEMPERATURE (F)   75        88      2012
                                             1966
 MINIMUM TEMPERATURE (F)   51        32      2013


SUNRISE AND SUNSET
MAY 25 2015...........SUNRISE   601 AM EDT   SUNSET   844 PM EDT
MAY 26 2015...........SUNRISE   601 AM EDT   SUNSET   845 PM EDT


-  INDICATES NEGATIVE NUMBERS.
R  INDICATES RECORD WAS SET OR TIED.
MM INDICATES DATA IS MISSING.
T  INDICATES TRACE AMOUNT.




$$
