000
CDUS41 KPBZ 290704
CLIPHD


CLIMATE REPORT
NATIONAL WEATHER SERVICE PITTSBURGH PA
302 AM EDT TUE JUL 29 2014


...................................

...THE NEW PHILADELPHIA OH CLIMATE SUMMARY FOR JULY 28 2014...

CLIMATE NORMAL PERIOD 1981 TO 2010
CLIMATE RECORD PERIOD 1946 TO 2014


WEATHER ITEM   OBSERVED TIME   RECORD YEAR NORMAL DEPARTURE LAST
                VALUE   (LST)  VALUE       VALUE  FROM      YEAR
                                                  NORMAL
..................................................................
TEMPERATURE (F)
 YESTERDAY
  MAXIMUM         70    345 PM  96    1964  84    -14       72
  MINIMUM         56            44    1962  62     -6       57
  AVERAGE         63                        73    -10       65

PRECIPITATION (IN)
  YESTERDAY        0.01         MM      MM   0.14  -0.13     0.00
  MONTH TO DATE    4.62                      3.58   1.04     4.50
  SINCE JUN 1      9.49                      7.31   2.18    12.06
  SINCE JAN 1     24.67                     22.91   1.76    22.10

DEGREE DAYS
 HEATING
  YESTERDAY        2                         0      2        0
  MONTH TO DATE   12                         0     12        2
  SINCE JUN 1     22                        35    -13       24
  SINCE JUL 1     12                         0     12        2

 COOLING
  YESTERDAY        0                         8     -8        0
  MONTH TO DATE  149                       215    -66      233
  SINCE JUN 1    326                       358    -32      378
  SINCE JAN 1    392                       401     -9      476
..................................................................


WIND (MPH)
  HIGHEST WIND SPEED    18   HIGHEST WIND DIRECTION    NW (320)
  HIGHEST GUST SPEED    27   HIGHEST GUST DIRECTION    NW (300)
  AVERAGE WIND SPEED     7.8


SKY COVER
  POSSIBLE SUNSHINE  MM
  AVERAGE SKY COVER 0.7


WEATHER CONDITIONS
 THE FOLLOWING WEATHER WAS RECORDED YESTERDAY.
  LIGHT RAIN
  FOG


RELATIVE HUMIDITY (PERCENT)
 HIGHEST   100           200 AM
 LOWEST     63           400 PM
 AVERAGE    82

..........................................................


THE NEW PHILADELPHIA OH CLIMATE NORMALS FOR TODAY
                         NORMAL    RECORD    YEAR
 MAXIMUM TEMPERATURE (F)   84        94      1993
 MINIMUM TEMPERATURE (F)   62        49      1968


SUNRISE AND SUNSET
JULY 29 2014..........SUNRISE   620 AM EDT   SUNSET   844 PM EDT
JULY 30 2014..........SUNRISE   621 AM EDT   SUNSET   843 PM EDT


-  INDICATES NEGATIVE NUMBERS.
R  INDICATES RECORD WAS SET OR TIED.
MM INDICATES DATA IS MISSING.
T  INDICATES TRACE AMOUNT.




$$
