000
CDUS41 KPBZ 162212
CLIPHD


CLIMATE REPORT
NATIONAL WEATHER SERVICE PITTSBURGH PA
511 PM EST TUE JAN 16 2018


...................................

...THE NEW PHILADELPHIA OH CLIMATE SUMMARY FOR JANUARY 16 2018...
VALID TODAY AS OF 0500 PM LOCAL TIME.

CLIMATE NORMAL PERIOD 1981 TO 2010
CLIMATE RECORD PERIOD 1948 TO 2018


WEATHER ITEM   OBSERVED TIME   RECORD YEAR NORMAL DEPARTURE LAST
                VALUE   (LST)  VALUE       VALUE  FROM      YEAR
                                                  NORMAL
..................................................................
TEMPERATURE (F)
 TODAY
  MAXIMUM         27   1220 AM  55    1991  37    -10       41
  MINIMUM         11   1130 AM -13    2009  21    -10       26
  AVERAGE         19                        29    -10       34

PRECIPITATION (IN)
  TODAY            0.01          1.42 1995   0.10  -0.09     0.01
  MONTH TO DATE    1.73                      1.46   0.27     2.48
  SINCE JUN 1     22.25                     24.76  -2.51    23.06
  SINCE JAN 1      1.73                      1.46   0.27     2.48

DEGREE DAYS
 HEATING
  TODAY           46                        36     10       31
  MONTH TO DATE  737                       576    161      556
  SINCE DEC 1   1837                      1579    258     1587
  SINCE JUL 1   2839                      2737    102     2454

 COOLING
  TODAY            0                         0      0        0
  MONTH TO DATE    0                         0      0        0
  SINCE DEC 1      0                         0      0        0
  SINCE JAN 1      0                         0      0        0
..................................................................


WIND (MPH)
  HIGHEST WIND SPEED    10   HIGHEST WIND DIRECTION     W (250)
  HIGHEST GUST SPEED    15   HIGHEST GUST DIRECTION    SW (240)
  AVERAGE WIND SPEED     4.0


SKY COVER
  POSSIBLE SUNSHINE  MM
  AVERAGE SKY COVER 0.9


WEATHER CONDITIONS
 THE FOLLOWING WEATHER WAS RECORDED TODAY.
  LIGHT SNOW
  FOG
  HAZE


RELATIVE HUMIDITY (PERCENT)
 HIGHEST    96           400 AM
 LOWEST     67           400 PM
 AVERAGE    82

..........................................................


THE NEW PHILADELPHIA OH CLIMATE NORMALS FOR TOMORROW
                         NORMAL    RECORD    YEAR
 MAXIMUM TEMPERATURE (F)   37        61      2017
 MINIMUM TEMPERATURE (F)   21       -18      1977


SUNRISE AND SUNSET
JANUARY 16 2018.......SUNRISE   746 AM EST   SUNSET   525 PM EST
JANUARY 17 2018.......SUNRISE   746 AM EST   SUNSET   526 PM EST


-  INDICATES NEGATIVE NUMBERS.
R  INDICATES RECORD WAS SET OR TIED.
MM INDICATES DATA IS MISSING.
T  INDICATES TRACE AMOUNT.




$$
