000
CDUS41 KPBZ 210709
CLIPHD


CLIMATE REPORT
NATIONAL WEATHER SERVICE PITTSBURGH PA
309 AM EDT MON AUG 21 2017


...................................

...THE NEW PHILADELPHIA OH CLIMATE SUMMARY FOR AUGUST 20 2017...

CLIMATE NORMAL PERIOD 1981 TO 2010
CLIMATE RECORD PERIOD 1948 TO 2017


WEATHER ITEM   OBSERVED TIME   RECORD YEAR NORMAL DEPARTURE LAST
                VALUE   (LST)  VALUE       VALUE  FROM      YEAR
                                                  NORMAL
..................................................................
TEMPERATURE (F)
 YESTERDAY
  MAXIMUM         85    200 PM  94    1968  83      2       87
  MINIMUM         61            46    1998  60      1       69
                                      1964
  AVERAGE         73                        71      2       78

PRECIPITATION (IN)
  YESTERDAY        0.00          1.26 2014   0.13  -0.13     0.03
  MONTH TO DATE    1.88                      2.16  -0.28     3.02
  SINCE JUN 1     10.08                      9.92   0.16     6.88
  SINCE JAN 1     30.83                     25.52   5.31    21.53

DEGREE DAYS
 HEATING
  YESTERDAY        0                         0      0        0
  MONTH TO DATE    0                         0      0        0
  SINCE JUN 1     27                        38    -11        7
  SINCE JUL 1      0                         3     -3        0

 COOLING
  YESTERDAY        8                         6      2       13
  MONTH TO DATE  112                       140    -28      258
  SINCE JUN 1    560                       517     43      925
  SINCE JAN 1    627                       560     67     1004
..................................................................


WIND (MPH)
  HIGHEST WIND SPEED     9   HIGHEST WIND DIRECTION    SE (140)
  HIGHEST GUST SPEED    13   HIGHEST GUST DIRECTION    SE (140)
  AVERAGE WIND SPEED     2.5


SKY COVER
  POSSIBLE SUNSHINE  MM
  AVERAGE SKY COVER 0.4


WEATHER CONDITIONS
 THE FOLLOWING WEATHER WAS RECORDED YESTERDAY.
  FOG
  FOG W/VISIBILITY <= 1/4 MILE


RELATIVE HUMIDITY (PERCENT)
 HIGHEST   100          1200 AM
 LOWEST     51           200 PM
 AVERAGE    76

..........................................................


THE NEW PHILADELPHIA OH CLIMATE NORMALS FOR TODAY
                         NORMAL    RECORD    YEAR
 MAXIMUM TEMPERATURE (F)   83        98      1983
                                             1962
 MINIMUM TEMPERATURE (F)   60        45      2000


SUNRISE AND SUNSET
AUGUST 21 2017........SUNRISE   643 AM EDT   SUNSET   814 PM EDT
AUGUST 22 2017........SUNRISE   643 AM EDT   SUNSET   813 PM EDT


-  INDICATES NEGATIVE NUMBERS.
R  INDICATES RECORD WAS SET OR TIED.
MM INDICATES DATA IS MISSING.
T  INDICATES TRACE AMOUNT.




$$
