000
CDUS41 KPHI 180628
CLIPHL


CLIMATE REPORT
NATIONAL WEATHER SERVICE MOUNT HOLLY NJ
128 AM EST WED JAN 18 2017


...................................

...THE PHILADELPHIA PA CLIMATE SUMMARY FOR JANUARY 17 2017...

CLIMATE NORMAL PERIOD 1981 TO 2010
CLIMATE RECORD PERIOD 1872 TO 2017


WEATHER ITEM   OBSERVED TIME   RECORD YEAR NORMAL DEPARTURE LAST
                VALUE   (LST)  VALUE       VALUE  FROM      YEAR
                                                  NORMAL
..................................................................
TEMPERATURE (F)
 YESTERDAY
  MAXIMUM         45    502 PM  63    1913  40      5       42
  MINIMUM         38    538 AM  -7    1982  25     13       30
  AVERAGE         42                        33      9       36

PRECIPITATION (IN)
  YESTERDAY        0.15          1.66 1978   0.10   0.05     0.04
  MONTH TO DATE    1.53                      1.66  -0.13     1.03
  SINCE DEC 1      4.25                      5.22  -0.97     6.17
  SINCE JAN 1      1.53                      1.66  -0.13     1.03

SNOWFALL (IN)
  YESTERDAY        0.0           4.4  1978   0.2   -0.2      0.5
  MONTH TO DATE    4.9                       3.1    1.8      0.5
  SINCE DEC 1      5.2                       6.5   -1.3      0.5
  SINCE JUL 1      5.2                       6.8   -1.6      0.5
  SNOW DEPTH       0

DEGREE DAYS
 HEATING
  YESTERDAY       23                        32     -9       29
  MONTH TO DATE  487                       542    -55      477
  SINCE DEC 1   1291                      1396   -105      898
  SINCE JUL 1   1922                      2212   -290     1458

 COOLING
  YESTERDAY        0                         0      0        0
  MONTH TO DATE    0                         0      0        0
  SINCE DEC 1      0                         0      0        2
  SINCE JAN 1      0                         0      0        0
..................................................................


WIND (MPH)
  HIGHEST WIND SPEED    10   HIGHEST WIND DIRECTION    SE (120)
  HIGHEST GUST SPEED    18   HIGHEST GUST DIRECTION     E (100)
  AVERAGE WIND SPEED     3.2


SKY COVER
  POSSIBLE SUNSHINE  MM
  AVERAGE SKY COVER 1.0


WEATHER CONDITIONS
 THE FOLLOWING WEATHER WAS RECORDED YESTERDAY.
  LIGHT RAIN
  FOG
  HAZE


RELATIVE HUMIDITY (PERCENT)
 HIGHEST   100           700 PM
 LOWEST     64          1200 AM
 AVERAGE    82

..........................................................


THE PHILADELPHIA PA CLIMATE NORMALS FOR TODAY
                         NORMAL    RECORD    YEAR
 MAXIMUM TEMPERATURE (F)   40        64      2006
                                             1990
 MINIMUM TEMPERATURE (F)   25        -4      1982


SUNRISE AND SUNSET
JANUARY 18 2017.......SUNRISE   719 AM EST   SUNSET   504 PM EST
JANUARY 19 2017.......SUNRISE   719 AM EST   SUNSET   505 PM EST


-  INDICATES NEGATIVE NUMBERS.
R  INDICATES RECORD WAS SET OR TIED.
MM INDICATES DATA IS MISSING.
T  INDICATES TRACE AMOUNT.




$$
