000
CDUS41 KPHI 050629
CLIPHL


CLIMATE REPORT
NATIONAL WEATHER SERVICE MOUNT HOLLY NJ
129 AM EST MON DEC 5 2016


...................................

...THE PHILADELPHIA PA CLIMATE SUMMARY FOR DECEMBER 4 2016...

CLIMATE NORMAL PERIOD 1981 TO 2010
CLIMATE RECORD PERIOD 1872 TO 2016


WEATHER ITEM   OBSERVED TIME   RECORD YEAR NORMAL DEPARTURE LAST
                VALUE   (LST)  VALUE       VALUE  FROM      YEAR
                                                  NORMAL
..................................................................
TEMPERATURE (F)
 YESTERDAY
  MAXIMUM         48    246 PM  73    1998  49     -1       52
  MINIMUM         41    757 AM  12    1966  34      7       39
                                      1940
  AVERAGE         45                        41      4       46

PRECIPITATION (IN)
  YESTERDAY        0.00          1.69 1927   0.13  -0.13     0.00
  MONTH TO DATE    0.03                      0.50  -0.47     0.86
  SINCE DEC 1      0.03                      0.50  -0.47     0.86
  SINCE JAN 1     32.63                     38.47  -5.84    42.72

SNOWFALL (IN)
  YESTERDAY        0.0           5.8  1921   0.0    0.0      0.0
  MONTH TO DATE    0.0                       0.2   -0.2      0.0
  SINCE DEC 1      0.0                       0.2   -0.2      0.0
  SINCE JUL 1      T                         0.5   -0.5      0.0
  SNOW DEPTH       0

DEGREE DAYS
 HEATING
  YESTERDAY       20                        24     -4       19
  MONTH TO DATE   69                        94    -25       59
  SINCE DEC 1     69                        94    -25       59
  SINCE JUL 1    700                       910   -210      619

 COOLING
  YESTERDAY        0                         0      0        0
  MONTH TO DATE    0                         0      0        0
  SINCE DEC 1      0                         0      0        0
  SINCE JAN 1   1726                      1301    425     1718
..................................................................


WIND (MPH)
  HIGHEST WIND SPEED    16   HIGHEST WIND DIRECTION     N (350)
  HIGHEST GUST SPEED    19   HIGHEST GUST DIRECTION     N (360)
  AVERAGE WIND SPEED     6.9


SKY COVER
  POSSIBLE SUNSHINE  MM
  AVERAGE SKY COVER 0.8


WEATHER CONDITIONS
 THE FOLLOWING WEATHER WAS RECORDED YESTERDAY.
  LIGHT RAIN


RELATIVE HUMIDITY (PERCENT)
 HIGHEST    62           900 PM
 LOWEST     39           200 PM
 AVERAGE    51

..........................................................


THE PHILADELPHIA PA CLIMATE NORMALS FOR TODAY
                         NORMAL    RECORD    YEAR
 MAXIMUM TEMPERATURE (F)   48        71      2001
 MINIMUM TEMPERATURE (F)   33        13      1886


SUNRISE AND SUNSET
DECEMBER  5 2016......SUNRISE   708 AM EST   SUNSET   436 PM EST
DECEMBER  6 2016......SUNRISE   708 AM EST   SUNSET   436 PM EST


-  INDICATES NEGATIVE NUMBERS.
R  INDICATES RECORD WAS SET OR TIED.
MM INDICATES DATA IS MISSING.
T  INDICATES TRACE AMOUNT.




$$
