927
CDUS41 KPHI 180548
CLIPHL


CLIMATE REPORT
NATIONAL WEATHER SERVICE MOUNT HOLLY NJ
1248 AM EST SAT NOV 18 2017


...................................

...THE PHILADELPHIA PA CLIMATE SUMMARY FOR NOVEMBER 17 2017...

CLIMATE NORMAL PERIOD 1981 TO 2010
CLIMATE RECORD PERIOD 1872 TO 2017


WEATHER ITEM   OBSERVED TIME   RECORD YEAR NORMAL DEPARTURE LAST
                VALUE   (LST)  VALUE       VALUE  FROM      YEAR
                                                  NORMAL
..................................................................
TEMPERATURE (F)
 YESTERDAY
  MAXIMUM         51    244 PM  72    1987  56     -5       61
                                      1896
  MINIMUM         37   1154 PM  21    1933  39     -2       47
  AVERAGE         44                        47     -3       54

PRECIPITATION (IN)
  YESTERDAY        0.00          1.58 1935   0.10  -0.10     0.00
  MONTH TO DATE    0.83                      1.59  -0.76     0.39
  SINCE SEP 1      8.35                      8.55  -0.20     5.97
  SINCE JAN 1     39.56                     36.57   2.99    30.82

SNOWFALL (IN)
  YESTERDAY        0.0           0.3  1935   0.0    0.0      0.0
  MONTH TO DATE    0.0                       0.1   -0.1      0.0
  SINCE SEP 1      0.0                       0.1   -0.1      0.0
  SINCE JUL 1      0.0                       0.1   -0.1      0.0
  SNOW DEPTH       0

DEGREE DAYS
 HEATING
  YESTERDAY       21                        18      3       11
  MONTH TO DATE  274                       258     16      215
  SINCE SEP 1    393                       550   -157      404
  SINCE JUL 1    393                       551   -158      404

 COOLING
  YESTERDAY        0                         0      0        0
  MONTH TO DATE    0                         0      0        0
  SINCE SEP 1    300                       183    117      314
  SINCE JAN 1   1490                      1300    190     1726
..................................................................


WIND (MPH)
  HIGHEST WIND SPEED    23   HIGHEST WIND DIRECTION    NW (320)
  HIGHEST GUST SPEED    31   HIGHEST GUST DIRECTION    NW (310)
  AVERAGE WIND SPEED    11.9


SKY COVER
  POSSIBLE SUNSHINE  MM
  AVERAGE SKY COVER 0.4


WEATHER CONDITIONS
 THE FOLLOWING WEATHER WAS RECORDED YESTERDAY.
  NO SIGNIFICANT WEATHER WAS OBSERVED.


RELATIVE HUMIDITY (PERCENT)
 HIGHEST    62           100 AM
 LOWEST     29           400 PM
 AVERAGE    46

..........................................................


THE PHILADELPHIA PA CLIMATE NORMALS FOR TODAY
                         NORMAL    RECORD    YEAR
 MAXIMUM TEMPERATURE (F)   55        75      1921
 MINIMUM TEMPERATURE (F)   39        20      1936


SUNRISE AND SUNSET
NOVEMBER 18 2017......SUNRISE   650 AM EST   SUNSET   443 PM EST
NOVEMBER 19 2017......SUNRISE   651 AM EST   SUNSET   442 PM EST


-  INDICATES NEGATIVE NUMBERS.
R  INDICATES RECORD WAS SET OR TIED.
MM INDICATES DATA IS MISSING.
T  INDICATES TRACE AMOUNT.




$$
