000
CDUS41 KPHI 312131
CLIPHL


CLIMATE REPORT
NATIONAL WEATHER SERVICE MOUNT HOLLY NJ
531 PM EDT FRI OCT 31 2014


...................................

...THE PHILADELPHIA PA CLIMATE SUMMARY FOR OCTOBER 31 2014...
VALID TODAY AS OF 0500 PM LOCAL TIME.

CLIMATE NORMAL PERIOD 1981 TO 2010
CLIMATE RECORD PERIOD 1872 TO 2014


WEATHER ITEM   OBSERVED TIME   RECORD YEAR NORMAL DEPARTURE LAST
                VALUE   (LST)  VALUE       VALUE  FROM      YEAR
                                                  NORMAL
..................................................................
TEMPERATURE (F)
 TODAY
  MAXIMUM         54    314 PM  82    1946  62     -8       70
  MINIMUM         40    637 AM  26    1966  44     -4       52
  AVERAGE         47                        53     -6       61

PRECIPITATION (IN)
  TODAY            0.00          1.32 1895   0.10  -0.10     0.02
  MONTH TO DATE    2.53                      3.18  -0.65     2.45
  SINCE SEP 1      4.22                      6.96  -2.74     5.71
  SINCE JAN 1     40.03                     34.98   5.05    47.95

SNOWFALL (IN)
  TODAY            0.0           0.4  1925   0.0    0.0      0.0
  MONTH TO DATE    0.0                       0.0    0.0      0.0
  SINCE SEP 1      0.0                       0.0    0.0      0.0
  SINCE JUL 1      0.0                       0.0    0.0      0.0
  SNOW DEPTH       0

DEGREE DAYS
 HEATING
  TODAY           18                        12      6        4
  MONTH TO DATE  176                       253    -77      193
  SINCE SEP 1    190                       292   -102      229
  SINCE JUL 1    190                       293   -103      229

 COOLING
  TODAY            0                         0      0        0
  MONTH TO DATE   25                        22      3       65
  SINCE SEP 1    213                       183     30      195
  SINCE JAN 1   1311                      1300     11     1411
..................................................................


WIND (MPH)
  HIGHEST WIND SPEED    14   HIGHEST WIND DIRECTION     N (360)
  HIGHEST GUST SPEED    20   HIGHEST GUST DIRECTION     N (350)
  AVERAGE WIND SPEED     6.9


SKY COVER
  POSSIBLE SUNSHINE  MM
  AVERAGE SKY COVER 0.5


WEATHER CONDITIONS
 THE FOLLOWING WEATHER WAS RECORDED TODAY.
  NO SIGNIFICANT WEATHER WAS OBSERVED.


RELATIVE HUMIDITY (PERCENT)
 HIGHEST    76           600 AM
 LOWEST     50           200 PM
 AVERAGE    63

..........................................................


THE PHILADELPHIA PA CLIMATE NORMALS FOR TOMORROW
                         NORMAL    RECORD    YEAR
 MAXIMUM TEMPERATURE (F)   61        84      1950
 MINIMUM TEMPERATURE (F)   43        30      1968


SUNRISE AND SUNSET
OCTOBER 31 2014.......SUNRISE   729 AM EDT   SUNSET   600 PM EDT
NOVEMBER  1 2014......SUNRISE   730 AM EDT   SUNSET   559 PM EDT


-  INDICATES NEGATIVE NUMBERS.
R  INDICATES RECORD WAS SET OR TIED.
MM INDICATES DATA IS MISSING.
T  INDICATES TRACE AMOUNT.




$$
