000
CDUS41 KPHI 252128
CLIPHL


CLIMATE REPORT
NATIONAL WEATHER SERVICE MOUNT HOLLY NJ
527 PM EDT TUE JUL 25 2017


...................................

...THE PHILADELPHIA PA CLIMATE SUMMARY FOR JULY 25 2017...
VALID TODAY AS OF 0500 PM LOCAL TIME.

CLIMATE NORMAL PERIOD 1981 TO 2010
CLIMATE RECORD PERIOD 1872 TO 2017


WEATHER ITEM   OBSERVED TIME   RECORD YEAR NORMAL DEPARTURE LAST
                VALUE   (LST)  VALUE       VALUE  FROM      YEAR
                                                  NORMAL
..................................................................
TEMPERATURE (F)
 TODAY
  MAXIMUM         79    217 PM  97    2016  87     -8       97
  MINIMUM         66    324 AM  56    1953  70     -4       74
  AVERAGE         73                        78     -5       86

PRECIPITATION (IN)
  TODAY            T             1.68 2016   0.14  -0.14     1.68
  MONTH TO DATE    4.94                      3.49   1.45     2.89
  SINCE JUN 1      6.80                      6.92  -0.12     4.76
  SINCE JAN 1     24.75                     23.66   1.09    22.16

SNOWFALL (IN)
  TODAY            0.0           0.0  1870   0.0    0.0      0.0
  MONTH TO DATE    0.0                       0.0    0.0      0.0
  SINCE JUN 1      0.0                       0.0    0.0      0.0
  SINCE JUL 1      0.0                       0.0    0.0      0.0
  SNOW DEPTH       0

DEGREE DAYS
 HEATING
  TODAY            0                         0      0        0
  MONTH TO DATE    0                         0      0        0
  SINCE JUN 1      8                        11     -3        0
  SINCE JUL 1      0                         0      0        0

 COOLING
  TODAY            8                        13     -5       21
  MONTH TO DATE  389                       322     67      402
  SINCE JUN 1    693                       580    113      684
  SINCE JAN 1    804                       671    133      798
..................................................................


WIND (MPH)
  HIGHEST WIND SPEED    10   HIGHEST WIND DIRECTION     N (340)
  HIGHEST GUST SPEED    19   HIGHEST GUST DIRECTION     N (350)
  AVERAGE WIND SPEED     6.4


SKY COVER
  POSSIBLE SUNSHINE  MM
  AVERAGE SKY COVER 0.9


WEATHER CONDITIONS
 THE FOLLOWING WEATHER WAS RECORDED TODAY.
  LIGHT RAIN
  FOG


RELATIVE HUMIDITY (PERCENT)
 HIGHEST    93           100 AM
 LOWEST     60          1200 PM
 AVERAGE    77

..........................................................


THE PHILADELPHIA PA CLIMATE NORMALS FOR TOMORROW
                         NORMAL    RECORD    YEAR
 MAXIMUM TEMPERATURE (F)   87       101      1892
 MINIMUM TEMPERATURE (F)   70        56      1920


SUNRISE AND SUNSET
JULY 25 2017..........SUNRISE   554 AM EDT   SUNSET   821 PM EDT
JULY 26 2017..........SUNRISE   554 AM EDT   SUNSET   820 PM EDT


-  INDICATES NEGATIVE NUMBERS.
R  INDICATES RECORD WAS SET OR TIED.
MM INDICATES DATA IS MISSING.
T  INDICATES TRACE AMOUNT.




$$
