000
CDUS43 KUNR 150853
CLIPHP


CLIMATE REPORT
NATIONAL WEATHER SERVICE RAPID CITY SD
153 AM MST FRI DEC 15 2017


...................................

...THE PHILIP SD CLIMATE SUMMARY FOR DECEMBER 14 2017...

CLIMATE NORMAL PERIOD 1981 TO 2010
CLIMATE RECORD PERIOD 9999 TO 9999


WEATHER ITEM   OBSERVED TIME   NORMAL DEPARTURE LAST
                VALUE   (LST)  VALUE  FROM      YEAR
                                      NORMAL
......................................................
TEMPERATURE (F)
 YESTERDAY
  MAXIMUM         39   1205 AM  35      4       21
  MINIMUM         22   1159 PM  10     12       -7
  AVERAGE         31            23      8        7

PRECIPITATION (IN)
  YESTERDAY        0.07          0.02   0.05     0.00
  MONTH TO DATE    0.11          0.21  -0.10     0.08
  SINCE DEC 1      0.11          0.21  -0.10     0.08
  SINCE JAN 1     10.70         17.13  -6.43    12.93

DEGREE DAYS
 HEATING
  YESTERDAY       34            42     -8       58
  MONTH TO DATE  420           565   -145      725
  SINCE DEC 1    420           565   -145      725
  SINCE JUL 1   1869          2200   -331     1863

 COOLING
  YESTERDAY        0             0      0        0
  MONTH TO DATE    0             0      0        0
  SINCE DEC 1      0             0      0        0
  SINCE JAN 1    911           818     93      908
......................................................


WIND (MPH)
  HIGHEST WIND SPEED    26   HIGHEST WIND DIRECTION    NW (330)
  HIGHEST GUST SPEED    33   HIGHEST GUST DIRECTION    NW (320)
  AVERAGE WIND SPEED    12.5


SKY COVER
  AVERAGE SKY COVER 0.9


WEATHER CONDITIONS
 THE FOLLOWING WEATHER WAS RECORDED YESTERDAY.
  LIGHT RAIN
  LIGHT SNOW
  FOG


RELATIVE HUMIDITY (PERCENT)
 HIGHEST   100           700 AM
 LOWEST     64          1200 AM
 AVERAGE    82

..........................................................




SUNRISE AND SUNSET
DECEMBER 15 2017......SUNRISE   715 AM MST   SUNSET   409 PM MST
DECEMBER 16 2017......SUNRISE   715 AM MST   SUNSET   409 PM MST


-  INDICATES NEGATIVE NUMBERS.
R  INDICATES RECORD WAS SET OR TIED.
MM INDICATES DATA IS MISSING.
T  INDICATES TRACE AMOUNT.




$$
