000
CDUS43 KUNR 310842
CLIPHP


CLIMATE REPORT
NATIONAL WEATHER SERVICE RAPID CITY SD
242 AM MDT SUN JUL 31 2016


...................................

...THE PHILIP SD CLIMATE SUMMARY FOR JULY 30 2016...

CLIMATE NORMAL PERIOD 1981 TO 2010
CLIMATE RECORD PERIOD 9999 TO 9999


WEATHER ITEM   OBSERVED TIME   NORMAL DEPARTURE LAST
                VALUE   (LST)  VALUE  FROM      YEAR
                                      NORMAL
......................................................
TEMPERATURE (F)
 YESTERDAY
  MAXIMUM         93    323 PM  91      2       91
  MINIMUM         61    513 AM  61      0       51
  AVERAGE         77            76      1       71

PRECIPITATION (IN)
  YESTERDAY        T             0.06  -0.06     0.00
  MONTH TO DATE    1.72          1.98  -0.26     0.62
  SINCE JUN 1      2.44          4.91  -2.47     6.45
  SINCE JAN 1      9.16         11.83  -2.67    13.43

DEGREE DAYS
 HEATING
  YESTERDAY        0             0      0        0
  MONTH TO DATE    4             3      1        0
  SINCE JUN 1     11            66    -55       12
  SINCE JUL 1      4             3      1        0

 COOLING
  YESTERDAY       12            11      1        6
  MONTH TO DATE  312           293     19      273
  SINCE JUN 1    539           416    123      383
  SINCE JAN 1    553           443    110      389
......................................................


WIND (MPH)
  HIGHEST WIND SPEED    31   HIGHEST WIND DIRECTION     S (180)
  HIGHEST GUST SPEED    44   HIGHEST GUST DIRECTION     S (180)
  AVERAGE WIND SPEED    12.1


SKY COVER
  AVERAGE SKY COVER 0.2


WEATHER CONDITIONS
 THE FOLLOWING WEATHER WAS RECORDED YESTERDAY.
  THUNDERSTORM
  RAIN
  LIGHT RAIN


RELATIVE HUMIDITY (PERCENT)
 HIGHEST   100           300 AM
 LOWEST     34           100 PM
 AVERAGE    67

..........................................................




SUNRISE AND SUNSET
JULY 31 2016..........SUNRISE   534 AM MDT   SUNSET   811 PM MDT
AUGUST  1 2016........SUNRISE   535 AM MDT   SUNSET   810 PM MDT


-  INDICATES NEGATIVE NUMBERS.
R  INDICATES RECORD WAS SET OR TIED.
MM INDICATES DATA IS MISSING.
T  INDICATES TRACE AMOUNT.




$$
