000
CDUS43 KUNR 290838
CLIPHP


CLIMATE REPORT
NATIONAL WEATHER SERVICE RAPID CITY SD
235 AM MDT WED MAR 29 2017


...................................

...THE PHILIP SD CLIMATE SUMMARY FOR MARCH 28 2017...

CLIMATE NORMAL PERIOD 1981 TO 2010
CLIMATE RECORD PERIOD 9999 TO 9999


WEATHER ITEM   OBSERVED TIME   NORMAL DEPARTURE LAST
                VALUE   (LST)  VALUE  FROM      YEAR
                                      NORMAL
......................................................
TEMPERATURE (F)
 YESTERDAY
  MAXIMUM         49    314 PM  53     -4       69
  MINIMUM         37   1220 AM  26     11       22
  AVERAGE         43            39      4       46

PRECIPITATION (IN)
  YESTERDAY        0.46          0.03   0.43     0.00
  MONTH TO DATE    0.80          1.14  -0.34     0.54
  SINCE MAR 1      0.80          1.14  -0.34     0.54
  SINCE JAN 1      1.87          1.92  -0.05     1.22

DEGREE DAYS
 HEATING
  YESTERDAY       22            26     -4       19
  MONTH TO DATE  744           863   -119      673
  SINCE MAR 1    744           863   -119      673
  SINCE JUL 1   5804          6228   -424     5485

 COOLING
  YESTERDAY        0             0      0        0
  MONTH TO DATE    0             0      0        0
  SINCE MAR 1      0             0      0        0
  SINCE JAN 1      0             0      0        0
......................................................


WIND (MPH)
  HIGHEST WIND SPEED    17   HIGHEST WIND DIRECTION    SE (140)
  HIGHEST GUST SPEED    21   HIGHEST GUST DIRECTION    SE (140)
  AVERAGE WIND SPEED     8.2


SKY COVER
  AVERAGE SKY COVER 0.8


WEATHER CONDITIONS
 THE FOLLOWING WEATHER WAS RECORDED YESTERDAY.
  RAIN
  LIGHT RAIN
  FOG


RELATIVE HUMIDITY (PERCENT)
 HIGHEST   100          1000 AM
 LOWEST     70          1200 AM
 AVERAGE    85

..........................................................




SUNRISE AND SUNSET
MARCH 29 2017.........SUNRISE   633 AM MDT   SUNSET   710 PM MDT
MARCH 30 2017.........SUNRISE   631 AM MDT   SUNSET   711 PM MDT


-  INDICATES NEGATIVE NUMBERS.
R  INDICATES RECORD WAS SET OR TIED.
MM INDICATES DATA IS MISSING.
T  INDICATES TRACE AMOUNT.




$$
