000
CDUS43 KUNR 260849
CLIPHP


CLIMATE REPORT
NATIONAL WEATHER SERVICE RAPID CITY SD
243 AM MDT THU MAY 26 2016


...................................

...THE PHILIP SD CLIMATE SUMMARY FOR MAY 25 2016...

CLIMATE NORMAL PERIOD 1981 TO 2010
CLIMATE RECORD PERIOD 9999 TO 9999


WEATHER ITEM   OBSERVED TIME   NORMAL DEPARTURE LAST
                VALUE   (LST)  VALUE  FROM      YEAR
                                      NORMAL
......................................................
TEMPERATURE (F)
 YESTERDAY
  MAXIMUM         74   1208 PM  73      1       66
  MINIMUM         48   1154 PM  47      1       54
  AVERAGE         61            60      1       60

PRECIPITATION (IN)
  YESTERDAY        0.18          0.10   0.08      T
  MONTH TO DATE    1.34          2.45  -1.11     6.28
  SINCE MAR 1      6.01          5.56   0.45     6.71
  SINCE JAN 1      6.69          6.34   0.35     6.82

DEGREE DAYS
 HEATING
  YESTERDAY        4             6     -2        5
  MONTH TO DATE  240           238      2      260
  SINCE MAR 1   1479          1740   -261     1491
  SINCE JUL 1   6291          7105   -814     6631

 COOLING
  YESTERDAY        0             1     -1        0
  MONTH TO DATE   10            20    -10        2
  SINCE MAR 1     11            23    -12        5
  SINCE JAN 1     11            23    -12        5
......................................................


WIND (MPH)
  HIGHEST WIND SPEED    35   HIGHEST WIND DIRECTION    NW (310)
  HIGHEST GUST SPEED    43   HIGHEST GUST DIRECTION    NW (310)
  AVERAGE WIND SPEED     7.4


SKY COVER
  AVERAGE SKY COVER 0.1


WEATHER CONDITIONS
 THE FOLLOWING WEATHER WAS RECORDED YESTERDAY.
  THUNDERSTORM
  HEAVY RAIN
  LIGHT RAIN
  FOG
  HAZE


RELATIVE HUMIDITY (PERCENT)
 HIGHEST    93           200 AM
 LOWEST     51           500 PM
 AVERAGE    72

..........................................................




SUNRISE AND SUNSET
MAY 26 2016...........SUNRISE   510 AM MDT   SUNSET   818 PM MDT
MAY 27 2016...........SUNRISE   509 AM MDT   SUNSET   819 PM MDT


-  INDICATES NEGATIVE NUMBERS.
R  INDICATES RECORD WAS SET OR TIED.
MM INDICATES DATA IS MISSING.
T  INDICATES TRACE AMOUNT.




$$
