000
CDUS43 KUNR 220851
CLIPHP


CLIMATE REPORT
NATIONAL WEATHER SERVICE RAPID CITY SD
249 AM MDT MON MAY 22 2017


...................................

...THE PHILIP SD CLIMATE SUMMARY FOR MAY 21 2017...

CLIMATE NORMAL PERIOD 1981 TO 2010
CLIMATE RECORD PERIOD 9999 TO 9999


WEATHER ITEM   OBSERVED TIME   NORMAL DEPARTURE LAST
                VALUE   (LST)  VALUE  FROM      YEAR
                                      NORMAL
......................................................
TEMPERATURE (F)
 YESTERDAY
  MAXIMUM         71    128 PM  72     -1       69
  MINIMUM         29    240 AM  46    -17       56
  AVERAGE         50            59     -9       63

PRECIPITATION (IN)
  YESTERDAY        0.01          0.10  -0.09     0.00
  MONTH TO DATE    0.95          2.05  -1.10     0.77
  SINCE MAR 1      3.51          5.16  -1.65     5.44
  SINCE JAN 1      4.58          5.94  -1.36     6.12

DEGREE DAYS
 HEATING
  YESTERDAY       15             7      8        2
  MONTH TO DATE  182           213    -31      227
  SINCE MAR 1   1514          1715   -201     1466
  SINCE JUL 1   6574          7080   -506     6278

 COOLING
  YESTERDAY        0             1     -1        0
  MONTH TO DATE   13            16     -3        6
  SINCE MAR 1     13            19     -6        7
  SINCE JAN 1     13            19     -6        7
......................................................


WIND (MPH)
  HIGHEST WIND SPEED    31   HIGHEST WIND DIRECTION    NW (310)
  HIGHEST GUST SPEED    40   HIGHEST GUST DIRECTION    NW (310)
  AVERAGE WIND SPEED    10.2


SKY COVER
  AVERAGE SKY COVER 0.2


WEATHER CONDITIONS
 THE FOLLOWING WEATHER WAS RECORDED YESTERDAY.
  NO SIGNIFICANT WEATHER WAS OBSERVED.


RELATIVE HUMIDITY (PERCENT)
 HIGHEST   100          1200 AM
 LOWEST     26          1100 AM
 AVERAGE    63

..........................................................




SUNRISE AND SUNSET
MAY 22 2017...........SUNRISE   513 AM MDT   SUNSET   814 PM MDT
MAY 23 2017...........SUNRISE   512 AM MDT   SUNSET   815 PM MDT


-  INDICATES NEGATIVE NUMBERS.
R  INDICATES RECORD WAS SET OR TIED.
MM INDICATES DATA IS MISSING.
T  INDICATES TRACE AMOUNT.




$$
