000
CDUS43 KUNR 270832
CLIPHP


CLIMATE REPORT
NATIONAL WEATHER SERVICE RAPID CITY SD
231 AM MDT WED AUG 27 2014


...................................

...THE PHILIP SD CLIMATE SUMMARY FOR AUGUST 26 2014...

CLIMATE NORMAL PERIOD 1981 TO 2010
CLIMATE RECORD PERIOD 9999 TO 9999


WEATHER ITEM   OBSERVED TIME   NORMAL DEPARTURE LAST
                VALUE   (LST)  VALUE  FROM      YEAR
                                      NORMAL
......................................................
TEMPERATURE (F)
 YESTERDAY
  MAXIMUM         78    416 PM  87     -9      103
  MINIMUM         51   1216 AM  56     -5       66
  AVERAGE         65            71     -6       85

PRECIPITATION (IN)
  YESTERDAY        T             0.05  -0.05     0.00
  MONTH TO DATE    3.69          1.25   2.44     1.25
  SINCE JUN 1      7.80          6.21   1.59     4.84
  SINCE JAN 1     12.62         13.13  -0.51    10.40

DEGREE DAYS
 HEATING
  YESTERDAY        0             1     -1        0
  MONTH TO DATE    3             6     -3        0
  SINCE JUN 1     97            77     20       67
  SINCE JUL 1     19            14      5        3

 COOLING
  YESTERDAY        0             7     -7       20
  MONTH TO DATE  222           247    -25      211
  SINCE JUN 1    528           675   -147      671
  SINCE JAN 1    568           702   -134      692
......................................................


WIND (MPH)
  HIGHEST WIND SPEED    18   HIGHEST WIND DIRECTION     E (80)
  HIGHEST GUST SPEED    24   HIGHEST GUST DIRECTION     E (90)
  AVERAGE WIND SPEED    10.2


SKY COVER
  AVERAGE SKY COVER 0.3


WEATHER CONDITIONS
 THE FOLLOWING WEATHER WAS RECORDED YESTERDAY.
  RAIN
  LIGHT RAIN


RELATIVE HUMIDITY (PERCENT)
 HIGHEST    89          1200 AM
 LOWEST     45           400 PM
 AVERAGE    67

..........................................................




SUNRISE AND SUNSET
AUGUST 27 2014........SUNRISE   604 AM MDT   SUNSET   731 PM MDT
AUGUST 28 2014........SUNRISE   605 AM MDT   SUNSET   729 PM MDT


-  INDICATES NEGATIVE NUMBERS.
R  INDICATES RECORD WAS SET OR TIED.
MM INDICATES DATA IS MISSING.
T  INDICATES TRACE AMOUNT.




$$
