000
CDUS43 KUNR 290833
CLIPHP


CLIMATE REPORT
NATIONAL WEATHER SERVICE RAPID CITY SD
231 AM MDT TUE JUL 29 2014


...................................

...THE PHILIP SD CLIMATE SUMMARY FOR JULY 28 2014...

CLIMATE NORMAL PERIOD 1981 TO 2010
CLIMATE RECORD PERIOD 9999 TO 9999


WEATHER ITEM   OBSERVED TIME   NORMAL DEPARTURE LAST
                VALUE   (LST)  VALUE  FROM      YEAR
                                      NORMAL
......................................................
TEMPERATURE (F)
 YESTERDAY
  MAXIMUM         84    330 PM  91     -7       83
  MINIMUM         48    433 AM  61    -13       55
  AVERAGE         66            76    -10       69

PRECIPITATION (IN)
  YESTERDAY        0.00          0.04  -0.04      T
  MONTH TO DATE    0.11          1.87  -1.76     1.12
  SINCE JUN 1      4.11          4.80  -0.69     3.02
  SINCE JAN 1      8.93         11.72  -2.79     8.58

DEGREE DAYS
 HEATING
  YESTERDAY        0             0      0        0
  MONTH TO DATE   16             3     13        3
  SINCE JUN 1     94            66     28       67
  SINCE JUL 1     16             3     13        3

 COOLING
  YESTERDAY        1            11    -10        4
  MONTH TO DATE  234           271    -37      304
  SINCE JUN 1    290           394   -104      431
  SINCE JAN 1    330           421    -91      452
......................................................


WIND (MPH)
  HIGHEST WIND SPEED    16   HIGHEST WIND DIRECTION     E (80)
  HIGHEST GUST SPEED    20   HIGHEST GUST DIRECTION     E (70)
  AVERAGE WIND SPEED     5.6


SKY COVER
  AVERAGE SKY COVER 0.0


WEATHER CONDITIONS
 THE FOLLOWING WEATHER WAS RECORDED YESTERDAY.
  FOG


RELATIVE HUMIDITY (PERCENT)
 HIGHEST    89           300 AM
 LOWEST     31           200 PM
 AVERAGE    60

..........................................................




SUNRISE AND SUNSET
JULY 29 2014..........SUNRISE   531 AM MDT   SUNSET   814 PM MDT
JULY 30 2014..........SUNRISE   532 AM MDT   SUNSET   813 PM MDT


-  INDICATES NEGATIVE NUMBERS.
R  INDICATES RECORD WAS SET OR TIED.
MM INDICATES DATA IS MISSING.
T  INDICATES TRACE AMOUNT.




$$
