000
CDUS43 KUNR 290830
CLIPHP


CLIMATE REPORT
NATIONAL WEATHER SERVICE RAPID CITY SD
230 AM MDT SAT AUG 29 2015


...................................

...THE PHILIP SD CLIMATE SUMMARY FOR AUGUST 28 2015...

CLIMATE NORMAL PERIOD 1981 TO 2010
CLIMATE RECORD PERIOD 9999 TO 9999


WEATHER ITEM   OBSERVED TIME   NORMAL DEPARTURE LAST
                VALUE   (LST)  VALUE  FROM      YEAR
                                      NORMAL
......................................................
TEMPERATURE (F)
 YESTERDAY
  MAXIMUM         84    328 PM  86     -2       77
  MINIMUM         57    329 AM  55      2       59
  AVERAGE         71            70      1       68

PRECIPITATION (IN)
  YESTERDAY        0.00          0.05  -0.05     0.28
  MONTH TO DATE    2.89          1.35   1.54     4.19
  SINCE JUN 1      9.34          6.31   3.03     8.30
  SINCE JAN 1     16.32         13.23   3.09    13.12

DEGREE DAYS
 HEATING
  YESTERDAY        0             1     -1        0
  MONTH TO DATE   32             8     24        3
  SINCE JUN 1     44            79    -35       97
  SINCE JUL 1     32            16     16       19

 COOLING
  YESTERDAY        6             7     -1        3
  MONTH TO DATE  190           261    -71      225
  SINCE JUN 1    581           689   -108      531
  SINCE JAN 1    587           716   -129      571
......................................................


WIND (MPH)
  HIGHEST WIND SPEED     9   HIGHEST WIND DIRECTION    SE (150)
  HIGHEST GUST SPEED    13   HIGHEST GUST DIRECTION    SE (150)
  AVERAGE WIND SPEED     4.3


SKY COVER
  AVERAGE SKY COVER 0.3


WEATHER CONDITIONS
 THE FOLLOWING WEATHER WAS RECORDED YESTERDAY.
  FOG
  FOG W/VISIBILITY <= 1/4 MILE


RELATIVE HUMIDITY (PERCENT)
 HIGHEST   100           300 AM
 LOWEST     55           300 PM
 AVERAGE    78

..........................................................




SUNRISE AND SUNSET
AUGUST 29 2015........SUNRISE   606 AM MDT   SUNSET   728 PM MDT
AUGUST 30 2015........SUNRISE   607 AM MDT   SUNSET   726 PM MDT


-  INDICATES NEGATIVE NUMBERS.
R  INDICATES RECORD WAS SET OR TIED.
MM INDICATES DATA IS MISSING.
T  INDICATES TRACE AMOUNT.




$$
