000
CDUS43 KUNR 060831
CLIPHP


CLIMATE REPORT
NATIONAL WEATHER SERVICE RAPID CITY SD
231 AM MDT FRI MAY 6 2016


...................................

...THE PHILIP SD CLIMATE SUMMARY FOR MAY 5 2016...

CLIMATE NORMAL PERIOD 1981 TO 2010
CLIMATE RECORD PERIOD 9999 TO 9999


WEATHER ITEM   OBSERVED TIME   NORMAL DEPARTURE LAST
                VALUE   (LST)  VALUE  FROM      YEAR
                                      NORMAL
......................................................
TEMPERATURE (F)
 YESTERDAY
  MAXIMUM         89    253 PM  67     22       70
  MINIMUM         51   1039 PM  40     11       37
  AVERAGE         70            53     17       54

PRECIPITATION (IN)
  YESTERDAY        0.00          0.09  -0.09      T
  MONTH TO DATE    0.07          0.47  -0.40      T
  SINCE MAR 1      4.74          3.58   1.16     0.43
  SINCE JAN 1      5.42          4.36   1.06     0.54

DEGREE DAYS
 HEATING
  YESTERDAY        0            12    -12       11
  MONTH TO DATE   52            63    -11       35
  SINCE MAR 1   1291          1565   -274     1266
  SINCE JUL 1   6103          6930   -827     6406

 COOLING
  YESTERDAY        5             0      5        0
  MONTH TO DATE    5             0      5        2
  SINCE MAR 1      6             3      3        5
  SINCE JAN 1      6             3      3        5
......................................................


WIND (MPH)
  HIGHEST WIND SPEED    15   HIGHEST WIND DIRECTION     S (170)
  HIGHEST GUST SPEED    21   HIGHEST GUST DIRECTION    SE (130)
  AVERAGE WIND SPEED     6.9


SKY COVER
  AVERAGE SKY COVER 0.0


WEATHER CONDITIONS
 THE FOLLOWING WEATHER WAS RECORDED YESTERDAY.
  FOG


RELATIVE HUMIDITY (PERCENT)
 HIGHEST    93          1000 PM
 LOWEST     21           300 PM
 AVERAGE    57

..........................................................




SUNRISE AND SUNSET
MAY  6 2016...........SUNRISE   530 AM MDT   SUNSET   756 PM MDT
MAY  7 2016...........SUNRISE   529 AM MDT   SUNSET   757 PM MDT


-  INDICATES NEGATIVE NUMBERS.
R  INDICATES RECORD WAS SET OR TIED.
MM INDICATES DATA IS MISSING.
T  INDICATES TRACE AMOUNT.




$$
