000
CDUS45 KPSR 300012
CLIPHX

CLIMATE REPORT
NATIONAL WEATHER SERVICE PHOENIX AZ
511 PM MST MON AUG 29 2016


...................................

...THE PHOENIX AZ CLIMATE SUMMARY FOR AUGUST 29 2016...
VALID TODAY AS OF 0500 PM LOCAL TIME.

CLIMATE NORMAL PERIOD 1981 TO 2010
CLIMATE RECORD PERIOD 1895 TO 2016


WEATHER ITEM   OBSERVED TIME   RECORD YEAR NORMAL DEPARTURE LAST
                VALUE   (LST)  VALUE       VALUE  FROM      YEAR
                                                  NORMAL
..................................................................
TEMPERATURE (F)
 TODAY
  MAXIMUM        105    458 PM 113    2009 104      1      111
                                      2007
                                      1981
  MINIMUM         79    618 AM  64    1920  82     -3       80
  AVERAGE         92                        93     -1       96

PRECIPITATION (IN)
  TODAY            0.00          0.68 1943   0.03  -0.03     0.13
  MONTH TO DATE    1.27                      0.95   0.32     0.92
  SINCE OCT 1      5.21                      7.34  -2.13     5.84
  SINCE JAN 1      4.04                      5.23  -1.19     4.80

SNOWFALL (IN)
  TODAY            0.0
  MONTH TO DATE    0.0
  SINCE JAN 1      0.0
  SINCE JUL 1      0.0
  SNOW DEPTH       0

DEGREE DAYS
 HEATING
  TODAY            0                         0      0        0
  MONTH TO DATE    0                         0      0        0
  SINCE JUN 1      0                         0      0        0
  SINCE JUL 1      0                         0      0        0

 COOLING
  TODAY           27                        28     -1       31
  MONTH TO DATE  779                       830    -51      931
  SINCE JUN 1   2685                      2528    157     2733
  SINCE JAN 1   3692                      3414    278     3758
..................................................................


WIND (MPH)
  HIGHEST WIND SPEED    15   HIGHEST WIND DIRECTION    SE (120)
  HIGHEST GUST SPEED    23   HIGHEST GUST DIRECTION    SE (130)
  AVERAGE WIND SPEED     5.5


SKY COVER
  AVERAGE SKY COVER 0.1


WEATHER CONDITIONS
 THE FOLLOWING WEATHER WAS RECORDED TODAY.
  NO SIGNIFICANT WEATHER WAS OBSERVED.


RELATIVE HUMIDITY (PERCENT)
 HIGHEST    37           300 AM
 LOWEST     12           400 PM
 AVERAGE    25

..........................................................


THE PHOENIX AZ CLIMATE NORMALS FOR TOMORROW
                         NORMAL    RECORD    YEAR
 MAXIMUM TEMPERATURE (F)  104       113      2011
 MINIMUM TEMPERATURE (F)   81        64      1920
                                             1907


SUNRISE AND SUNSET
AUGUST 29 2016........SUNRISE   601 AM MST   SUNSET   656 PM MST
AUGUST 30 2016........SUNRISE   601 AM MST   SUNSET   655 PM MST


-  INDICATES NEGATIVE NUMBERS.
R  INDICATES RECORD WAS SET OR TIED.
MM INDICATES DATA IS MISSING.
T  INDICATES TRACE AMOUNT.

$$
