000
CDUS45 KPSR 230011
CLIPHX

CLIMATE REPORT
NATIONAL WEATHER SERVICE PHOENIX AZ
510 PM MST SAT NOV 22 2014


...................................

...THE PHOENIX AZ CLIMATE SUMMARY FOR NOVEMBER 22 2014...
VALID TODAY AS OF 0500 PM LOCAL TIME.

CLIMATE NORMAL PERIOD 1981 TO 2010
CLIMATE RECORD PERIOD 1895 TO 2014


WEATHER ITEM   OBSERVED TIME   RECORD YEAR NORMAL DEPARTURE LAST
                VALUE   (LST)  VALUE       VALUE  FROM      YEAR
                                                  NORMAL
..................................................................
TEMPERATURE (F)
 TODAY
  MAXIMUM         72    412 PM  89    1950  72      0       60
  MINIMUM         46    703 AM  30    1953  50     -4       53
                                      1898
  AVERAGE         59                        61     -2       57

PRECIPITATION (IN)
  TODAY            0.00          1.60 2013   0.02  -0.02     1.60
  MONTH TO DATE    0.00                      0.43  -0.43     2.02
  SINCE OCT 1      0.13                      1.01  -0.88     2.02
  SINCE JAN 1      7.46                      6.93   0.53     7.62

SNOWFALL (IN)
  TODAY            0.0
  MONTH TO DATE    0.0
  SINCE JAN 1      0.0
  SINCE JUL 1      0.0
  SNOW DEPTH       0

DEGREE DAYS
 HEATING
  TODAY            6                         5      1        8
  MONTH TO DATE   29                        51    -22        8
  SINCE SEP 1     29                        57    -28        9
  SINCE JUL 1     29                        57    -28        9

 COOLING
  TODAY            0                         1     -1        0
  MONTH TO DATE   84                        66     18      111
  SINCE SEP 1   1283                      1133    150     1135
  SINCE JAN 1   5028                      4602    426     5023
..................................................................


WIND (MPH)
  HIGHEST WIND SPEED    12   HIGHEST WIND DIRECTION     E (110)
  HIGHEST GUST SPEED    13   HIGHEST GUST DIRECTION     E (110)
  AVERAGE WIND SPEED     5.5


SKY COVER
  AVERAGE SKY COVER 0.2


WEATHER CONDITIONS
 THE FOLLOWING WEATHER WAS RECORDED TODAY.
  NO SIGNIFICANT WEATHER WAS OBSERVED.


RELATIVE HUMIDITY (PERCENT)
 HIGHEST    54           800 AM
 LOWEST     22           300 PM
 AVERAGE    38

..........................................................


THE PHOENIX AZ CLIMATE NORMALS FOR TOMORROW
                         NORMAL    RECORD    YEAR
 MAXIMUM TEMPERATURE (F)   72        87      1950
 MINIMUM TEMPERATURE (F)   50        27      1931


SUNRISE AND SUNSET
NOVEMBER 22 2014......SUNRISE   706 AM MST   SUNSET   522 PM MST
NOVEMBER 23 2014......SUNRISE   707 AM MST   SUNSET   522 PM MST


-  INDICATES NEGATIVE NUMBERS.
R  INDICATES RECORD WAS SET OR TIED.
MM INDICATES DATA IS MISSING.
T  INDICATES TRACE AMOUNT.

$$
