000
CDUS45 KPSR 280012
CLIPHX

CLIMATE REPORT
NATIONAL WEATHER SERVICE PHOENIX AZ
511 PM MST SAT MAY 27 2017


...................................

...THE PHOENIX AZ CLIMATE SUMMARY FOR MAY 27 2017...
VALID TODAY AS OF 0500 PM LOCAL TIME.

CLIMATE NORMAL PERIOD 1981 TO 2010
CLIMATE RECORD PERIOD 1895 TO 2017


WEATHER ITEM   OBSERVED TIME   RECORD YEAR NORMAL DEPARTURE LAST
                VALUE   (LST)  VALUE       VALUE  FROM      YEAR
                                                  NORMAL
..................................................................
TEMPERATURE (F)
 TODAY
  MAXIMUM         96    438 PM 111    1983  98     -2       93
  MINIMUM         70    558 AM  48    1917  72     -2       67
  AVERAGE         83                        85     -2       80

PRECIPITATION (IN)
  TODAY            0.00          0.05 1934   0.00   0.00     0.00
  MONTH TO DATE    0.01                      0.10  -0.09     0.05
  SINCE OCT 1      4.24                      5.31  -1.07     3.04
  SINCE JAN 1      2.41                      3.20  -0.79     1.87

SNOWFALL (IN)
  TODAY            0.0
  MONTH TO DATE    0.0
  SINCE JAN 1      0.0
  SINCE JUL 1      0.0
  SNOW DEPTH       0

DEGREE DAYS
 HEATING
  TODAY            0                         0      0        0
  MONTH TO DATE    0                         0      0        0
  SINCE MAR 1     25                       101    -76       16
  SINCE JUL 1    693                       934   -241      829

 COOLING
  TODAY           18                        20     -2       15
  MONTH TO DATE  436                       447    -11      394
  SINCE MAR 1    960                       785    175      819
  SINCE JAN 1    980                       802    178      932
..................................................................


WIND (MPH)
  HIGHEST WIND SPEED    15   HIGHEST WIND DIRECTION     W (270)
  HIGHEST GUST SPEED    20   HIGHEST GUST DIRECTION     W (250)
  AVERAGE WIND SPEED     5.8


SKY COVER
  AVERAGE SKY COVER 0.1


WEATHER CONDITIONS
 THE FOLLOWING WEATHER WAS RECORDED TODAY.
  NO SIGNIFICANT WEATHER WAS OBSERVED.


RELATIVE HUMIDITY (PERCENT)
 HIGHEST    22           600 AM
 LOWEST      8           400 PM
 AVERAGE    15

..........................................................


THE PHOENIX AZ CLIMATE NORMALS FOR TOMORROW
                         NORMAL    RECORD    YEAR
 MAXIMUM TEMPERATURE (F)   99       113      1984
                                             1983
 MINIMUM TEMPERATURE (F)   73        53      1929
                                             1918
                                             1917


SUNRISE AND SUNSET
MAY 27 2017...........SUNRISE   521 AM MST   SUNSET   730 PM MST
MAY 28 2017...........SUNRISE   521 AM MST   SUNSET   731 PM MST


-  INDICATES NEGATIVE NUMBERS.
R  INDICATES RECORD WAS SET OR TIED.
MM INDICATES DATA IS MISSING.
T  INDICATES TRACE AMOUNT.

$$
