000
CDUS45 KPSR 010815
CLIPHX

CLIMATE REPORT
NATIONAL WEATHER SERVICE PHOENIX AZ
115 AM MST WED OCT 1 2014


...................................

...THE PHOENIX AZ CLIMATE SUMMARY FOR SEPTEMBER 30 2014...

CLIMATE NORMAL PERIOD 1981 TO 2010
CLIMATE RECORD PERIOD 1895 TO 2014


WEATHER ITEM   OBSERVED TIME   RECORD YEAR NORMAL DEPARTURE LAST
                VALUE   (LST)  VALUE       VALUE  FROM      YEAR
                                                  NORMAL
..................................................................
TEMPERATURE (F)
 YESTERDAY
  MAXIMUM         89    412 PM 107    2010  95     -6       95
                                      2003
                                      1980
  MINIMUM         66    612 AM  49    1965  72     -6       68
  AVERAGE         78                        83     -5       82

PRECIPITATION (IN)
  YESTERDAY        0.00          0.31 1932   0.02  -0.02     0.00
                                      1921
  MONTH TO DATE    5.11                      0.64   4.47     0.86
  SINCE OCT 1     10.15                      8.03   2.12     6.52
  SINCE JAN 1      7.33                      5.92   1.41     5.60

SNOWFALL (IN)
  YESTERDAY        0.0
  MONTH TO DATE    0.0
  SINCE JAN 1      0.0
  SINCE JUL 1      0.0
  SNOW DEPTH       0

DEGREE DAYS
 HEATING
  YESTERDAY        0                         0      0        0
  MONTH TO DATE    0                         0      0        0
  SINCE SEP 1      0                         0      0        0
  SINCE JUL 1      0                         0      0        0

 COOLING
  YESTERDAY       13                        18     -5       17
  MONTH TO DATE  728                       700     28      719
  SINCE SEP 1    728                       700     28      719
  SINCE JAN 1   4473                      4169    304     4607
..................................................................


WIND (MPH)
  HIGHEST WIND SPEED    13   HIGHEST WIND DIRECTION    SW (240)
  HIGHEST GUST SPEED    16   HIGHEST GUST DIRECTION    SW (230)
  AVERAGE WIND SPEED     4.6


SKY COVER
  AVERAGE SKY COVER 0.1


WEATHER CONDITIONS
 THE FOLLOWING WEATHER WAS RECORDED YESTERDAY.
  NO SIGNIFICANT WEATHER WAS OBSERVED.


RELATIVE HUMIDITY (PERCENT)
 HIGHEST    63           700 AM
 LOWEST     15           500 PM
 AVERAGE    39

..........................................................


THE PHOENIX AZ CLIMATE NORMALS FOR TODAY
                         NORMAL    RECORD    YEAR
 MAXIMUM TEMPERATURE (F)   94       107      1980
 MINIMUM TEMPERATURE (F)   71        49      1927


SUNRISE AND SUNSET
OCTOBER  1 2014.......SUNRISE   622 AM MST   SUNSET   612 PM MST
OCTOBER  2 2014.......SUNRISE   623 AM MST   SUNSET   611 PM MST


-  INDICATES NEGATIVE NUMBERS.
R  INDICATES RECORD WAS SET OR TIED.
MM INDICATES DATA IS MISSING.
T  INDICATES TRACE AMOUNT.

&&
.....................................................................

DEW POINT
  HIGHEST DEW POINT    54
   LOWEST DEW POINT    33
  AVERAGE DEW POINT    47
.....................................................................

$$
