000
CDUS45 KPSR 040820
CLIPHX

CLIMATE REPORT
NATIONAL WEATHER SERVICE PHOENIX AZ
119 AM MST WED MAR 4 2015


...................................

...THE PHOENIX AZ CLIMATE SUMMARY FOR MARCH 3 2015...

CLIMATE NORMAL PERIOD 1981 TO 2010
CLIMATE RECORD PERIOD 1895 TO 2015


WEATHER ITEM   OBSERVED TIME   RECORD YEAR NORMAL DEPARTURE LAST
                VALUE   (LST)  VALUE       VALUE  FROM      YEAR
                                                  NORMAL
..................................................................
TEMPERATURE (F)
 YESTERDAY
  MAXIMUM         65   1226 PM  91    1921  74     -9       75
  MINIMUM         47    728 AM  28    1966  51     -4       53
  AVERAGE         56                        62     -6       64

PRECIPITATION (IN)
  YESTERDAY        0.07          1.98 1983   0.04   0.03     0.00
  MONTH TO DATE    0.30                      0.12   0.18     0.99
  SINCE OCT 1      2.16                      4.06  -1.90     3.81
  SINCE JAN 1      1.12                      1.95  -0.83     0.99

SNOWFALL (IN)
  YESTERDAY        0.0
  MONTH TO DATE    0.0
  SINCE JAN 1      0.0
  SINCE JUL 1      0.0
  SNOW DEPTH       0

DEGREE DAYS
 HEATING
  YESTERDAY        9                         4      5        1
  MONTH TO DATE   15                        12      3        7
  SINCE MAR 1     15                        12      3        7
  SINCE JUL 1    510                       845   -335      541

 COOLING
  YESTERDAY        0                         1     -1        0
  MONTH TO DATE    4                         3      1        0
  SINCE MAR 1      4                         3      1        0
  SINCE JAN 1     52                        20     32       62
..................................................................


WIND (MPH)
  HIGHEST WIND SPEED    14   HIGHEST WIND DIRECTION    SW (210)
  HIGHEST GUST SPEED    17   HIGHEST GUST DIRECTION     S (190)
  AVERAGE WIND SPEED     4.8


SKY COVER
  AVERAGE SKY COVER 0.7


WEATHER CONDITIONS
 THE FOLLOWING WEATHER WAS RECORDED YESTERDAY.
  LIGHT RAIN
  FOG
  FOG W/VISIBILITY <= 1/4 MILE


RELATIVE HUMIDITY (PERCENT)
 HIGHEST   100           800 AM
 LOWEST     39           200 PM
 AVERAGE    70

..........................................................


THE PHOENIX AZ CLIMATE NORMALS FOR TODAY
                         NORMAL    RECORD    YEAR
 MAXIMUM TEMPERATURE (F)   74        88      1972
                                             1925
                                             1910
 MINIMUM TEMPERATURE (F)   52        25      1966


SUNRISE AND SUNSET
MARCH  4 2015.........SUNRISE   653 AM MST   SUNSET   627 PM MST
MARCH  5 2015.........SUNRISE   652 AM MST   SUNSET   628 PM MST


-  INDICATES NEGATIVE NUMBERS.
R  INDICATES RECORD WAS SET OR TIED.
MM INDICATES DATA IS MISSING.
T  INDICATES TRACE AMOUNT.

&&
.....................................................................

DEW POINT
  HIGHEST DEW POINT    MM
   LOWEST DEW POINT    MM
  AVERAGE DEW POINT    MM
.....................................................................

$$
