000
CDUS45 KPSR 300828
CLIPHX

CLIMATE REPORT
NATIONAL WEATHER SERVICE PHOENIX AZ
127 AM MST SAT APR 30 2016


...................................

...THE PHOENIX AZ CLIMATE SUMMARY FOR APRIL 29 2016...

CLIMATE NORMAL PERIOD 1981 TO 2010
CLIMATE RECORD PERIOD 1895 TO 2016


WEATHER ITEM   OBSERVED TIME   RECORD YEAR NORMAL DEPARTURE LAST
                VALUE   (LST)  VALUE       VALUE  FROM      YEAR
                                                  NORMAL
..................................................................
TEMPERATURE (F)
 YESTERDAY
  MAXIMUM         82    445 PM 105    1992  89     -7       96
  MINIMUM         64    346 AM  43    1970  64      0       71
  AVERAGE         73                        77     -4       84

PRECIPITATION (IN)
  YESTERDAY        0.00          0.22 1915   0.01  -0.01     0.00
  MONTH TO DATE    0.51                      0.28   0.23     0.18
  SINCE OCT 1      2.99                      5.21  -2.22     2.37
  SINCE JAN 1      1.82                      3.10  -1.28     1.33

SNOWFALL (IN)
  YESTERDAY        0.0
  MONTH TO DATE    0.0
  SINCE JAN 1      0.0
  SINCE JUL 1      0.0
  SNOW DEPTH       0

DEGREE DAYS
 HEATING
  YESTERDAY        0                         0      0        0
  MONTH TO DATE    0                        17    -17        0
  SINCE MAR 1     16                        98    -82       25
  SINCE JUL 1    829                       931   -102      520

 COOLING
  YESTERDAY        8                        12     -4       19
  MONTH TO DATE  253                       239     14      267
  SINCE MAR 1    418                       326     92      522
  SINCE JAN 1    531                       343    188      570
..................................................................


WIND (MPH)
  HIGHEST WIND SPEED    22   HIGHEST WIND DIRECTION    SW (230)
  HIGHEST GUST SPEED    26   HIGHEST GUST DIRECTION     W (270)
  AVERAGE WIND SPEED     8.7


SKY COVER
  AVERAGE SKY COVER 0.6


WEATHER CONDITIONS
 THE FOLLOWING WEATHER WAS RECORDED YESTERDAY.
  NO SIGNIFICANT WEATHER WAS OBSERVED.


RELATIVE HUMIDITY (PERCENT)
 HIGHEST    37           100 AM
 LOWEST     20           300 PM
 AVERAGE    29

..........................................................


THE PHOENIX AZ CLIMATE NORMALS FOR TODAY
                         NORMAL    RECORD    YEAR
 MAXIMUM TEMPERATURE (F)   90       102      1943
 MINIMUM TEMPERATURE (F)   65        39      1967


SUNRISE AND SUNSET
APRIL 30 2016.........SUNRISE   540 AM MST   SUNSET   711 PM MST
MAY  1 2016...........SUNRISE   539 AM MST   SUNSET   711 PM MST


-  INDICATES NEGATIVE NUMBERS.
R  INDICATES RECORD WAS SET OR TIED.
MM INDICATES DATA IS MISSING.
T  INDICATES TRACE AMOUNT.

&&
.....................................................................

DEW POINT
  HIGHEST DEW POINT    40
   LOWEST DEW POINT    33
  AVERAGE DEW POINT    37
.....................................................................

$$
