000
CDUS45 KPSR 300823
CLIPHX

CLIMATE REPORT
NATIONAL WEATHER SERVICE PHOENIX AZ
120 AM MST SAT JUL 30 2016


...................................

...THE PHOENIX AZ CLIMATE SUMMARY FOR JULY 29 2016...

CLIMATE NORMAL PERIOD 1981 TO 2010
CLIMATE RECORD PERIOD 1895 TO 2016


WEATHER ITEM   OBSERVED TIME   RECORD YEAR NORMAL DEPARTURE LAST
                VALUE   (LST)  VALUE       VALUE  FROM      YEAR
                                                  NORMAL
..................................................................
TEMPERATURE (F)
 YESTERDAY
  MAXIMUM        112    445 PM 115    1995 105      7      100
  MINIMUM         77    826 PM  68    1913  84     -7       87
  AVERAGE         95                        94      1       94

PRECIPITATION (IN)
  YESTERDAY        0.53          2.05 1917   0.04   0.49     0.00
  MONTH TO DATE    0.89                      0.97  -0.08     0.41
  SINCE OCT 1      3.94                      6.31  -2.37     4.20
  SINCE JAN 1      2.77                      4.20  -1.43     3.16

SNOWFALL (IN)
  YESTERDAY        0.0
  MONTH TO DATE    0.0
  SINCE JAN 1      0.0
  SINCE JUL 1      0.0
  SNOW DEPTH       0

DEGREE DAYS
 HEATING
  YESTERDAY        0                         0      0        0
  MONTH TO DATE    0                         0      0        0
  SINCE JUN 1      0                         0      0        0
  SINCE JUL 1      0                         0      0        0

 COOLING
  YESTERDAY       30                        30      0       29
  MONTH TO DATE  951                       867     84      866
  SINCE JUN 1   1851                      1641    210     1742
  SINCE JAN 1   2858                      2527    331     2767
..................................................................


WIND (MPH)
  HIGHEST WIND SPEED    53   HIGHEST WIND DIRECTION     E (80)
  HIGHEST GUST SPEED    70   HIGHEST GUST DIRECTION     E (70)
  AVERAGE WIND SPEED    11.9


SKY COVER
  AVERAGE SKY COVER 0.5


WEATHER CONDITIONS
 THE FOLLOWING WEATHER WAS RECORDED YESTERDAY.
  THUNDERSTORM
  HEAVY RAIN
  RAIN
  LIGHT RAIN
  HAZE


RELATIVE HUMIDITY (PERCENT)
 HIGHEST    55          1100 PM
 LOWEST     15           500 PM
 AVERAGE    35

..........................................................


THE PHOENIX AZ CLIMATE NORMALS FOR TODAY
                         NORMAL    RECORD    YEAR
 MAXIMUM TEMPERATURE (F)  105       115      1934
 MINIMUM TEMPERATURE (F)   84        66      1913


SUNRISE AND SUNSET
JULY 30 2016..........SUNRISE   540 AM MST   SUNSET   729 PM MST
JULY 31 2016..........SUNRISE   540 AM MST   SUNSET   728 PM MST


-  INDICATES NEGATIVE NUMBERS.
R  INDICATES RECORD WAS SET OR TIED.
MM INDICATES DATA IS MISSING.
T  INDICATES TRACE AMOUNT.

&&
.....................................................................

DEW POINT
  HIGHEST DEW POINT    71
   LOWEST DEW POINT    53
  AVERAGE DEW POINT    61
.....................................................................

$$
