000
CDUS43 KILX 272139
CLIPIA


CLIMATE REPORT
NATIONAL WEATHER SERVICE LINCOLN IL
429 PM CDT FRI MAY 27 2016


...................................

...THE PEORIA IL CLIMATE SUMMARY FOR MAY 27 2016...
VALID TODAY AS OF 0400 PM LOCAL TIME.

CLIMATE NORMAL PERIOD 1981 TO 2010
CLIMATE RECORD PERIOD 1883 TO 2016


WEATHER ITEM   OBSERVED TIME   RECORD YEAR NORMAL DEPARTURE LAST
                VALUE   (LST)  VALUE       VALUE  FROM      YEAR
                                                  NORMAL
..................................................................
TEMPERATURE (F)
 TODAY
  MAXIMUM         79    217 PM  94    1911  77      2       82
  MINIMUM         66    404 AM  35    1992  55     11       63
  AVERAGE         73                        66      7       73

PRECIPITATION (IN)
  TODAY            T             1.66 1996   0.13  -0.13     0.01
  MONTH TO DATE    2.71                      3.82  -1.11     4.44
  SINCE MAR 1      7.58                     10.25  -2.67     8.47
  SINCE JAN 1      8.96                     13.82  -4.86    12.19

SNOWFALL (IN)
  TODAY            0.0           0.0    MM   0.0    0.0      0.0
  MONTH TO DATE    0.0                       0.0    0.0      0.0
  SINCE MAR 1      0.2                       3.3   -3.1      2.7
  SINCE JUL 1     15.3                      24.6   -9.3     27.0
  SNOW DEPTH       0

DEGREE DAYS
 HEATING
  TODAY            0                         3     -3        0
  MONTH TO DATE  147                       139      8       74
  SINCE MAR 1   1058                      1288   -230     1091
  SINCE JUL 1   4641                      5804  -1163     5797

 COOLING
  TODAY            8                         3      5        8
  MONTH TO DATE   51                        51      0      124
  SINCE MAR 1     69                        65      4      135
  SINCE JAN 1     69                        65      4      135
..................................................................


WIND (MPH)
  HIGHEST WIND SPEED    24   HIGHEST WIND DIRECTION     S (180)
  HIGHEST GUST SPEED    31   HIGHEST GUST DIRECTION     S (160)
  AVERAGE WIND SPEED    11.6


SKY COVER
  POSSIBLE SUNSHINE  MM
  AVERAGE SKY COVER 0.7


WEATHER CONDITIONS
 THE FOLLOWING WEATHER WAS RECORDED TODAY.
  LIGHT RAIN


RELATIVE HUMIDITY (PERCENT)
 HIGHEST    87           500 AM
 LOWEST     69          1100 AM
 AVERAGE    78

..........................................................


THE PEORIA IL CLIMATE NORMALS FOR TOMORROW
                         NORMAL    RECORD    YEAR
 MAXIMUM TEMPERATURE (F)   77        94      2006
 MINIMUM TEMPERATURE (F)   55        36      1907


SUNRISE AND SUNSET
MAY 27 2016...........SUNRISE   532 AM CDT   SUNSET   820 PM CDT
MAY 28 2016...........SUNRISE   532 AM CDT   SUNSET   821 PM CDT


-  INDICATES NEGATIVE NUMBERS.
R  INDICATES RECORD WAS SET OR TIED.
MM INDICATES DATA IS MISSING.
T  INDICATES TRACE AMOUNT.




$$
