000
CDUS43 KILX 230636
CLIPIA


CLIMATE REPORT
NATIONAL WEATHER SERVICE LINCOLN IL
136 AM CDT TUE MAY 23 2017


...................................

...THE PEORIA IL CLIMATE SUMMARY FOR MAY 22 2017...

CLIMATE NORMAL PERIOD 1981 TO 2010
CLIMATE RECORD PERIOD 1883 TO 2017


WEATHER ITEM   OBSERVED TIME   RECORD YEAR NORMAL DEPARTURE LAST
                VALUE   (LST)  VALUE       VALUE  FROM      YEAR
                                                  NORMAL
..................................................................
TEMPERATURE (F)
 YESTERDAY
  MAXIMUM         75   1246 PM  93    1925  75      0       85
  MINIMUM         46    408 AM  35    1963  53     -7       51
  AVERAGE         61                        64     -3       68

PRECIPITATION (IN)
  YESTERDAY        0.17          1.07 1899   0.15   0.02     0.00
  MONTH TO DATE    2.16                      3.13  -0.97     2.56
  SINCE MAR 1     14.37                      9.56   4.81     7.43
  SINCE JAN 1     17.03                     13.13   3.90     8.81

SNOWFALL (IN)
  YESTERDAY        0.0           0.0    MM   0.0    0.0      0.0
  MONTH TO DATE    0.0                       0.0    0.0      0.0
  SINCE MAR 1      4.2                       3.3    0.9      0.2
  SINCE JUL 1     13.9                      24.6  -10.7     15.3
  SNOW DEPTH       0

DEGREE DAYS
 HEATING
  YESTERDAY        4                         4      0        0
  MONTH TO DATE  133                       124      9      147
  SINCE MAR 1   1077                      1273   -196     1058
  SINCE JUL 1   4684                      5789  -1105     4641

 COOLING
  YESTERDAY        0                         3     -3        3
  MONTH TO DATE   50                        36     14       10
  SINCE MAR 1     68                        50     18       28
  SINCE JAN 1     68                        50     18       28
..................................................................


WIND (MPH)
  HIGHEST WIND SPEED    23   HIGHEST WIND DIRECTION    SW (240)
  HIGHEST GUST SPEED    28   HIGHEST GUST DIRECTION     S (200)
  AVERAGE WIND SPEED    10.2


SKY COVER
  POSSIBLE SUNSHINE  MM
  AVERAGE SKY COVER 0.4


WEATHER CONDITIONS
 THE FOLLOWING WEATHER WAS RECORDED YESTERDAY.
  LIGHT RAIN
  FOG


RELATIVE HUMIDITY (PERCENT)
 HIGHEST   100          1100 PM
 LOWEST     35          1100 AM
 AVERAGE    68

..........................................................


THE PEORIA IL CLIMATE NORMALS FOR TODAY
                         NORMAL    RECORD    YEAR
 MAXIMUM TEMPERATURE (F)   75        92      1975
                                             1921
 MINIMUM TEMPERATURE (F)   54        35      1963
                                             1917


SUNRISE AND SUNSET
MAY 23 2017...........SUNRISE   535 AM CDT   SUNSET   817 PM CDT
MAY 24 2017...........SUNRISE   534 AM CDT   SUNSET   817 PM CDT


-  INDICATES NEGATIVE NUMBERS.
R  INDICATES RECORD WAS SET OR TIED.
MM INDICATES DATA IS MISSING.
T  INDICATES TRACE AMOUNT.




$$
