285
CDUS43 KILX 082228
CLIPIA


CLIMATE REPORT
NATIONAL WEATHER SERVICE LINCOLN IL
428 PM CST THU DEC 8 2016


...................................

...THE PEORIA IL CLIMATE SUMMARY FOR DECEMBER 8 2016...
VALID TODAY AS OF 0400 PM LOCAL TIME.

CLIMATE NORMAL PERIOD 1981 TO 2010
CLIMATE RECORD PERIOD 1883 TO 2016


WEATHER ITEM   OBSERVED TIME   RECORD YEAR NORMAL DEPARTURE LAST
                VALUE   (LST)  VALUE       VALUE  FROM      YEAR
                                                  NORMAL
..................................................................
TEMPERATURE (F)
 TODAY
  MAXIMUM         22   1208 AM  69    1991  38    -16       53
  MINIMUM         18    843 AM  -4    2006  23     -5       36
                                      1958
  AVERAGE         20                        31    -11       45

PRECIPITATION (IN)
  TODAY            T             0.84 1885   0.09  -0.09     0.00
  MONTH TO DATE    0.41                      0.73  -0.32     0.22
  SINCE DEC 1      0.41                      0.73  -0.32     0.22
  SINCE JAN 1     36.43                     34.80   1.63    43.89

SNOWFALL (IN)
  TODAY            T             6.7  1956   0.2   -0.2      0.0
  MONTH TO DATE    4.2                       1.5    2.7      1.1
  SINCE DEC 1      4.2                       1.5    2.7      1.1
  SINCE JUL 1      4.2                       2.6    1.6      5.7
  SNOW DEPTH       0

DEGREE DAYS
 HEATING
  TODAY           45                        34     11       20
  MONTH TO DATE  258                       263     -5      212
  SINCE DEC 1    258                       263     -5      212
  SINCE JUL 1    996                      1411   -415      969

 COOLING
  TODAY            0                         0      0        0
  MONTH TO DATE    0                         0      0        0
  SINCE DEC 1      0                         0      0        0
  SINCE JAN 1   1423                      1039    384     1419
..................................................................


WIND (MPH)
  HIGHEST WIND SPEED    21   HIGHEST WIND DIRECTION     W (290)
  HIGHEST GUST SPEED    29   HIGHEST GUST DIRECTION     W (270)
  AVERAGE WIND SPEED    15.1


SKY COVER
  POSSIBLE SUNSHINE  MM
  AVERAGE SKY COVER 0.7


WEATHER CONDITIONS
 THE FOLLOWING WEATHER WAS RECORDED TODAY.
  LIGHT SNOW


RELATIVE HUMIDITY (PERCENT)
 HIGHEST    74           800 AM
 LOWEST     62          1000 AM
 AVERAGE    68

..........................................................


THE PEORIA IL CLIMATE NORMALS FOR TOMORROW
                         NORMAL    RECORD    YEAR
 MAXIMUM TEMPERATURE (F)   38        67      1918
 MINIMUM TEMPERATURE (F)   23       -10      1958


SUNRISE AND SUNSET
DECEMBER  8 2016......SUNRISE   710 AM CST   SUNSET   431 PM CST
DECEMBER  9 2016......SUNRISE   711 AM CST   SUNSET   431 PM CST


-  INDICATES NEGATIVE NUMBERS.
R  INDICATES RECORD WAS SET OR TIED.
MM INDICATES DATA IS MISSING.
T  INDICATES TRACE AMOUNT.




$$
