000
CDUS43 KILX 062135
CLIPIA


CLIMATE REPORT
NATIONAL WEATHER SERVICE LINCOLN IL
434 PM CDT FRI MAY 6 2016


...................................

...THE PEORIA IL CLIMATE SUMMARY FOR MAY 6 2016...
VALID TODAY AS OF 0400 PM LOCAL TIME.

CLIMATE NORMAL PERIOD 1981 TO 2010
CLIMATE RECORD PERIOD 1883 TO 2016


WEATHER ITEM   OBSERVED TIME   RECORD YEAR NORMAL DEPARTURE LAST
                VALUE   (LST)  VALUE       VALUE  FROM      YEAR
                                                  NORMAL
..................................................................
TEMPERATURE (F)
 TODAY
  MAXIMUM         82    259 PM  92    1896  70     12       85
  MINIMUM         43    343 AM  31    1944  49     -6       60
  AVERAGE         63                        59      4       73

PRECIPITATION (IN)
  TODAY            0.00          1.36 1941   0.14  -0.14     0.00
  MONTH TO DATE    0.20                      0.82  -0.62     0.88
  SINCE MAR 1      5.07                      7.25  -2.18     4.91
  SINCE JAN 1      6.45                     10.82  -4.37     8.63

SNOWFALL (IN)
  TODAY            0.0           T    1989   0.0    0.0      0.0
  MONTH TO DATE    0.0                       0.0    0.0      0.0
  SINCE MAR 1      0.2                       3.3   -3.1      2.7
  SINCE JUL 1     15.3                      24.6   -9.3     27.0
  SNOW DEPTH       0

DEGREE DAYS
 HEATING
  TODAY            2                         7     -5        0
  MONTH TO DATE   57                        44     13       13
  SINCE MAR 1    968                      1193   -225     1030
  SINCE JUL 1   4551                      5709  -1158     5736

 COOLING
  TODAY            0                         1     -1        8
  MONTH TO DATE    0                         6     -6       29
  SINCE MAR 1     18                        20     -2       40
  SINCE JAN 1     18                        20     -2       40
..................................................................


WIND (MPH)
  HIGHEST WIND SPEED    16   HIGHEST WIND DIRECTION     W (280)
  HIGHEST GUST SPEED    23   HIGHEST GUST DIRECTION     W (280)
  AVERAGE WIND SPEED     4.5


SKY COVER
  POSSIBLE SUNSHINE  MM
  AVERAGE SKY COVER 0.1


WEATHER CONDITIONS
 THE FOLLOWING WEATHER WAS RECORDED TODAY.
  NO SIGNIFICANT WEATHER WAS OBSERVED.


RELATIVE HUMIDITY (PERCENT)
 HIGHEST    83           200 AM
 LOWEST     26           200 PM
 AVERAGE    55

..........................................................


THE PEORIA IL CLIMATE NORMALS FOR TOMORROW
                         NORMAL    RECORD    YEAR
 MAXIMUM TEMPERATURE (F)   71        92      1896
 MINIMUM TEMPERATURE (F)   49        28      1906


SUNRISE AND SUNSET
MAY  6 2016...........SUNRISE   551 AM CDT   SUNSET   800 PM CDT
MAY  7 2016...........SUNRISE   550 AM CDT   SUNSET   801 PM CDT


-  INDICATES NEGATIVE NUMBERS.
R  INDICATES RECORD WAS SET OR TIED.
MM INDICATES DATA IS MISSING.
T  INDICATES TRACE AMOUNT.




$$
