000
CDUS43 KILX 290646
CLIPIA


CLIMATE REPORT
NATIONAL WEATHER SERVICE LINCOLN IL
144 AM CDT FRI AUG 29 2014


...................................

...THE PEORIA IL CLIMATE SUMMARY FOR AUGUST 28 2014...

CLIMATE NORMAL PERIOD 1981 TO 2010
CLIMATE RECORD PERIOD 1883 TO 2014


WEATHER ITEM   OBSERVED TIME   RECORD YEAR NORMAL DEPARTURE LAST
                VALUE   (LST)  VALUE       VALUE  FROM      YEAR
                                                  NORMAL
..................................................................
TEMPERATURE (F)
 YESTERDAY
  MAXIMUM         85    301 PM  96    2013  83      2       96
                                      1899
                                      1897
  MINIMUM         68    613 AM  41    1986  62      6       74
  AVERAGE         77                        72      5       85

PRECIPITATION (IN)
  YESTERDAY        0.61          2.60 1884   0.11   0.50     0.00
  MONTH TO DATE    6.43                      2.92   3.51     0.33
  SINCE JUN 1     17.59                     10.30   7.29     4.31
  SINCE JAN 1     29.57                     24.63   4.94    31.83

SNOWFALL (IN)
  YESTERDAY        0.0           0.0    MM   0.0    0.0      0.0
  MONTH TO DATE    0.0                       0.0    0.0      0.0
  SINCE JUN 1      0.0                       0.0    0.0      0.0
  SINCE JUL 1      0.0                       0.0    0.0      0.0
  SNOW DEPTH       0

DEGREE DAYS
 HEATING
  YESTERDAY        0                         0      0        0
  MONTH TO DATE    0                         0      0        1
  SINCE JUN 1      2                        19    -17       23
  SINCE JUL 1      2                         1      1        5

 COOLING
  YESTERDAY       12                         8      4       20
  MONTH TO DATE  300                       255     45      258
  SINCE JUN 1    824                       805     19      781
  SINCE JAN 1    982                       886     96      888
..................................................................


WIND (MPH)
  HIGHEST WIND SPEED    15   HIGHEST WIND DIRECTION     W (290)
  HIGHEST GUST SPEED    20   HIGHEST GUST DIRECTION     W (280)
  AVERAGE WIND SPEED     7.4


SKY COVER
  POSSIBLE SUNSHINE  MM
  AVERAGE SKY COVER 0.6


WEATHER CONDITIONS
 THE FOLLOWING WEATHER WAS RECORDED YESTERDAY.
  THUNDERSTORM
  HEAVY RAIN
  LIGHT RAIN
  FOG


RELATIVE HUMIDITY (PERCENT)
 HIGHEST    90          1100 PM
 LOWEST     64          1100 AM
 AVERAGE    77

..........................................................


THE PEORIA IL CLIMATE NORMALS FOR TODAY
                         NORMAL    RECORD    YEAR
 MAXIMUM TEMPERATURE (F)   83        96      1984
 MINIMUM TEMPERATURE (F)   62        43      1986


SUNRISE AND SUNSET
AUGUST 29 2014........SUNRISE   623 AM CDT   SUNSET   736 PM CDT
AUGUST 30 2014........SUNRISE   624 AM CDT   SUNSET   734 PM CDT


-  INDICATES NEGATIVE NUMBERS.
R  INDICATES RECORD WAS SET OR TIED.
MM INDICATES DATA IS MISSING.
T  INDICATES TRACE AMOUNT.




$$
