000
CDUS43 KILX 200647
CLIPIA


CLIMATE REPORT
NATIONAL WEATHER SERVICE LINCOLN IL
147 AM CDT FRI OCT 20 2017


...................................

...THE PEORIA IL CLIMATE SUMMARY FOR OCTOBER 19 2017...

CLIMATE NORMAL PERIOD 1981 TO 2010
CLIMATE RECORD PERIOD 1883 TO 2017


WEATHER ITEM   OBSERVED TIME   RECORD YEAR NORMAL DEPARTURE LAST
                VALUE   (LST)  VALUE       VALUE  FROM      YEAR
                                                  NORMAL
..................................................................
TEMPERATURE (F)
 YESTERDAY
  MAXIMUM         75    356 PM  84    1953  63     12       68
  MINIMUM         48    638 AM  19    1972  43      5       50
  AVERAGE         62                        53      9       59

PRECIPITATION (IN)
  YESTERDAY        0.00          1.41 1995   0.09  -0.09     0.10
  MONTH TO DATE    4.55                      1.67   2.88     3.68
  SINCE SEP 1      5.09                      4.82   0.27     7.75
  SINCE JAN 1     30.82                     29.77   1.05    32.76

SNOWFALL (IN)
  YESTERDAY        0.0           0.4  1989   0.0    0.0      0.0
  MONTH TO DATE    0.0                       0.0    0.0      0.0
  SINCE SEP 1      0.0                       0.0    0.0      0.0
  SINCE JUL 1      0.0                       0.0    0.0      0.0
  SNOW DEPTH       0

DEGREE DAYS
 HEATING
  YESTERDAY        3                        12     -9        6
  MONTH TO DATE   57                       184   -127       73
  SINCE SEP 1     90                       268   -178       92
  SINCE JUL 1     90                       274   -184       96

 COOLING
  YESTERDAY        0                         0      0        0
  MONTH TO DATE   42                        12     30       44
  SINCE SEP 1    225                       129     96      256
  SINCE JAN 1   1151                      1036    115     1413
..................................................................


WIND (MPH)
  HIGHEST WIND SPEED     8   HIGHEST WIND DIRECTION    SE (150)
  HIGHEST GUST SPEED    12   HIGHEST GUST DIRECTION     S (180)
  AVERAGE WIND SPEED     3.5


SKY COVER
  POSSIBLE SUNSHINE  MM
  AVERAGE SKY COVER 0.0


WEATHER CONDITIONS
 THE FOLLOWING WEATHER WAS RECORDED YESTERDAY.
  NO SIGNIFICANT WEATHER WAS OBSERVED.


RELATIVE HUMIDITY (PERCENT)
 HIGHEST   100           700 AM
 LOWEST     46           400 PM
 AVERAGE    73

..........................................................


THE PEORIA IL CLIMATE NORMALS FOR TODAY
                         NORMAL    RECORD    YEAR
 MAXIMUM TEMPERATURE (F)   63        87      2003
 MINIMUM TEMPERATURE (F)   42        22      1960


SUNRISE AND SUNSET
OCTOBER 20 2017.......SUNRISE   716 AM CDT   SUNSET   611 PM CDT
OCTOBER 21 2017.......SUNRISE   717 AM CDT   SUNSET   609 PM CDT


-  INDICATES NEGATIVE NUMBERS.
R  INDICATES RECORD WAS SET OR TIED.
MM INDICATES DATA IS MISSING.
T  INDICATES TRACE AMOUNT.




$$
