000
CDUS43 KILX 232152
CLIPIA


CLIMATE REPORT
NATIONAL WEATHER SERVICE LINCOLN IL
442 PM CDT TUE SEP 23 2014


...................................

...THE PEORIA IL CLIMATE SUMMARY FOR SEPTEMBER 23 2014...
VALID TODAY AS OF 0400 PM LOCAL TIME.

CLIMATE NORMAL PERIOD 1981 TO 2010
CLIMATE RECORD PERIOD 1883 TO 2014


WEATHER ITEM   OBSERVED TIME   RECORD YEAR NORMAL DEPARTURE LAST
                VALUE   (LST)  VALUE       VALUE  FROM      YEAR
                                                  NORMAL
..................................................................
TEMPERATURE (F)
 TODAY
  MAXIMUM         76    255 PM  92    1937  74      2       76
                                      1892
                                      1891
  MINIMUM         48    614 AM  29    1995  52     -4       49
  AVERAGE         62                        63     -1       63

PRECIPITATION (IN)
  TODAY            0.00          2.67 1961   0.10  -0.10     0.00
  MONTH TO DATE    4.98                      2.47   2.51     1.31
  SINCE SEP 1      4.98                      2.47   2.51     1.31
  SINCE JAN 1     35.06                     27.42   7.64    33.14

SNOWFALL (IN)
  TODAY            0.0           0.0    MM   0.0    0.0      0.0
  MONTH TO DATE    0.0                       0.0    0.0      0.0
  SINCE SEP 1      0.0                       0.0    0.0      0.0
  SINCE JUL 1      0.0                       0.0    0.0      0.0
  SNOW DEPTH       0

DEGREE DAYS
 HEATING
  TODAY            3                         4     -1        2
  MONTH TO DATE   74                        45     29       22
  SINCE SEP 1     74                        45     29       22
  SINCE JUL 1     76                        51     25       27

 COOLING
  TODAY            0                         2     -2        0
  MONTH TO DATE   82                       104    -22      173
  SINCE SEP 1     82                       104    -22      173
  SINCE JAN 1   1106                      1011     95     1115
..................................................................


WIND (MPH)
  HIGHEST WIND SPEED    10   HIGHEST WIND DIRECTION    SE (150)
  HIGHEST GUST SPEED    14   HIGHEST GUST DIRECTION    SE (150)
  AVERAGE WIND SPEED     3.2


SKY COVER
  POSSIBLE SUNSHINE  MM
  AVERAGE SKY COVER 0.0


WEATHER CONDITIONS
 THE FOLLOWING WEATHER WAS RECORDED TODAY.
  NO SIGNIFICANT WEATHER WAS OBSERVED.


RELATIVE HUMIDITY (PERCENT)
 HIGHEST    93           300 AM
 LOWEST     33           200 PM
 AVERAGE    63

..........................................................


THE PEORIA IL CLIMATE NORMALS FOR TOMORROW
                         NORMAL    RECORD    YEAR
 MAXIMUM TEMPERATURE (F)   74        92      2007
                                             1933
                                             1891
 MINIMUM TEMPERATURE (F)   51        33      1989


SUNRISE AND SUNSET
SEPTEMBER 23 2014.....SUNRISE   647 AM CDT   SUNSET   654 PM CDT
SEPTEMBER 24 2014.....SUNRISE   648 AM CDT   SUNSET   653 PM CDT


-  INDICATES NEGATIVE NUMBERS.
R  INDICATES RECORD WAS SET OR TIED.
MM INDICATES DATA IS MISSING.
T  INDICATES TRACE AMOUNT.




$$
