000
CDUS43 KILX 280648
CLIPIA


CLIMATE REPORT
NATIONAL WEATHER SERVICE LINCOLN IL
1238 AM CST SAT FEB 28 2015


...................................

...THE PEORIA IL CLIMATE SUMMARY FOR FEBRUARY 27 2015...

CLIMATE NORMAL PERIOD 1981 TO 2010
CLIMATE RECORD PERIOD 1883 TO 2015


WEATHER ITEM   OBSERVED TIME   RECORD YEAR NORMAL DEPARTURE LAST
                VALUE   (LST)  VALUE       VALUE  FROM      YEAR
                                                  NORMAL
..................................................................
TEMPERATURE (F)
 YESTERDAY
  MAXIMUM         16    418 PM  72    1976  42    -26       22
  MINIMUM         -7    654 AM  -9    1934  25    -32        6
  AVERAGE          5                        34    -29       14

PRECIPITATION (IN)
  YESTERDAY        0.00          1.18 2011   0.08  -0.08     0.00
  MONTH TO DATE    1.46                      1.71  -0.25     2.77
  SINCE DEC 1      4.91                      5.91  -1.00     6.36
  SINCE JAN 1      3.68                      3.49   0.19     4.87

SNOWFALL (IN)
  YESTERDAY        0.0           3.0  1984   0.2   -0.2      0.0
                                      1905
  MONTH TO DATE   12.3                       6.0    6.3     22.9
  SINCE DEC 1     22.5                      20.0    2.5     49.6
  SINCE JUL 1     23.8                      21.1    2.7     50.2
  SNOW DEPTH       3

DEGREE DAYS
 HEATING
  YESTERDAY       60                        31     29       51
  MONTH TO DATE 1240                       964    276     1270
  SINCE DEC 1   3414                      3337     77     3956
  SINCE JUL 1   4655                      4485    170     5138

 COOLING
  YESTERDAY        0                         0      0        0
  MONTH TO DATE    0                         0      0        0
  SINCE DEC 1      0                         0      0        0
  SINCE JAN 1      0                         0      0        0
..................................................................


WIND (MPH)
  HIGHEST WIND SPEED     9   HIGHEST WIND DIRECTION     W (270)
  HIGHEST GUST SPEED    14   HIGHEST GUST DIRECTION     W (270)
  AVERAGE WIND SPEED     2.9


SKY COVER
  POSSIBLE SUNSHINE  MM
  AVERAGE SKY COVER 0.0


WEATHER CONDITIONS
 THE FOLLOWING WEATHER WAS RECORDED YESTERDAY.
  HAZE


RELATIVE HUMIDITY (PERCENT)
 HIGHEST    83           700 AM
 LOWEST     46           200 PM
 AVERAGE    65

..........................................................


THE PEORIA IL CLIMATE NORMALS FOR TODAY
                         NORMAL    RECORD    YEAR
 MAXIMUM TEMPERATURE (F)   43        68      1895
 MINIMUM TEMPERATURE (F)   25        -2      1962


SUNRISE AND SUNSET
FEBRUARY 28 2015......SUNRISE   635 AM CST   SUNSET   549 PM CST
MARCH  1 2015.........SUNRISE   633 AM CST   SUNSET   550 PM CST


-  INDICATES NEGATIVE NUMBERS.
R  INDICATES RECORD WAS SET OR TIED.
MM INDICATES DATA IS MISSING.
T  INDICATES TRACE AMOUNT.




$$
