000
CDUS43 KILX 030646
CLIPIA


CLIMATE REPORT
NATIONAL WEATHER SERVICE LINCOLN IL
145 AM CDT THU SEP 3 2015


...................................

...THE PEORIA IL CLIMATE SUMMARY FOR SEPTEMBER 2 2015...

CLIMATE NORMAL PERIOD 1981 TO 2010
CLIMATE RECORD PERIOD 1883 TO 2015


WEATHER ITEM   OBSERVED TIME   RECORD YEAR NORMAL DEPARTURE LAST
                VALUE   (LST)  VALUE       VALUE  FROM      YEAR
                                                  NORMAL
..................................................................
TEMPERATURE (F)
 YESTERDAY
  MAXIMUM         95   1229 PM 100    1913  82     13       84
  MINIMUM         72    600 AM  44    1946  61     11       68
  AVERAGE         84                        71     13       76

PRECIPITATION (IN)
  YESTERDAY        0.00          2.66 1993   0.11  -0.11      T
  MONTH TO DATE    0.00                      0.23  -0.23      T
  SINCE SEP 1      0.00                      0.23  -0.23      T
  SINCE JAN 1     32.24                     25.18   7.06    30.08

SNOWFALL (IN)
  YESTERDAY        0.0           0.0    MM   0.0    0.0      0.0
  MONTH TO DATE    0.0                       0.0    0.0      0.0
  SINCE SEP 1      0.0                       0.0    0.0      0.0
  SINCE JUL 1      0.0                       0.0    0.0      0.0
  SNOW DEPTH       0

DEGREE DAYS
 HEATING
  YESTERDAY        0                         1     -1        0
  MONTH TO DATE    0                         1     -1        0
  SINCE SEP 1      0                         1     -1        0
  SINCE JUL 1      5                         7     -2        2

 COOLING
  YESTERDAY       19                         7     12       11
  MONTH TO DATE   38                        14     24       23
  SINCE SEP 1     38                        14     24       23
  SINCE JAN 1   1150                       921    229     1047
..................................................................


WIND (MPH)
  HIGHEST WIND SPEED    17   HIGHEST WIND DIRECTION    SW (240)
  HIGHEST GUST SPEED    21   HIGHEST GUST DIRECTION    SW (240)
  AVERAGE WIND SPEED     5.8


SKY COVER
  POSSIBLE SUNSHINE  MM
  AVERAGE SKY COVER 0.0


WEATHER CONDITIONS
 THE FOLLOWING WEATHER WAS RECORDED YESTERDAY.
  FOG
  HAZE


RELATIVE HUMIDITY (PERCENT)
 HIGHEST    90           400 AM
 LOWEST     44           100 PM
 AVERAGE    67

..........................................................


THE PEORIA IL CLIMATE NORMALS FOR TODAY
                         NORMAL    RECORD    YEAR
 MAXIMUM TEMPERATURE (F)   82        99      1913
 MINIMUM TEMPERATURE (F)   61        43      1974


SUNRISE AND SUNSET
SEPTEMBER  3 2015.....SUNRISE   627 AM CDT   SUNSET   728 PM CDT
SEPTEMBER  4 2015.....SUNRISE   628 AM CDT   SUNSET   726 PM CDT


-  INDICATES NEGATIVE NUMBERS.
R  INDICATES RECORD WAS SET OR TIED.
MM INDICATES DATA IS MISSING.
T  INDICATES TRACE AMOUNT.




$$
