000
CDUS43 KILX 022140
CLIPIA


CLIMATE REPORT
NATIONAL WEATHER SERVICE LINCOLN IL
440 PM CDT TUE SEP 2 2014


...................................

...THE PEORIA IL CLIMATE SUMMARY FOR SEPTEMBER 2 2014...
VALID TODAY AS OF 0400 PM LOCAL TIME.

CLIMATE NORMAL PERIOD 1981 TO 2010
CLIMATE RECORD PERIOD 1883 TO 2014


WEATHER ITEM   OBSERVED TIME   RECORD YEAR NORMAL DEPARTURE LAST
                VALUE   (LST)  VALUE       VALUE  FROM      YEAR
                                                  NORMAL
..................................................................
TEMPERATURE (F)
 TODAY
  MAXIMUM         84    257 PM 100    1913  82      2       83
  MINIMUM         71    218 AM  44    1946  61     10       62
  AVERAGE         78                        71      7       73

PRECIPITATION (IN)
  TODAY            T             2.66 1993   0.11  -0.11     0.00
  MONTH TO DATE    T                         0.23  -0.23     0.00
  SINCE SEP 1      T                         0.23  -0.23     0.00
  SINCE JAN 1     30.08                     25.18   4.90    31.83

SNOWFALL (IN)
  TODAY            0.0           0.0    MM   0.0    0.0      0.0
  MONTH TO DATE    0.0                       0.0    0.0      0.0
  SINCE SEP 1      0.0                       0.0    0.0      0.0
  SINCE JUL 1      0.0                       0.0    0.0      0.0
  SNOW DEPTH       0

DEGREE DAYS
 HEATING
  TODAY            0                         1     -1        0
  MONTH TO DATE    0                         1     -1        0
  SINCE SEP 1      0                         1     -1        0
  SINCE JUL 1      2                         7     -5        5

 COOLING
  TODAY           13                         7      6        8
  MONTH TO DATE   25                        14     11       22
  SINCE SEP 1     25                        14     11       22
  SINCE JAN 1   1049                       921    128      964
..................................................................


WIND (MPH)
  HIGHEST WIND SPEED    12   HIGHEST WIND DIRECTION     W (280)
  HIGHEST GUST SPEED    16   HIGHEST GUST DIRECTION     W (250)
  AVERAGE WIND SPEED     7.1


SKY COVER
  POSSIBLE SUNSHINE  MM
  AVERAGE SKY COVER 0.6


WEATHER CONDITIONS
 THE FOLLOWING WEATHER WAS RECORDED TODAY.
  LIGHT RAIN
  FOG


RELATIVE HUMIDITY (PERCENT)
 HIGHEST    90           200 AM
 LOWEST     48           200 PM
 AVERAGE    69

..........................................................


THE PEORIA IL CLIMATE NORMALS FOR TOMORROW
                         NORMAL    RECORD    YEAR
 MAXIMUM TEMPERATURE (F)   82        99      1913
 MINIMUM TEMPERATURE (F)   61        43      1974


SUNRISE AND SUNSET
SEPTEMBER  2 2014.....SUNRISE   627 AM CDT   SUNSET   729 PM CDT
SEPTEMBER  3 2014.....SUNRISE   628 AM CDT   SUNSET   728 PM CDT


-  INDICATES NEGATIVE NUMBERS.
R  INDICATES RECORD WAS SET OR TIED.
MM INDICATES DATA IS MISSING.
T  INDICATES TRACE AMOUNT.




$$
