000
CDUS43 KILX 230709
CLIPIA


CLIMATE REPORT
NATIONAL WEATHER SERVICE LINCOLN IL
109 AM CST SUN NOV 23 2014


...................................

...THE PEORIA IL CLIMATE SUMMARY FOR NOVEMBER 22 2014...

CLIMATE NORMAL PERIOD 1981 TO 2010
CLIMATE RECORD PERIOD 1883 TO 2014


WEATHER ITEM   OBSERVED TIME   RECORD YEAR NORMAL DEPARTURE LAST
                VALUE   (LST)  VALUE       VALUE  FROM      YEAR
                                                  NORMAL
..................................................................
TEMPERATURE (F)
 YESTERDAY
  MAXIMUM         59    234 PM  73    2010  47     12       43
  MINIMUM         34   1218 AM   6    1937  30      4       25
  AVERAGE         47                        38      9       34

PRECIPITATION (IN)
  YESTERDAY        0.01          2.59 1931   0.11  -0.10     0.04
  MONTH TO DATE    0.28                      2.31  -2.03     3.25
  SINCE SEP 1      7.67                      8.30  -0.63    10.23
  SINCE JAN 1     37.75                     33.25   4.50    42.06

SNOWFALL (IN)
  YESTERDAY        0.0           2.5  1950   0.1   -0.1      0.0
  MONTH TO DATE    0.1                       0.5   -0.4      0.5
  SINCE SEP 1      0.1                       0.5   -0.4      0.5
  SINCE JUL 1      0.1                       0.5   -0.4      0.5
  SNOW DEPTH       0

DEGREE DAYS
 HEATING
  YESTERDAY       18                        27     -9       31
  MONTH TO DATE  628                       470    158      495
  SINCE SEP 1   1002                       910     92      868
  SINCE JUL 1   1004                       916     88      873

 COOLING
  YESTERDAY        0                         0      0        0
  MONTH TO DATE    0                         0      0        0
  SINCE SEP 1    132                       132      0      232
  SINCE JAN 1   1156                      1039    117     1174
..................................................................


WIND (MPH)
  HIGHEST WIND SPEED    21   HIGHEST WIND DIRECTION     S (190)
  HIGHEST GUST SPEED    27   HIGHEST GUST DIRECTION     S (190)
  AVERAGE WIND SPEED    12.8


SKY COVER
  POSSIBLE SUNSHINE  MM
  AVERAGE SKY COVER 0.9


WEATHER CONDITIONS
 THE FOLLOWING WEATHER WAS RECORDED YESTERDAY.
  LT FREEZING RAIN
  FOG
  HAZE


RELATIVE HUMIDITY (PERCENT)
 HIGHEST    86           500 AM
 LOWEST     66          1200 PM
 AVERAGE    76

..........................................................


THE PEORIA IL CLIMATE NORMALS FOR TODAY
                         NORMAL    RECORD    YEAR
 MAXIMUM TEMPERATURE (F)   46        71      1931
 MINIMUM TEMPERATURE (F)   30        -1      1950


SUNRISE AND SUNSET
NOVEMBER 23 2014......SUNRISE   655 AM CST   SUNSET   435 PM CST
NOVEMBER 24 2014......SUNRISE   656 AM CST   SUNSET   435 PM CST


-  INDICATES NEGATIVE NUMBERS.
R  INDICATES RECORD WAS SET OR TIED.
MM INDICATES DATA IS MISSING.
T  INDICATES TRACE AMOUNT.




$$
