000
CDUS43 KILX 150657
CLIPIA


CLIMATE REPORT
NATIONAL WEATHER SERVICE LINCOLN IL
1257 AM CST FRI DEC 15 2017


...................................

...THE PEORIA IL CLIMATE SUMMARY FOR DECEMBER 14 2017...

CLIMATE NORMAL PERIOD 1981 TO 2010
CLIMATE RECORD PERIOD 1883 TO 2017


WEATHER ITEM   OBSERVED TIME   RECORD YEAR NORMAL DEPARTURE LAST
                VALUE   (LST)  VALUE       VALUE  FROM      YEAR
                                                  NORMAL
..................................................................
TEMPERATURE (F)
 YESTERDAY
  MAXIMUM         31    248 PM  66    2015  36     -5       27
                                      1975
  MINIMUM         20    735 AM  -7    1989  21     -1        8
  AVERAGE         26                        29     -3       18

PRECIPITATION (IN)
  YESTERDAY        0.00          1.46 2011   0.08  -0.08     0.00
  MONTH TO DATE    0.06                      1.24  -1.18     0.56
  SINCE DEC 1      0.06                      1.24  -1.18     0.56
  SINCE JAN 1     33.20                     35.31  -2.11    36.58

SNOWFALL (IN)
  YESTERDAY        0.0           4.2  1951   0.3   -0.3      0.0
  MONTH TO DATE    T                         2.9   -2.9      4.6
  SINCE DEC 1      T                         2.9   -2.9      4.6
  SINCE JUL 1      T                         4.0   -4.0      4.6
  SNOW DEPTH       0

DEGREE DAYS
 HEATING
  YESTERDAY       39                        36      3       47
  MONTH TO DATE  430                       476    -46      504
  SINCE DEC 1    430                       476    -46      504
  SINCE JUL 1   1417                      1624   -207     1242

 COOLING
  YESTERDAY        0                         0      0        0
  MONTH TO DATE    0                         0      0        0
  SINCE DEC 1      0                         0      0        0
  SINCE JAN 1   1157                      1039    118     1423
..................................................................


WIND (MPH)
  HIGHEST WIND SPEED    13   HIGHEST WIND DIRECTION     N (340)
  HIGHEST GUST SPEED    21   HIGHEST GUST DIRECTION     N (340)
  AVERAGE WIND SPEED     4.2


SKY COVER
  POSSIBLE SUNSHINE  MM
  AVERAGE SKY COVER 0.3


WEATHER CONDITIONS
 THE FOLLOWING WEATHER WAS RECORDED YESTERDAY.
  NO SIGNIFICANT WEATHER WAS OBSERVED.


RELATIVE HUMIDITY (PERCENT)
 HIGHEST    77           500 AM
 LOWEST     47           100 PM
 AVERAGE    62

..........................................................


THE PEORIA IL CLIMATE NORMALS FOR TODAY
                         NORMAL    RECORD    YEAR
 MAXIMUM TEMPERATURE (F)   36        63      1971
 MINIMUM TEMPERATURE (F)   21       -14      1989


SUNRISE AND SUNSET
DECEMBER 15 2017......SUNRISE   716 AM CST   SUNSET   432 PM CST
DECEMBER 16 2017......SUNRISE   716 AM CST   SUNSET   433 PM CST


-  INDICATES NEGATIVE NUMBERS.
R  INDICATES RECORD WAS SET OR TIED.
MM INDICATES DATA IS MISSING.
T  INDICATES TRACE AMOUNT.




$$
