000
CDUS45 KPIH 272332
CLIPIH


CLIMATE REPORT
NATIONAL WEATHER SERVICE POCATELLO ID
527 PM MDT SAT MAY 27 2017


...................................

...THE POCATELLO ID CLIMATE SUMMARY FOR MAY 27 2017...
VALID TODAY AS OF 0500 PM LOCAL TIME.

CLIMATE NORMAL PERIOD 1981 TO 2010
CLIMATE RECORD PERIOD 1939 TO 2017


WEATHER ITEM   OBSERVED TIME   RECORD YEAR NORMAL DEPARTURE LAST
                VALUE   (LST)  VALUE       VALUE  FROM      YEAR
                                                  NORMAL
..................................................................
TEMPERATURE (F)
 TODAY
  MAXIMUM         69    354 PM  90    1958  71     -2       70
  MINIMUM         35    537 AM  30    1965  42     -7       43
  AVERAGE         52                        57     -5       57

PRECIPITATION (IN)
  TODAY            0.00          0.79 2006   0.05  -0.05     0.00
  MONTH TO DATE    0.56                      1.27  -0.71     1.28
  SINCE OCT 1     16.47                      8.86   7.61    10.71
  SINCE JAN 1      9.91                      5.64   4.27     7.14

SNOWFALL (IN)
  TODAY            0.0
  MONTH TO DATE    T
  SINCE MAR 1      4.1
  SINCE JUL 1     87.6
  SNOW DEPTH       0

DEGREE DAYS
 HEATING
  TODAY           13                         9      4        8
  MONTH TO DATE  329                       321      8      299
  SINCE MAR 1   1594                      1742   -148     1472
  SINCE JUL 1   6843                      7015   -172     6314

 COOLING
  TODAY            0                         0      0        0
  MONTH TO DATE    0                         0      0        0
  SINCE MAR 1      0                         0      0        0
  SINCE JAN 1      0                         0      0        0
..................................................................


WIND (MPH)
  HIGHEST WIND SPEED     8   HIGHEST WIND DIRECTION    NW (300)
  HIGHEST GUST SPEED    12   HIGHEST GUST DIRECTION    NW (320)
  AVERAGE WIND SPEED     2.8


SKY COVER
  POSSIBLE SUNSHINE  MM
  AVERAGE SKY COVER 0.3


WEATHER CONDITIONS
 THE FOLLOWING WEATHER WAS RECORDED TODAY.
  FOG


RELATIVE HUMIDITY (PERCENT)
 HIGHEST   100           100 AM
 LOWEST     26           400 PM
 AVERAGE    63

..........................................................


THE POCATELLO ID CLIMATE NORMALS FOR TOMORROW
                         NORMAL    RECORD    YEAR
 MAXIMUM TEMPERATURE (F)   71        97      2003
 MINIMUM TEMPERATURE (F)   43        32      1991
                                             1955


SUNRISE AND SUNSET
MAY 27 2017...........SUNRISE   557 AM MDT   SUNSET   859 PM MDT
MAY 28 2017...........SUNRISE   556 AM MDT   SUNSET   900 PM MDT


-  INDICATES NEGATIVE NUMBERS.
R  INDICATES RECORD WAS SET OR TIED.
MM INDICATES DATA IS MISSING.
T  INDICATES TRACE AMOUNT.




$$
