386
CDUS45 KPIH 200732
CLIPIH


CLIMATE REPORT
NATIONAL WEATHER SERVICE POCATELLO ID
131 AM MDT THU JUL 20 2017


...................................

...THE POCATELLO ID CLIMATE SUMMARY FOR JULY 19 2017...

CLIMATE NORMAL PERIOD 1981 TO 2010
CLIMATE RECORD PERIOD 1939 TO 2017


WEATHER ITEM   OBSERVED TIME   RECORD YEAR NORMAL DEPARTURE LAST
                VALUE   (LST)  VALUE       VALUE  FROM      YEAR
                                                  NORMAL
..................................................................
TEMPERATURE (F)
 YESTERDAY
  MAXIMUM         95    428 PM 100    1960  89      6       92
  MINIMUM         53    429 AM  39    1987  53      0       55
  AVERAGE         74                        71      3       74

PRECIPITATION (IN)
  YESTERDAY        0.00          0.98 1965   0.03  -0.03     0.00
  MONTH TO DATE    0.01                      0.39  -0.38     0.14
  SINCE OCT 1     17.72                     10.43   7.29    10.90
  SINCE JAN 1     11.16                      7.21   3.95     7.33

SNOWFALL (IN)
  YESTERDAY        0.0
  MONTH TO DATE    0.0
  SINCE JUN 1      0.0
  SINCE JUL 1      0.0
  SNOW DEPTH       0

DEGREE DAYS
 HEATING
  YESTERDAY        0                         0      0        0
  MONTH TO DATE    0                        17    -17       17
  SINCE JUN 1     89                       148    -59       60
  SINCE JUL 1      0                        17    -17       17

 COOLING
  YESTERDAY        9                         6      3        9
  MONTH TO DATE  181                        94     87       82
  SINCE JUN 1    242                       140    102      172
  SINCE JAN 1    244                       145     99      172
..................................................................


WIND (MPH)
  HIGHEST WIND SPEED    17   HIGHEST WIND DIRECTION     W (250)
  HIGHEST GUST SPEED    20   HIGHEST GUST DIRECTION    SW (240)
  AVERAGE WIND SPEED     6.1


SKY COVER
  POSSIBLE SUNSHINE  MM
  AVERAGE SKY COVER 0.0


WEATHER CONDITIONS
 THE FOLLOWING WEATHER WAS RECORDED YESTERDAY.
  NO SIGNIFICANT WEATHER WAS OBSERVED.


RELATIVE HUMIDITY (PERCENT)
 HIGHEST    72           200 AM
 LOWEST     11           600 PM
 AVERAGE    42

..........................................................


THE POCATELLO ID CLIMATE NORMALS FOR TODAY
                         NORMAL    RECORD    YEAR
 MAXIMUM TEMPERATURE (F)   89       102      2003
 MINIMUM TEMPERATURE (F)   53        44      1988


SUNRISE AND SUNSET
JULY 20 2017..........SUNRISE   610 AM MDT   SUNSET   903 PM MDT
JULY 21 2017..........SUNRISE   611 AM MDT   SUNSET   902 PM MDT


-  INDICATES NEGATIVE NUMBERS.
R  INDICATES RECORD WAS SET OR TIED.
MM INDICATES DATA IS MISSING.
T  INDICATES TRACE AMOUNT.




$$
