000
CDUS45 KPIH 190742
CLIPIH


CLIMATE REPORT
NATIONAL WEATHER SERVICE POCATELLO ID
141 AM MDT SAT APR 19 2014


...................................

...THE POCATELLO ID CLIMATE SUMMARY FOR APRIL 18 2014...

CLIMATE NORMAL PERIOD 1981 TO 2010
CLIMATE RECORD PERIOD 1939 TO 2014


WEATHER ITEM   OBSERVED TIME   RECORD YEAR NORMAL DEPARTURE LAST
                VALUE   (LST)  VALUE       VALUE  FROM      YEAR
                                                  NORMAL
..................................................................
TEMPERATURE (F)
 YESTERDAY
  MAXIMUM         60    414 PM  84    1994  59      1       51
  MINIMUM         43    626 AM  13    2013  33     10       13
  AVERAGE         52                        46      6       32

PRECIPITATION (IN)
  YESTERDAY        0.05          0.49 2007   0.03   0.02     0.00
                                      1991
  MONTH TO DATE    0.43                      0.64  -0.21     0.31
  SINCE OCT 1      5.80                      7.08  -1.28     6.27
  SINCE JAN 1      4.43                      3.86   0.57     2.11

SNOWFALL (IN)
  YESTERDAY       MM
  MONTH TO DATE    3.3
  SINCE MAR 1     10.5
  SINCE JUL 1     29.4
  SNOW DEPTH       0

DEGREE DAYS
 HEATING
  YESTERDAY       13                        19     -6       33
  MONTH TO DATE  342                       375    -33      405
  SINCE MAR 1   1073                      1214   -141     1196
  SINCE JUL 1   6053                      6487   -434     6307

 COOLING
  YESTERDAY        0                         0      0        0
  MONTH TO DATE    0                         0      0        0
  SINCE MAR 1      0                         0      0        0
  SINCE JAN 1      0                         0      0        0
..................................................................


WIND (MPH)
  HIGHEST WIND SPEED    35   HIGHEST WIND DIRECTION    SW (230)
  HIGHEST GUST SPEED    40   HIGHEST GUST DIRECTION    SW (230)
  AVERAGE WIND SPEED    21.3


SKY COVER
  POSSIBLE SUNSHINE  MM
  AVERAGE SKY COVER 0.4


WEATHER CONDITIONS
 THE FOLLOWING WEATHER WAS RECORDED YESTERDAY.
  LIGHT RAIN


RELATIVE HUMIDITY (PERCENT)
 HIGHEST    89           700 AM
 LOWEST     22           700 PM
 AVERAGE    56

..........................................................


THE POCATELLO ID CLIMATE NORMALS FOR TODAY
                         NORMAL    RECORD    YEAR
 MAXIMUM TEMPERATURE (F)   59        83      1994
                                             1962
 MINIMUM TEMPERATURE (F)   33        19      1982


SUNRISE AND SUNSET
APRIL 19 2014.........SUNRISE   642 AM MDT   SUNSET   818 PM MDT
APRIL 20 2014.........SUNRISE   641 AM MDT   SUNSET   819 PM MDT


-  INDICATES NEGATIVE NUMBERS.
R  INDICATES RECORD WAS SET OR TIED.
MM INDICATES DATA IS MISSING.
T  INDICATES TRACE AMOUNT.




$$
