000
CDUS45 KPIH 052324
CLIPIH


CLIMATE REPORT
NATIONAL WEATHER SERVICE POCATELLO ID
423 PM MST MON DEC 5 2016


...................................

...THE POCATELLO ID CLIMATE SUMMARY FOR DECEMBER 5 2016...
VALID TODAY AS OF 0400 PM LOCAL TIME.

CLIMATE NORMAL PERIOD 1981 TO 2010
CLIMATE RECORD PERIOD 1939 TO 2016


WEATHER ITEM   OBSERVED TIME   RECORD YEAR NORMAL DEPARTURE LAST
                VALUE   (LST)  VALUE       VALUE  FROM      YEAR
                                                  NORMAL
..................................................................
TEMPERATURE (F)
 TODAY
  MAXIMUM         33   1218 AM  57    1940  35     -2       42
                                      1939
  MINIMUM         17    800 AM -25    1972  18     -1       14
  AVERAGE         25                        26     -1       28

PRECIPITATION (IN)
  TODAY            T             0.50 1995   0.04  -0.04     0.00
  MONTH TO DATE    0.12                      0.21  -0.09     0.00
  SINCE OCT 1      3.82                      2.19   1.63     2.63
  SINCE JAN 1     13.50                     11.10   2.40    10.37

SNOWFALL (IN)
  TODAY            T
  MONTH TO DATE    1.5
  SINCE DEC 1      1.5
  SINCE JUL 1      4.1
  SNOW DEPTH       T

DEGREE DAYS
 HEATING
  TODAY           40                        39      1       37
  MONTH TO DATE  180                       192    -12      216
  SINCE DEC 1    180                       192    -12      216
  SINCE JUL 1   1615                      1920   -305     1660

 COOLING
  TODAY            0                         0      0        0
  MONTH TO DATE    0                         0      0        0
  SINCE DEC 1      0                         0      0        0
  SINCE JAN 1    416                       392     24      502
..................................................................


WIND (MPH)
  HIGHEST WIND SPEED    38   HIGHEST WIND DIRECTION    SW (240)
  HIGHEST GUST SPEED    46   HIGHEST GUST DIRECTION    SW (240)
  AVERAGE WIND SPEED    21.2


SKY COVER
  POSSIBLE SUNSHINE  MM
  AVERAGE SKY COVER 0.6


WEATHER CONDITIONS
 THE FOLLOWING WEATHER WAS RECORDED TODAY.
  LIGHT SNOW
  FOG


RELATIVE HUMIDITY (PERCENT)
 HIGHEST    92           100 AM
 LOWEST     68           100 PM
 AVERAGE    80

..........................................................


THE POCATELLO ID CLIMATE NORMALS FOR TOMORROW
                         NORMAL    RECORD    YEAR
 MAXIMUM TEMPERATURE (F)   34        57      1981
 MINIMUM TEMPERATURE (F)   17       -12      1972


SUNRISE AND SUNSET
DECEMBER  5 2016......SUNRISE   746 AM MST   SUNSET   456 PM MST
DECEMBER  6 2016......SUNRISE   747 AM MST   SUNSET   456 PM MST


-  INDICATES NEGATIVE NUMBERS.
R  INDICATES RECORD WAS SET OR TIED.
MM INDICATES DATA IS MISSING.
T  INDICATES TRACE AMOUNT.




$$
