000
CDUS45 KPIH 270740
CLIPIH


CLIMATE REPORT
NATIONAL WEATHER SERVICE POCATELLO ID
137 AM MDT WED MAY 27 2015


...................................

...THE POCATELLO ID CLIMATE SUMMARY FOR MAY 26 2015...

CLIMATE NORMAL PERIOD 1981 TO 2010
CLIMATE RECORD PERIOD 1939 TO 2015


WEATHER ITEM   OBSERVED TIME   RECORD YEAR NORMAL DEPARTURE LAST
                VALUE   (LST)  VALUE       VALUE  FROM      YEAR
                                                  NORMAL
..................................................................
TEMPERATURE (F)
 YESTERDAY
  MAXIMUM         67    422 PM  89    1958  71     -4       85
  MINIMUM         48    526 AM  29    1975  42      6       43
  AVERAGE         58                        56      2       64

PRECIPITATION (IN)
  YESTERDAY        0.02          0.70 1996   0.04  -0.02     0.00
  MONTH TO DATE    2.62                      1.22   1.40     0.34
  SINCE OCT 1      6.77                      8.81  -2.04     7.08
  SINCE JAN 1      4.38                      5.59  -1.21     5.71

SNOWFALL (IN)
  YESTERDAY        0.0
  MONTH TO DATE    0.0
  SINCE MAR 1      5.5
  SINCE JUL 1     20.3
  SNOW DEPTH       0

DEGREE DAYS
 HEATING
  YESTERDAY        7                         9     -2        1
  MONTH TO DATE  260                       312    -52      255
  SINCE MAR 1   1450                      1733   -283     1545
  SINCE JUL 1   5791                      7006  -1215     6525

 COOLING
  YESTERDAY        0                         0      0        0
  MONTH TO DATE    0                         0      0        0
  SINCE MAR 1      0                         0      0        0
  SINCE JAN 1      0                         0      0        0
..................................................................


WIND (MPH)
  HIGHEST WIND SPEED    23   HIGHEST WIND DIRECTION     S (190)
  HIGHEST GUST SPEED    30   HIGHEST GUST DIRECTION     S (200)
  AVERAGE WIND SPEED     9.0


SKY COVER
  POSSIBLE SUNSHINE  MM
  AVERAGE SKY COVER 0.6


WEATHER CONDITIONS
 THE FOLLOWING WEATHER WAS RECORDED YESTERDAY.
  LIGHT RAIN
  FOG


RELATIVE HUMIDITY (PERCENT)
 HIGHEST   100           600 AM
 LOWEST     45           500 PM
 AVERAGE    73

..........................................................


THE POCATELLO ID CLIMATE NORMALS FOR TODAY
                         NORMAL    RECORD    YEAR
 MAXIMUM TEMPERATURE (F)   71        90      1958
 MINIMUM TEMPERATURE (F)   42        30      1965


SUNRISE AND SUNSET
MAY 27 2015...........SUNRISE   557 AM MDT   SUNSET   858 PM MDT
MAY 28 2015...........SUNRISE   557 AM MDT   SUNSET   859 PM MDT


-  INDICATES NEGATIVE NUMBERS.
R  INDICATES RECORD WAS SET OR TIED.
MM INDICATES DATA IS MISSING.
T  INDICATES TRACE AMOUNT.




$$
