000
CDUS43 KABR 221035
CLIPIR


CLIMATE REPORT
NATIONAL WEATHER SERVICE ABERDEEN SD
534 AM CDT SUN OCT 22 2017


...................................

...THE PIERRE SD CLIMATE SUMMARY FOR OCTOBER 21 2017...

CLIMATE NORMAL PERIOD 1981 TO 2010
CLIMATE RECORD PERIOD 1892 TO 2017


WEATHER ITEM   OBSERVED TIME   RECORD YEAR NORMAL DEPARTURE LAST
                VALUE   (LST)  VALUE       VALUE  FROM      YEAR
                                                  NORMAL
..................................................................
TEMPERATURE (F)
 YESTERDAY
  MAXIMUM         64    235 AM  93    1947  59      5       70
  MINIMUM         41   1159 PM  14    1987  35      6       37
  AVERAGE         53                        46      7       54

PRECIPITATION (IN)
  YESTERDAY        0.07          0.65 1953   0.04   0.03     0.00
  MONTH TO DATE    1.11                      1.25  -0.14     0.72
  SINCE SEP 1      2.97                      3.12  -0.15     1.95
  SINCE JAN 1     13.41                     18.30  -4.89    17.67

SNOWFALL (IN)
  YESTERDAY        0.0           0.4  1898   0.0    0.0      0.0
  MONTH TO DATE    0.0                       0.4   -0.4      0.0
  SINCE OCT 1      0.0                       0.4   -0.4      0.0
  SINCE JUL 1      0.0                       0.4   -0.4      0.0
  SNOW DEPTH       0

DEGREE DAYS
 HEATING
  YESTERDAY       12                        18     -6       11
  MONTH TO DATE  252                       300    -48      242
  SINCE SEP 1    383                       451    -68      336
  SINCE JUL 1    388                       471    -83      356

 COOLING
  YESTERDAY        0                         0      0        0
  MONTH TO DATE    2                         2      0       15
  SINCE SEP 1    110                        88     22       95
  SINCE JAN 1    868                       865      3      959
..................................................................


WIND (MPH)
  RESULTANT WIND SPEED  13   RESULTANT WIND DIRECTION  NW (300)
  HIGHEST WIND SPEED    37   HIGHEST WIND DIRECTION    NW (320)
  HIGHEST GUST SPEED    46   HIGHEST GUST DIRECTION    NW (320)
  AVERAGE WIND SPEED    15.4




RELATIVE HUMIDITY (PERCENT)
 HIGHEST    86          1000 AM
 LOWEST     43           300 PM
 AVERAGE    65

..........................................................


THE PIERRE SD CLIMATE NORMALS FOR TODAY
                         NORMAL    RECORD    YEAR
 MAXIMUM TEMPERATURE (F)   58        85      1992
 MINIMUM TEMPERATURE (F)   34        18      1981


SUNRISE AND SUNSET
OCTOBER 22 2017.......SUNRISE   806 AM CDT   SUNSET   645 PM CDT
OCTOBER 23 2017.......SUNRISE   807 AM CDT   SUNSET   643 PM CDT


-  INDICATES NEGATIVE NUMBERS.
R  INDICATES RECORD WAS SET OR TIED.
MM INDICATES DATA IS MISSING.
T  INDICATES TRACE AMOUNT.




$$
