000
CDUS43 KABR 161032
CLIPIR


CLIMATE REPORT
NATIONAL WEATHER SERVICE ABERDEEN SD
531 AM CDT WED AUG 16 2017


...................................

...THE PIERRE SD CLIMATE SUMMARY FOR AUGUST 15 2017...

CLIMATE NORMAL PERIOD 1981 TO 2010
CLIMATE RECORD PERIOD 1892 TO 2017


WEATHER ITEM   OBSERVED TIME   RECORD YEAR NORMAL DEPARTURE LAST
                VALUE   (LST)  VALUE       VALUE  FROM      YEAR
                                                  NORMAL
..................................................................
TEMPERATURE (F)
 YESTERDAY
  MAXIMUM         79    433 PM 114    1988  88     -9       84
  MINIMUM         63    724 AM  52    2005  61      2       60
                                      1994
  AVERAGE         71                        74     -3       72

PRECIPITATION (IN)
  YESTERDAY        0.26          1.64 2009   0.05   0.21     0.31
  MONTH TO DATE    1.64                      0.99   0.65     1.84
  SINCE JUN 1      4.51                      7.17  -2.66     7.98
  SINCE JAN 1      8.96                     14.37  -5.41    15.42

DEGREE DAYS
 HEATING
  YESTERDAY        0                         0      0        0
  MONTH TO DATE    4                         0      4        0
  SINCE JUN 1     28                        59    -31       16
  SINCE JUL 1      4                         6     -2        4

 COOLING
  YESTERDAY        6                        10     -4        7
  MONTH TO DATE   50                       158   -108      160
  SINCE JUN 1    650                       619     31      738
  SINCE JAN 1    671                       651     20      761
..................................................................


WIND (MPH)
  RESULTANT WIND SPEED  12   RESULTANT WIND DIRECTION  SE (130)
  HIGHEST WIND SPEED    25   HIGHEST WIND DIRECTION     E (110)
  HIGHEST GUST SPEED    29   HIGHEST GUST DIRECTION     E (110)
  AVERAGE WIND SPEED    10.9




RELATIVE HUMIDITY (PERCENT)
 HIGHEST    93           600 AM
 LOWEST     62           500 PM
 AVERAGE    78

..........................................................


THE PIERRE SD CLIMATE NORMALS FOR TODAY
                         NORMAL    RECORD    YEAR
 MAXIMUM TEMPERATURE (F)   88       106      1988
 MINIMUM TEMPERATURE (F)   61        48      1977


SUNRISE AND SUNSET
AUGUST 16 2017........SUNRISE   646 AM CDT   SUNSET   844 PM CDT
AUGUST 17 2017........SUNRISE   647 AM CDT   SUNSET   843 PM CDT


-  INDICATES NEGATIVE NUMBERS.
R  INDICATES RECORD WAS SET OR TIED.
MM INDICATES DATA IS MISSING.
T  INDICATES TRACE AMOUNT.




$$
