000
CDUS43 KABR 291355
CLIPIR


CLIMATE REPORT
NATIONAL WEATHER SERVICE ABERDEEN SD
855 AM CDT SAT AUG 29 2015


...................................

...THE PIERRE SD CLIMATE SUMMARY FOR AUGUST 28 2015...

CLIMATE NORMAL PERIOD 1981 TO 2010
CLIMATE RECORD PERIOD 1892 TO 2015


WEATHER ITEM   OBSERVED TIME   RECORD YEAR NORMAL DEPARTURE LAST
                VALUE   (LST)  VALUE       VALUE  FROM      YEAR
                                                  NORMAL
..................................................................
TEMPERATURE (F)
 YESTERDAY
  MAXIMUM         83    542 PM 106    1991  85     -2       75
  MINIMUM         66   1153 PM  41    1988  57      9       65
  AVERAGE         75                        71      4       70

PRECIPITATION (IN)
  YESTERDAY        0.00          0.73 2014   0.05  -0.05     0.73
  MONTH TO DATE    2.49                      1.65   0.84     2.98
  SINCE JUN 1     10.80                      7.83   2.97     8.24
  SINCE JAN 1     18.15                     15.03   3.12    16.17

DEGREE DAYS
 HEATING
  YESTERDAY        0                         1     -1        0
  MONTH TO DATE   23                         8     15        9
  SINCE JUN 1     30                        67    -37       95
  SINCE JUL 1     25                        14     11       28

 COOLING
  YESTERDAY       10                         7      3        5
  MONTH TO DATE  231                       264    -33      193
  SINCE JUN 1    660                       725    -65      482
  SINCE JAN 1    674                       757    -83      530
..................................................................


WIND (MPH)
  RESULTANT WIND SPEED   3   RESULTANT WIND DIRECTION  SE (140)
  HIGHEST WIND SPEED    10   HIGHEST WIND DIRECTION     S (170)
  HIGHEST GUST SPEED    13   HIGHEST GUST DIRECTION     S (180)
  AVERAGE WIND SPEED     4.8




RELATIVE HUMIDITY (PERCENT)
 HIGHEST   100           600 AM
 LOWEST     58           500 PM
 AVERAGE    79

..........................................................


THE PIERRE SD CLIMATE NORMALS FOR TODAY
                         NORMAL    RECORD    YEAR
 MAXIMUM TEMPERATURE (F)   84       111      2012
 MINIMUM TEMPERATURE (F)   57        40      1946


SUNRISE AND SUNSET
AUGUST 29 2015........SUNRISE   700 AM CDT   SUNSET   823 PM CDT
AUGUST 30 2015........SUNRISE   701 AM CDT   SUNSET   821 PM CDT


-  INDICATES NEGATIVE NUMBERS.
R  INDICATES RECORD WAS SET OR TIED.
MM INDICATES DATA IS MISSING.
T  INDICATES TRACE AMOUNT.




$$
