000
CDUS43 KABR 241039
CLIPIR


CLIMATE REPORT
NATIONAL WEATHER SERVICE ABERDEEN SD
438 AM CST TUE JAN 24 2017


...................................

...THE PIERRE SD CLIMATE SUMMARY FOR JANUARY 23 2017...

CLIMATE NORMAL PERIOD 1981 TO 2010
CLIMATE RECORD PERIOD 1892 TO 2017


WEATHER ITEM   OBSERVED TIME   RECORD YEAR NORMAL DEPARTURE LAST
                VALUE   (LST)  VALUE       VALUE  FROM      YEAR
                                                  NORMAL
..................................................................
TEMPERATURE (F)
 YESTERDAY
  MAXIMUM         30    635 PM  68    1981  30      0       35
  MINIMUM         25    808 AM -20    1952  10     15       19
  AVERAGE         28                        20      8       27

PRECIPITATION (IN)
  YESTERDAY        0.00          0.80 1894   0.02  -0.02     0.00
  MONTH TO DATE    0.37                      0.32   0.05     0.17
  SINCE DEC 1      2.07                      0.87   1.20     1.18
  SINCE JAN 1      0.37                      0.32   0.05     0.17

SNOWFALL (IN)
  YESTERDAY        0.0           1.6  1982   0.1   -0.1      0.0
  MONTH TO DATE    3.0                       3.5   -0.5      2.3
  SINCE OCT 1     21.4                      14.7    6.7     22.7
  SINCE JUL 1     21.4                      14.7    6.7     22.7
  SNOW DEPTH       5

DEGREE DAYS
 HEATING
  YESTERDAY       37                        45     -8       38
  MONTH TO DATE 1235                      1040    195     1102
  SINCE DEC 1   2754                      2382    372     2347
  SINCE JUL 1   3891                      4002   -111     3644

 COOLING
  YESTERDAY        0                         0      0        0
  MONTH TO DATE    0                         0      0        0
  SINCE DEC 1      0                         0      0        0
  SINCE JAN 1      0                         0      0        0
..................................................................


WIND (MPH)
  RESULTANT WIND SPEED   7   RESULTANT WIND DIRECTION   E (100)
  HIGHEST WIND SPEED    17   HIGHEST WIND DIRECTION    SE (130)
  HIGHEST GUST SPEED    21   HIGHEST GUST DIRECTION    SE (120)
  AVERAGE WIND SPEED     9.2




RELATIVE HUMIDITY (PERCENT)
 HIGHEST    92          1100 AM
 LOWEST     81           500 AM
 AVERAGE    87

..........................................................


THE PIERRE SD CLIMATE NORMALS FOR TODAY
                         NORMAL    RECORD    YEAR
 MAXIMUM TEMPERATURE (F)   31        67      1981
 MINIMUM TEMPERATURE (F)   10       -22      1961


SUNRISE AND SUNSET
JANUARY 24 2017.......SUNRISE   807 AM CST   SUNSET   540 PM CST
JANUARY 25 2017.......SUNRISE   806 AM CST   SUNSET   541 PM CST


-  INDICATES NEGATIVE NUMBERS.
R  INDICATES RECORD WAS SET OR TIED.
MM INDICATES DATA IS MISSING.
T  INDICATES TRACE AMOUNT.




$$
