000
CDUS43 KABR 262338
CLIPIR


CLIMATE REPORT
NATIONAL WEATHER SERVICE ABERDEEN SD
537 PM CST SUN FEB 26 2017


...................................

...THE PIERRE SD CLIMATE SUMMARY FOR FEBRUARY 26 2017...
VALID TODAY AS OF 0500 PM LOCAL TIME.

CLIMATE NORMAL PERIOD 1981 TO 2010
CLIMATE RECORD PERIOD 1892 TO 2017


WEATHER ITEM   OBSERVED TIME   RECORD YEAR NORMAL DEPARTURE LAST
                VALUE   (LST)  VALUE       VALUE  FROM      YEAR
                                                  NORMAL
..................................................................
TEMPERATURE (F)
 TODAY
  MAXIMUM         46    235 PM  65    2004  38      8       57
                                      1958
  MINIMUM         17    709 AM -15    1934  17      0       17
  AVERAGE         32                        28      4       37

PRECIPITATION (IN)
  TODAY            0.00          0.53 1987   0.02  -0.02     0.00
  MONTH TO DATE    0.16                      0.53  -0.37     0.46
  SINCE DEC 1      2.81                      1.50   1.31     1.64
  SINCE JAN 1      1.11                      0.95   0.16     0.63

SNOWFALL (IN)
  TODAY            0.0
  MONTH TO DATE    0.2
  SINCE OCT 1     27.1
  SINCE JUL 1     27.1
  SNOW DEPTH       0

DEGREE DAYS
 HEATING
  TODAY           33                        37     -4       28
  MONTH TO DATE  900                      1065   -165      840
  SINCE DEC 1   3951                      3805    146     3465
  SINCE JUL 1   5088                      5425   -337     4762
..................................................................


WIND (MPH)
  HIGHEST GUST SPEED    25   HIGHEST GUST DIRECTION     W (270)




..........................................................


THE PIERRE SD CLIMATE NORMALS FOR TOMORROW
                         NORMAL    RECORD    YEAR
 MAXIMUM TEMPERATURE (F)   39        71      2016
 MINIMUM TEMPERATURE (F)   18       -12      2011
                                             1962


SUNRISE AND SUNSET
FEBRUARY 26 2017......SUNRISE   723 AM CST   SUNSET   626 PM CST
FEBRUARY 27 2017......SUNRISE   721 AM CST   SUNSET   627 PM CST


-  INDICATES NEGATIVE NUMBERS.
R  INDICATES RECORD WAS SET OR TIED.
MM INDICATES DATA IS MISSING.
T  INDICATES TRACE AMOUNT.




$$
