000
CDUS43 KABR 301038
CLIPIR


CLIMATE REPORT
NATIONAL WEATHER SERVICE ABERDEEN SD
538 AM CDT MON MAY 30 2016


...................................

...THE PIERRE SD CLIMATE SUMMARY FOR MAY 29 2016...

CLIMATE NORMAL PERIOD 1981 TO 2010
CLIMATE RECORD PERIOD 1892 TO 2016


WEATHER ITEM   OBSERVED TIME   RECORD YEAR NORMAL DEPARTURE LAST
                VALUE   (LST)  VALUE       VALUE  FROM      YEAR
                                                  NORMAL
..................................................................
TEMPERATURE (F)
 YESTERDAY
  MAXIMUM         78    402 PM 101    1934  74      4       61
  MINIMUM         50    504 AM  24    1947  50      0       42
  AVERAGE         64                        62      2       52

PRECIPITATION (IN)
  YESTERDAY        0.00          2.36 1941   0.11  -0.11     2.05
  MONTH TO DATE    1.17                      2.91  -1.74     6.15
  SINCE MAR 1      6.41                      5.95   0.46     6.97
  SINCE JAN 1      7.41                      6.96   0.45     7.32

DEGREE DAYS
 HEATING
  YESTERDAY        1                         5     -4       13
  MONTH TO DATE  225                       239    -14      275
  SINCE MAR 1   1490                      1731   -241     1478
  SINCE JUL 1   6324                      7229   -905     6987

 COOLING
  YESTERDAY        0                         1     -1        0
  MONTH TO DATE   12                        27    -15        9
  SINCE MAR 1     18                        31    -13       14
  SINCE JAN 1     18                        31    -13       14
..................................................................


WIND (MPH)
  RESULTANT WIND SPEED   2   RESULTANT WIND DIRECTION  SE (140)
  HIGHEST WIND SPEED    14   HIGHEST WIND DIRECTION    SE (130)
  HIGHEST GUST SPEED    17   HIGHEST GUST DIRECTION    SE (150)
  AVERAGE WIND SPEED     5.5




RELATIVE HUMIDITY (PERCENT)
 HIGHEST   100           600 AM
 LOWEST     36           200 PM
 AVERAGE    68

..........................................................


THE PIERRE SD CLIMATE NORMALS FOR TODAY
                         NORMAL    RECORD    YEAR
 MAXIMUM TEMPERATURE (F)   74       103      1934
 MINIMUM TEMPERATURE (F)   50        32      1947


SUNRISE AND SUNSET
MAY 30 2016...........SUNRISE   601 AM CDT   SUNSET   917 PM CDT
MAY 31 2016...........SUNRISE   600 AM CDT   SUNSET   918 PM CDT


-  INDICATES NEGATIVE NUMBERS.
R  INDICATES RECORD WAS SET OR TIED.
MM INDICATES DATA IS MISSING.
T  INDICATES TRACE AMOUNT.




$$
