000
CDUS43 KABR 252336
CLIPIR


CLIMATE REPORT
NATIONAL WEATHER SERVICE ABERDEEN SD
533 PM CST TUE NOV 25 2014


...................................

...THE PIERRE SD CLIMATE SUMMARY FOR NOVEMBER 25 2014...
VALID TODAY AS OF 0500 PM LOCAL TIME.

CLIMATE NORMAL PERIOD 1981 TO 2010
CLIMATE RECORD PERIOD 1892 TO 2014


WEATHER ITEM   OBSERVED TIME   RECORD YEAR NORMAL DEPARTURE LAST
                VALUE   (LST)  VALUE       VALUE  FROM      YEAR
                                                  NORMAL
..................................................................
TEMPERATURE (F)
 TODAY
  MAXIMUM         36    429 PM  77    1960  39     -3       41
  MINIMUM         21    649 AM -10    1977  19      2       26
  AVERAGE         29                        29      0       34

PRECIPITATION (IN)
  TODAY           MM             0.70 1944   0.02  MM        0.00
  MONTH TO DATE    0.80                      0.66   0.14     0.24
  SINCE SEP 1      1.71                      4.18  -2.47     6.16
  SINCE JAN 1     17.93                     19.36  -1.43    23.08

SNOWFALL (IN)
  TODAY           MM
  MONTH TO DATE    9.0
  SINCE OCT 1      9.0
  SINCE JUL 1      9.0
  SNOW DEPTH       2

DEGREE DAYS
 HEATING
  TODAY           36                        36      0       31
  MONTH TO DATE  924                       750    174      753
  SINCE SEP 1   1473                      1411     62     1422
  SINCE JUL 1   1501                      1431     70     1431
..................................................................


WIND (MPH)
  HIGHEST GUST SPEED    16   HIGHEST GUST DIRECTION    SE (150)




..........................................................


THE PIERRE SD CLIMATE NORMALS FOR TOMORROW
                         NORMAL    RECORD    YEAR
 MAXIMUM TEMPERATURE (F)   38        69      1998
 MINIMUM TEMPERATURE (F)   18        -6      1985


SUNRISE AND SUNSET
NOVEMBER 25 2014......SUNRISE   750 AM CST   SUNSET   506 PM CST
NOVEMBER 26 2014......SUNRISE   751 AM CST   SUNSET   505 PM CST


-  INDICATES NEGATIVE NUMBERS.
R  INDICATES RECORD WAS SET OR TIED.
MM INDICATES DATA IS MISSING.
T  INDICATES TRACE AMOUNT.




$$
