000
CDUS43 KABR 260905
CLIPIR


CLIMATE REPORT
NATIONAL WEATHER SERVICE ABERDEEN SD
403 AM CDT MON JUN 26 2017


...................................

...THE PIERRE SD CLIMATE SUMMARY FOR JUNE 25 2017...

CLIMATE NORMAL PERIOD 1981 TO 2010
CLIMATE RECORD PERIOD 1892 TO 2017


WEATHER ITEM   OBSERVED TIME   RECORD YEAR NORMAL DEPARTURE LAST
                VALUE   (LST)  VALUE       VALUE  FROM      YEAR
                                                  NORMAL
..................................................................
TEMPERATURE (F)
 YESTERDAY
  MAXIMUM         80    520 PM 107    1936  84     -4       87
  MINIMUM         43    519 AM  39    1958  58    -15       59
  AVERAGE         62                        71     -9       73

PRECIPITATION (IN)
  YESTERDAY        0.00          1.15 1910   0.10  -0.10     0.00
  MONTH TO DATE    2.48                      3.08  -0.60     1.70
  SINCE JUN 1      2.48                      3.08  -0.60     1.70
  SINCE JAN 1      6.93                     10.28  -3.35     9.14

DEGREE DAYS
 HEATING
  YESTERDAY        3                         1      2        0
  MONTH TO DATE   15                        51    -36       12
  SINCE JUN 1     15                        51    -36       12
  SINCE JUL 1   6799                      7288   -489     6342

 COOLING
  YESTERDAY        0                         7     -7        8
  MONTH TO DATE  150                        96     54      195
  SINCE JUN 1    150                        96     54      195
  SINCE JAN 1    171                       128     43      218
..................................................................


WIND (MPH)
  RESULTANT WIND SPEED   5   RESULTANT WIND DIRECTION  NE (30)
  HIGHEST WIND SPEED    22   HIGHEST WIND DIRECTION    NE (40)
  HIGHEST GUST SPEED    26   HIGHEST GUST DIRECTION    NE (50)
  AVERAGE WIND SPEED     7.5




RELATIVE HUMIDITY (PERCENT)
 HIGHEST    66          1100 PM
 LOWEST     19           600 PM
 AVERAGE    43

..........................................................


THE PIERRE SD CLIMATE NORMALS FOR TODAY
                         NORMAL    RECORD    YEAR
 MAXIMUM TEMPERATURE (F)   84       104      1961
 MINIMUM TEMPERATURE (F)   59        42      2004


SUNRISE AND SUNSET
JUNE 26 2017..........SUNRISE   558 AM CDT   SUNSET   930 PM CDT
JUNE 27 2017..........SUNRISE   559 AM CDT   SUNSET   930 PM CDT


-  INDICATES NEGATIVE NUMBERS.
R  INDICATES RECORD WAS SET OR TIED.
MM INDICATES DATA IS MISSING.
T  INDICATES TRACE AMOUNT.




$$
