000
CDUS43 KABR 010907
CLIPIR


CLIMATE REPORT
NATIONAL WEATHER SERVICE ABERDEEN SD
406 AM CDT SAT NOV 1 2014


...................................

...THE PIERRE SD CLIMATE SUMMARY FOR OCTOBER 31 2014...

CLIMATE NORMAL PERIOD 1981 TO 2010
CLIMATE RECORD PERIOD 1892 TO 2014


WEATHER ITEM   OBSERVED TIME   RECORD YEAR NORMAL DEPARTURE LAST
                VALUE   (LST)  VALUE       VALUE  FROM      YEAR
                                                  NORMAL
..................................................................
TEMPERATURE (F)
 YESTERDAY
  MAXIMUM         44    341 PM  85    1990  53     -9       51
  MINIMUM         14    345 AM   4    1991  31    -17       30
  AVERAGE         29                        42    -13       41

PRECIPITATION (IN)
  YESTERDAY        0.00          0.58 1979   0.03  -0.03      T
  MONTH TO DATE    0.30                      1.65  -1.35     4.76
  SINCE SEP 1      0.91                      3.52  -2.61     5.92
  SINCE JAN 1     17.13                     18.70  -1.57    22.84

SNOWFALL (IN)
  YESTERDAY        0.0           2.6  1979   0.1   -0.1      0.0
  MONTH TO DATE    0.0                       1.0   -1.0      0.5
  SINCE OCT 1      0.0                       1.0   -1.0      0.5
  SINCE JUL 1      0.0                       1.0   -1.0      0.5
  SNOW DEPTH       0

DEGREE DAYS
 HEATING
  YESTERDAY       36                        23     13       24
  MONTH TO DATE  422                       510    -88      613
  SINCE SEP 1    549                       661   -112      669
  SINCE JUL 1    577                       681   -104      678

 COOLING
  YESTERDAY        0                         0      0        0
  MONTH TO DATE    2                         5     -3        0
  SINCE SEP 1     86                        91     -5      167
  SINCE JAN 1    622                       868   -246      853
..................................................................


WIND (MPH)
  RESULTANT WIND SPEED  12   RESULTANT WIND DIRECTION  SE (140)
  HIGHEST WIND SPEED    29   HIGHEST WIND DIRECTION    SE (140)
  HIGHEST GUST SPEED    38   HIGHEST GUST DIRECTION    SE (140)
  AVERAGE WIND SPEED    13.0




RELATIVE HUMIDITY (PERCENT)
 HIGHEST   100           600 AM
 LOWEST     27           400 PM
 AVERAGE    64

..........................................................


THE PIERRE SD CLIMATE NORMALS FOR TODAY
                         NORMAL    RECORD    YEAR
 MAXIMUM TEMPERATURE (F)   53        75      1978
 MINIMUM TEMPERATURE (F)   30         6      1935


SUNRISE AND SUNSET
NOVEMBER  1 2014......SUNRISE   818 AM CDT   SUNSET   630 PM CDT
NOVEMBER  2 2014......SUNRISE   720 AM CST   SUNSET   529 PM CST


-  INDICATES NEGATIVE NUMBERS.
R  INDICATES RECORD WAS SET OR TIED.
MM INDICATES DATA IS MISSING.
T  INDICATES TRACE AMOUNT.




$$
