451
CDUS41 KPBZ 032239
CLIPIT

CLIMATE REPORT
NATIONAL WEATHER SERVICE PITTSBURGH PA
539 PM EST SAT DEC 3 2016

...................................

...THE PITTSBURGH PA CLIMATE SUMMARY FOR DECEMBER 3 2016...
VALID TODAY AS OF 0500 PM LOCAL TIME.

CLIMATE NORMAL PERIOD 1981 TO 2010
CLIMATE RECORD PERIOD 1871 TO 2016

WEATHER ITEM   OBSERVED TIME   RECORD YEAR NORMAL DEPARTURE LAST
                VALUE   (LST)  VALUE       VALUE  FROM      YEAR
                                                  NORMAL
..................................................................
TEMPERATURE (F)
 TODAY
  MAXIMUM         39    354 PM  74    1982  44     -5       39
  MINIMUM         36    945 AM  -7    1976  29      7       33
  AVERAGE         38                        36      2       36

PRECIPITATION (IN)
  TODAY            T             1.31 1990   0.10  -0.10     0.01
  MONTH TO DATE    T                         0.29  -0.29     0.38
  SINCE JUN 1     17.96                     20.53  -2.57    23.42
  SINCE JAN 1     31.58                     35.63  -4.05    37.90

SNOWFALL (IN)
  TODAY            T             5.2  1911   0.2   -0.2       T
  MONTH TO DATE    T                         0.6   -0.6       T
  SINCE OCT 1      2.1                       3.0   -0.9       T
  SINCE JUL 1      2.1                       3.0   -0.9       T
  SNOW DEPTH       0

DEGREE DAYS
 HEATING
  TODAY           27                        29     -2       29
  MONTH TO DATE   76                        85     -9       66
  SINCE DEC 1     76                        85     -9       66
  SINCE JUL 1    923                      1248   -325      920

 COOLING
  TODAY            0                         0      0        0
  MONTH TO DATE    0                         0      0        0
  SINCE DEC 1      0                         0      0        0
  SINCE JAN 1   1158                       736    422      979
..................................................................

WIND (MPH)
  HIGHEST WIND SPEED    16   HIGHEST WIND DIRECTION     W (290)
  HIGHEST GUST SPEED    20   HIGHEST GUST DIRECTION    NW (300)
  AVERAGE WIND SPEED     9.1


SKY COVER
  POSSIBLE SUNSHINE  MM
  AVERAGE SKY COVER 1.0


WEATHER CONDITIONS
 THE FOLLOWING WEATHER WAS RECORDED TODAY.
  LIGHT SNOW


RELATIVE HUMIDITY (PERCENT)
 HIGHEST    76          1200 AM
 LOWEST     64           400 PM
 AVERAGE    70

..........................................................


THE PITTSBURGH PA CLIMATE NORMALS FOR TOMORROW
                         NORMAL    RECORD    YEAR
 MAXIMUM TEMPERATURE (F)   43        70      1941
 MINIMUM TEMPERATURE (F)   29         2      1966


SUNRISE AND SUNSET
DECEMBER  3 2016......SUNRISE   727 AM EST   SUNSET   454 PM EST
DECEMBER  4 2016......SUNRISE   728 AM EST   SUNSET   454 PM EST


-  INDICATES NEGATIVE NUMBERS.
R  INDICATES RECORD WAS SET OR TIED.
MM INDICATES DATA IS MISSING.
T  INDICATES TRACE AMOUNT.

&&

SNOW DEPTH IS MEASURED AT 7 AM EST OR 8 AM EDT.

$$
