000
CDUS41 KPBZ 250702
CLIPIT


CLIMATE REPORT
NATIONAL WEATHER SERVICE PITTSBURGH PA
302 AM EDT FRI JUL 25 2014


...................................

...THE PITTSBURGH PA CLIMATE SUMMARY FOR JULY 24 2014...

CLIMATE NORMAL PERIOD 1981 TO 2010
CLIMATE RECORD PERIOD 1871 TO 2014


WEATHER ITEM   OBSERVED TIME   RECORD YEAR NORMAL DEPARTURE LAST
                VALUE   (LST)  VALUE       VALUE  FROM      YEAR
                                                  NORMAL
..................................................................
TEMPERATURE (F)
 YESTERDAY
  MAXIMUM         77    259 PM  98    1934  82     -5       72
  MINIMUM         61   1159 PM  52    1977  63     -2       60
  AVERAGE         69                        73     -4       66

PRECIPITATION (IN)
  YESTERDAY        0.00          2.01 1912   0.12  -0.12     0.00
  MONTH TO DATE    3.37                      3.00   0.37     5.98
  SINCE JUN 1      7.42                      7.30   0.12    11.46
  SINCE JAN 1     22.51                     22.40   0.11    23.80

SNOWFALL (IN)
  YESTERDAY        0.0           0.0  2002   0.0    0.0      0.0
                                      2001
  MONTH TO DATE    0.0                       0.0    0.0      0.0
  SINCE OCT 1     63.4                      41.4   22.0     57.4
  SINCE JUL 1      0.0                       0.0    0.0      0.0
  SNOW DEPTH       0

DEGREE DAYS
 HEATING
  YESTERDAY        0                         0      0        0
  MONTH TO DATE    3                         0      3        0
  SINCE JUN 1     12                        38    -26       16
  SINCE JUL 1      3                         0      3        0

 COOLING
  YESTERDAY        4                         8     -4        1
  MONTH TO DATE  168                       189    -21      256
  SINCE JUN 1    353                       339     14      410
  SINCE JAN 1    427                       391     36      514
..................................................................


WIND (MPH)
  HIGHEST WIND SPEED    17   HIGHEST WIND DIRECTION     N (360)
  HIGHEST GUST SPEED    23   HIGHEST GUST DIRECTION    NW (330)
  AVERAGE WIND SPEED    10.2


SKY COVER
  POSSIBLE SUNSHINE  MM
  AVERAGE SKY COVER 0.5


WEATHER CONDITIONS
 THE FOLLOWING WEATHER WAS RECORDED YESTERDAY.
  NO SIGNIFICANT WEATHER WAS OBSERVED.


RELATIVE HUMIDITY (PERCENT)
 HIGHEST    90           200 AM
 LOWEST     43           200 PM
 AVERAGE    67

..........................................................


THE PITTSBURGH PA CLIMATE NORMALS FOR TODAY
                         NORMAL    RECORD    YEAR
 MAXIMUM TEMPERATURE (F)   82        96      1934
                                             1892
                                             1885
 MINIMUM TEMPERATURE (F)   63        51      1953


SUNRISE AND SUNSET
JULY 25 2014..........SUNRISE   612 AM EDT   SUNSET   843 PM EDT
JULY 26 2014..........SUNRISE   612 AM EDT   SUNSET   842 PM EDT


-  INDICATES NEGATIVE NUMBERS.
R  INDICATES RECORD WAS SET OR TIED.
MM INDICATES DATA IS MISSING.
T  INDICATES TRACE AMOUNT.





&&
SNOW DEPTH IS MEASURED AT 7 AM EST OR 8 AM EDT.
$$
