000
CDUS41 KPBZ 181321
CLIPIT

CLIMATE REPORT
NATIONAL WEATHER SERVICE PITTSBURGH PA
821 AM EST WED JAN 18 2017

...................................

...THE PITTSBURGH PA CLIMATE SUMMARY FOR JANUARY 18 2017...
VALID AS OF 0800 AM LOCAL TIME.

CLIMATE NORMAL PERIOD 1981 TO 2010
CLIMATE RECORD PERIOD 1871 TO 2017

WEATHER ITEM   OBSERVED TIME   RECORD YEAR NORMAL DEPARTURE LAST
                VALUE   (LST)  VALUE       VALUE  FROM      YEAR
                                                  NORMAL
..................................................................
TEMPERATURE (F)
 TODAY
  MAXIMUM         50   1219 AM  69    1929
  MINIMUM         42    659 AM -16    1994  21     21        5

PRECIPITATION (IN)
  TODAY            0.01          0.71 1915   0.09  -0.08      T
  MONTH TO DATE    1.97                      1.59   0.38     1.30
  SINCE JUN 1     23.36                     24.68  -1.32    27.38
  SINCE JAN 1      1.97                      1.59   0.38     1.30

SNOWFALL (IN)
  TODAY           MM             4.7  2009   0.3   MM         T
  MONTH TO DATE    2.4                       6.5   -4.1      6.9
  SINCE OCT 1     10.5                      17.2   -6.7      7.2
  SINCE JUL 1     10.5                      17.2   -6.7      7.2
  SNOW DEPTH       0

DEGREE DAYS
 HEATING
  TODAY           19

 COOLING
  TODAY            0
..................................................................


WEATHER CONDITIONS
 THE FOLLOWING WEATHER WAS RECORDED TODAY.
  LIGHT RAIN
  FOG


RELATIVE HUMIDITY (PERCENT)
 HIGHEST    93           800 AM

..........................................................


THE PITTSBURGH PA CLIMATE NORMALS FOR TOMORROW
                         NORMAL    RECORD    YEAR
 MAXIMUM TEMPERATURE (F)   36        69      1907
 MINIMUM TEMPERATURE (F)   21       -22      1994


SUNRISE AND SUNSET
JANUARY 18 2017.......SUNRISE   741 AM EST   SUNSET   523 PM EST
JANUARY 19 2017.......SUNRISE   740 AM EST   SUNSET   524 PM EST


-  INDICATES NEGATIVE NUMBERS.
R  INDICATES RECORD WAS SET OR TIED.
MM INDICATES DATA IS MISSING.
T  INDICATES TRACE AMOUNT.

&&

SNOW DEPTH IS MEASURED AT 7 AM EST OR 8 AM EDT.

$$
