000
CDUS41 KPBZ 292114
CLIPIT

CLIMATE REPORT
NATIONAL WEATHER SERVICE PITTSBURGH PA
512 PM EDT WED JUL 29 2015

...................................

...THE PITTSBURGH PA CLIMATE SUMMARY FOR JULY 29 2015...
VALID TODAY AS OF 0500 PM LOCAL TIME.

CLIMATE NORMAL PERIOD 1981 TO 2010
CLIMATE RECORD PERIOD 1871 TO 2015

WEATHER ITEM   OBSERVED TIME   RECORD YEAR NORMAL DEPARTURE LAST
                VALUE   (LST)  VALUE       VALUE  FROM      YEAR
                                                  NORMAL
..................................................................
TEMPERATURE (F)
 TODAY
  MAXIMUM         91    353 PM  96    1901  82      9       69
  MINIMUM         69    434 AM  51    2014  63      6       51
  AVERAGE         80                        73      7       60

PRECIPITATION (IN)
  TODAY            0.00          1.48 1992   0.11  -0.11     0.00
  MONTH TO DATE    3.61                      3.59   0.02     5.05
  SINCE JUN 1     10.95                      7.89   3.06     9.10
  SINCE JAN 1     25.43                     22.99   2.44    24.19

SNOWFALL (IN)
  TODAY            0.0           0.0  2002   0.0    0.0      0.0
                                      2001
  MONTH TO DATE    0.0                       0.0    0.0      0.0
  SINCE OCT 1     47.5                      41.9    5.6     63.4
  SINCE JUL 1      0.0                       0.0    0.0      0.0
  SNOW DEPTH       0

DEGREE DAYS
 HEATING
  TODAY            0                         0      0        5
  MONTH TO DATE    0                         0      0        9
  SINCE JUN 1     25                        38    -13       18
  SINCE JUL 1      0                         0      0        9

 COOLING
  TODAY           15                         8      7        0
  MONTH TO DATE  241                       229     12      185
  SINCE JUN 1    434                       379     55      370
  SINCE JAN 1    568                       431    137      444
..................................................................

WIND (MPH)
  HIGHEST WIND SPEED     9   HIGHEST WIND DIRECTION    SW (230)
  HIGHEST GUST SPEED    12   HIGHEST GUST DIRECTION     S (170)
  AVERAGE WIND SPEED     3.2


SKY COVER
  POSSIBLE SUNSHINE  MM
  AVERAGE SKY COVER 0.6


WEATHER CONDITIONS
 THE FOLLOWING WEATHER WAS RECORDED TODAY.
  HAZE


RELATIVE HUMIDITY (PERCENT)
 HIGHEST    84           400 AM
 LOWEST     44           400 PM
 AVERAGE    64

..........................................................


THE PITTSBURGH PA CLIMATE NORMALS FOR TOMORROW
                         NORMAL    RECORD    YEAR
 MAXIMUM TEMPERATURE (F)   82        94      1988
                                             1940
                                             1887
 MINIMUM TEMPERATURE (F)   63        50      1968
                                             1956


SUNRISE AND SUNSET
JULY 29 2015..........SUNRISE   615 AM EDT   SUNSET   839 PM EDT
JULY 30 2015..........SUNRISE   616 AM EDT   SUNSET   838 PM EDT


-  INDICATES NEGATIVE NUMBERS.
R  INDICATES RECORD WAS SET OR TIED.
MM INDICATES DATA IS MISSING.
T  INDICATES TRACE AMOUNT.

&&

SNOW DEPTH IS MEASURED AT 7 AM EST OR 8 AM EDT.

$$
