000
CDUS41 KRLX 202218
CLIPKB


CLIMATE REPORT
NATIONAL WEATHER SERVICE CHARLESTON WV
517 PM EST MON NOV 20 2017


...................................

...THE PARKERSBURG WV CLIMATE SUMMARY FOR NOVEMBER 20 2017...
VALID TODAY AS OF 0500 PM LOCAL TIME.

CLIMATE NORMAL PERIOD 1981 TO 2010
CLIMATE RECORD PERIOD 1889 TO 2017


WEATHER ITEM   OBSERVED TIME   RECORD YEAR NORMAL DEPARTURE LAST
                VALUE   (LST)  VALUE       VALUE  FROM      YEAR
                                                  NORMAL
..................................................................
TEMPERATURE (F)
 TODAY
  MAXIMUM         46    346 PM  78    1931  53     -7       35
  MINIMUM         27    803 AM  17    1937  34     -7       33
  AVERAGE         37                        44     -7       34

PRECIPITATION (IN)
  TODAY            0.00          1.49 1988   0.11  -0.11      T
  MONTH TO DATE    4.00                      2.21   1.79     0.56
  SINCE SEP 1      9.13                      8.15   0.98     5.61
  SINCE JAN 1     48.60                     36.94  11.66    31.50

DEGREE DAYS
 HEATING
  TODAY           28                        21      7       31
  MONTH TO DATE  386                       358     28      317
  SINCE SEP 1    683                       747    -64      532
  SINCE JUL 1    685                       752    -67      532

 COOLING
  TODAY            0                         0      0        0
  MONTH TO DATE    2                         0      2        2
  SINCE SEP 1    173                       123     50      274
  SINCE JAN 1    975                       953     22     1352
..................................................................


WIND (MPH)
  HIGHEST WIND SPEED    16   HIGHEST WIND DIRECTION     S (190)
  HIGHEST GUST SPEED    22   HIGHEST GUST DIRECTION     S (180)
  AVERAGE WIND SPEED     7.0


SKY COVER
  POSSIBLE SUNSHINE  MM
  AVERAGE SKY COVER 0.2


WEATHER CONDITIONS
 THE FOLLOWING WEATHER WAS RECORDED TODAY.
  NO SIGNIFICANT WEATHER WAS OBSERVED.


RELATIVE HUMIDITY (PERCENT)
 HIGHEST    81           700 AM
 LOWEST     39           200 PM
 AVERAGE    60

..........................................................


THE PARKERSBURG WV CLIMATE NORMALS FOR TOMORROW
                         NORMAL    RECORD    YEAR
 MAXIMUM TEMPERATURE (F)   53        74      1979
                                             1953
                                             1934
 MINIMUM TEMPERATURE (F)   34        17      2014
                                             1937


SUNRISE AND SUNSET
NOVEMBER 20 2017......SUNRISE   715 AM EST   SUNSET   507 PM EST
NOVEMBER 21 2017......SUNRISE   716 AM EST   SUNSET   507 PM EST


-  INDICATES NEGATIVE NUMBERS.
R  INDICATES RECORD WAS SET OR TIED.
MM INDICATES DATA IS MISSING.
T  INDICATES TRACE AMOUNT.




$$
