000
CDUS41 KRLX 310739
CLIPKB


CLIMATE REPORT
NATIONAL WEATHER SERVICE CHARLESTON WV
335 AM EDT THU JUL 31 2014


...................................

...THE PARKERSBURG WV CLIMATE SUMMARY FOR JULY 30 2014...

CLIMATE NORMAL PERIOD 1981 TO 2010
CLIMATE RECORD PERIOD 1889 TO 2014


WEATHER ITEM   OBSERVED TIME   RECORD YEAR NORMAL DEPARTURE LAST
                VALUE   (LST)  VALUE       VALUE  FROM      YEAR
                                                  NORMAL
..................................................................
TEMPERATURE (F)
 YESTERDAY
  MAXIMUM         76    203 PM 100    1999  85     -9       81
  MINIMUM         53R   241 AM  53    1981  64    -11       60
  AVERAGE         65                        74     -9       71

PRECIPITATION (IN)
  YESTERDAY        0.11          0.42 2009   0.12  -0.01     0.00
  MONTH TO DATE    2.13                      4.08  -1.95     7.50
  SINCE JAN 1     13.37                     25.05 -11.68    26.23

SNOWFALL (IN)
  YESTERDAY       MM
  MONTH TO DATE   MM
  SINCE SEP 1     MM
  SINCE JUL 1     MM
  SNOW DEPTH       0

DEGREE DAYS
 HEATING
  YESTERDAY        0                         0      0        0
  MONTH TO DATE    1                         0      1        0
  SINCE JUN 1      1                        19    -18        6
  SINCE JUL 1      1                         0      1        0

 COOLING
  YESTERDAY        0                         9     -9        6
  MONTH TO DATE   87                       282   -195      288
  SINCE JUN 1    244                       473   -229      474
  SINCE JAN 1    249                       557   -308      600
..................................................................


WIND (MPH)
  HIGHEST WIND SPEED    21   HIGHEST WIND DIRECTION    NW (310)
  HIGHEST GUST SPEED    31   HIGHEST GUST DIRECTION    NW (300)
  AVERAGE WIND SPEED     3.6


SKY COVER
  POSSIBLE SUNSHINE  MM
  AVERAGE SKY COVER 0.3


WEATHER CONDITIONS
 THE FOLLOWING WEATHER WAS RECORDED YESTERDAY.
  THUNDERSTORM
  HEAVY RAIN
  RAIN
  LIGHT RAIN
  FOG


RELATIVE HUMIDITY (PERCENT)
 HIGHEST   100           300 AM
 LOWEST     57           100 PM
 AVERAGE    79

..........................................................


THE PARKERSBURG WV CLIMATE NORMALS FOR TODAY
                         NORMAL    RECORD    YEAR
 MAXIMUM TEMPERATURE (F)   85       102      1999
 MINIMUM TEMPERATURE (F)   64        49      1895


SUNRISE AND SUNSET
JULY 31 2014..........SUNRISE   625 AM EDT   SUNSET   839 PM EDT
AUGUST  1 2014........SUNRISE   626 AM EDT   SUNSET   838 PM EDT


-  INDICATES NEGATIVE NUMBERS.
R  INDICATES RECORD WAS SET OR TIED.
MM INDICATES DATA IS MISSING.
T  INDICATES TRACE AMOUNT.




$$
