000
CDUS41 KRLX 220730
CLIPKB


CLIMATE REPORT
NATIONAL WEATHER SERVICE CHARLESTON WV
330 AM EDT FRI SEP 22 2017


...................................

...THE PARKERSBURG WV CLIMATE SUMMARY FOR SEPTEMBER 21 2017...

CLIMATE NORMAL PERIOD 1981 TO 2010
CLIMATE RECORD PERIOD 1889 TO 2017


WEATHER ITEM   OBSERVED TIME   RECORD YEAR NORMAL DEPARTURE LAST
                VALUE   (LST)  VALUE       VALUE  FROM      YEAR
                                                  NORMAL
..................................................................
TEMPERATURE (F)
 YESTERDAY
  MAXIMUM         87    331 PM  94    1931  75     12       90
  MINIMUM         62    643 AM  33    1956  53      9       56
  AVERAGE         75                        64     11       73

PRECIPITATION (IN)
  YESTERDAY        0.00          1.79 1979   0.10  -0.10     0.00
  MONTH TO DATE    1.28                      2.18  -0.90     0.73
  SINCE JAN 1     40.75                     30.97   9.78    26.62

SNOWFALL (IN)
  YESTERDAY       MM
  MONTH TO DATE   MM
  SINCE SEP 1     MM
  SNOW DEPTH      MM

DEGREE DAYS
 HEATING
  YESTERDAY        0                         3     -3        0
  MONTH TO DATE   45                        30     15        0
  SINCE SEP 1     45                        30     15        0
  SINCE JUL 1     47                        35     12        0

 COOLING
  YESTERDAY       10                         2      8        8
  MONTH TO DATE   66                        90    -24      196
  SINCE SEP 1     66                        90    -24      196
  SINCE JAN 1    868                       920    -52     1274
..................................................................


WIND (MPH)
  HIGHEST WIND SPEED     6   HIGHEST WIND DIRECTION    SE (130)
  HIGHEST GUST SPEED     9   HIGHEST GUST DIRECTION     E (90)
  AVERAGE WIND SPEED     1.0


SKY COVER
  POSSIBLE SUNSHINE  MM
  AVERAGE SKY COVER 0.4


WEATHER CONDITIONS
 THE FOLLOWING WEATHER WAS RECORDED YESTERDAY.
  FOG
  FOG W/VISIBILITY <= 1/4 MILE


RELATIVE HUMIDITY (PERCENT)
 HIGHEST   100           300 AM
 LOWEST     48           300 PM
 AVERAGE    74

..........................................................


THE PARKERSBURG WV CLIMATE NORMALS FOR TODAY
                         NORMAL    RECORD    YEAR
 MAXIMUM TEMPERATURE (F)   75        94      1931
 MINIMUM TEMPERATURE (F)   53        39      1995
                                             1927


SUNRISE AND SUNSET
SEPTEMBER 22 2017.....SUNRISE   714 AM EDT   SUNSET   722 PM EDT
SEPTEMBER 23 2017.....SUNRISE   715 AM EDT   SUNSET   721 PM EDT


-  INDICATES NEGATIVE NUMBERS.
R  INDICATES RECORD WAS SET OR TIED.
MM INDICATES DATA IS MISSING.
T  INDICATES TRACE AMOUNT.




$$
