000
CDUS41 KRLX 290735
CLIPKB


CLIMATE REPORT
NATIONAL WEATHER SERVICE CHARLESTON WV
334 AM EDT SUN MAY 29 2016


...................................

...THE PARKERSBURG WV CLIMATE SUMMARY FOR MAY 28 2016...

CLIMATE NORMAL PERIOD 1981 TO 2010
CLIMATE RECORD PERIOD 1889 TO 2016


WEATHER ITEM   OBSERVED TIME   RECORD YEAR NORMAL DEPARTURE LAST
                VALUE   (LST)  VALUE       VALUE  FROM      YEAR
                                                  NORMAL
..................................................................
TEMPERATURE (F)
 YESTERDAY
  MAXIMUM         87    326 PM  92    1941  77     10       84
  MINIMUM         65    601 AM  36    1994  54     11       61
  AVERAGE         76                        66     10       73

PRECIPITATION (IN)
  YESTERDAY        0.00          0.57 2000   0.15  -0.15     0.00
  MONTH TO DATE    3.71                      3.86  -0.15     1.82
  SINCE JAN 1     16.43                     16.51  -0.08    18.08

SNOWFALL (IN)
  YESTERDAY       MM
  MONTH TO DATE   MM
  SINCE SEP 1     MM
  SNOW DEPTH      MM

DEGREE DAYS
 HEATING
  YESTERDAY        0                         3     -3        0
  MONTH TO DATE  159                       140     19       75
  SINCE MAR 1    928                      1156   -228     1124
  SINCE JUL 1   4141                      4946   -805     5342

 COOLING
  YESTERDAY       11                         3      8        8
  MONTH TO DATE   44                        52     -8      124
  SINCE MAR 1     64                        73     -9      136
  SINCE JAN 1     64                        73     -9      136
..................................................................


WIND (MPH)
  HIGHEST WIND SPEED    12   HIGHEST WIND DIRECTION    SW (210)
  HIGHEST GUST SPEED    16   HIGHEST GUST DIRECTION     W (250)
  AVERAGE WIND SPEED     3.4


SKY COVER
  POSSIBLE SUNSHINE  MM
  AVERAGE SKY COVER 0.1


WEATHER CONDITIONS
 THE FOLLOWING WEATHER WAS RECORDED YESTERDAY.
  FOG


RELATIVE HUMIDITY (PERCENT)
 HIGHEST    97          1000 PM
 LOWEST     51           300 PM
 AVERAGE    74

..........................................................


THE PARKERSBURG WV CLIMATE NORMALS FOR TODAY
                         NORMAL    RECORD    YEAR
 MAXIMUM TEMPERATURE (F)   77        96      1914
 MINIMUM TEMPERATURE (F)   55        38      1894


SUNRISE AND SUNSET
MAY 29 2016...........SUNRISE   602 AM EDT   SUNSET   845 PM EDT
MAY 30 2016...........SUNRISE   602 AM EDT   SUNSET   845 PM EDT


-  INDICATES NEGATIVE NUMBERS.
R  INDICATES RECORD WAS SET OR TIED.
MM INDICATES DATA IS MISSING.
T  INDICATES TRACE AMOUNT.




$$
