000
CDUS41 KRLX 192218
CLIPKB


CLIMATE REPORT
NATIONAL WEATHER SERVICE CHARLESTON WV
518 PM EST FRI JAN 19 2018


...................................

...THE PARKERSBURG WV CLIMATE SUMMARY FOR JANUARY 19 2018...
VALID TODAY AS OF 0500 PM LOCAL TIME.

CLIMATE NORMAL PERIOD 1981 TO 2010
CLIMATE RECORD PERIOD 1889 TO 2018


WEATHER ITEM   OBSERVED TIME   RECORD YEAR NORMAL DEPARTURE LAST
                VALUE   (LST)  VALUE       VALUE  FROM      YEAR
                                                  NORMAL
..................................................................
TEMPERATURE (F)
 TODAY
  MAXIMUM         41    333 PM  65    1951  40      1       45
  MINIMUM         22    706 AM -24    1994  23     -1       36
  AVERAGE         32                        31      1       41

PRECIPITATION (IN)
  TODAY            0.00          0.87 1988   0.09  -0.09     0.00
  MONTH TO DATE    2.69                      1.79   0.90     3.01
  SINCE DEC 1      4.44                      4.89  -0.45     7.72
  SINCE JAN 1      2.69                      1.79   0.90     3.01

DEGREE DAYS
 HEATING
  TODAY           33                        34     -1       24
  MONTH TO DATE  830                       639    191      543
  SINCE DEC 1   1823                      1564    259     1403
  SINCE JUL 1   2723                      2549    174     2157

 COOLING
  TODAY            0                         0      0        0
  MONTH TO DATE    0                         0      0        0
  SINCE DEC 1      0                         0      0        0
  SINCE JAN 1      0                         0      0        0
..................................................................


WIND (MPH)
  HIGHEST WIND SPEED    16   HIGHEST WIND DIRECTION     S (190)
  HIGHEST GUST SPEED    22   HIGHEST GUST DIRECTION     S (200)
  AVERAGE WIND SPEED     9.7


SKY COVER
  POSSIBLE SUNSHINE  MM
  AVERAGE SKY COVER 0.0


WEATHER CONDITIONS
 THE FOLLOWING WEATHER WAS RECORDED TODAY.
  NO SIGNIFICANT WEATHER WAS OBSERVED.


RELATIVE HUMIDITY (PERCENT)
 HIGHEST    55          1200 AM
 LOWEST     37           200 PM
 AVERAGE    46

..........................................................


THE PARKERSBURG WV CLIMATE NORMALS FOR TOMORROW
                         NORMAL    RECORD    YEAR
 MAXIMUM TEMPERATURE (F)   40        71      1951
 MINIMUM TEMPERATURE (F)   23       -18      1985


SUNRISE AND SUNSET
JANUARY 19 2018.......SUNRISE   742 AM EST   SUNSET   531 PM EST
JANUARY 20 2018.......SUNRISE   742 AM EST   SUNSET   532 PM EST


-  INDICATES NEGATIVE NUMBERS.
R  INDICATES RECORD WAS SET OR TIED.
MM INDICATES DATA IS MISSING.
T  INDICATES TRACE AMOUNT.




$$
