000
CDUS41 KRLX 300718
CLIPKB


CLIMATE REPORT
NATIONAL WEATHER SERVICE CHARLESTON WV
318 AM EDT THU MAR 30 2017


...................................

...THE PARKERSBURG WV CLIMATE SUMMARY FOR MARCH 29 2017...

CLIMATE NORMAL PERIOD 1981 TO 2010
CLIMATE RECORD PERIOD 1889 TO 2017


WEATHER ITEM   OBSERVED TIME   RECORD YEAR NORMAL DEPARTURE LAST
                VALUE   (LST)  VALUE       VALUE  FROM      YEAR
                                                  NORMAL
..................................................................
TEMPERATURE (F)
 YESTERDAY
  MAXIMUM         63    529 PM  83    1910  59      4       55
  MINIMUM         46   1136 PM  14    2015  37      9       41
  AVERAGE         55                        48      7       48

PRECIPITATION (IN)
  YESTERDAY        0.00          0.92 2014   0.12  -0.12     0.00
  MONTH TO DATE    3.38                      3.47  -0.09     2.78
  SINCE JAN 1     11.93                      9.12   2.81     8.32

SNOWFALL (IN)
  YESTERDAY       MM
  MONTH TO DATE   MM
  SINCE SEP 1     MM
  SNOW DEPTH      MM

DEGREE DAYS
 HEATING
  YESTERDAY       10                        17     -7       17
  MONTH TO DATE  623                       636    -13      437
  SINCE MAR 1    623                       636    -13      437
  SINCE JUL 1   3654                      4426   -772     3650

 COOLING
  YESTERDAY        0                         0      0        0
  MONTH TO DATE    2                         0      2        2
  SINCE MAR 1      2                         0      2        2
  SINCE JAN 1      6                         0      6        2
..................................................................


WIND (MPH)
  HIGHEST WIND SPEED    12   HIGHEST WIND DIRECTION    NE (30)
  HIGHEST GUST SPEED    16   HIGHEST GUST DIRECTION    NE (60)
  AVERAGE WIND SPEED     4.8


SKY COVER
  POSSIBLE SUNSHINE  MM
  AVERAGE SKY COVER 0.6


WEATHER CONDITIONS
 THE FOLLOWING WEATHER WAS RECORDED YESTERDAY.
  NO SIGNIFICANT WEATHER WAS OBSERVED.


RELATIVE HUMIDITY (PERCENT)
 HIGHEST    86           200 AM
 LOWEST     39           600 PM
 AVERAGE    63

..........................................................


THE PARKERSBURG WV CLIMATE NORMALS FOR TODAY
                         NORMAL    RECORD    YEAR
 MAXIMUM TEMPERATURE (F)   60        84      1998
 MINIMUM TEMPERATURE (F)   37        17      1941


SUNRISE AND SUNSET
MARCH 30 2017.........SUNRISE   713 AM EDT   SUNSET   748 PM EDT
MARCH 31 2017.........SUNRISE   711 AM EDT   SUNSET   749 PM EDT


-  INDICATES NEGATIVE NUMBERS.
R  INDICATES RECORD WAS SET OR TIED.
MM INDICATES DATA IS MISSING.
T  INDICATES TRACE AMOUNT.




$$
