000
CDUS41 KRLX 212118
CLIPKB


CLIMATE REPORT
NATIONAL WEATHER SERVICE CHARLESTON WV
517 PM EDT SUN SEP 21 2014


...................................

...THE PARKERSBURG WV CLIMATE SUMMARY FOR SEPTEMBER 21 2014...
VALID TODAY AS OF 0500 PM LOCAL TIME.

CLIMATE NORMAL PERIOD 1981 TO 2010
CLIMATE RECORD PERIOD 1889 TO 2014


WEATHER ITEM   OBSERVED TIME   RECORD YEAR NORMAL DEPARTURE LAST
                VALUE   (LST)  VALUE       VALUE  FROM      YEAR
                                                  NORMAL
..................................................................
TEMPERATURE (F)
 TODAY
  MAXIMUM         80    359 PM  96    1895  75      5       71
  MINIMUM         65    622 AM  32    1956  53     12       55
  AVERAGE         73                        64      9       63

PRECIPITATION (IN)
  TODAY            0.30          0.96 2013   0.10   0.20     0.96
  MONTH TO DATE    0.75                      2.18  -1.43     1.36
  SINCE SEP 1      0.75                      2.18  -1.43     1.36
  SINCE JAN 1     18.07                     30.97 -12.90    33.92

DEGREE DAYS
 HEATING
  TODAY            0                         3     -3        2
  MONTH TO DATE   44                        30     14       33
  SINCE SEP 1     44                        30     14       33
  SINCE JUL 1     46                        35     11       38

 COOLING
  TODAY            8                         2      6        0
  MONTH TO DATE   99                        90      9       99
  SINCE SEP 1     99                        90      9       99
  SINCE JAN 1    589                       920   -331      923
..................................................................


WIND (MPH)
  HIGHEST WIND SPEED    21   HIGHEST WIND DIRECTION     W (290)
  HIGHEST GUST SPEED    31   HIGHEST GUST DIRECTION     W (290)
  AVERAGE WIND SPEED     9.2


SKY COVER
  POSSIBLE SUNSHINE  MM
  AVERAGE SKY COVER 0.4


WEATHER CONDITIONS
 THE FOLLOWING WEATHER WAS RECORDED TODAY.
  LIGHT RAIN


RELATIVE HUMIDITY (PERCENT)
 HIGHEST    93           400 AM
 LOWEST     33           400 PM
 AVERAGE    63

..........................................................


THE PARKERSBURG WV CLIMATE NORMALS FOR TOMORROW
                         NORMAL    RECORD    YEAR
 MAXIMUM TEMPERATURE (F)   75        95      1895
 MINIMUM TEMPERATURE (F)   53        35      1918


SUNRISE AND SUNSET
SEPTEMBER 21 2014.....SUNRISE   712 AM EDT   SUNSET   724 PM EDT
SEPTEMBER 22 2014.....SUNRISE   713 AM EDT   SUNSET   723 PM EDT


-  INDICATES NEGATIVE NUMBERS.
R  INDICATES RECORD WAS SET OR TIED.
MM INDICATES DATA IS MISSING.
T  INDICATES TRACE AMOUNT.




$$
