000
CDUS46 KLOX 250119
CLIPMD


CLIMATE REPORT
NATIONAL WEATHER SERVICE LOS ANGELES/OXNARD CA
519 PM PST FRI FEB 24 2017


...................................

...THE PALMDALE AIRPORT CA CLIMATE SUMMARY FOR FEBRUARY 24 2017...
VALID TODAY AS OF 0500 PM LOCAL TIME.

CLIMATE NORMAL PERIOD 1981 TO 2010
CLIMATE RECORD PERIOD 1931 TO 2017


WEATHER ITEM   OBSERVED TIME   RECORD YEAR NORMAL DEPARTURE LAST
                VALUE   (LST)  VALUE       VALUE  FROM      YEAR
                                                  NORMAL
..................................................................
TEMPERATURE (F)
 TODAY
  MAXIMUM         53    459 PM  79    1986  63    -10       68
  MINIMUM         32    632 AM  17    1955  37     -5       34
  AVERAGE         43                        50     -7       51

PRECIPITATION (IN)
  TODAY            0.00          1.02 1998   0.06  -0.06     0.00
  MONTH TO DATE    1.71                      1.52   0.19     0.09
  SINCE OCT 1      5.82                      5.54   0.28     3.26
  SINCE JAN 1      4.03                      3.09   0.94     1.45

SNOWFALL (IN)
  TODAY            0.0           T    1962  MM               0.0
  MONTH TO DATE    0.0                      MM               0.0
  SINCE DEC 1      0.0                      MM                T
  SINCE JUL 1      0.0                      MM                T
  SNOW DEPTH       0

DEGREE DAYS
 HEATING
  TODAY           22                        15      7       14
  MONTH TO DATE  278                       403   -125      340
  SINCE DEC 1   1448                      1660   -212     1609
  SINCE JUL 1   1831                      2187   -356     2132

 COOLING
  TODAY            0                         0      0        0
  MONTH TO DATE    0                         0      0        0
  SINCE DEC 1      0                         0      0        0
  SINCE JAN 1      0                         0      0        0
..................................................................


WIND (MPH)
  HIGHEST WIND SPEED    14   HIGHEST WIND DIRECTION     W (280)
  HIGHEST GUST SPEED    16   HIGHEST GUST DIRECTION     W (280)
  AVERAGE WIND SPEED     6.8


SKY COVER
  POSSIBLE SUNSHINE  MM
  AVERAGE SKY COVER 0.0


WEATHER CONDITIONS
 THE FOLLOWING WEATHER WAS RECORDED TODAY.
  NO SIGNIFICANT WEATHER WAS OBSERVED.


RELATIVE HUMIDITY (PERCENT)
 HIGHEST    75           400 AM
 LOWEST     26           400 PM
 AVERAGE    51

..........................................................


THE PALMDALE AIRPORT CA CLIMATE NORMALS FOR TOMORROW
                         NORMAL    RECORD    YEAR
 MAXIMUM TEMPERATURE (F)   63        80      1986
 MINIMUM TEMPERATURE (F)   38        22      1974


SUNRISE AND SUNSET
FEBRUARY 24 2017......SUNRISE   627 AM PST   SUNSET   544 PM PST
FEBRUARY 25 2017......SUNRISE   626 AM PST   SUNSET   545 PM PST


-  INDICATES NEGATIVE NUMBERS.
R  INDICATES RECORD WAS SET OR TIED.
MM INDICATES DATA IS MISSING.
T  INDICATES TRACE AMOUNT.




$$
