000
CDUS46 KLOX 290915
CLIPMD


CLIMATE REPORT
NATIONAL WEATHER SERVICE LOS ANGELES/OXNARD CA
215 AM PDT SUN MAR 29 2015


...................................

...THE PALMDALE AIRPORT CA CLIMATE SUMMARY FOR MARCH 28 2015...

CLIMATE NORMAL PERIOD 1981 TO 2010
CLIMATE RECORD PERIOD 1931 TO 2015


WEATHER ITEM   OBSERVED TIME   RECORD YEAR NORMAL DEPARTURE LAST
                VALUE   (LST)  VALUE       VALUE  FROM      YEAR
                                                  NORMAL
..................................................................
TEMPERATURE (F)
 YESTERDAY
  MAXIMUM         86R  1240 PM  82    1986  68     18       73
  MINIMUM         52    605 AM  24    1975  40     12       41
  AVERAGE         69                        54     15       57

PRECIPITATION (IN)
  YESTERDAY        0.00          0.58 1979   0.03  -0.03     0.00
  MONTH TO DATE    0.36                      1.15  -0.79     0.53
  SINCE OCT 1      4.04                      6.89  -2.85     3.86
  SINCE JAN 1      1.47                      4.44  -2.97     1.92

SNOWFALL (IN)
  YESTERDAY        0.0           0.0  1974  MM               0.0
  MONTH TO DATE    0.0                      MM               0.0
  SINCE MAR 1      0.0                      MM               0.0
  SINCE JUL 1      0.0                      MM               0.0
  SNOW DEPTH       0

DEGREE DAYS
 HEATING
  YESTERDAY        0                        11    -11        8
  MONTH TO DATE  184                       343   -159      234
  SINCE MAR 1    184                       343   -159      234
  SINCE JUL 1   1839                      2588   -749     2132

 COOLING
  YESTERDAY        4                         0      4        0
  MONTH TO DATE    6                         0      6        0
  SINCE MAR 1      6                         0      6        0
  SINCE JAN 1      6                         0      6        1
..................................................................


WIND (MPH)
  HIGHEST WIND SPEED    25   HIGHEST WIND DIRECTION     W (270)
  HIGHEST GUST SPEED    32   HIGHEST GUST DIRECTION     W (280)
  AVERAGE WIND SPEED     8.8


SKY COVER
  POSSIBLE SUNSHINE  MM
  AVERAGE SKY COVER 0.0


WEATHER CONDITIONS
 THE FOLLOWING WEATHER WAS RECORDED YESTERDAY.
  NO SIGNIFICANT WEATHER WAS OBSERVED.


RELATIVE HUMIDITY (PERCENT)
 HIGHEST    45           500 AM
 LOWEST     10          1100 AM
 AVERAGE    28

..........................................................


THE PALMDALE AIRPORT CA CLIMATE NORMALS FOR TODAY
                         NORMAL    RECORD    YEAR
 MAXIMUM TEMPERATURE (F)   68        85      1969
 MINIMUM TEMPERATURE (F)   40        23      1975


SUNRISE AND SUNSET
MARCH 29 2015.........SUNRISE   644 AM PDT   SUNSET   711 PM PDT
MARCH 30 2015.........SUNRISE   642 AM PDT   SUNSET   712 PM PDT


-  INDICATES NEGATIVE NUMBERS.
R  INDICATES RECORD WAS SET OR TIED.
MM INDICATES DATA IS MISSING.
T  INDICATES TRACE AMOUNT.




$$
