000
CDUS46 KLOX 280859
CLIPMD


CLIMATE REPORT
NATIONAL WEATHER SERVICE LOS ANGELES/OXNARD CA
1259 AM PST SAT FEB 28 2015


...................................

...THE PALMDALE AIRPORT CA CLIMATE SUMMARY FOR FEBRUARY 27 2015...

CLIMATE NORMAL PERIOD 1981 TO 2010
CLIMATE RECORD PERIOD 1931 TO 2015


WEATHER ITEM   OBSERVED TIME   RECORD YEAR NORMAL DEPARTURE LAST
                VALUE   (LST)  VALUE       VALUE  FROM      YEAR
                                                  NORMAL
..................................................................
TEMPERATURE (F)
 YESTERDAY
  MAXIMUM         63   1146 AM  83    1986  64     -1       65
  MINIMUM         41    445 AM  15    1971  38      3       51
  AVERAGE         52                        51      1       58

PRECIPITATION (IN)
  YESTERDAY        0.00          0.72 2006   0.04  -0.04     0.13
  MONTH TO DATE    0.38                      1.68  -1.30     0.14
  SINCE OCT 1      3.68                      5.70  -2.02     2.08
  SINCE JAN 1      1.11                      3.25  -2.14     0.14

SNOWFALL (IN)
  YESTERDAY        0.0           T    1962  MM               0.0
  MONTH TO DATE    0.0                      MM               0.0
  SINCE DEC 1      0.0                      MM               0.0
  SINCE JUL 1      0.0                      MM               0.0
  SNOW DEPTH       0

DEGREE DAYS
 HEATING
  YESTERDAY       13                        14     -1        7
  MONTH TO DATE  273                       446   -173      294
  SINCE DEC 1   1327                      1703   -376     1372
  SINCE JUL 1   1641                      2230   -589     1885

 COOLING
  YESTERDAY        0                         0      0        0
  MONTH TO DATE    0                         0      0        1
  SINCE DEC 1      0                         0      0        1
  SINCE JAN 1      0                         0      0        1
..................................................................


WIND (MPH)
  HIGHEST WIND SPEED    30   HIGHEST WIND DIRECTION    SW (230)
  HIGHEST GUST SPEED    36   HIGHEST GUST DIRECTION    SW (240)
  AVERAGE WIND SPEED    13.3


SKY COVER
  POSSIBLE SUNSHINE  MM
  AVERAGE SKY COVER 0.1


WEATHER CONDITIONS
 THE FOLLOWING WEATHER WAS RECORDED YESTERDAY.
  NO SIGNIFICANT WEATHER WAS OBSERVED.


RELATIVE HUMIDITY (PERCENT)
 HIGHEST    80           900 PM
 LOWEST     37           900 AM
 AVERAGE    59

..........................................................


THE PALMDALE AIRPORT CA CLIMATE NORMALS FOR TODAY
                         NORMAL    RECORD    YEAR
 MAXIMUM TEMPERATURE (F)   64        81      1999
 MINIMUM TEMPERATURE (F)   38        18      1962


SUNRISE AND SUNSET
FEBRUARY 28 2015......SUNRISE   623 AM PST   SUNSET   547 PM PST
MARCH  1 2015.........SUNRISE   622 AM PST   SUNSET   548 PM PST


-  INDICATES NEGATIVE NUMBERS.
R  INDICATES RECORD WAS SET OR TIED.
MM INDICATES DATA IS MISSING.
T  INDICATES TRACE AMOUNT.




$$
