570
CDUS46 KLOX 270900
CLIPMD


CLIMATE REPORT
NATIONAL WEATHER SERVICE LOS ANGELES/OXNARD CA
200 AM PDT THU APR 27 2017


...................................

...THE PALMDALE AIRPORT CA CLIMATE SUMMARY FOR APRIL 26 2017...

CLIMATE NORMAL PERIOD 1981 TO 2010
CLIMATE RECORD PERIOD 1931 TO 2017


WEATHER ITEM   OBSERVED TIME   RECORD YEAR NORMAL DEPARTURE LAST
                VALUE   (LST)  VALUE       VALUE  FROM      YEAR
                                                  NORMAL
..................................................................
TEMPERATURE (F)
 YESTERDAY
  MAXIMUM         75    222 PM  98    1996  76     -1       72
  MINIMUM         55    549 AM  31    1974  46      9       45
  AVERAGE         65                        61      4       59

PRECIPITATION (IN)
  YESTERDAY        0.00          0.60 1931   0.02  -0.02     0.00
  MONTH TO DATE    T                         0.43  -0.43     0.08
  SINCE OCT 1      5.91                      7.39  -1.48     4.17
  SINCE JAN 1      4.12                      4.94  -0.82     2.36

SNOWFALL (IN)
  YESTERDAY        0.0           0.0  2001  MM               0.0
  MONTH TO DATE    0.0                      MM               0.0
  SINCE MAR 1      0.0                      MM               0.0
  SINCE JUL 1      0.0                      MM                T
  SNOW DEPTH       0

DEGREE DAYS
 HEATING
  YESTERDAY        0                         5     -5        6
  MONTH TO DATE  100                       210   -110       91
  SINCE MAR 1    343                       586   -243      360
  SINCE JUL 1   2252                      2831   -579     2521

 COOLING
  YESTERDAY        0                         1     -1        0
  MONTH TO DATE    7                        11     -4       20
  SINCE MAR 1     14                        13      1       20
  SINCE JAN 1     14                        13      1       20
..................................................................


WIND (MPH)
  HIGHEST WIND SPEED    40   HIGHEST WIND DIRECTION     W (290)
  HIGHEST GUST SPEED    47   HIGHEST GUST DIRECTION     W (290)
  AVERAGE WIND SPEED    20.1


SKY COVER
  POSSIBLE SUNSHINE  MM
  AVERAGE SKY COVER 0.0


WEATHER CONDITIONS
 THE FOLLOWING WEATHER WAS RECORDED YESTERDAY.
  NO SIGNIFICANT WEATHER WAS OBSERVED.


RELATIVE HUMIDITY (PERCENT)
 HIGHEST    59           600 AM
 LOWEST     33          1000 AM
 AVERAGE    46

..........................................................


THE PALMDALE AIRPORT CA CLIMATE NORMALS FOR TODAY
                         NORMAL    RECORD    YEAR
 MAXIMUM TEMPERATURE (F)   76        97      1996
 MINIMUM TEMPERATURE (F)   47        29      1955


SUNRISE AND SUNSET
APRIL 27 2017.........SUNRISE   606 AM PDT   SUNSET   734 PM PDT
APRIL 28 2017.........SUNRISE   605 AM PDT   SUNSET   735 PM PDT


-  INDICATES NEGATIVE NUMBERS.
R  INDICATES RECORD WAS SET OR TIED.
MM INDICATES DATA IS MISSING.
T  INDICATES TRACE AMOUNT.




$$
