000
CDUS44 KMOB 230645
CLIPNS


CLIMATE REPORT
NATIONAL WEATHER SERVICE MOBILE AL
145 AM CDT WED AUG 23 2017


...................................

...THE PENSACOLA CLIMATE SUMMARY FOR AUGUST 22 2017...

CLIMATE NORMAL PERIOD 1981 TO 2010
CLIMATE RECORD PERIOD 1879 TO 2017


WEATHER ITEM   OBSERVED TIME   RECORD YEAR NORMAL DEPARTURE LAST
                VALUE   (LST)  VALUE       VALUE  FROM      YEAR
                                                  NORMAL
..................................................................
TEMPERATURE (F)
 YESTERDAY
  MAXIMUM         87   1247 PM 101    1951  89     -2       91
  MINIMUM         78   1116 PM  62    1956  74      4       75
  AVERAGE         83                        82      1       83

PRECIPITATION (IN)
  YESTERDAY        T             2.32 1882   0.21  -0.21     0.28
  MONTH TO DATE   12.49                      5.00   7.49    11.77
  SINCE MAR 1     51.55                     33.32  18.23    41.86
  SINCE JAN 1     66.90                     43.01  23.89    50.51

DEGREE DAYS
 COOLING
  YESTERDAY       18                        17      1       18
  MONTH TO DATE  422                       374     48      396
  SINCE JUN 1   1513                      1372    141     1527
  SINCE JAN 1   2309                      1820    489     2123
..................................................................


WIND (MPH)
  HIGHEST WIND SPEED    15   HIGHEST WIND DIRECTION    SE (150)
  HIGHEST GUST SPEED    20   HIGHEST GUST DIRECTION    SE (140)
  AVERAGE WIND SPEED     4.1


SKY COVER
  POSSIBLE SUNSHINE  MM
  AVERAGE SKY COVER 0.2


WEATHER CONDITIONS
 THE FOLLOWING WEATHER WAS RECORDED YESTERDAY.
  THUNDERSTORM
  LIGHT RAIN


RELATIVE HUMIDITY (PERCENT)
 HIGHEST    91           100 AM
 LOWEST     68           900 AM
 AVERAGE    80

..........................................................


THE PENSACOLA CLIMATE NORMALS FOR TODAY
                         NORMAL    RECORD    YEAR
 MAXIMUM TEMPERATURE (F)   89        99      2014
 MINIMUM TEMPERATURE (F)   74        66      2009


SUNRISE AND SUNSET
AUGUST 23 2017........SUNRISE   620 AM CDT   SUNSET   722 PM CDT
AUGUST 24 2017........SUNRISE   621 AM CDT   SUNSET   721 PM CDT


-  INDICATES NEGATIVE NUMBERS.
R  INDICATES RECORD WAS SET OR TIED.
MM INDICATES DATA IS MISSING.
T  INDICATES TRACE AMOUNT.




$$
