000
CDUS44 KMOB 220645
CLIPNS


CLIMATE REPORT
NATIONAL WEATHER SERVICE MOBILE AL
145 AM CDT MON MAY 22 2017


...................................

...THE PENSACOLA CLIMATE SUMMARY FOR MAY 21 2017...

CLIMATE NORMAL PERIOD 1981 TO 2010
CLIMATE RECORD PERIOD 1879 TO 2017


WEATHER ITEM   OBSERVED TIME   RECORD YEAR NORMAL DEPARTURE LAST
                VALUE   (LST)  VALUE       VALUE  FROM      YEAR
                                                  NORMAL
..................................................................
TEMPERATURE (F)
 YESTERDAY
  MAXIMUM         84   1108 AM  94    1964  85     -1       91
  MINIMUM         70    344 AM  51    1954  67      3       70
  AVERAGE         77                        76      1       81

PRECIPITATION (IN)
  YESTERDAY        T             2.04 1947   0.13  -0.13      T
  MONTH TO DATE    5.13                      2.75   2.38     1.88
  SINCE MAR 1     11.20                     12.88  -1.68    15.53
  SINCE JAN 1     26.55                     22.57   3.98    24.18

DEGREE DAYS
 COOLING
  YESTERDAY       12                        11      1       16
  MONTH TO DATE  215                       176     39      220
  SINCE MAR 1    553                       310    243      447
  SINCE JAN 1    663                       324    339      465
..................................................................


WIND (MPH)
  HIGHEST WIND SPEED    24   HIGHEST WIND DIRECTION    SE (140)
  HIGHEST GUST SPEED    32   HIGHEST GUST DIRECTION    SE (140)
  AVERAGE WIND SPEED     6.3


SKY COVER
  POSSIBLE SUNSHINE  MM
  AVERAGE SKY COVER 0.3


WEATHER CONDITIONS
 THE FOLLOWING WEATHER WAS RECORDED YESTERDAY.
  THUNDERSTORM
  LIGHT RAIN
  FOG
  HAZE


RELATIVE HUMIDITY (PERCENT)
 HIGHEST    87           600 AM
 LOWEST     62          1000 AM
 AVERAGE    75

..........................................................


THE PENSACOLA CLIMATE NORMALS FOR TODAY
                         NORMAL    RECORD    YEAR
 MAXIMUM TEMPERATURE (F)   85        98      1996
 MINIMUM TEMPERATURE (F)   68        49      1883


SUNRISE AND SUNSET
MAY 22 2017...........SUNRISE   551 AM CDT   SUNSET   741 PM CDT
MAY 23 2017...........SUNRISE   550 AM CDT   SUNSET   741 PM CDT


-  INDICATES NEGATIVE NUMBERS.
R  INDICATES RECORD WAS SET OR TIED.
MM INDICATES DATA IS MISSING.
T  INDICATES TRACE AMOUNT.




$$
