000
CDUS44 KMOB 170645
CLIPNS


CLIMATE REPORT
NATIONAL WEATHER SERVICE MOBILE AL
1245 AM CST TUE JAN 17 2017


...................................

...THE PENSACOLA CLIMATE SUMMARY FOR JANUARY 16 2017...

CLIMATE NORMAL PERIOD 1981 TO 2010
CLIMATE RECORD PERIOD 1879 TO 2017


WEATHER ITEM   OBSERVED TIME   RECORD YEAR NORMAL DEPARTURE LAST
                VALUE   (LST)  VALUE       VALUE  FROM      YEAR
                                                  NORMAL
..................................................................
TEMPERATURE (F)
 YESTERDAY
  MAXIMUM         75    105 PM  78    1950  60     15       69
  MINIMUM         63    744 AM  21    1972  42     21       47
                                      1927
  AVERAGE         69                        51     18       58

PRECIPITATION (IN)
  YESTERDAY        0.01          2.23 1924   0.15  -0.14     0.11
  MONTH TO DATE    9.28                      2.24   7.04     1.30
  SINCE MAR 1     65.25                     57.82   7.43    66.57
  SINCE JAN 1      9.28                      2.24   7.04     1.30

SNOWFALL (IN)
  YESTERDAY        0.0          MM      MM   0.0    0.0      0.0
  MONTH TO DATE    0.0                       0.0    0.0      0.0
  SINCE MAR 1      0.0                       0.0    0.0      0.0
  SINCE JUL 1      0.0                       0.0    0.0      0.0
  SNOW DEPTH       0

DEGREE DAYS
 HEATING
  YESTERDAY        0                        14    -14        7
  MONTH TO DATE  118                       224   -106      235
  SINCE DEC 1    312                       594   -282      352
  SINCE JUL 1    381                       806   -425      429

 COOLING
  YESTERDAY        4                         0      4        0
  MONTH TO DATE   34                         0     34        0
  SINCE DEC 1     81                        13     68       75
  SINCE JAN 1     34                         0     34        0
..................................................................


WIND (MPH)
  HIGHEST WIND SPEED    15   HIGHEST WIND DIRECTION    SE (130)
  HIGHEST GUST SPEED    25   HIGHEST GUST DIRECTION     E (110)
  AVERAGE WIND SPEED     8.8


SKY COVER
  POSSIBLE SUNSHINE  MM
  AVERAGE SKY COVER 0.7


WEATHER CONDITIONS
 THE FOLLOWING WEATHER WAS RECORDED YESTERDAY.
  FOG


RELATIVE HUMIDITY (PERCENT)
 HIGHEST    93           400 AM
 LOWEST     69          1200 PM
 AVERAGE    81

..........................................................


THE PENSACOLA CLIMATE NORMALS FOR TODAY
                         NORMAL    RECORD    YEAR
 MAXIMUM TEMPERATURE (F)   60        76      1935
 MINIMUM TEMPERATURE (F)   42        17      1977


SUNRISE AND SUNSET
JANUARY 17 2017.......SUNRISE   646 AM CST   SUNSET   512 PM CST
JANUARY 18 2017.......SUNRISE   646 AM CST   SUNSET   513 PM CST


-  INDICATES NEGATIVE NUMBERS.
R  INDICATES RECORD WAS SET OR TIED.
MM INDICATES DATA IS MISSING.
T  INDICATES TRACE AMOUNT.




$$
