000
CDUS44 KMOB 020658
CLIPNS


CLIMATE REPORT
NATIONAL WEATHER SERVICE MOBILE AL
157 AM CDT THU JUL 2 2015


...................................

...THE PENSACOLA CLIMATE SUMMARY FOR JULY 1 2015...

CLIMATE NORMAL PERIOD 1981 TO 2010
CLIMATE RECORD PERIOD 1879 TO 2015


WEATHER ITEM   OBSERVED TIME   RECORD YEAR NORMAL DEPARTURE LAST
                VALUE   (LST)  VALUE       VALUE  FROM      YEAR
                                                  NORMAL
..................................................................
TEMPERATURE (F)
 YESTERDAY
  MAXIMUM         89    338 PM  98    1952  90     -1       95
  MINIMUM         73    501 AM  66    1948  74     -1       78
  AVERAGE         81                        82     -1       87

PRECIPITATION (IN)
  YESTERDAY        T             2.37 1918   0.23  -0.23     0.00
  MONTH TO DATE    T                         0.23  -0.23     0.00
  SINCE MAR 1     21.59                     21.14   0.45    48.41
  SINCE JAN 1     32.00                     30.83   1.17    59.74

DEGREE DAYS
 COOLING
  YESTERDAY       16                        17     -1       22
  MONTH TO DATE   16                        17     -1       22
  SINCE JUN 1    499                       482     17      501
  SINCE JAN 1   1152                       930    222      952
..................................................................


WIND (MPH)
  HIGHEST WIND SPEED    24   HIGHEST WIND DIRECTION     W (280)
  HIGHEST GUST SPEED    30   HIGHEST GUST DIRECTION    SW (230)
  AVERAGE WIND SPEED     9.0


SKY COVER
  POSSIBLE SUNSHINE  MM
  AVERAGE SKY COVER 0.1


WEATHER CONDITIONS
 THE FOLLOWING WEATHER WAS RECORDED YESTERDAY.
  LIGHT RAIN


RELATIVE HUMIDITY (PERCENT)
 HIGHEST    93           500 AM
 LOWEST     55          1100 AM
 AVERAGE    74

..........................................................


THE PENSACOLA CLIMATE NORMALS FOR TODAY
                         NORMAL    RECORD    YEAR
 MAXIMUM TEMPERATURE (F)   90        98      1993
                                             1970
 MINIMUM TEMPERATURE (F)   74        64      1924


SUNRISE AND SUNSET
JULY  2 2015..........SUNRISE   550 AM CDT   SUNSET   755 PM CDT
JULY  3 2015..........SUNRISE   551 AM CDT   SUNSET   755 PM CDT


-  INDICATES NEGATIVE NUMBERS.
R  INDICATES RECORD WAS SET OR TIED.
MM INDICATES DATA IS MISSING.
T  INDICATES TRACE AMOUNT.




$$
