000
CDUS44 KMOB 310645
CLIPNS


CLIMATE REPORT
NATIONAL WEATHER SERVICE MOBILE AL
145 AM CDT FRI JUL 31 2015


...................................

...THE PENSACOLA CLIMATE SUMMARY FOR JULY 30 2015...

CLIMATE NORMAL PERIOD 1981 TO 2010
CLIMATE RECORD PERIOD 1879 TO 2015


WEATHER ITEM   OBSERVED TIME   RECORD YEAR NORMAL DEPARTURE LAST
                VALUE   (LST)  VALUE       VALUE  FROM      YEAR
                                                  NORMAL
..................................................................
TEMPERATURE (F)
 YESTERDAY
  MAXIMUM         97    214 PM 102    1986  90      7       85
  MINIMUM         74    648 PM  67    2014  74      0       67
                                      1994
  AVERAGE         86                        82      4       76

PRECIPITATION (IN)
  YESTERDAY        0.12          5.14 1975   0.25  -0.13     0.00
  MONTH TO DATE    6.90                      7.16  -0.26     7.64
  SINCE MAR 1     28.49                     28.07   0.42    56.05
  SINCE JAN 1     38.90                     37.76   1.14    67.38

DEGREE DAYS
 COOLING
  YESTERDAY       21                        17      4       11
  MONTH TO DATE  593                       510     83      484
  SINCE JUN 1   1076                       975    101      963
  SINCE JAN 1   1729                      1423    306     1414
..................................................................


WIND (MPH)
  HIGHEST WIND SPEED    20   HIGHEST WIND DIRECTION     N (340)
  HIGHEST GUST SPEED    26   HIGHEST GUST DIRECTION    NW (330)
  AVERAGE WIND SPEED     7.7


SKY COVER
  POSSIBLE SUNSHINE  MM
  AVERAGE SKY COVER 0.2


WEATHER CONDITIONS
 THE FOLLOWING WEATHER WAS RECORDED YESTERDAY.
  THUNDERSTORM
  HEAVY RAIN
  RAIN
  LIGHT RAIN
  FOG


RELATIVE HUMIDITY (PERCENT)
 HIGHEST    91          1200 AM
 LOWEST     48           200 PM
 AVERAGE    70

..........................................................


THE PENSACOLA CLIMATE NORMALS FOR TODAY
                         NORMAL    RECORD    YEAR
 MAXIMUM TEMPERATURE (F)   90       102      1986
 MINIMUM TEMPERATURE (F)   74        63      2014


SUNRISE AND SUNSET
JULY 31 2015..........SUNRISE   606 AM CDT   SUNSET   744 PM CDT
AUGUST  1 2015........SUNRISE   607 AM CDT   SUNSET   743 PM CDT


-  INDICATES NEGATIVE NUMBERS.
R  INDICATES RECORD WAS SET OR TIED.
MM INDICATES DATA IS MISSING.
T  INDICATES TRACE AMOUNT.




$$
