000
CDUS44 KMOB 180647
CLIPNS


CLIMATE REPORT
NATIONAL WEATHER SERVICE MOBILE AL
146 AM CDT WED OCT 18 2017


...................................

...THE PENSACOLA CLIMATE SUMMARY FOR OCTOBER 17 2017...

CLIMATE NORMAL PERIOD 1981 TO 2010
CLIMATE RECORD PERIOD 1879 TO 2017


WEATHER ITEM   OBSERVED TIME   RECORD YEAR NORMAL DEPARTURE LAST
                VALUE   (LST)  VALUE       VALUE  FROM      YEAR
                                                  NORMAL
..................................................................
TEMPERATURE (F)
 YESTERDAY
  MAXIMUM         79    322 PM  89    1972  79      0       84
  MINIMUM         58    611 AM  40    1943  60     -2       69
  AVERAGE         69                        69      0       77

PRECIPITATION (IN)
  YESTERDAY        0.00          5.04 1990   0.17  -0.17     0.00
  MONTH TO DATE    4.74                      2.93   1.81      T
  SINCE MAR 1     67.25                     43.99  23.26    45.49
  SINCE JAN 1     82.60                     53.68  28.92    54.14

DEGREE DAYS
 HEATING
  YESTERDAY        0                         1     -1        0
  MONTH TO DATE    0                         7     -7        0
  SINCE SEP 1      0                         8     -8        0
  SINCE JUL 1      0                         8     -8        0

 COOLING
  YESTERDAY        4                         5     -1       12
  MONTH TO DATE  247                       123    124      193
  SINCE SEP 1    721                       526    195      709
  SINCE JAN 1   3200                      2493    707     3012
..................................................................


WIND (MPH)
  HIGHEST WIND SPEED    15   HIGHEST WIND DIRECTION     E (70)
  HIGHEST GUST SPEED    22   HIGHEST GUST DIRECTION     E (70)
  AVERAGE WIND SPEED     8.4


SKY COVER
  POSSIBLE SUNSHINE  MM
  AVERAGE SKY COVER 0.1


WEATHER CONDITIONS
 THE FOLLOWING WEATHER WAS RECORDED YESTERDAY.
  HAZE


RELATIVE HUMIDITY (PERCENT)
 HIGHEST    77           600 AM
 LOWEST     43           400 PM
 AVERAGE    60

..........................................................


THE PENSACOLA CLIMATE NORMALS FOR TODAY
                         NORMAL    RECORD    YEAR
 MAXIMUM TEMPERATURE (F)   78        87      1987
                                             1972
                                             1951
 MINIMUM TEMPERATURE (F)   60        39      1948


SUNRISE AND SUNSET
OCTOBER 18 2017.......SUNRISE   653 AM CDT   SUNSET   614 PM CDT
OCTOBER 19 2017.......SUNRISE   654 AM CDT   SUNSET   613 PM CDT


-  INDICATES NEGATIVE NUMBERS.
R  INDICATES RECORD WAS SET OR TIED.
MM INDICATES DATA IS MISSING.
T  INDICATES TRACE AMOUNT.




$$
