000
CDUS44 KMOB 310645
CLIPNS


CLIMATE REPORT
NATIONAL WEATHER SERVICE MOBILE AL
145 AM CDT THU JUL 31 2014


...................................

...THE PENSACOLA CLIMATE SUMMARY FOR JULY 30 2014...

CLIMATE NORMAL PERIOD 1981 TO 2010
CLIMATE RECORD PERIOD 1879 TO 2014


WEATHER ITEM   OBSERVED TIME   RECORD YEAR NORMAL DEPARTURE LAST
                VALUE   (LST)  VALUE       VALUE  FROM      YEAR
                                                  NORMAL
..................................................................
TEMPERATURE (F)
 YESTERDAY
  MAXIMUM         85    412 PM 102    1986  90     -5       90
  MINIMUM         67R  1159 PM  67    1994  74     -7       78
  AVERAGE         76                        82     -6       84

PRECIPITATION (IN)
  YESTERDAY        0.00          5.14 1975   0.25  -0.25     0.00
  MONTH TO DATE    7.64                      7.16   0.48    15.91
  SINCE MAR 1     56.05                     28.07  27.98    32.03
  SINCE JAN 1     67.38                     37.76  29.62    46.30

DEGREE DAYS
 COOLING
  YESTERDAY       11                        17     -6       19
  MONTH TO DATE  484                       510    -26      481
  SINCE JUN 1    963                       975    -12      995
  SINCE JAN 1   1414                      1423     -9     1437
..................................................................


WIND (MPH)
  HIGHEST WIND SPEED    14   HIGHEST WIND DIRECTION    NW (330)
  HIGHEST GUST SPEED    18   HIGHEST GUST DIRECTION     W (260)
  AVERAGE WIND SPEED     6.2


SKY COVER
  POSSIBLE SUNSHINE  MM
  AVERAGE SKY COVER 0.2


WEATHER CONDITIONS
 THE FOLLOWING WEATHER WAS RECORDED YESTERDAY.
  NO SIGNIFICANT WEATHER WAS OBSERVED.


RELATIVE HUMIDITY (PERCENT)
 HIGHEST    73          1100 PM
 LOWEST     32           400 PM
 AVERAGE    53

..........................................................


THE PENSACOLA CLIMATE NORMALS FOR TODAY
                         NORMAL    RECORD    YEAR
 MAXIMUM TEMPERATURE (F)   90       102      1986
 MINIMUM TEMPERATURE (F)   74        67      1936


SUNRISE AND SUNSET
JULY 31 2014..........SUNRISE   606 AM CDT   SUNSET   744 PM CDT
AUGUST  1 2014........SUNRISE   607 AM CDT   SUNSET   743 PM CDT


-  INDICATES NEGATIVE NUMBERS.
R  INDICATES RECORD WAS SET OR TIED.
MM INDICATES DATA IS MISSING.
T  INDICATES TRACE AMOUNT.




$$
