436
CDUS44 KMOB 282235
CLIPNS


CLIMATE REPORT
NATIONAL WEATHER SERVICE MOBILE AL
533 PM CDT WED JUN 28 2017


...................................

...THE PENSACOLA CLIMATE SUMMARY FOR JUNE 28 2017...
VALID TODAY AS OF 0500 PM LOCAL TIME.

CLIMATE NORMAL PERIOD 1981 TO 2010
CLIMATE RECORD PERIOD 1879 TO 2017


WEATHER ITEM   OBSERVED TIME   RECORD YEAR NORMAL DEPARTURE LAST
                VALUE   (LST)  VALUE       VALUE  FROM      YEAR
                                                  NORMAL
..................................................................
TEMPERATURE (F)
 TODAY
  MAXIMUM         88   1232 PM 101    1954  90     -2       91
  MINIMUM         76    437 AM  61    1974  74      2       75
  AVERAGE         82                        82      0       83

PRECIPITATION (IN)
  TODAY            0.01          4.30 1923   0.25  -0.24      T
  MONTH TO DATE   18.38                      6.11  12.27     5.13
  SINCE MAR 1     31.53                     20.42  11.11    20.74
  SINCE JAN 1     46.88                     30.11  16.77    29.39

DEGREE DAYS
 COOLING
  TODAY           17                        17      0       18
  MONTH TO DATE  435                       431      4      488
  SINCE JUN 1    435                       431      4      488
  SINCE JAN 1   1231                       879    352     1084
..................................................................


WIND (MPH)
  HIGHEST WIND SPEED    16   HIGHEST WIND DIRECTION     S (170)
  HIGHEST GUST SPEED    21   HIGHEST GUST DIRECTION    SE (150)
  AVERAGE WIND SPEED     7.7


SKY COVER
  POSSIBLE SUNSHINE  MM
  AVERAGE SKY COVER 0.3


WEATHER CONDITIONS
 THE FOLLOWING WEATHER WAS RECORDED TODAY.
  LIGHT RAIN


RELATIVE HUMIDITY (PERCENT)
 HIGHEST    82           300 AM
 LOWEST     68          1200 PM
 AVERAGE    75

..........................................................


THE PENSACOLA CLIMATE NORMALS FOR TOMORROW
                         NORMAL    RECORD    YEAR
 MAXIMUM TEMPERATURE (F)   90       101      1954
 MINIMUM TEMPERATURE (F)   74        65      1966


SUNRISE AND SUNSET
JUNE 28 2017..........SUNRISE   549 AM CDT   SUNSET   755 PM CDT
JUNE 29 2017..........SUNRISE   550 AM CDT   SUNSET   755 PM CDT


-  INDICATES NEGATIVE NUMBERS.
R  INDICATES RECORD WAS SET OR TIED.
MM INDICATES DATA IS MISSING.
T  INDICATES TRACE AMOUNT.




$$
