000
CDUS44 KMOB 250636
CLIPNS


CLIMATE REPORT
NATIONAL WEATHER SERVICE MOBILE AL
136 AM CDT FRI JUL 25 2014


...................................

...THE PENSACOLA CLIMATE SUMMARY FOR JULY 24 2014...

CLIMATE NORMAL PERIOD 1981 TO 2010
CLIMATE RECORD PERIOD 1879 TO 2014


WEATHER ITEM   OBSERVED TIME   RECORD YEAR NORMAL DEPARTURE LAST
                VALUE   (LST)  VALUE       VALUE  FROM      YEAR
                                                  NORMAL
..................................................................
TEMPERATURE (F)
 YESTERDAY
  MAXIMUM         86    216 PM 102    1952  90     -4       89
  MINIMUM         72    231 AM  68    2007  75     -3       73
                                      1890
  AVERAGE         79                        82     -3       81

PRECIPITATION (IN)
  YESTERDAY        0.42          3.79 1963   0.25   0.17     0.58
  MONTH TO DATE    6.65                      5.70   0.95    14.98
  SINCE MAR 1     55.06                     26.61  28.45    31.10
  SINCE JAN 1     66.39                     36.30  30.09    45.37

DEGREE DAYS
 COOLING
  YESTERDAY       14                        17     -3       16
  MONTH TO DATE  384                       408    -24      376
  SINCE JUN 1    863                       873    -10      890
  SINCE JAN 1   1314                      1321     -7     1332
..................................................................


WIND (MPH)
  HIGHEST WIND SPEED    16   HIGHEST WIND DIRECTION     S (180)
  HIGHEST GUST SPEED    22   HIGHEST GUST DIRECTION    SW (210)
  AVERAGE WIND SPEED     6.2


SKY COVER
  POSSIBLE SUNSHINE  MM
  AVERAGE SKY COVER 0.1


WEATHER CONDITIONS
 THE FOLLOWING WEATHER WAS RECORDED YESTERDAY.
  HEAVY RAIN
  LIGHT RAIN
  FOG


RELATIVE HUMIDITY (PERCENT)
 HIGHEST    94           600 AM
 LOWEST     65           100 PM
 AVERAGE    80

..........................................................


THE PENSACOLA CLIMATE NORMALS FOR TODAY
                         NORMAL    RECORD    YEAR
 MAXIMUM TEMPERATURE (F)   90        98      1952
 MINIMUM TEMPERATURE (F)   74        70      1963
                                             1931
                                             1924


SUNRISE AND SUNSET
JULY 25 2014..........SUNRISE   603 AM CDT   SUNSET   748 PM CDT
JULY 26 2014..........SUNRISE   603 AM CDT   SUNSET   747 PM CDT


-  INDICATES NEGATIVE NUMBERS.
R  INDICATES RECORD WAS SET OR TIED.
MM INDICATES DATA IS MISSING.
T  INDICATES TRACE AMOUNT.




$$
