000
CDUS44 KMOB 142330
CLIPNS


CLIMATE REPORT
NATIONAL WEATHER SERVICE MOBILE AL
529 PM CST THU DEC 14 2017


...................................

...THE PENSACOLA CLIMATE SUMMARY FOR DECEMBER 14 2017...
VALID TODAY AS OF 0500 PM LOCAL TIME.

CLIMATE NORMAL PERIOD 1981 TO 2010
CLIMATE RECORD PERIOD 1879 TO 2017


WEATHER ITEM   OBSERVED TIME   RECORD YEAR NORMAL DEPARTURE LAST
                VALUE   (LST)  VALUE       VALUE  FROM      YEAR
                                                  NORMAL
..................................................................
TEMPERATURE (F)
 TODAY
  MAXIMUM         65   1222 PM  77    2013  63      2       68
                                      1921
  MINIMUM         44    507 AM  25    2010  45     -1       56
                                      1962
  AVERAGE         55                        54      1       62

PRECIPITATION (IN)
  TODAY            0.00          1.62 1881   0.13  -0.13     0.04
  MONTH TO DATE    3.02                      2.15   0.87     7.08
  SINCE MAR 1     75.92                     53.18  22.74    53.43
  SINCE JAN 1     91.27                     62.87  28.40    62.08

DEGREE DAYS
 HEATING
  TODAY           10                        12     -2        3
  MONTH TO DATE  156                       147      9       91
  SINCE DEC 1    156                       147      9       91
  SINCE JUL 1    291                       359    -68      160
..................................................................


WIND (MPH)
  HIGHEST WIND SPEED    10   HIGHEST WIND DIRECTION     W (250)
  HIGHEST GUST SPEED    17   HIGHEST GUST DIRECTION     W (260)
  AVERAGE WIND SPEED     4.9


SKY COVER
  POSSIBLE SUNSHINE  MM
  AVERAGE SKY COVER 0.0


WEATHER CONDITIONS
 THE FOLLOWING WEATHER WAS RECORDED TODAY.
  NO SIGNIFICANT WEATHER WAS OBSERVED.


RELATIVE HUMIDITY (PERCENT)
 HIGHEST    89           500 AM
 LOWEST     34          1200 PM
 AVERAGE    62

..........................................................


THE PENSACOLA CLIMATE NORMALS FOR TOMORROW
                         NORMAL    RECORD    YEAR
 MAXIMUM TEMPERATURE (F)   63        77      1975
                                             1971
                                             1948
 MINIMUM TEMPERATURE (F)   44        20      1901


SUNRISE AND SUNSET
DECEMBER 14 2017......SUNRISE   638 AM CST   SUNSET   450 PM CST
DECEMBER 15 2017......SUNRISE   638 AM CST   SUNSET   450 PM CST


-  INDICATES NEGATIVE NUMBERS.
R  INDICATES RECORD WAS SET OR TIED.
MM INDICATES DATA IS MISSING.
T  INDICATES TRACE AMOUNT.




$$
