000
CDUS41 KALY 080627
CLIPOU


CLIMATE REPORT
NATIONAL WEATHER SERVICE ALBANY NY
127 AM EST THU DEC 8 2016


...................................

...THE POUGHKEEPSIE NY CLIMATE SUMMARY FOR DECEMBER 7 2016...

CLIMATE NORMAL PERIOD 1981 TO 2010
CLIMATE RECORD PERIOD 1949 TO 2016


WEATHER ITEM   OBSERVED TIME   RECORD YEAR NORMAL DEPARTURE LAST
                VALUE   (LST)  VALUE       VALUE  FROM      YEAR
                                                  NORMAL
..................................................................
TEMPERATURE (F)
 YESTERDAY
  MAXIMUM         42    429 PM  60    2001  43     -1       50
  MINIMUM         29   1159 PM   1    1964  25      4       25
  AVERAGE         36                        34      2       38

PRECIPITATION (IN)
  YESTERDAY        0.07          2.12 2011   0.12  -0.05     0.00
  MONTH TO DATE    0.73                      0.86  -0.13     0.80
  SINCE DEC 1      0.73                      0.86  -0.13     0.80
  SINCE JAN 1     31.25                     43.86 -12.61    26.72

DEGREE DAYS
 HEATING
  YESTERDAY       29                        31     -2       27
  MONTH TO DATE  188                       208    -20      172
  SINCE DEC 1    188                       208    -20      172
  SINCE JUL 1   1334                      1486   -152     1160

 COOLING
  YESTERDAY        0                         0      0        0
  MONTH TO DATE    0                         0      0        0
  SINCE DEC 1      0                         0      0        0
  SINCE JAN 1   1053                       672    381      964
..................................................................


WIND (MPH)
  HIGHEST WIND SPEED     9   HIGHEST WIND DIRECTION    SW (220)
  HIGHEST GUST SPEED    11   HIGHEST GUST DIRECTION    SW (230)
  AVERAGE WIND SPEED     1.4


SKY COVER
  AVERAGE SKY COVER 0.7



RELATIVE HUMIDITY (PERCENT)
 HIGHEST   100           200 AM
 LOWEST     79           200 PM
 AVERAGE    90

..........................................................


THE POUGHKEEPSIE NY CLIMATE NORMALS FOR TODAY
                         NORMAL    RECORD    YEAR
 MAXIMUM TEMPERATURE (F)   43        61      1980
 MINIMUM TEMPERATURE (F)   25         7      1964


SUNRISE AND SUNSET
DECEMBER  8 2016......SUNRISE   710 AM EST   SUNSET   425 PM EST
DECEMBER  9 2016......SUNRISE   711 AM EST   SUNSET   425 PM EST


-  INDICATES NEGATIVE NUMBERS.
R  INDICATES RECORD WAS SET OR TIED.
MM INDICATES DATA IS MISSING.
T  INDICATES TRACE AMOUNT.




RECORDS FOR KPOU DATE BACK TO 1949...
HOWEVER...DATA IS MISSING FROM JANUARY 1993 - JULY 2000.
$$
