000
CDUS41 KALY 300640
CLIPOU


CLIMATE REPORT
NATIONAL WEATHER SERVICE ALBANY NY
240 AM EDT TUE AUG 30 2016


...................................

...THE POUGHKEEPSIE NY CLIMATE SUMMARY FOR AUGUST 29 2016...

CLIMATE NORMAL PERIOD 1981 TO 2010
CLIMATE RECORD PERIOD 1949 TO 2016


WEATHER ITEM   OBSERVED TIME   RECORD YEAR NORMAL DEPARTURE LAST
                VALUE   (LST)  VALUE       VALUE  FROM      YEAR
                                                  NORMAL
..................................................................
TEMPERATURE (F)
 YESTERDAY
  MAXIMUM         87    319 PM  97    1953  81      6       84
  MINIMUM         59   1151 PM  38    1986  57      2       52
  AVERAGE         73                        69      4       68

PRECIPITATION (IN)
  YESTERDAY        0.00          2.33 1988   0.11  -0.11     0.00
  MONTH TO DATE    1.50                      3.97  -2.47     2.12
  SINCE JUN 1      9.46                     13.05  -3.59     8.20
  SINCE JAN 1     21.62                     30.55  -8.93    18.87

DEGREE DAYS
 HEATING
  YESTERDAY        0                         1     -1        0
  MONTH TO DATE    0                         7     -7        0
  SINCE JUN 1      8                        61    -53       46
  SINCE JUL 1      0                        12    -12        0

 COOLING
  YESTERDAY        8                         5      3        3
  MONTH TO DATE  295                       193    102      251
  SINCE JUN 1    830                       560    270      669
  SINCE JAN 1    911                       596    315      782
..................................................................


WIND (MPH)
  HIGHEST WIND SPEED    16   HIGHEST WIND DIRECTION     N (10)
  HIGHEST GUST SPEED    20   HIGHEST GUST DIRECTION     N (20)
  AVERAGE WIND SPEED     4.4


SKY COVER
  AVERAGE SKY COVER 0.3



RELATIVE HUMIDITY (PERCENT)
 HIGHEST    84           100 AM
 LOWEST     32           300 PM
 AVERAGE    58

..........................................................


THE POUGHKEEPSIE NY CLIMATE NORMALS FOR TODAY
                         NORMAL    RECORD    YEAR
 MAXIMUM TEMPERATURE (F)   80        98      1953
 MINIMUM TEMPERATURE (F)   57        38      1986


SUNRISE AND SUNSET
AUGUST 30 2016........SUNRISE   620 AM EDT   SUNSET   731 PM EDT
AUGUST 31 2016........SUNRISE   621 AM EDT   SUNSET   730 PM EDT


-  INDICATES NEGATIVE NUMBERS.
R  INDICATES RECORD WAS SET OR TIED.
MM INDICATES DATA IS MISSING.
T  INDICATES TRACE AMOUNT.




RECORDS FOR KPOU DATE BACK TO 1949...
HOWEVER...DATA IS MISSING FROM JANUARY 1993 - JULY 2000.
$$
