000
CDUS46 KLOX 200912
CLIPRB


CLIMATE REPORT
NATIONAL WEATHER SERVICE LOS ANGELES/OXNARD CA
211 AM PDT MON OCT 20 2014


...................................

...THE PASO ROBLES AIRPORT CA CLIMATE SUMMARY FOR OCTOBER 19 2014...

CLIMATE NORMAL PERIOD 1981 TO 2010
CLIMATE RECORD PERIOD 1948 TO 2014


WEATHER ITEM   OBSERVED TIME   RECORD YEAR NORMAL DEPARTURE LAST
                VALUE   (LST)  VALUE       VALUE  FROM      YEAR
                                                  NORMAL
..................................................................
TEMPERATURE (F)
 YESTERDAY
  MAXIMUM         83    224 PM  99    1984  78      5       91
  MINIMUM         47    621 AM  27    1949  44      3       39
  AVERAGE         65                        61      4       65

PRECIPITATION (IN)
  YESTERDAY        0.00          1.86 2004   0.02  -0.02     0.00
  MONTH TO DATE    0.00                      0.29  -0.29     0.02
  SINCE JUL 1      T                         0.62  -0.62     0.02
  SINCE JAN 1      4.46                      9.41  -4.95     1.48

SNOWFALL (IN)
  YESTERDAY        0.0
  MONTH TO DATE    0.0
  SINCE SEP 1      0.0
  SINCE JUL 1      0.0

DEGREE DAYS
 HEATING
  YESTERDAY        0                         5     -5        0
  MONTH TO DATE   10                        62    -52       77
  SINCE SEP 1     11                        86    -75       88
  SINCE JUL 1     11                        94    -83       88

 COOLING
  YESTERDAY        0                         1     -1        0
  MONTH TO DATE  103                        33     70        5
  SINCE SEP 1    348                       191    157      199
  SINCE JAN 1   1355                       924    431     1173
..................................................................


WIND (MPH)
  HIGHEST WIND SPEED    16   HIGHEST WIND DIRECTION     S (190)
  HIGHEST GUST SPEED    20   HIGHEST GUST DIRECTION     S (200)
  AVERAGE WIND SPEED     4.3


SKY COVER
  POSSIBLE SUNSHINE  MM
  AVERAGE SKY COVER 0.0


WEATHER CONDITIONS
 THE FOLLOWING WEATHER WAS RECORDED YESTERDAY.
  NO SIGNIFICANT WEATHER WAS OBSERVED.


RELATIVE HUMIDITY (PERCENT)
 HIGHEST    86          1100 PM
 LOWEST     26           200 PM
 AVERAGE    56

..........................................................


THE PASO ROBLES AIRPORT CA CLIMATE NORMALS FOR TODAY
                         NORMAL    RECORD    YEAR
 MAXIMUM TEMPERATURE (F)   78        95      2003
                                             1964
 MINIMUM TEMPERATURE (F)   44        26      1949


SUNRISE AND SUNSET
OCTOBER 20 2014.......SUNRISE   713 AM PDT   SUNSET   621 PM PDT
OCTOBER 21 2014.......SUNRISE   714 AM PDT   SUNSET   619 PM PDT


-  INDICATES NEGATIVE NUMBERS.
R  INDICATES RECORD WAS SET OR TIED.
MM INDICATES DATA IS MISSING.
T  INDICATES TRACE AMOUNT.




$$
