000
CDUS46 KLOX 190908
CLIPRB


CLIMATE REPORT
NATIONAL WEATHER SERVICE LOS ANGELES/OXNARD CA
108 AM PST FRI DEC 19 2014


...................................

...THE PASO ROBLES AIRPORT CA CLIMATE SUMMARY FOR DECEMBER 18 2014...

CLIMATE NORMAL PERIOD 1981 TO 2010
CLIMATE RECORD PERIOD 1948 TO 2014


WEATHER ITEM   OBSERVED TIME   RECORD YEAR NORMAL DEPARTURE LAST
                VALUE   (LST)  VALUE       VALUE  FROM      YEAR
                                                  NORMAL
..................................................................
TEMPERATURE (F)
 YESTERDAY
  MAXIMUM         58    340 PM  73    2000  59     -1       69
  MINIMUM         45   1124 PM  22    1965  33     12       44
  AVERAGE         52                        46      6       57

PRECIPITATION (IN)
  YESTERDAY        0.02          1.35 1970   0.07  -0.05      T
  MONTH TO DATE    4.44                      1.01   3.43     0.17
  SINCE JUL 1      5.66                      2.99   2.67     0.46
  SINCE JAN 1     10.12                     11.78  -1.66     1.92

SNOWFALL (IN)
  YESTERDAY       MM
  MONTH TO DATE    0.0
  SINCE DEC 1      0.0
  SINCE JUL 1      0.0

DEGREE DAYS
 HEATING
  YESTERDAY       13                        19     -6        8
  MONTH TO DATE  178                       329   -151      365
  SINCE DEC 1    178                       329   -151      365
  SINCE JUL 1    457                       878   -421      817

 COOLING
  YESTERDAY        0                         0      0        0
  MONTH TO DATE    0                         0      0        0
  SINCE DEC 1      0                         0      0        0
  SINCE JAN 1   1357                       927    430     1173
..................................................................


WIND (MPH)
  HIGHEST WIND SPEED     7   HIGHEST WIND DIRECTION     E (110)
  HIGHEST GUST SPEED     9   HIGHEST GUST DIRECTION    NE (30)
  AVERAGE WIND SPEED     1.9


SKY COVER
  POSSIBLE SUNSHINE  MM
  AVERAGE SKY COVER 0.4


WEATHER CONDITIONS
 THE FOLLOWING WEATHER WAS RECORDED YESTERDAY.
  LIGHT RAIN


RELATIVE HUMIDITY (PERCENT)
 HIGHEST    93           300 AM
 LOWEST     72           200 PM
 AVERAGE    83

..........................................................


THE PASO ROBLES AIRPORT CA CLIMATE NORMALS FOR TODAY
                         NORMAL    RECORD    YEAR
 MAXIMUM TEMPERATURE (F)   59        73      2000
 MINIMUM TEMPERATURE (F)   33        21      1971


SUNRISE AND SUNSET
DECEMBER 19 2014......SUNRISE   707 AM PST   SUNSET   452 PM PST
DECEMBER 20 2014......SUNRISE   708 AM PST   SUNSET   453 PM PST


-  INDICATES NEGATIVE NUMBERS.
R  INDICATES RECORD WAS SET OR TIED.
MM INDICATES DATA IS MISSING.
T  INDICATES TRACE AMOUNT.




$$
