000
CDUS46 KLOX 290114
CLIPRB


CLIMATE REPORT
NATIONAL WEATHER SERVICE LOS ANGELES/OXNARD CA
613 PM PDT SAT MAR 28 2015


...................................

...THE PASO ROBLES AIRPORT CA CLIMATE SUMMARY FOR MARCH 28 2015...
VALID TODAY AS OF 0600 PM LOCAL TIME.

CLIMATE NORMAL PERIOD 1981 TO 2010
CLIMATE RECORD PERIOD 1948 TO 2015


WEATHER ITEM   OBSERVED TIME   RECORD YEAR NORMAL DEPARTURE LAST
                VALUE   (LST)  VALUE       VALUE  FROM      YEAR
                                                  NORMAL
..................................................................
TEMPERATURE (F)
 TODAY
  MAXIMUM         87R   417 PM  85    1969  68     19       74
  MINIMUM         48    756 AM  25    1975  40      8       41
  AVERAGE         68                        54     14       58

PRECIPITATION (IN)
  TODAY            0.00          1.06 2006   0.05  -0.05     0.00
  MONTH TO DATE    0.02                      2.33  -2.31     0.82
  SINCE OCT 1      8.05                     11.33  -3.28     3.94
  SINCE JAN 1      2.33                      7.67  -5.34     3.48

SNOWFALL (IN)
  TODAY            0.0
  MONTH TO DATE    0.0
  SINCE MAR 1      0.0
  SINCE JUL 1      0.0

DEGREE DAYS
 HEATING
  TODAY            0                        11    -11        7
  MONTH TO DATE  157                       334   -177      201
  SINCE MAR 1    157                       334   -177      201
  SINCE JUL 1   1517                      2427   -910     1906

 COOLING
  TODAY            3                         0      3        0
  MONTH TO DATE   19                         0     19        0
  SINCE MAR 1     19                         0     19        0
  SINCE JAN 1     19                         0     19        0
..................................................................


WIND (MPH)
  HIGHEST WIND SPEED    10   HIGHEST WIND DIRECTION    NW (330)
  HIGHEST GUST SPEED    16   HIGHEST GUST DIRECTION    NW (310)
  AVERAGE WIND SPEED     3.0


SKY COVER
  POSSIBLE SUNSHINE  MM
  AVERAGE SKY COVER 0.4


WEATHER CONDITIONS
 THE FOLLOWING WEATHER WAS RECORDED TODAY.
  FOG
  FOG W/VISIBILITY <= 1/4 MILE


RELATIVE HUMIDITY (PERCENT)
 HIGHEST    93           300 AM
 LOWEST     21           300 PM
 AVERAGE    57

..........................................................


THE PASO ROBLES AIRPORT CA CLIMATE NORMALS FOR TOMORROW
                         NORMAL    RECORD    YEAR
 MAXIMUM TEMPERATURE (F)   68        88      1968
 MINIMUM TEMPERATURE (F)   40        26      1975


SUNRISE AND SUNSET
MARCH 28 2015.........SUNRISE   655 AM PDT   SUNSET   721 PM PDT
MARCH 29 2015.........SUNRISE   653 AM PDT   SUNSET   722 PM PDT


-  INDICATES NEGATIVE NUMBERS.
R  INDICATES RECORD WAS SET OR TIED.
MM INDICATES DATA IS MISSING.
T  INDICATES TRACE AMOUNT.




$$
