000
CDUS46 KLOX 221129
CLIPRB


CLIMATE REPORT
NATIONAL WEATHER SERVICE LOS ANGELES/OXNARD CA
329 AM PST SUN JAN 22 2017


...................................

...THE PASO ROBLES AIRPORT CA CLIMATE SUMMARY FOR JANUARY 21 2017...

CLIMATE NORMAL PERIOD 1981 TO 2010
CLIMATE RECORD PERIOD 1948 TO 2017


WEATHER ITEM   OBSERVED TIME   RECORD YEAR NORMAL DEPARTURE LAST
                VALUE   (LST)  VALUE       VALUE  FROM      YEAR
                                                  NORMAL
..................................................................
TEMPERATURE (F)
 YESTERDAY
  MAXIMUM         55    228 PM  75    2014  60     -5       63
                                      1994
  MINIMUM         39    743 AM  20    1987  35      4       43
  AVERAGE         47                        48     -1       53

PRECIPITATION (IN)
  YESTERDAY        0.04          0.86 1997   0.09  -0.05     0.00
  MONTH TO DATE    5.46                      1.87   3.59     2.65
  SINCE OCT 1      9.14                      5.53   3.61     4.71
  SINCE JAN 1      5.46                      1.87   3.59     2.65

SNOWFALL (IN)
  YESTERDAY       MM
  MONTH TO DATE    0.0
  SINCE DEC 1      0.0
  SINCE JUL 1      0.0

DEGREE DAYS
 HEATING
  YESTERDAY       18                        17      1       12
  MONTH TO DATE  340                       382    -42      295
  SINCE DEC 1    869                       957    -88      899
  SINCE JUL 1   1253                      1506   -253     1335

 COOLING
  YESTERDAY        0                         0      0        0
  MONTH TO DATE    0                         0      0        0
  SINCE DEC 1      0                         0      0        0
  SINCE JAN 1      0                         0      0        0
..................................................................


WIND (MPH)
  HIGHEST WIND SPEED    16   HIGHEST WIND DIRECTION    SE (150)
  HIGHEST GUST SPEED    20   HIGHEST GUST DIRECTION     S (160)
  AVERAGE WIND SPEED     5.3


SKY COVER
  POSSIBLE SUNSHINE  MM
  AVERAGE SKY COVER 0.5


WEATHER CONDITIONS
 THE FOLLOWING WEATHER WAS RECORDED YESTERDAY.
  LIGHT RAIN
  FOG


RELATIVE HUMIDITY (PERCENT)
 HIGHEST   100           400 AM
 LOWEST     66           100 PM
 AVERAGE    83

..........................................................


THE PASO ROBLES AIRPORT CA CLIMATE NORMALS FOR TODAY
                         NORMAL    RECORD    YEAR
 MAXIMUM TEMPERATURE (F)   60        75      1968
 MINIMUM TEMPERATURE (F)   35        21      2007


SUNRISE AND SUNSET
JANUARY 22 2017.......SUNRISE   709 AM PST   SUNSET   520 PM PST
JANUARY 23 2017.......SUNRISE   708 AM PST   SUNSET   521 PM PST


-  INDICATES NEGATIVE NUMBERS.
R  INDICATES RECORD WAS SET OR TIED.
MM INDICATES DATA IS MISSING.
T  INDICATES TRACE AMOUNT.




$$
