000
CDUS45 KFGZ 300814
CLIPRC
CLIMATE REPORT
NATIONAL WEATHER SERVICE FLAGSTAFF, AZ
112 AM MST FRI SEP 30 2016


...................................

...THE PRESCOTT AZ AIRPORT CLIMATE SUMMARY FOR SEPTEMBER 29 2016...

CLIMATE NORMAL PERIOD 1981 TO 2010
CLIMATE RECORD PERIOD 1948 TO 2016


WEATHER ITEM   OBSERVED TIME   RECORD YEAR NORMAL DEPARTURE LAST
                VALUE   (LST)  VALUE       VALUE  FROM      YEAR
                                                  NORMAL
..................................................................
TEMPERATURE (F)
 YESTERDAY
  MAXIMUM         72    352 PM  93    2010  78     -6       90
  MINIMUM         55   1151 PM  38    1999  48      7       58
  AVERAGE         64                        63      1

PRECIPITATION (IN)
  YESTERDAY        T             1.49 1971   0.04  -0.04     0.00
  MONTH TO DATE    2.15                      1.47   0.68     0.34
  SINCE SEP 1      2.15                      1.47   0.68     0.34
  SINCE JAN 1     12.91                     11.13   1.78    12.68

DEGREE DAYS
 HEATING
  YESTERDAY        1                               -2
  MONTH TO DATE   33                                2
  SINCE JUL 1     33                                1

 COOLING
  YESTERDAY        0                               -1
  MONTH TO DATE   81                              -32
  SINCE JAN 1   1090                              156
..................................................................


WIND (MPH)
  HIGHEST WIND SPEED    17   HIGHEST WIND DIRECTION    SE (140)
  HIGHEST GUST SPEED    22   HIGHEST GUST DIRECTION    SE (120)
  AVERAGE WIND SPEED     5.1


SKY COVER
  AVERAGE SKY COVER 0.6


WEATHER CONDITIONS
 THE FOLLOWING WEATHER WAS RECORDED YESTERDAY.
  NO SIGNIFICANT WEATHER WAS OBSERVED.


RELATIVE HUMIDITY (PERCENT)
 HIGHEST   100
 LOWEST     53

..........................................................


THE PRESCOTT AZ AIRPORT CLIMATE NORMALS FOR TODAY
                         NORMAL    RECORD    YEAR
 MAXIMUM TEMPERATURE (F)   77        92      2010
 MINIMUM TEMPERATURE (F)   48        34      1965


SUNRISE AND SUNSET
SEPTEMBER 30 2016.....SUNRISE   624 AM MST   SUNSET   614 PM MST
OCTOBER  1 2016.......SUNRISE   625 AM MST   SUNSET   613 PM MST


-  INDICATES NEGATIVE NUMBERS.
R  INDICATES RECORD WAS SET OR TIED.
MM INDICATES DATA IS MISSING.
T  INDICATES TRACE AMOUNT.




$$
