000
CDUS45 KFGZ 260847
CLIPRC
CLIMATE REPORT
NATIONAL WEATHER SERVICE FLAGSTAFF, AZ
137 AM MST THU MAY 26 2016


...................................

...THE PRESCOTT AZ AIRPORT CLIMATE SUMMARY FOR MAY 25 2016...

CLIMATE NORMAL PERIOD 1981 TO 2010
CLIMATE RECORD PERIOD 1948 TO 2016


WEATHER ITEM   OBSERVED TIME   RECORD YEAR NORMAL DEPARTURE LAST
                VALUE   (LST)  VALUE       VALUE  FROM      YEAR
                                                  NORMAL
..................................................................
TEMPERATURE (F)
 YESTERDAY
  MAXIMUM         71    210 PM  94    1951  80     -9       73
  MINIMUM         41    543 AM  33    1980  49     -8       50
  AVERAGE         56                        64     -8

PRECIPITATION (IN)
  YESTERDAY        0.00          0.24 1994   0.01  -0.01     0.00
  MONTH TO DATE    0.48                      0.37   0.11     1.03
  SINCE SEP 1      7.27                      8.76  -1.49     9.80
  SINCE JAN 1      3.78                      4.45  -0.67     5.12

DEGREE DAYS
 HEATING
  YESTERDAY        9                                6
  MONTH TO DATE  150                               19
  SINCE JUL 1   3793                             -457

 COOLING
  YESTERDAY        0                               -2
  MONTH TO DATE   10                              -15
  SINCE JAN 1     10                              -17
..................................................................


WIND (MPH)
  HIGHEST WIND SPEED    23   HIGHEST WIND DIRECTION    SW (220)
  HIGHEST GUST SPEED    29   HIGHEST GUST DIRECTION    SW (210)
  AVERAGE WIND SPEED     9.9


SKY COVER
  AVERAGE SKY COVER 0.1


WEATHER CONDITIONS
 THE FOLLOWING WEATHER WAS RECORDED YESTERDAY.
  NO SIGNIFICANT WEATHER WAS OBSERVED.


RELATIVE HUMIDITY (PERCENT)
 HIGHEST    43
 LOWEST     14

..........................................................


THE PRESCOTT AZ AIRPORT CLIMATE NORMALS FOR TODAY
                         NORMAL    RECORD    YEAR
 MAXIMUM TEMPERATURE (F)   80        97      1951
 MINIMUM TEMPERATURE (F)   49        33      1996


SUNRISE AND SUNSET
MAY 26 2016...........SUNRISE   520 AM MST   SUNSET   734 PM MST
MAY 27 2016...........SUNRISE   520 AM MST   SUNSET   735 PM MST


-  INDICATES NEGATIVE NUMBERS.
R  INDICATES RECORD WAS SET OR TIED.
MM INDICATES DATA IS MISSING.
T  INDICATES TRACE AMOUNT.




$$
