000
CDUS45 KFGZ 010818
CLIPRC
CLIMATE REPORT
NATIONAL WEATHER SERVICE FLAGSTAFF, AZ
117 AM MST WED JUL 1 2015


...................................

...THE PRESCOTT AZ AIRPORT CLIMATE SUMMARY FOR JUNE 30 2015...

CLIMATE NORMAL PERIOD 1981 TO 2010
CLIMATE RECORD PERIOD 1948 TO 2015


WEATHER ITEM   OBSERVED TIME   RECORD YEAR NORMAL DEPARTURE LAST
                VALUE   (LST)  VALUE       VALUE  FROM      YEAR
                                                  NORMAL
..................................................................
TEMPERATURE (F)
 YESTERDAY
  MAXIMUM         92    301 PM 102    2013  90      2       95
                                      1950
  MINIMUM         64    545 AM  47    1997  59      5       66
  AVERAGE         78                        74      4

PRECIPITATION (IN)
  YESTERDAY        0.00          0.47 1994   0.02  -0.02     0.00
  MONTH TO DATE    2.17                      0.39   1.78     0.00
  SINCE SEP 1     11.97                      9.24   2.73     5.69
  SINCE JAN 1      7.29                      4.93   2.36     0.97

DEGREE DAYS
 HEATING
  YESTERDAY        0                                0
  MONTH TO DATE    0                              -16
  SINCE JUL 1   3478                             -803

 COOLING
  YESTERDAY       13                                4
  MONTH TO DATE  294                              108
  SINCE JAN 1    314                               86
..................................................................


WIND (MPH)
  HIGHEST WIND SPEED    15   HIGHEST WIND DIRECTION    SW (240)
  HIGHEST GUST SPEED    21   HIGHEST GUST DIRECTION    SW (240)
  AVERAGE WIND SPEED     6.4


SKY COVER
  AVERAGE SKY COVER 0.2


WEATHER CONDITIONS
 THE FOLLOWING WEATHER WAS RECORDED YESTERDAY.
  THUNDERSTORM


RELATIVE HUMIDITY (PERCENT)
 HIGHEST    87
 LOWEST     28

..........................................................


THE PRESCOTT AZ AIRPORT CLIMATE NORMALS FOR TODAY
                         NORMAL    RECORD    YEAR
 MAXIMUM TEMPERATURE (F)   90       100      1996
 MINIMUM TEMPERATURE (F)   60        48      2004


SUNRISE AND SUNSET
JULY  1 2015..........SUNRISE   520 AM MST   SUNSET   747 PM MST
JULY  2 2015..........SUNRISE   521 AM MST   SUNSET   747 PM MST


-  INDICATES NEGATIVE NUMBERS.
R  INDICATES RECORD WAS SET OR TIED.
MM INDICATES DATA IS MISSING.
T  INDICATES TRACE AMOUNT.




$$
