000
CDUS45 KFGZ 230739
CLIPRC
CLIMATE REPORT
NATIONAL WEATHER SERVICE FLAGSTAFF, AZ
1238 AM MST TUE AUG 23 2016


...................................

...THE PRESCOTT AZ AIRPORT CLIMATE SUMMARY FOR AUGUST 22 2016...

CLIMATE NORMAL PERIOD 1981 TO 2010
CLIMATE RECORD PERIOD 1948 TO 2016


WEATHER ITEM   OBSERVED TIME   RECORD YEAR NORMAL DEPARTURE LAST
                VALUE   (LST)  VALUE       VALUE  FROM      YEAR
                                                  NORMAL
..................................................................
TEMPERATURE (F)
 YESTERDAY
  MAXIMUM         76   1010 AM  96    2011  86    -10       89
  MINIMUM         57    622 AM  44    1968  60     -3       62
  AVERAGE         67                        73     -6

PRECIPITATION (IN)
  YESTERDAY        0.67          3.38 1992   0.08   0.59     0.00
  MONTH TO DATE    4.25                      1.94   2.31     1.09
  SINCE SEP 1     12.64                     13.29  -0.65    16.50
  SINCE JAN 1      9.15                      8.98   0.17    11.82

DEGREE DAYS
 HEATING
  YESTERDAY        0                                0
  MONTH TO DATE    0                                0
  SINCE JUL 1      0                                0

 COOLING
  YESTERDAY        2                               -6
  MONTH TO DATE  198                               -1
  SINCE JAN 1    978                              224
..................................................................


WIND (MPH)
  HIGHEST WIND SPEED    25   HIGHEST WIND DIRECTION     S (190)
  HIGHEST GUST SPEED    34   HIGHEST GUST DIRECTION     S (190)
  AVERAGE WIND SPEED     4.8


SKY COVER
  AVERAGE SKY COVER 0.3


WEATHER CONDITIONS
 THE FOLLOWING WEATHER WAS RECORDED YESTERDAY.
  THUNDERSTORM
  HEAVY RAIN
  LIGHT RAIN
  FOG


RELATIVE HUMIDITY (PERCENT)
 HIGHEST    90
 LOWEST     46

..........................................................


THE PRESCOTT AZ AIRPORT CLIMATE NORMALS FOR TODAY
                         NORMAL    RECORD    YEAR
 MAXIMUM TEMPERATURE (F)   86        98      2011
 MINIMUM TEMPERATURE (F)   60        37      1968


SUNRISE AND SUNSET
AUGUST 23 2016........SUNRISE   557 AM MST   SUNSET   707 PM MST
AUGUST 24 2016........SUNRISE   557 AM MST   SUNSET   706 PM MST


-  INDICATES NEGATIVE NUMBERS.
R  INDICATES RECORD WAS SET OR TIED.
MM INDICATES DATA IS MISSING.
T  INDICATES TRACE AMOUNT.




$$
