028
CDUS45 KFGZ 290821
CLIPRC
CLIMATE REPORT
NATIONAL WEATHER SERVICE FLAGSTAFF, AZ
101 AM MST FRI JUL 29 2016


...................................

...THE PRESCOTT AZ AIRPORT CLIMATE SUMMARY FOR JULY 28 2016...

CLIMATE NORMAL PERIOD 1981 TO 2010
CLIMATE RECORD PERIOD 1948 TO 2016


WEATHER ITEM   OBSERVED TIME   RECORD YEAR NORMAL DEPARTURE LAST
                VALUE   (LST)  VALUE       VALUE  FROM      YEAR
                                                  NORMAL
..................................................................
TEMPERATURE (F)
 YESTERDAY
  MAXIMUM        100    300 PM 104    1995  88     12       91
  MINIMUM         67    552 AM  52    1986  63      4       60
  AVERAGE         84                        75      9

PRECIPITATION (IN)
  YESTERDAY        0.00          1.54 1985   0.09  -0.09     0.00
  MONTH TO DATE    0.71                      1.83  -1.12     3.17
  SINCE SEP 1      8.35                     11.07  -2.72    15.14
  SINCE JAN 1      4.86                      6.76  -1.90    10.46

DEGREE DAYS
 HEATING
  YESTERDAY        0                                0
  MONTH TO DATE    0                                0
  SINCE JUL 1      0                                0

 COOLING
  YESTERDAY       19                                9
  MONTH TO DATE  367                               68
  SINCE JAN 1    730                              203
..................................................................


WIND (MPH)
  HIGHEST WIND SPEED    21   HIGHEST WIND DIRECTION     W (280)
  HIGHEST GUST SPEED    27   HIGHEST GUST DIRECTION     W (290)
  AVERAGE WIND SPEED     6.8


SKY COVER
  AVERAGE SKY COVER 0.1


WEATHER CONDITIONS
 THE FOLLOWING WEATHER WAS RECORDED YESTERDAY.
  THUNDERSTORM


RELATIVE HUMIDITY (PERCENT)
 HIGHEST    55
 LOWEST     13

..........................................................


THE PRESCOTT AZ AIRPORT CLIMATE NORMALS FOR TODAY
                         NORMAL    RECORD    YEAR
 MAXIMUM TEMPERATURE (F)   88       100      1995
 MINIMUM TEMPERATURE (F)   62        55      1990


SUNRISE AND SUNSET
JULY 29 2016..........SUNRISE   538 AM MST   SUNSET   734 PM MST
JULY 30 2016..........SUNRISE   539 AM MST   SUNSET   733 PM MST


-  INDICATES NEGATIVE NUMBERS.
R  INDICATES RECORD WAS SET OR TIED.
MM INDICATES DATA IS MISSING.
T  INDICATES TRACE AMOUNT.




$$
