000
CDUS45 KFGZ 280749
CLIPRC
CLIMATE REPORT
NATIONAL WEATHER SERVICE FLAGSTAFF, AZ
1249 AM MST TUE MAR 28 2017


...................................

...THE PRESCOTT AZ AIRPORT CLIMATE SUMMARY FOR MARCH 27 2017...

CLIMATE NORMAL PERIOD 1981 TO 2010
CLIMATE RECORD PERIOD 1948 TO 2017


WEATHER ITEM   OBSERVED TIME   RECORD YEAR NORMAL DEPARTURE LAST
                VALUE   (LST)  VALUE       VALUE  FROM      YEAR
                                                  NORMAL
..................................................................
TEMPERATURE (F)
 YESTERDAY
  MAXIMUM         62    323 PM  80    2015  62      0       72
  MINIMUM         40   1159 PM  20    1995  34      6       28
  AVERAGE         51                        48      3

PRECIPITATION (IN)
  YESTERDAY        0.01          0.22 1973   0.03  -0.02     0.00
  MONTH TO DATE    0.55                      0.97  -0.42     0.16
  SINCE SEP 1     10.76                      7.79   2.97     5.13
  SINCE JAN 1      4.01                      3.48   0.53     1.64

DEGREE DAYS
 HEATING
  YESTERDAY       14                               -3
  MONTH TO DATE  328                             -183
  SINCE JUL 1   3037                             -646

 COOLING
  YESTERDAY        0                                0
  MONTH TO DATE    0                                0
  SINCE JAN 1      0                                0
..................................................................


WIND (MPH)
  HIGHEST WIND SPEED    37   HIGHEST WIND DIRECTION    NW (310)
  HIGHEST GUST SPEED    47   HIGHEST GUST DIRECTION    NW (310)
  AVERAGE WIND SPEED    11.4


SKY COVER
  AVERAGE SKY COVER 0.6


WEATHER CONDITIONS
 THE FOLLOWING WEATHER WAS RECORDED YESTERDAY.
  LIGHT RAIN
  FOG


RELATIVE HUMIDITY (PERCENT)
 HIGHEST    92
 LOWEST     33

..........................................................


THE PRESCOTT AZ AIRPORT CLIMATE NORMALS FOR TODAY
                         NORMAL    RECORD    YEAR
 MAXIMUM TEMPERATURE (F)   63        78      2015
 MINIMUM TEMPERATURE (F)   34        13      1975


SUNRISE AND SUNSET
MARCH 28 2017.........SUNRISE   622 AM MST   SUNSET   648 PM MST
MARCH 29 2017.........SUNRISE   620 AM MST   SUNSET   649 PM MST


-  INDICATES NEGATIVE NUMBERS.
R  INDICATES RECORD WAS SET OR TIED.
MM INDICATES DATA IS MISSING.
T  INDICATES TRACE AMOUNT.




$$
