000
CDUS45 KFGZ 300813
CLIPRC
CLIMATE REPORT
NATIONAL WEATHER SERVICE FLAGSTAFF, AZ
112 AM MST FRI JAN 30 2015


...................................

...THE PRESCOTT AZ AIRPORT CLIMATE SUMMARY FOR JANUARY 29 2015...

CLIMATE NORMAL PERIOD 1981 TO 2010
CLIMATE RECORD PERIOD 1948 TO 2015


WEATHER ITEM   OBSERVED TIME   RECORD YEAR NORMAL DEPARTURE LAST
                VALUE   (LST)  VALUE       VALUE  FROM      YEAR
                                                  NORMAL
..................................................................
TEMPERATURE (F)
 YESTERDAY
  MAXIMUM         61    204 PM  70    1986  53      8       67
  MINIMUM         39    554 AM   0    1949  26     13       27
  AVERAGE         50                        40     10

PRECIPITATION (IN)
  YESTERDAY        0.15          1.24 1980   0.03   0.12     0.00
  MONTH TO DATE    1.03                      1.04  -0.01     0.00
  SINCE SEP 1      5.71                      5.35   0.36     4.72
  SINCE JAN 1      1.03                      1.04  -0.01     0.00

DEGREE DAYS
 HEATING
  YESTERDAY       15                              -10
  MONTH TO DATE  669                              -94
  SINCE JUL 1   2054                             -412

 COOLING
  YESTERDAY        0                                0
  MONTH TO DATE    0                                0
  SINCE JAN 1      0                                0
..................................................................


WIND (MPH)
  HIGHEST WIND SPEED    20   HIGHEST WIND DIRECTION     S (170)
  HIGHEST GUST SPEED    26   HIGHEST GUST DIRECTION     S (160)
  AVERAGE WIND SPEED     4.0


SKY COVER
  AVERAGE SKY COVER 0.6


WEATHER CONDITIONS
 THE FOLLOWING WEATHER WAS RECORDED YESTERDAY.
  LIGHT RAIN
  FOG


RELATIVE HUMIDITY (PERCENT)
 HIGHEST    86
 LOWEST     29

..........................................................


THE PRESCOTT AZ AIRPORT CLIMATE NORMALS FOR TODAY
                         NORMAL    RECORD    YEAR
 MAXIMUM TEMPERATURE (F)   53        70      1971
 MINIMUM TEMPERATURE (F)   27        -5      1949


SUNRISE AND SUNSET
JANUARY 30 2015.......SUNRISE   729 AM MST   SUNSET   557 PM MST
JANUARY 31 2015.......SUNRISE   729 AM MST   SUNSET   558 PM MST


-  INDICATES NEGATIVE NUMBERS.
R  INDICATES RECORD WAS SET OR TIED.
MM INDICATES DATA IS MISSING.
T  INDICATES TRACE AMOUNT.




$$
