000
CDUS45 KFGZ 290743
CLIPRC
CLIMATE REPORT
NATIONAL WEATHER SERVICE FLAGSTAFF, AZ
1242 AM MST SUN MAR 29 2015


...................................

...THE PRESCOTT AZ AIRPORT CLIMATE SUMMARY FOR MARCH 28 2015...

CLIMATE NORMAL PERIOD 1981 TO 2010
CLIMATE RECORD PERIOD 1948 TO 2015


WEATHER ITEM   OBSERVED TIME   RECORD YEAR NORMAL DEPARTURE LAST
                VALUE   (LST)  VALUE       VALUE  FROM      YEAR
                                                  NORMAL
..................................................................
TEMPERATURE (F)
 YESTERDAY
  MAXIMUM         78R   350 PM  77    1986  63     15       64
  MINIMUM         38    631 AM  13    1975  34      4       30
  AVERAGE         58                        48     10

PRECIPITATION (IN)
  YESTERDAY        0.00          0.68 1961   0.02  -0.02     0.00
  MONTH TO DATE    1.54                      0.99   0.55     0.51
  SINCE SEP 1      8.42                      7.81   0.61     5.40
  SINCE JAN 1      3.74                      3.50   0.24     0.68

DEGREE DAYS
 HEATING
  YESTERDAY        7                              -10
  MONTH TO DATE  384                             -144
  SINCE JUL 1   2920                             -780

 COOLING
  YESTERDAY        0                                0
  MONTH TO DATE    0                                0
  SINCE JAN 1      0                                0
..................................................................


WIND (MPH)
  HIGHEST WIND SPEED    16   HIGHEST WIND DIRECTION    SW (230)
  HIGHEST GUST SPEED    21   HIGHEST GUST DIRECTION     W (250)
  AVERAGE WIND SPEED     6.9


SKY COVER
  AVERAGE SKY COVER 0.0


WEATHER CONDITIONS
 THE FOLLOWING WEATHER WAS RECORDED YESTERDAY.
  NO SIGNIFICANT WEATHER WAS OBSERVED.


RELATIVE HUMIDITY (PERCENT)
 HIGHEST    48
 LOWEST      9

..........................................................


THE PRESCOTT AZ AIRPORT CLIMATE NORMALS FOR TODAY
                         NORMAL    RECORD    YEAR
 MAXIMUM TEMPERATURE (F)   63        78      1971
 MINIMUM TEMPERATURE (F)   34        16      1975


SUNRISE AND SUNSET
MARCH 29 2015.........SUNRISE   621 AM MST   SUNSET   648 PM MST
MARCH 30 2015.........SUNRISE   620 AM MST   SUNSET   649 PM MST


-  INDICATES NEGATIVE NUMBERS.
R  INDICATES RECORD WAS SET OR TIED.
MM INDICATES DATA IS MISSING.
T  INDICATES TRACE AMOUNT.




$$
