000
CDUS46 KPDT 250135
CLIPSC

CLIMATE REPORT
NATIONAL WEATHER SERVICE PENDLETON OR
545 PM PDT THU APR 24 2014


...................................

...THE PASCO WA CLIMATE SUMMARY FOR APRIL 24 2014...
VALID TODAY AS OF 0500 PM LOCAL TIME.

CLIMATE NORMAL PERIOD 1981 TO 2010
CLIMATE RECORD PERIOD 1948 TO 2014


WEATHER ITEM   OBSERVED TIME   RECORD YEAR NORMAL DEPARTURE LAST
                VALUE   (LST)  VALUE       VALUE  FROM      YEAR
                                                  NORMAL
..................................................................
TEMPERATURE (F)
 TODAY
  MAXIMUM         68    359 PM  83    2012  70     -2       71
                                      1999
  MINIMUM         50    334 AM  26    2002  39     11       29
  AVERAGE         59                        54      5       50

PRECIPITATION (IN)
  TODAY            0.07          0.27 1974   0.02   0.05     0.00
  MONTH TO DATE    0.35                      0.54  -0.19     0.55
  SINCE OCT 1      2.67                      6.36  -3.69     4.62
  SINCE JAN 1      2.09                      3.41  -1.32     1.26

SNOWFALL (IN)
  TODAY            0.0
  SNOW DEPTH       0

DEGREE DAYS
 HEATING
  TODAY            6                        11     -5       15
  MONTH TO DATE  252                       304    -52      325
  SINCE MAR 1    811                       882    -71      890
  SINCE JUL 1   5040                      4765    275     4508

 COOLING
  TODAY            0                         0      0        0
  MONTH TO DATE    0                         0      0        0
  SINCE MAR 1      0                         0      0        0
  SINCE JAN 1      0                         0      0        0
..................................................................


WIND (MPH)
  RESULTANT WIND SPEED  14   RESULTANT WIND DIRECTION  SW (230)
  HIGHEST WIND SPEED    28   HIGHEST WIND DIRECTION    SW (240)
  HIGHEST GUST SPEED    35   HIGHEST GUST DIRECTION    SW (230)


SKY COVER
  POSSIBLE SUNSHINE  MM
  AVERAGE SKY COVER 0.6


WEATHER CONDITIONS
 THE FOLLOWING WEATHER WAS RECORDED TODAY.
  RAIN
  LIGHT RAIN


RELATIVE HUMIDITY (PERCENT)
 HIGHEST    89
 LOWEST     26
 AVERAGE    58

..........................................................


THE PASCO WA CLIMATE NORMALS FOR TOMORROW
                         NORMAL    RECORD    YEAR
 MAXIMUM TEMPERATURE (F)   70        86      2001
 MINIMUM TEMPERATURE (F)   39        31      2009


SUNRISE AND SUNSET
APRIL 24 2014.........SUNRISE   554 AM PDT   SUNSET   756 PM PDT
APRIL 25 2014.........SUNRISE   552 AM PDT   SUNSET   757 PM PDT


-  INDICATES NEGATIVE NUMBERS.
R  INDICATES RECORD WAS SET OR TIED.
MM INDICATES DATA IS MISSING.
T  INDICATES TRACE AMOUNT.




$$
