000
CDUS46 KPDT 271103
CLIPSC

CLIMATE REPORT
NATIONAL WEATHER SERVICE PENDLETON OR
300 AM PST FRI FEB 27 2015


...................................

...THE PASCO WA CLIMATE SUMMARY FOR FEBRUARY 26 2015...

CLIMATE NORMAL PERIOD 1981 TO 2010
CLIMATE RECORD PERIOD 1948 TO 2015


WEATHER ITEM   OBSERVED TIME   RECORD YEAR NORMAL DEPARTURE LAST
                VALUE   (LST)  VALUE       VALUE  FROM      YEAR
                                                  NORMAL
..................................................................
TEMPERATURE (F)
 YESTERDAY
  MAXIMUM         58    230 PM  62    2005  53      5       38
  MINIMUM         40   1159 PM   0    1989  29     11       27
  AVERAGE         49                        41      8       33

PRECIPITATION (IN)
  YESTERDAY        T             0.30 1978   0.03  -0.03     0.00
  MONTH TO DATE    0.54                      0.80  -0.26     0.58
  SINCE OCT 1      3.60                      4.97  -1.37     1.52
  SINCE JAN 1      1.23                      2.02  -0.79     0.94

SNOWFALL (IN)
  YESTERDAY       MM
  SNOW DEPTH       0

DEGREE DAYS
 HEATING
  YESTERDAY       16                        24     -8       32
  MONTH TO DATE  566                       685   -119      769
  SINCE DEC 1   2348                      2607   -259     2829
  SINCE JUL 1   3413                      3836   -423     4179

 COOLING
  YESTERDAY        0                         0      0        0
  MONTH TO DATE    0                         0      0        0
  SINCE DEC 1      0                         0      0        0
  SINCE JAN 1      0                         0      0        0
..................................................................


WIND (MPH)
  RESULTANT WIND SPEED   1   RESULTANT WIND DIRECTION   E (70)
  HIGHEST WIND SPEED     8   HIGHEST WIND DIRECTION     N (20)
  HIGHEST GUST SPEED     9   HIGHEST GUST DIRECTION    NE (60)


SKY COVER
  POSSIBLE SUNSHINE  MM
  AVERAGE SKY COVER 1.0


WEATHER CONDITIONS
THE FOLLOWING WEATHER WAS RECORDED YESTERDAY.
  LIGHT RAIN


RELATIVE HUMIDITY (PERCENT)
 HIGHEST    93
 LOWEST     47
 AVERAGE    70

..........................................................


THE PASCO WA CLIMATE NORMALS FOR TODAY
                         NORMAL    RECORD    YEAR
 MAXIMUM TEMPERATURE (F)   53        62      2010
                                             2005
 MINIMUM TEMPERATURE (F)   29         8      1993


SUNRISE AND SUNSET
FEBRUARY 27 2015......SUNRISE   639 AM PST   SUNSET   540 PM PST
FEBRUARY 28 2015......SUNRISE   638 AM PST   SUNSET   541 PM PST


-  INDICATES NEGATIVE NUMBERS.
R  INDICATES RECORD WAS SET OR TIED.
MM INDICATES DATA IS MISSING.
T  INDICATES TRACE AMOUNT.




$$
