000
CDUS46 KPDT 300831
CLIPSC

CLIMATE REPORT
NATIONAL WEATHER SERVICE PENDLETON OR
128 AM PDT SUN APR 30 2017


...................................

...THE PASCO WA CLIMATE SUMMARY FOR APRIL 29 2017...

CLIMATE NORMAL PERIOD 1981 TO 2010
CLIMATE RECORD PERIOD 1948 TO 2017


WEATHER ITEM   OBSERVED TIME   RECORD YEAR NORMAL DEPARTURE LAST
                VALUE   (LST)  VALUE       VALUE  FROM      YEAR
                                                  NORMAL
..................................................................
TEMPERATURE (F)
 YESTERDAY
  MAXIMUM         68    339 PM  89    1998  71     -3       66
  MINIMUM         31R   444 AM  31    2014  40     -9       50
  AVERAGE         50                        56     -6       58

PRECIPITATION (IN)
  YESTERDAY        0.00          0.13 1967   0.02  -0.02      T
  MONTH TO DATE    1.19                      0.63   0.56     0.28
  SINCE OCT 1      8.96                      6.45   2.51     5.79
  SINCE JAN 1      5.19                      3.50   1.69     3.03

SNOWFALL (IN)
  YESTERDAY        0.0
  SNOW DEPTH       0

DEGREE DAYS
 HEATING
  YESTERDAY       15                        10      5        7
  MONTH TO DATE  364                       354     10      187
  SINCE MAR 1    897                       932    -35      716
  SINCE JUL 1   5219                      4815    404     4234

 COOLING
  YESTERDAY        0                         0      0        0
  MONTH TO DATE    0                         0      0        4
  SINCE MAR 1      0                         0      0        4
  SINCE JAN 1      0                         0      0        4
..................................................................


WIND (MPH)
  RESULTANT WIND SPEED   6   RESULTANT WIND DIRECTION  SW (220)
  HIGHEST WIND SPEED    18   HIGHEST WIND DIRECTION    SW (220)
  HIGHEST GUST SPEED    25   HIGHEST GUST DIRECTION    SW (220)


SKY COVER
  POSSIBLE SUNSHINE  MM
  AVERAGE SKY COVER 0.2


WEATHER CONDITIONS
 THE FOLLOWING WEATHER WAS RECORDED YESTERDAY.
  NO SIGNIFICANT WEATHER WAS OBSERVED.


RELATIVE HUMIDITY (PERCENT)
 HIGHEST    92
 LOWEST     20
 AVERAGE    56

..........................................................


THE PASCO WA CLIMATE NORMALS FOR TODAY
                         NORMAL    RECORD    YEAR
 MAXIMUM TEMPERATURE (F)   72        95      1998
 MINIMUM TEMPERATURE (F)   41        29      2013


SUNRISE AND SUNSET
APRIL 30 2017.........SUNRISE   544 AM PDT   SUNSET   804 PM PDT
MAY  1 2017...........SUNRISE   542 AM PDT   SUNSET   806 PM PDT


-  INDICATES NEGATIVE NUMBERS.
R  INDICATES RECORD WAS SET OR TIED.
MM INDICATES DATA IS MISSING.
T  INDICATES TRACE AMOUNT.

$$
