000
CDUS46 KPDT 230030
CLIPSC

CLIMATE REPORT
NATIONAL WEATHER SERVICE PENDLETON OR
426 PM PST MON DEC 22 2014


...................................

...THE PASCO WA CLIMATE SUMMARY FOR DECEMBER 22 2014...
VALID TODAY AS OF 0400 PM LOCAL TIME.

CLIMATE NORMAL PERIOD 1981 TO 2010
CLIMATE RECORD PERIOD 1948 TO 2014


WEATHER ITEM   OBSERVED TIME   RECORD YEAR NORMAL DEPARTURE LAST
                VALUE   (LST)  VALUE       VALUE  FROM      YEAR
                                                  NORMAL
..................................................................
TEMPERATURE (F)
 TODAY
  MAXIMUM         56R   220 PM  50    1992  39     17       35
  MINIMUM         36    738 AM  -2    2008  25     11       27
  AVERAGE         46                        32     14       31

PRECIPITATION (IN)
  TODAY            0.00         MM      MM   0.05  -0.05      T
  MONTH TO DATE    0.69                      0.78  -0.09     0.12
  SINCE OCT 1      1.91                      2.52  -0.61     0.56
  SINCE JAN 1      5.02                      8.40  -3.38     4.87

SNOWFALL (IN)
  TODAY            0.0
  SNOW DEPTH       0

DEGREE DAYS
 HEATING
  TODAY           19                        33    -14       34
  MONTH TO DATE  597                       693    -96      843
  SINCE DEC 1    597                       693    -96      843
  SINCE JUL 1   1662                      1922   -260     2193

 COOLING
  TODAY            0                         0      0        0
  MONTH TO DATE    0                         0      0        0
  SINCE DEC 1      0                         0      0        0
  SINCE JAN 1    991                       710    281      995
..................................................................


WIND (MPH)
  RESULTANT WIND SPEED   6   RESULTANT WIND DIRECTION   W (270)
  HIGHEST WIND SPEED    24   HIGHEST WIND DIRECTION    NW (300)
  HIGHEST GUST SPEED    29   HIGHEST GUST DIRECTION     W (280)


SKY COVER
  POSSIBLE SUNSHINE  MM
  AVERAGE SKY COVER 0.1


WEATHER CONDITIONS
 THE FOLLOWING WEATHER WAS RECORDED TODAY.
  NO SIGNIFICANT WEATHER WAS OBSERVED.


RELATIVE HUMIDITY (PERCENT)
 HIGHEST   100
 LOWEST     44
 AVERAGE    72

..........................................................


THE PASCO WA CLIMATE NORMALS FOR TOMORROW
                         NORMAL    RECORD    YEAR
 MAXIMUM TEMPERATURE (F)   39        59      2013
 MINIMUM TEMPERATURE (F)   25         0      1990


SUNRISE AND SUNSET
DECEMBER 22 2014......SUNRISE   737 AM PST   SUNSET   413 PM PST
DECEMBER 23 2014......SUNRISE   737 AM PST   SUNSET   414 PM PST


-  INDICATES NEGATIVE NUMBERS.
R  INDICATES RECORD WAS SET OR TIED.
MM INDICATES DATA IS MISSING.
T  INDICATES TRACE AMOUNT.




$$
