585
CDUS46 KPDT 300842 RRA
CLIPSC

CLIMATE REPORT
NATIONAL WEATHER SERVICE PENDLETON OR
142 AM PDT FRI SEP 30 2016


...................................

...THE PASCO WA CLIMATE SUMMARY FOR SEPTEMBER 29 2016...

CLIMATE NORMAL PERIOD 1981 TO 2010
CLIMATE RECORD PERIOD 1948 TO 2016


WEATHER ITEM   OBSERVED TIME   RECORD YEAR NORMAL DEPARTURE LAST
                VALUE   (LST)  VALUE       VALUE  FROM      YEAR
                                                  NORMAL
..................................................................
TEMPERATURE (F)
 YESTERDAY
  MAXIMUM         82    341 PM  91    1996  74      8       77
  MINIMUM         47    426 AM  34    2007  42      5       37
  AVERAGE         65                        58      7       57

PRECIPITATION (IN)
  YESTERDAY        0.00          0.05 1971   0.02  -0.02     0.00
  MONTH TO DATE    0.24                      0.38  -0.14     0.12
  SINCE OCT 1      8.38                      8.81  -0.43     5.72
  SINCE JAN 1      5.62                      5.86  -0.24     3.35

SNOWFALL (IN)
  YESTERDAY        0.0
  SNOW DEPTH       0

DEGREE DAYS
 HEATING
  YESTERDAY        0                         7     -7        8
  MONTH TO DATE   79                        91    -12       96
  SINCE SEP 1     79                        91    -12       96
  SINCE JUL 1     79                       103    -24       96

 COOLING
  YESTERDAY        0                         0      0        0
  MONTH TO DATE   24                        49    -25       42
  SINCE SEP 1     24                        49    -25       42
  SINCE JAN 1    775                       706     69     1115
..................................................................


WIND (MPH)
  RESULTANT WIND SPEED   1   RESULTANT WIND DIRECTION  SE (130)
  HIGHEST WIND SPEED    16   HIGHEST WIND DIRECTION     S (200)
  HIGHEST GUST SPEED    18   HIGHEST GUST DIRECTION     S (200)


SKY COVER
  POSSIBLE SUNSHINE  MM
  AVERAGE SKY COVER 0.0


WEATHER CONDITIONS
 THE FOLLOWING WEATHER WAS RECORDED YESTERDAY.
  NO SIGNIFICANT WEATHER WAS OBSERVED.


RELATIVE HUMIDITY (PERCENT)
 HIGHEST    86
 LOWEST     26
 AVERAGE    56

..........................................................


THE PASCO WA CLIMATE NORMALS FOR TODAY
                         NORMAL    RECORD    YEAR
 MAXIMUM TEMPERATURE (F)   74        90      1991
 MINIMUM TEMPERATURE (F)   42        38      2015
                                             2002


SUNRISE AND SUNSET
SEPTEMBER 30 2016.....SUNRISE   654 AM PDT   SUNSET   637 PM PDT
OCTOBER  1 2016.......SUNRISE   656 AM PDT   SUNSET   635 PM PDT


-  INDICATES NEGATIVE NUMBERS.
R  INDICATES RECORD WAS SET OR TIED.
MM INDICATES DATA IS MISSING.
T  INDICATES TRACE AMOUNT.


$$
