000
CDUS46 KPDT 240032 RRA
CLIPSC

CLIMATE REPORT
NATIONAL WEATHER SERVICE PENDLETON OR
530 PM PDT MON MAY 23 2016


...................................

...THE PASCO WA CLIMATE SUMMARY FOR MAY 23 2016...
VALID TODAY AS OF 0500 PM LOCAL TIME.

CLIMATE NORMAL PERIOD 1981 TO 2010
CLIMATE RECORD PERIOD 1948 TO 2016


WEATHER ITEM   OBSERVED TIME   RECORD YEAR NORMAL DEPARTURE LAST
                VALUE   (LST)  VALUE       VALUE  FROM      YEAR
                                                  NORMAL
..................................................................
TEMPERATURE (F)
 TODAY
  MAXIMUM         74    312 PM 105    2001  77     -3       82
  MINIMUM         53    524 AM  36    2013  48      5       58
  AVERAGE         64                        63      1       70

PRECIPITATION (IN)
  TODAY            0.00          0.52 1962   0.03  -0.03      T
  MONTH TO DATE    1.52                      0.48   1.04     1.16
  SINCE OCT 1      7.31                      6.95   0.36     5.45
  SINCE JAN 1      4.55                      4.00   0.55     3.08

SNOWFALL (IN)
  TODAY            0.0
  SNOW DEPTH       0

DEGREE DAYS
 HEATING
  TODAY            1                         4     -3        0
  MONTH TO DATE   57                       142    -85      107
  SINCE MAR 1    778                      1083   -305      935
  SINCE JUL 1   4296                      4966   -670     4391

 COOLING
  TODAY            0                         2     -2        5
  MONTH TO DATE   27                        16     11       30
  SINCE MAR 1     31                        17     14       30
  SINCE JAN 1     31                        17     14       30
..................................................................


WIND (MPH)
  RESULTANT WIND SPEED  13   RESULTANT WIND DIRECTION  SW (220)
  HIGHEST WIND SPEED    20   HIGHEST WIND DIRECTION    SW (230)
  HIGHEST GUST SPEED    24   HIGHEST GUST DIRECTION    SW (240)


SKY COVER
  POSSIBLE SUNSHINE  MM
  AVERAGE SKY COVER 0.2


WEATHER CONDITIONS
 THE FOLLOWING WEATHER WAS RECORDED TODAY.
  NO SIGNIFICANT WEATHER WAS OBSERVED.


RELATIVE HUMIDITY (PERCENT)
 HIGHEST    71
 LOWEST     27
 AVERAGE    49

..........................................................


THE PASCO WA CLIMATE NORMALS FOR TOMORROW
                         NORMAL    RECORD    YEAR
 MAXIMUM TEMPERATURE (F)   78        98      2001
 MINIMUM TEMPERATURE (F)   49        39      2002


SUNRISE AND SUNSET
MAY 23 2016...........SUNRISE   515 AM PDT   SUNSET   833 PM PDT
MAY 24 2016...........SUNRISE   514 AM PDT   SUNSET   834 PM PDT


-  INDICATES NEGATIVE NUMBERS.
R  INDICATES RECORD WAS SET OR TIED.
MM INDICATES DATA IS MISSING.
T  INDICATES TRACE AMOUNT.

$$
