000
CDUS46 KPDT 250918
CLIPSC

CLIMATE REPORT
NATIONAL WEATHER SERVICE PENDLETON OR
218 AM PDT MON MAY 25 2015


...................................

...THE PASCO WA CLIMATE SUMMARY FOR MAY 24 2015...

CLIMATE NORMAL PERIOD 1981 TO 2010
CLIMATE RECORD PERIOD 1948 TO 2015


WEATHER ITEM   OBSERVED TIME   RECORD YEAR NORMAL DEPARTURE LAST
                VALUE   (LST)  VALUE       VALUE  FROM      YEAR
                                                  NORMAL
..................................................................
TEMPERATURE (F)
 YESTERDAY
  MAXIMUM         85    413 PM  98    2001  78      7       80
  MINIMUM         54    212 AM  39    2002  49      5       49
  AVERAGE         70                        63      7       65

PRECIPITATION (IN)
  YESTERDAY        0.00          0.50 1962   0.03  -0.03     0.00
  MONTH TO DATE    1.16                      0.51   0.65     0.29
  SINCE OCT 1      5.45                      6.98  -1.53     2.96
  SINCE JAN 1      3.08                      4.03  -0.95     2.38

SNOWFALL (IN)
  YESTERDAY        0.0
  SNOW DEPTH       0

DEGREE DAYS
 HEATING
  YESTERDAY        0                         3     -3        0
  MONTH TO DATE  107                       145    -38       80
  SINCE MAR 1    935                      1086   -151      964
  SINCE JUL 1   4391                      4969   -578     5193

 COOLING
  YESTERDAY        5                         2      3        0
  MONTH TO DATE   35                        18     17       27
  SINCE MAR 1     35                        19     16       27
  SINCE JAN 1     35                        19     16       27
..................................................................


WIND (MPH)
  RESULTANT WIND SPEED   5   RESULTANT WIND DIRECTION  SW (220)
  HIGHEST WIND SPEED    17   HIGHEST WIND DIRECTION     W (290)
  HIGHEST GUST SPEED    20   HIGHEST GUST DIRECTION    NW (300)


SKY COVER
  POSSIBLE SUNSHINE  MM
  AVERAGE SKY COVER 0.0


WEATHER CONDITIONS
 THE FOLLOWING WEATHER WAS RECORDED YESTERDAY.
  NO SIGNIFICANT WEATHER WAS OBSERVED.


RELATIVE HUMIDITY (PERCENT)
 HIGHEST    80
 LOWEST     31
 AVERAGE    56

..........................................................


THE PASCO WA CLIMATE NORMALS FOR TODAY
                         NORMAL    RECORD    YEAR
 MAXIMUM TEMPERATURE (F)   78        95      2001
 MINIMUM TEMPERATURE (F)   49        41      2005


SUNRISE AND SUNSET
MAY 25 2015...........SUNRISE   513 AM PDT   SUNSET   834 PM PDT
MAY 26 2015...........SUNRISE   513 AM PDT   SUNSET   835 PM PDT


-  INDICATES NEGATIVE NUMBERS.
R  INDICATES RECORD WAS SET OR TIED.
MM INDICATES DATA IS MISSING.
T  INDICATES TRACE AMOUNT.

$$
