000
CDUS46 KPDT 290035
CLIPSC

CLIMATE REPORT
NATIONAL WEATHER SERVICE PENDLETON OR
533 PM PDT WED JUN 28 2017


...................................

...THE PASCO WA CLIMATE SUMMARY FOR JUNE 28 2017...
VALID TODAY AS OF 0500 PM LOCAL TIME.

CLIMATE NORMAL PERIOD 1981 TO 2010
CLIMATE RECORD PERIOD 1948 TO 2017


WEATHER ITEM   OBSERVED TIME   RECORD YEAR NORMAL DEPARTURE LAST
                VALUE   (LST)  VALUE       VALUE  FROM      YEAR
                                                  NORMAL
..................................................................
TEMPERATURE (F)
 TODAY
  MAXIMUM         88    359 PM 111    2015  87      1       99
  MINIMUM         60    503 AM  38    1975  53      7       58
  AVERAGE         74                        70      4       79

PRECIPITATION (IN)
  TODAY            0.00          0.38 1928   0.01  -0.01     0.00
  MONTH TO DATE    0.50                      0.66  -0.16     0.46
  SINCE OCT 1      9.94                      7.86   2.08     7.77
  SINCE JAN 1      6.17                      4.91   1.26     5.01

SNOWFALL (IN)
  TODAY            0.0
  SNOW DEPTH       0

DEGREE DAYS
 HEATING
  TODAY            0                         1     -1        0
  MONTH TO DATE   26                        36    -10       30
  SINCE JUN 1     26                        36    -10       30
  SINCE JUL 1   5408                      5026    382     4344

 COOLING
  TODAY            9                         6      3       14
  MONTH TO DATE  132                        97     35      142
  SINCE JUN 1    132                        97     35      142
  SINCE JAN 1    181                       130     51      175
..................................................................


WIND (MPH)
  RESULTANT WIND SPEED   7   RESULTANT WIND DIRECTION  SW (220)
  HIGHEST WIND SPEED    17   HIGHEST WIND DIRECTION    SW (230)
  HIGHEST GUST SPEED    25   HIGHEST GUST DIRECTION     S (200)


SKY COVER
  POSSIBLE SUNSHINE  MM
  AVERAGE SKY COVER 0.0


WEATHER CONDITIONS
 THE FOLLOWING WEATHER WAS RECORDED TODAY.
  NO SIGNIFICANT WEATHER WAS OBSERVED.


RELATIVE HUMIDITY (PERCENT)
 HIGHEST    64
 LOWEST     21
 AVERAGE    43

..........................................................


THE PASCO WA CLIMATE NORMALS FOR TOMORROW
                         NORMAL    RECORD    YEAR
 MAXIMUM TEMPERATURE (F)   87       107      1904
 MINIMUM TEMPERATURE (F)   53        43      1899
                                             1898


SUNRISE AND SUNSET
JUNE 28 2017..........SUNRISE   507 AM PDT   SUNSET   852 PM PDT
JUNE 29 2017..........SUNRISE   508 AM PDT   SUNSET   852 PM PDT


-  INDICATES NEGATIVE NUMBERS.
R  INDICATES RECORD WAS SET OR TIED.
MM INDICATES DATA IS MISSING.
T  INDICATES TRACE AMOUNT.




$$
