000
CDUS41 KALY 290622
CLIPSF


CLIMATE REPORT
NATIONAL WEATHER SERVICE ALBANY NY
221 AM EDT SAT AUG 29 2015


...................................

...THE PITTSFIELD MA CLIMATE SUMMARY FOR AUGUST 28 2015...

CLIMATE NORMAL PERIOD 1981 TO 2010
CLIMATE RECORD PERIOD 9999 TO 9999


WEATHER ITEM   OBSERVED TIME   NORMAL DEPARTURE LAST
                VALUE   (LST)  VALUE  FROM      YEAR
                                      NORMAL
......................................................
TEMPERATURE (F)
 YESTERDAY
  MAXIMUM         73    357 PM  75     -2       71
  MINIMUM         50    544 AM  54     -4       50
  AVERAGE         62            65     -3       61

PRECIPITATION (IN)
  YESTERDAY        0.00          0.11  -0.11     0.00
  MONTH TO DATE    2.97          3.74  -0.77     2.33
  SINCE JUN 1     16.10         12.39   3.71    16.91
  SINCE JAN 1     27.24         29.43  -2.19    30.91

DEGREE DAYS
 HEATING
  YESTERDAY        3             2      1        4
  MONTH TO DATE    6            35    -29       46
  SINCE JUN 1    136           167    -31      122
  SINCE JUL 1     25            66    -41       64

 COOLING
  YESTERDAY        0             2     -2        0
  MONTH TO DATE  102            90     12       30
  SINCE JUN 1    256           254      2      187
  SINCE JAN 1    300           267     33      193
......................................................


WIND (MPH)
  HIGHEST WIND SPEED    10   HIGHEST WIND DIRECTION     W (270)
  HIGHEST GUST SPEED    14   HIGHEST GUST DIRECTION    NW (320)
  AVERAGE WIND SPEED     2.1


SKY COVER
  AVERAGE SKY COVER 0.2



RELATIVE HUMIDITY (PERCENT)
 HIGHEST   100
 LOWEST     49
 AVERAGE    75

..........................................................


THE PITTSFIELD MA CLIMATE NORMALS FOR TODAY
                         NORMAL
 MAXIMUM TEMPERATURE (F)   75
 MINIMUM TEMPERATURE (F)   54


SUNRISE AND SUNSET
AUGUST 29 2015........SUNRISE   615 AM EDT   SUNSET   733 PM EDT
AUGUST 30 2015........SUNRISE   616 AM EDT   SUNSET   731 PM EDT


-  INDICATES NEGATIVE NUMBERS.
R  INDICATES RECORD WAS SET OR TIED.
MM INDICATES DATA IS MISSING.
T  INDICATES TRACE AMOUNT.




$$
