000
CDUS41 KALY 290627
CLIPSF


CLIMATE REPORT
NATIONAL WEATHER SERVICE ALBANY NY
227 AM EDT FRI JUL 29 2016


...................................

...THE PITTSFIELD MA CLIMATE SUMMARY FOR JULY 28 2016...

CLIMATE NORMAL PERIOD 1981 TO 2010
CLIMATE RECORD PERIOD 9999 TO 9999


WEATHER ITEM   OBSERVED TIME   NORMAL DEPARTURE LAST
                VALUE   (LST)  VALUE  FROM      YEAR
                                      NORMAL
......................................................
TEMPERATURE (F)
 YESTERDAY
  MAXIMUM         86    358 PM  79      7       85
  MINIMUM         58    516 AM  57      1       63
  AVERAGE         72            68      4       74

PRECIPITATION (IN)
  YESTERDAY        0.06          0.16  -0.10     0.00
  MONTH TO DATE    2.25          3.72  -1.47     4.99
  SINCE JUN 1      4.75          8.12  -3.37    13.12
  SINCE JAN 1     18.85         25.16  -6.31    24.26

DEGREE DAYS
 HEATING
  YESTERDAY        0             1     -1        0
  MONTH TO DATE   11            28    -17       19
  SINCE JUN 1     87           129    -42      130
  SINCE JUL 1     11            28    -17       19

 COOLING
  YESTERDAY        7             4      3        9
  MONTH TO DATE  142           101     41      100
  SINCE JUN 1    181           157     24      133
  SINCE JAN 1    222           170     52      177
......................................................


WIND (MPH)
  HIGHEST WIND SPEED    12   HIGHEST WIND DIRECTION     W (270)
  HIGHEST GUST SPEED    14   HIGHEST GUST DIRECTION     W (280)
  AVERAGE WIND SPEED     2.4


SKY COVER
  AVERAGE SKY COVER 0.2



RELATIVE HUMIDITY (PERCENT)
 HIGHEST    93
 LOWEST     42
 AVERAGE    68

..........................................................


THE PITTSFIELD MA CLIMATE NORMALS FOR TODAY
                         NORMAL
 MAXIMUM TEMPERATURE (F)   79
 MINIMUM TEMPERATURE (F)   57


SUNRISE AND SUNSET
JULY 29 2016..........SUNRISE   543 AM EDT   SUNSET   816 PM EDT
JULY 30 2016..........SUNRISE   544 AM EDT   SUNSET   815 PM EDT


-  INDICATES NEGATIVE NUMBERS.
R  INDICATES RECORD WAS SET OR TIED.
MM INDICATES DATA IS MISSING.
T  INDICATES TRACE AMOUNT.




$$
