000
CDUS41 KALY 192058
CLIPSF


CLIMATE REPORT
NATIONAL WEATHER SERVICE ALBANY NY
456 PM EDT THU OCT 19 2017


...................................

...THE PITTSFIELD MA CLIMATE SUMMARY FOR OCTOBER 19 2017...
VALID TODAY AS OF 0400 PM LOCAL TIME.

CLIMATE NORMAL PERIOD 1981 TO 2010
CLIMATE RECORD PERIOD 9999 TO 9999


WEATHER ITEM   OBSERVED TIME   NORMAL DEPARTURE LAST
                VALUE   (LST)  VALUE  FROM      YEAR
                                      NORMAL
......................................................
TEMPERATURE (F)
 TODAY
  MAXIMUM         69    116 PM  57     12       71
  MINIMUM         36    643 AM  36      0       46
  AVERAGE         53            46      7       59

PRECIPITATION (IN)
  TODAY            0.00          0.17  -0.17     0.00
  MONTH TO DATE    1.27          3.21  -1.94     0.20
  SINCE SEP 1      4.05          7.17  -3.12     2.07
  SINCE JAN 1     34.84         36.95  -2.11    25.44

DEGREE DAYS
 HEATING
  TODAY           12            19     -7        6
  MONTH TO DATE  185           298   -113      224
  SINCE SEP 1    321           512   -191      352
  SINCE JUL 1    407           590   -183      376

 COOLING
  TODAY            0             0      0        0
  MONTH TO DATE    6             0      6        1
  SINCE SEP 1     79            19     60       51
  SINCE JAN 1    349           289     60      432
......................................................


WIND (MPH)
  HIGHEST WIND SPEED    17   HIGHEST WIND DIRECTION    SW (210)
  HIGHEST GUST SPEED    25   HIGHEST GUST DIRECTION    SW (230)
  AVERAGE WIND SPEED     3.5


SKY COVER
  AVERAGE SKY COVER 0.3



RELATIVE HUMIDITY (PERCENT)
 HIGHEST   100
 LOWEST     32
 AVERAGE    66

..........................................................


THE PITTSFIELD MA CLIMATE NORMALS FOR TOMORROW
                         NORMAL
 MAXIMUM TEMPERATURE (F)   57
 MINIMUM TEMPERATURE (F)   36


SUNRISE AND SUNSET
OCTOBER 19 2017.......SUNRISE   711 AM EDT   SUNSET   605 PM EDT
OCTOBER 20 2017.......SUNRISE   712 AM EDT   SUNSET   603 PM EDT


-  INDICATES NEGATIVE NUMBERS.
R  INDICATES RECORD WAS SET OR TIED.
MM INDICATES DATA IS MISSING.
T  INDICATES TRACE AMOUNT.




$$
