000
CDUS46 KSGX 300017
CLIPSP


CLIMATE REPORT
NATIONAL WEATHER SERVICE SAN DIEGO, CA
517 PM PDT WED OCT 29 2014


...................................

...THE PALM SPRINGS INTL AIRPORT CA CLIMATE SUMMARY FOR OCTOBER 29 2014...
VALID TODAY AS OF 0500 PM LOCAL TIME.

CLIMATE NORMAL PERIOD 1981 TO 2010
CLIMATE RECORD PERIOD 1893 TO 2014


WEATHER ITEM   OBSERVED TIME   RECORD YEAR NORMAL DEPARTURE LAST
                VALUE   (LST)  VALUE       VALUE  FROM      YEAR
                                                  NORMAL
..................................................................
TEMPERATURE (F)
 TODAY
  MAXIMUM         93    317 PM 102    1965  85      8       72
  MINIMUM         59    600 AM  39    1971  58      1       54
                                      1946
  AVERAGE         76                        71      5       63

PRECIPITATION (IN)
  TODAY            0.00          0.19 1957   0.02  -0.02     0.00
  MONTH TO DATE    0.00                      0.40  -0.40     0.07
  SINCE JUL 1      1.19                      1.35  -0.16     1.15
  SINCE JAN 1      1.94                      4.29  -2.35     2.12

SNOWFALL (IN)
  TODAY            0.0
  MONTH TO DATE    0.0
  SINCE JAN 1      0.0
  SINCE JUL 1      0.0
  SNOW DEPTH       0

DEGREE DAYS
 HEATING
  TODAY            0                         0      0        2
  MONTH TO DATE    0                         0      0        8
  SINCE SEP 1      0                         0      0        8
  SINCE JUL 1      0                         0      0        8

 COOLING
  TODAY           11                         7      4        0
  MONTH TO DATE  475                       323    152      271
  SINCE SEP 1   1236                       965    271      940
  SINCE JAN 1   4833                      4049    784     4436
..................................................................


WIND (MPH)
  RESULTANT WIND SPEED   2   RESULTANT WIND DIRECTION   N (10)
  HIGHEST WIND SPEED    12   HIGHEST WIND DIRECTION    NW (330)
  HIGHEST GUST SPEED    13   HIGHEST GUST DIRECTION    SE (120)
  AVERAGE WIND SPEED     6.2


SKY COVER
  POSSIBLE SUNSHINE  MM
  AVERAGE SKY COVER 0.0


WEATHER CONDITIONS
 THE FOLLOWING WEATHER WAS RECORDED TODAY.
  NO SIGNIFICANT WEATHER WAS OBSERVED.


RELATIVE HUMIDITY (PERCENT)
 HIGHEST    35           400 AM
 LOWEST      8           100 PM
 AVERAGE    22

..........................................................


THE PALM SPRINGS INTL AIRPORT CA CLIMATE NORMALS FOR TOMORROW
                         NORMAL    RECORD    YEAR
 MAXIMUM TEMPERATURE (F)   84       101      1966
 MINIMUM TEMPERATURE (F)   58        35      1971


SUNRISE AND SUNSET
OCTOBER 29 2014.......SUNRISE   703 AM PDT   SUNSET   556 PM PDT
OCTOBER 30 2014.......SUNRISE   704 AM PDT   SUNSET   555 PM PDT


-  INDICATES NEGATIVE NUMBERS.
R  INDICATES RECORD WAS SET OR TIED.
MM INDICATES DATA IS MISSING.
T  INDICATES TRACE AMOUNT.




$$
