000
CDUS46 KSGX 061522
CLIPSP


CLIMATE REPORT
NATIONAL WEATHER SERVICE SAN DIEGO, CA
721 AM PST TUE DEC 6 2016


...................................

...THE PALM SPRINGS INTL AIRPORT CA CLIMATE SUMMARY FOR DECEMBER 5 2016...

CLIMATE NORMAL PERIOD 1981 TO 2010
CLIMATE RECORD PERIOD 1893 TO 2016


WEATHER ITEM   OBSERVED TIME   RECORD YEAR NORMAL DEPARTURE LAST
                VALUE   (LST)  VALUE       VALUE  FROM      YEAR
                                                  NORMAL
..................................................................
TEMPERATURE (F)
 YESTERDAY
  MAXIMUM         68    306 PM  89    1979  69     -1       75
  MINIMUM         47    541 AM  30    1936  45      2       45
  AVERAGE         58                        57      1       60

PRECIPITATION (IN)
  YESTERDAY        0.00          1.90 1926   0.02  -0.02     0.00
  MONTH TO DATE    T                         0.08  -0.08     0.00
  SINCE OCT 1      0.29                      1.05  -0.76     0.15
  SINCE JAN 1      3.65                      4.94  -1.29     2.05

DEGREE DAYS
 HEATING
  YESTERDAY        7                         8     -1        5
  MONTH TO DATE   26                        38    -12       39
  SINCE DEC 1     26                        38    -12       39
  SINCE JUL 1     87                       134    -47      146

 COOLING
  YESTERDAY        0                         0      0        0
  MONTH TO DATE    0                         0      0        0
  SINCE DEC 1      0                         0      0        0
  SINCE JAN 1   4808                      4137    671     4896
..................................................................


WIND (MPH)
  RESULTANT WIND SPEED   1   RESULTANT WIND DIRECTION   E (80)
  HIGHEST WIND SPEED     8   HIGHEST WIND DIRECTION    NW (320)
  HIGHEST GUST SPEED    11   HIGHEST GUST DIRECTION    SE (120)
  AVERAGE WIND SPEED     3.5


SKY COVER
  POSSIBLE SUNSHINE  MM
  AVERAGE SKY COVER 0.0


WEATHER CONDITIONS
 THE FOLLOWING WEATHER WAS RECORDED YESTERDAY.
  NO SIGNIFICANT WEATHER WAS OBSERVED.


RELATIVE HUMIDITY (PERCENT)
 HIGHEST    52           200 AM
 LOWEST     20          1200 PM
 AVERAGE    36

..........................................................


THE PALM SPRINGS INTL AIRPORT CA CLIMATE NORMALS FOR TODAY
                         NORMAL    RECORD    YEAR
 MAXIMUM TEMPERATURE (F)   68        91      1938
 MINIMUM TEMPERATURE (F)   45        30      1983
                                             1953


SUNRISE AND SUNSET
DECEMBER  6 2016......SUNRISE   637 AM PST   SUNSET   437 PM PST
DECEMBER  7 2016......SUNRISE   638 AM PST   SUNSET   437 PM PST


-  INDICATES NEGATIVE NUMBERS.
R  INDICATES RECORD WAS SET OR TIED.
MM INDICATES DATA IS MISSING.
T  INDICATES TRACE AMOUNT.




$$
