000
CDUS46 KSGX 170017
CLIPSP


CLIMATE REPORT
NATIONAL WEATHER SERVICE SAN DIEGO, CA
517 PM PDT WED APR 16 2014


...................................

...THE PALM SPRINGS INTL AIRPORT CA CLIMATE SUMMARY FOR APRIL 16 2014...
VALID TODAY AS OF 0500 PM LOCAL TIME.

CLIMATE NORMAL PERIOD 1981 TO 2010
CLIMATE RECORD PERIOD 1893 TO 2014


WEATHER ITEM   OBSERVED TIME   RECORD YEAR NORMAL DEPARTURE LAST
                VALUE   (LST)  VALUE       VALUE  FROM      YEAR
                                                  NORMAL
..................................................................
TEMPERATURE (F)
 TODAY
  MAXIMUM         96    330 PM 110    1948  85     11       74
  MINIMUM         64    550 AM  43    1998  57      7       55
                                      1922
  AVERAGE         80                        71      9       65

PRECIPITATION (IN)
  TODAY            0.00          0.10 1995   0.00   0.00     0.00
  MONTH TO DATE    T                         0.06  -0.06     0.00
  SINCE JUL 1      1.96                      5.50  -3.54     2.19
  SINCE JAN 1      0.70                      2.70  -2.00     0.97

SNOWFALL (IN)
  TODAY            0.0
  MONTH TO DATE    0.0
  SINCE JAN 1      0.0
  SINCE JUL 1      0.0
  SNOW DEPTH       0

DEGREE DAYS
 HEATING
  TODAY            0                         1     -1        0
  MONTH TO DATE    8                        16     -8        0
  SINCE MAR 1     20                        89    -69       22
  SINCE JUL 1    431                       867   -436      760

 COOLING
  TODAY           15                         6      9        0
  MONTH TO DATE  146                        86     60      123
  SINCE MAR 1    313                       179    134      343
  SINCE JAN 1    421                       206    215      355
..................................................................


WIND (MPH)
  RESULTANT WIND SPEED   1   RESULTANT WIND DIRECTION   E (80)
  HIGHEST WIND SPEED    17   HIGHEST WIND DIRECTION     N (340)
  HIGHEST GUST SPEED    23   HIGHEST GUST DIRECTION     N (340)
  AVERAGE WIND SPEED     2.9


SKY COVER
  POSSIBLE SUNSHINE  MM
  AVERAGE SKY COVER 0.0


WEATHER CONDITIONS
 THE FOLLOWING WEATHER WAS RECORDED TODAY.
  NO SIGNIFICANT WEATHER WAS OBSERVED.


RELATIVE HUMIDITY (PERCENT)
 HIGHEST    37           500 AM
 LOWEST      7           100 PM
 AVERAGE    22

..........................................................


THE PALM SPRINGS INTL AIRPORT CA CLIMATE NORMALS FOR TOMORROW
                         NORMAL    RECORD    YEAR
 MAXIMUM TEMPERATURE (F)   85       106      1954
 MINIMUM TEMPERATURE (F)   57        40      1976


SUNRISE AND SUNSET
APRIL 16 2014.........SUNRISE   614 AM PDT   SUNSET   718 PM PDT
APRIL 17 2014.........SUNRISE   613 AM PDT   SUNSET   719 PM PDT


-  INDICATES NEGATIVE NUMBERS.
R  INDICATES RECORD WAS SET OR TIED.
MM INDICATES DATA IS MISSING.
T  INDICATES TRACE AMOUNT.




$$
