000
CDUS45 KPUB 240025
CLIPUB


CLIMATE REPORT
NATIONAL WEATHER SERVICE PUEBLO
525 PM MST TUE JAN 23 2018


...................................

...THE PUEBLO CO CLIMATE SUMMARY FOR JANUARY 23 2018...
VALID TODAY AS OF 0500 PM LOCAL TIME.

CLIMATE NORMAL PERIOD 1981 TO 2010
CLIMATE RECORD PERIOD 1888 TO 2018


WEATHER ITEM   OBSERVED TIME   RECORD YEAR NORMAL DEPARTURE LAST
                VALUE   (LST)  VALUE       VALUE  FROM      YEAR
                                                  NORMAL
..................................................................
TEMPERATURE (F)
 TODAY
  MAXIMUM         47    316 PM  73    1981  47      0       58
  MINIMUM         10    730 AM -11    1963  14     -4       24
  AVERAGE         29                        31     -2       41

PRECIPITATION (IN)
  TODAY            0.00          0.23 1948   0.01  -0.01     0.00
  MONTH TO DATE    0.23                      0.26  -0.03     0.73
  SINCE DEC 1      0.24                      0.64  -0.40     1.49
  SINCE JAN 1      0.23                      0.26  -0.03     0.73

SNOWFALL (IN)
  TODAY            0.0           2.6  1948   0.2   -0.2      0.0
  MONTH TO DATE    1.2                       4.8   -3.6      8.7
  SINCE DEC 1      1.8                      10.3   -8.5     13.1
  SINCE JUL 1      3.2                      16.3  -13.1     13.1
  SNOW DEPTH       0

DEGREE DAYS
 HEATING
  TODAY           36                        34      2       24
  MONTH TO DATE  730                       796    -66      775
  SINCE DEC 1   1716                      1878   -162     1850
  SINCE JUL 1   2737                      3159   -422     2632

 COOLING
  TODAY            0                         0      0        0
  MONTH TO DATE    0                         0      0        0
  SINCE DEC 1      0                         0      0        0
  SINCE JAN 1      0                         0      0        0
..................................................................


WIND (MPH)
  HIGHEST WIND SPEED    14   HIGHEST WIND DIRECTION    SE (140)
  HIGHEST GUST SPEED    16   HIGHEST GUST DIRECTION    SE (140)
  AVERAGE WIND SPEED     4.1


SKY COVER
  POSSIBLE SUNSHINE  MM
  AVERAGE SKY COVER 0.0


WEATHER CONDITIONS
 THE FOLLOWING WEATHER WAS RECORDED TODAY.
  NO SIGNIFICANT WEATHER WAS OBSERVED.


RELATIVE HUMIDITY (PERCENT)
 HIGHEST    84           600 AM
 LOWEST     17           200 PM
 AVERAGE    51

..........................................................


THE PUEBLO CO CLIMATE NORMALS FOR TOMORROW
                         NORMAL    RECORD    YEAR
 MAXIMUM TEMPERATURE (F)   47        73      1981
 MINIMUM TEMPERATURE (F)   14        -8      1940


SUNRISE AND SUNSET
JANUARY 23 2018.......SUNRISE   710 AM MST   SUNSET   511 PM MST
JANUARY 24 2018.......SUNRISE   709 AM MST   SUNSET   512 PM MST


-  INDICATES NEGATIVE NUMBERS.
R  INDICATES RECORD WAS SET OR TIED.
MM INDICATES DATA IS MISSING.
T  INDICATES TRACE AMOUNT.




$$
