000
CDUS45 KPUB 121040
CLIPUB


CLIMATE REPORT
NATIONAL WEATHER SERVICE PUEBLO
440 AM MDT SAT JUL 12 2014


...................................

...THE PUEBLO CO CLIMATE SUMMARY FOR JULY 11 2014...

CLIMATE NORMAL PERIOD 1981 TO 2010
CLIMATE RECORD PERIOD 1888 TO 2014


WEATHER ITEM   OBSERVED TIME   RECORD YEAR NORMAL DEPARTURE LAST
                VALUE   (LST)  VALUE       VALUE  FROM      YEAR
                                                  NORMAL
..................................................................
TEMPERATURE (F)
 YESTERDAY
  MAXIMUM         98    333 PM 106    2003  94      4       97
  MINIMUM         69    521 AM  50    1995  59     10       58
                                      1895
  AVERAGE         84                        76      8       78

PRECIPITATION (IN)
  YESTERDAY        0.41          1.95 2000   0.05   0.36     0.00
  MONTH TO DATE    0.73                      0.61   0.12     0.13
  SINCE JUN 1      1.59                      1.97  -0.38     0.40
  SINCE JAN 1      5.79                      6.46  -0.67     2.33

SNOWFALL (IN)
  YESTERDAY        0.0           0.0  2002   0.0    0.0      0.0
                                      2001
  MONTH TO DATE    0.0                       0.0    0.0      0.0
  SINCE JUN 1      T                         0.0    0.0       T
  SINCE JUL 1      0.0                       0.0    0.0      0.0
  SNOW DEPTH       0

DEGREE DAYS
 HEATING
  YESTERDAY        0                         0      0        0
  MONTH TO DATE    0                         0      0        0
  SINCE JUN 1      3                        25    -22       17
  SINCE JUL 1      0                         0      0        0

 COOLING
  YESTERDAY       19                        11      8       13
  MONTH TO DATE  130                       116     14      132
  SINCE JUN 1    370                       291     79      435
  SINCE JAN 1    422                       325     97      508
..................................................................


WIND (MPH)
  HIGHEST WIND SPEED    41   HIGHEST WIND DIRECTION     N (350)
  HIGHEST GUST SPEED    50   HIGHEST GUST DIRECTION     N (350)
  AVERAGE WIND SPEED    10.2


SKY COVER
  POSSIBLE SUNSHINE  MM
  AVERAGE SKY COVER 0.1


WEATHER CONDITIONS
 THE FOLLOWING WEATHER WAS RECORDED YESTERDAY.
  THUNDERSTORM
  HEAVY RAIN
  RAIN
  LIGHT RAIN


RELATIVE HUMIDITY (PERCENT)
 HIGHEST    64          1000 PM
 LOWEST     18           300 PM
 AVERAGE    41

..........................................................


THE PUEBLO CO CLIMATE NORMALS FOR TODAY
                         NORMAL    RECORD    YEAR
 MAXIMUM TEMPERATURE (F)   94       105      1971
 MINIMUM TEMPERATURE (F)   59        51      1995


SUNRISE AND SUNSET
JULY 12 2014..........SUNRISE   545 AM MDT   SUNSET   822 PM MDT
JULY 13 2014..........SUNRISE   545 AM MDT   SUNSET   822 PM MDT


-  INDICATES NEGATIVE NUMBERS.
R  INDICATES RECORD WAS SET OR TIED.
MM INDICATES DATA IS MISSING.
T  INDICATES TRACE AMOUNT.




$$
