000
CDUS45 KPUB 040030
CLIPUB


CLIMATE REPORT
NATIONAL WEATHER SERVICE PUEBLO
630 PM MDT TUE MAY 3 2016


...................................

...THE PUEBLO CO CLIMATE SUMMARY FOR MAY 3 2016...
VALID TODAY AS OF 0500 PM LOCAL TIME.

CLIMATE NORMAL PERIOD 1981 TO 2010
CLIMATE RECORD PERIOD 1888 TO 2016


WEATHER ITEM   OBSERVED TIME   RECORD YEAR NORMAL DEPARTURE LAST
                VALUE   (LST)  VALUE       VALUE  FROM      YEAR
                                                  NORMAL
..................................................................
TEMPERATURE (F)
 TODAY
  MAXIMUM         73    423 PM  92    1947  73      0       81
  MINIMUM         39    512 AM  23    2013  40     -1       48
                                      2011
  AVERAGE         56                        56      0       65

PRECIPITATION (IN)
  TODAY            0.00          1.39 1933   0.06  -0.06     0.00
  MONTH TO DATE    T                         0.16  -0.16     0.02
  SINCE MAR 1      3.55                      2.49   1.06     2.01
  SINCE JAN 1      4.41                      3.14   1.27     3.39

SNOWFALL (IN)
  TODAY            0.0           6.4  1990   0.0    0.0      0.0
  MONTH TO DATE    0.0                       0.1   -0.1      0.0
  SINCE MAR 1      7.2                       9.6   -2.4      1.7
  SINCE JUL 1     31.4                      31.4    0.0     42.8
  SNOW DEPTH       0

DEGREE DAYS
 HEATING
  TODAY            9                         9      0        0
  MONTH TO DATE   49                        28     21        3
  SINCE MAR 1   1013                      1165   -152      991
  SINCE JUL 1   4522                      5468   -946     5013

 COOLING
  TODAY            0                         0      0        0
  MONTH TO DATE    0                         0      0        1
  SINCE MAR 1      0                         2     -2        1
  SINCE JAN 1      0                         2     -2        1
..................................................................


WIND (MPH)
  HIGHEST WIND SPEED    25   HIGHEST WIND DIRECTION     N (20)
  HIGHEST GUST SPEED    34   HIGHEST GUST DIRECTION     N (10)
  AVERAGE WIND SPEED    13.0


SKY COVER
  POSSIBLE SUNSHINE  MM
  AVERAGE SKY COVER 0.1


WEATHER CONDITIONS
 THE FOLLOWING WEATHER WAS RECORDED TODAY.
  NO SIGNIFICANT WEATHER WAS OBSERVED.


RELATIVE HUMIDITY (PERCENT)
 HIGHEST    70          1200 AM
 LOWEST     16           200 PM
 AVERAGE    43

..........................................................


THE PUEBLO CO CLIMATE NORMALS FOR TOMORROW
                         NORMAL    RECORD    YEAR
 MAXIMUM TEMPERATURE (F)   73        94      1947
 MINIMUM TEMPERATURE (F)   40        27      1990


SUNRISE AND SUNSET
MAY  3 2016...........SUNRISE   558 AM MDT   SUNSET   752 PM MDT
MAY  4 2016...........SUNRISE   557 AM MDT   SUNSET   753 PM MDT


-  INDICATES NEGATIVE NUMBERS.
R  INDICATES RECORD WAS SET OR TIED.
MM INDICATES DATA IS MISSING.
T  INDICATES TRACE AMOUNT.




$$
