677
CDUS45 KPUB 111205
CLIPUB


CLIMATE REPORT
NATIONAL WEATHER SERVICE PUEBLO
504 AM MST SUN DEC 11 2016


...................................

...THE PUEBLO CO CLIMATE SUMMARY FOR DECEMBER 10 2016...

CLIMATE NORMAL PERIOD 1981 TO 2010
CLIMATE RECORD PERIOD 1888 TO 2016


WEATHER ITEM   OBSERVED TIME   RECORD YEAR NORMAL DEPARTURE LAST
                VALUE   (LST)  VALUE       VALUE  FROM      YEAR
                                                  NORMAL
..................................................................
TEMPERATURE (F)
 YESTERDAY
  MAXIMUM         66    241 PM  74    1981  46     20       67
                                      1975
  MINIMUM         13    551 AM -16    1972  15     -2       37
  AVERAGE         40                        30     10       52

PRECIPITATION (IN)
  YESTERDAY        0.00          0.32 1961   0.02  -0.02     0.00
  MONTH TO DATE    T                         0.14  -0.14      T
  SINCE DEC 1      T                         0.14  -0.14      T
  SINCE JAN 1     11.15                     12.33  -1.18    16.26

SNOWFALL (IN)
  YESTERDAY        0.0           6.7  1961   0.2   -0.2      0.0
  MONTH TO DATE    0.3                       1.8   -1.5      0.0
  SINCE DEC 1      0.3                       1.8   -1.5      0.0
  SINCE JUL 1      0.3                       7.8   -7.5      6.4
  SNOW DEPTH       0

DEGREE DAYS
 HEATING
  YESTERDAY       25                        35    -10       13
  MONTH TO DATE  371                       337     34      233
  SINCE DEC 1    371                       337     34      233
  SINCE JUL 1   1153                      1618   -465     1107

 COOLING
  YESTERDAY        0                         0      0        0
  MONTH TO DATE    0                         0      0        0
  SINCE DEC 1      0                         0      0        0
  SINCE JAN 1   1358                       897    461     1273
..................................................................


WIND (MPH)
  HIGHEST WIND SPEED    21   HIGHEST WIND DIRECTION    NW (300)
  HIGHEST GUST SPEED    27   HIGHEST GUST DIRECTION    NW (300)
  AVERAGE WIND SPEED     7.1


SKY COVER
  POSSIBLE SUNSHINE  MM
  AVERAGE SKY COVER 0.0


WEATHER CONDITIONS
 THE FOLLOWING WEATHER WAS RECORDED YESTERDAY.
  NO SIGNIFICANT WEATHER WAS OBSERVED.


RELATIVE HUMIDITY (PERCENT)
 HIGHEST    80           400 AM
 LOWEST     19           300 PM
 AVERAGE    50

..........................................................


THE PUEBLO CO CLIMATE NORMALS FOR TODAY
                         NORMAL    RECORD    YEAR
 MAXIMUM TEMPERATURE (F)   46        79      2004
 MINIMUM TEMPERATURE (F)   14       -22      1961


SUNRISE AND SUNSET
DECEMBER 11 2016......SUNRISE   705 AM MST   SUNSET   438 PM MST
DECEMBER 12 2016......SUNRISE   706 AM MST   SUNSET   438 PM MST


-  INDICATES NEGATIVE NUMBERS.
R  INDICATES RECORD WAS SET OR TIED.
MM INDICATES DATA IS MISSING.
T  INDICATES TRACE AMOUNT.




$$
