000
CDUS45 KPUB 300032
CLIPUB


CLIMATE REPORT
NATIONAL WEATHER SERVICE PUEBLO
632 PM MDT FRI MAY 29 2015


...................................

...THE PUEBLO CO CLIMATE SUMMARY FOR MAY 29 2015...
VALID TODAY AS OF 0500 PM LOCAL TIME.

CLIMATE NORMAL PERIOD 1981 TO 2010
CLIMATE RECORD PERIOD 1888 TO 2015


WEATHER ITEM   OBSERVED TIME   RECORD YEAR NORMAL DEPARTURE LAST
                VALUE   (LST)  VALUE       VALUE  FROM      YEAR
                                                  NORMAL
..................................................................
TEMPERATURE (F)
 TODAY
  MAXIMUM         72    453 PM 102    2000  81     -9       91
  MINIMUM         49    406 AM  36    1947  48      1       51
  AVERAGE         61                        64     -3       71

PRECIPITATION (IN)
  TODAY            0.00          1.20 1964   0.05  -0.05     0.00
  MONTH TO DATE    5.35                      1.42   3.93     0.45
  SINCE MAR 1      7.34                      3.75   3.59     3.27
  SINCE JAN 1      8.72                      4.40   4.32     4.00

SNOWFALL (IN)
  TODAY            0.0           0.0  2002   0.0    0.0      0.0
                                      2001
  MONTH TO DATE    T                         0.5   -0.5       T
  SINCE MAR 1      1.7                      10.0   -8.3     10.7
  SINCE JUL 1     42.8                      31.8   11.0     29.3
  SNOW DEPTH       0

DEGREE DAYS
 HEATING
  TODAY            4                         3      1        0
  MONTH TO DATE  238                       168     70      156
  SINCE MAR 1   1226                      1305    -79     1208
  SINCE JUL 1   5248                      5608   -360     5413

 COOLING
  TODAY            0                         2     -2        6
  MONTH TO DATE    2                        26    -24       36
  SINCE MAR 1      2                        28    -26       38
  SINCE JAN 1      2                        28    -26       38
..................................................................


WIND (MPH)
  HIGHEST WIND SPEED    21   HIGHEST WIND DIRECTION     E (70)
  HIGHEST GUST SPEED    32   HIGHEST GUST DIRECTION     E (70)
  AVERAGE WIND SPEED     7.6


SKY COVER
  POSSIBLE SUNSHINE  MM
  AVERAGE SKY COVER 0.1


WEATHER CONDITIONS
 THE FOLLOWING WEATHER WAS RECORDED TODAY.
  THUNDERSTORM


RELATIVE HUMIDITY (PERCENT)
 HIGHEST    93           500 AM
 LOWEST     37           400 PM
 AVERAGE    65

..........................................................


THE PUEBLO CO CLIMATE NORMALS FOR TOMORROW
                         NORMAL    RECORD    YEAR
 MAXIMUM TEMPERATURE (F)   81       102      2000
 MINIMUM TEMPERATURE (F)   48        39      1986


SUNRISE AND SUNSET
MAY 29 2015...........SUNRISE   538 AM MDT   SUNSET   814 PM MDT
MAY 30 2015...........SUNRISE   537 AM MDT   SUNSET   814 PM MDT


-  INDICATES NEGATIVE NUMBERS.
R  INDICATES RECORD WAS SET OR TIED.
MM INDICATES DATA IS MISSING.
T  INDICATES TRACE AMOUNT.




$$
