339
CDUS45 KPUB 271056
CLIPUB


CLIMATE REPORT
NATIONAL WEATHER SERVICE PUEBLO
455 AM MDT SAT MAY 27 2017


...................................

...THE PUEBLO CO CLIMATE SUMMARY FOR MAY 26 2017...

CLIMATE NORMAL PERIOD 1981 TO 2010
CLIMATE RECORD PERIOD 1888 TO 2017


WEATHER ITEM   OBSERVED TIME   RECORD YEAR NORMAL DEPARTURE LAST
                VALUE   (LST)  VALUE       VALUE  FROM      YEAR
                                                  NORMAL
..................................................................
TEMPERATURE (F)
 YESTERDAY
  MAXIMUM         84    509 PM  97    2012  80      4       75
  MINIMUM         49    509 AM  35    1950  47      2       51
  AVERAGE         67                        64      3       63

PRECIPITATION (IN)
  YESTERDAY        T             1.60 2010   0.05  -0.05     0.01
  MONTH TO DATE    2.93                      1.27   1.66     0.79
  SINCE MAR 1      8.07                      3.60   4.47     4.34
  SINCE JAN 1      8.99                      4.25   4.74     5.20

SNOWFALL (IN)
  YESTERDAY        0.0           0.0  2010   0.0    0.0      0.0
  MONTH TO DATE    T                         0.5   -0.5      0.0
  SINCE MAR 1     14.0                      10.0    4.0      7.2
  SINCE JUL 1     28.2                      31.8   -3.6     31.4
  SNOW DEPTH       0

DEGREE DAYS
 HEATING
  YESTERDAY        0                         3     -3        2
  MONTH TO DATE  179                       159     20      135
  SINCE MAR 1   1023                      1296   -273     1099
  SINCE JUL 1   4523                      5599  -1076     4608

 COOLING
  YESTERDAY        2                         2      0        0
  MONTH TO DATE    9                        20    -11       28
  SINCE MAR 1      9                        22    -13       28
  SINCE JAN 1      9                        22    -13       28
..................................................................


WIND (MPH)
  HIGHEST WIND SPEED    43   HIGHEST WIND DIRECTION     N (10)
  HIGHEST GUST SPEED    52   HIGHEST GUST DIRECTION     N (10)
  AVERAGE WIND SPEED    12.2


SKY COVER
  POSSIBLE SUNSHINE  MM
  AVERAGE SKY COVER 0.1


WEATHER CONDITIONS
 THE FOLLOWING WEATHER WAS RECORDED YESTERDAY.
  THUNDERSTORM
  LIGHT RAIN


RELATIVE HUMIDITY (PERCENT)
 HIGHEST    86           500 AM
 LOWEST     10           500 PM
 AVERAGE    48

..........................................................


THE PUEBLO CO CLIMATE NORMALS FOR TODAY
                         NORMAL    RECORD    YEAR
 MAXIMUM TEMPERATURE (F)   80        95      2006
 MINIMUM TEMPERATURE (F)   48        34      1997


SUNRISE AND SUNSET
MAY 27 2017...........SUNRISE   539 AM MDT   SUNSET   812 PM MDT
MAY 28 2017...........SUNRISE   538 AM MDT   SUNSET   813 PM MDT


-  INDICATES NEGATIVE NUMBERS.
R  INDICATES RECORD WAS SET OR TIED.
MM INDICATES DATA IS MISSING.
T  INDICATES TRACE AMOUNT.




$$
