000
CDUS45 KPUB 251136
CLIPUB


CLIMATE REPORT
NATIONAL WEATHER SERVICE PUEBLO
436 AM MST THU DEC 25 2014


...................................

...THE PUEBLO CO CLIMATE SUMMARY FOR DECEMBER 24 2014...

CLIMATE NORMAL PERIOD 1981 TO 2010
CLIMATE RECORD PERIOD 1888 TO 2014


WEATHER ITEM   OBSERVED TIME   RECORD YEAR NORMAL DEPARTURE LAST
                VALUE   (LST)  VALUE       VALUE  FROM      YEAR
                                                  NORMAL
..................................................................
TEMPERATURE (F)
 YESTERDAY
  MAXIMUM         43    352 PM  76    1955  45     -2       62
  MINIMUM          6    557 AM -17    1998  13     -7       17
                                      1990
  AVERAGE         25                        29     -4       40

PRECIPITATION (IN)
  YESTERDAY        0.00          0.29 1982   0.01  -0.01      T
  MONTH TO DATE    0.13                      0.31  -0.18     0.02
  SINCE DEC 1      0.13                      0.31  -0.18     0.02
  SINCE JAN 1     11.72                     12.50  -0.78     9.67

SNOWFALL (IN)
  YESTERDAY        0.0           2.0  1982   0.2   -0.2       T
  MONTH TO DATE    0.3                       4.3   -4.0      2.0
  SINCE DEC 1      0.3                       4.3   -4.0      2.0
  SINCE JUL 1     10.2                      10.3   -0.1      5.7
  SNOW DEPTH       0

DEGREE DAYS
 HEATING
  YESTERDAY       40                        36      4       25
  MONTH TO DATE  740                       836    -96      832
  SINCE DEC 1    740                       836    -96      832
  SINCE JUL 1   1902                      2117   -215     2015

 COOLING
  YESTERDAY        0                         0      0        0
  MONTH TO DATE    0                         0      0        0
  SINCE DEC 1      0                         0      0        0
  SINCE JAN 1   1002                       897    105     1230
..................................................................


WIND (MPH)
  HIGHEST WIND SPEED    12   HIGHEST WIND DIRECTION     N (10)
  HIGHEST GUST SPEED    13   HIGHEST GUST DIRECTION     N (350)
  AVERAGE WIND SPEED     3.6


SKY COVER
  POSSIBLE SUNSHINE  MM
  AVERAGE SKY COVER 0.0


WEATHER CONDITIONS
 THE FOLLOWING WEATHER WAS RECORDED YESTERDAY.
  NO SIGNIFICANT WEATHER WAS OBSERVED.


RELATIVE HUMIDITY (PERCENT)
 HIGHEST    84           200 AM
 LOWEST     33           100 PM
 AVERAGE    59

..........................................................


THE PUEBLO CO CLIMATE NORMALS FOR TODAY
                         NORMAL    RECORD    YEAR
 MAXIMUM TEMPERATURE (F)   46        72      1971
 MINIMUM TEMPERATURE (F)   13       -10      1983


SUNRISE AND SUNSET
DECEMBER 25 2014......SUNRISE   713 AM MST   SUNSET   443 PM MST
DECEMBER 26 2014......SUNRISE   713 AM MST   SUNSET   444 PM MST


-  INDICATES NEGATIVE NUMBERS.
R  INDICATES RECORD WAS SET OR TIED.
MM INDICATES DATA IS MISSING.
T  INDICATES TRACE AMOUNT.




$$
