000
CDUS46 KOTX 280824
CLIPUW


CLIMATE REPORT
NATIONAL WEATHER SERVICE SPOKANE, WA
1221 AM PST SUN DEC 28 2014


...................................

...THE PULLMAN-MOSCOW  AIRPORT CLIMATE SUMMARY FOR DECEMBER 27 2014...

CLIMATE NORMAL PERIOD 1981 TO 2010
CLIMATE RECORD PERIOD 9999 TO 9999


WEATHER ITEM   OBSERVED TIME   RECORD YEAR NORMAL DEPARTURE LAST
                VALUE   (LST)  VALUE       VALUE  FROM      YEAR
                                                  NORMAL
..................................................................
TEMPERATURE (F)
 YESTERDAY
  MAXIMUM         38    737 PM  59    1980  35      3       40
  MINIMUM         27   1222 AM  -3    1988  24      3       28
  AVERAGE         33                        30      3       34

PRECIPITATION (IN)
  YESTERDAY        0.11        0.49   1973  0.05   0.06     0.00
  MONTH TO DATE    3.01                     1.41   1.60     1.38
  SINCE OCT 1      6.81                     5.04   1.77     3.31
  SINCE JAN 1     18.69                    16.73   1.96    14.85

SNOWFALL (IN)
  YESTERDAY       MM

DEGREE DAYS
 HEATING
  YESTERDAY       32                        35     -3       31
  MONTH TO DATE  743                       937   -194     1031
  SINCE DEC 1    743                       937   -194     1031
  SINCE JUL 1   2080                      2681   -601     2720

 COOLING
  YESTERDAY        0                         0      0        0
  MONTH TO DATE    0                         0      0        0
  SINCE DEC 1      0                         0      0        0
  SINCE JAN 1    346                       213    133      334
..................................................................


WIND (MPH)
  HIGHEST WIND SPEED    29   HIGHEST WIND DIRECTION    SW (240)
  HIGHEST GUST SPEED    35   HIGHEST GUST DIRECTION    SW (240)
  AVERAGE WIND SPEED    12.7


SKY COVER
  POSSIBLE SUNSHINE  MM
  AVERAGE SKY COVER 1.0


WEATHER CONDITIONS
 THE FOLLOWING WEATHER WAS RECORDED YESTERDAY.
  LIGHT RAIN
  SNOW
  LIGHT SNOW
  FOG


RELATIVE HUMIDITY (PERCENT)
 HIGHEST    92          1200 AM
 LOWEST     78           200 AM
 AVERAGE    85

..........................................................


THE PULLMAN-MOSCOW  AIRPORT CLIMATE NORMALS FOR TODAY
                         NORMAL    RECORD    YEAR
 MAXIMUM TEMPERATURE (F)   35        52      2011
                                             1965
 MINIMUM TEMPERATURE (F)   24         3      1988


SUNRISE AND SUNSET
DECEMBER 28 2014......SUNRISE   733 AM PST   SUNSET   407 PM PST
DECEMBER 29 2014......SUNRISE   733 AM PST   SUNSET   408 PM PST


-  INDICATES NEGATIVE NUMBERS.
R  INDICATES RECORD WAS SET OR TIED.
MM INDICATES DATA IS MISSING.
T  INDICATES TRACE AMOUNT.

$$
