000
CDUS46 KOTX 250824
CLIPUW


CLIMATE REPORT
NATIONAL WEATHER SERVICE SPOKANE, WA
124 AM PDT SUN JUN 25 2017


...................................

...THE PULLMAN-MOSCOW  AIRPORT CLIMATE SUMMARY FOR JUNE 24 2017...

CLIMATE NORMAL PERIOD 1981 TO 2010
CLIMATE RECORD PERIOD 9999 TO 9999


WEATHER ITEM   OBSERVED TIME   RECORD YEAR NORMAL DEPARTURE LAST
                VALUE   (LST)  VALUE       VALUE  FROM      YEAR
                                                  NORMAL
..................................................................
TEMPERATURE (F)
 YESTERDAY
  MAXIMUM         83    522 PM  98    1992  74      9       65
  MINIMUM         46    426 AM  37    2003  46      0       48
                                      1985
                                      1904
  AVERAGE         65                        60      5       57

PRECIPITATION (IN)
  YESTERDAY        0.00                      0.03  -0.03     0.14
  MONTH TO DATE    0.94                      0.89   0.05     0.94
  SINCE OCT 1     23.19                     14.60   8.59    18.96
  SINCE JAN 1     14.78                      9.40   5.38    10.97

SNOWFALL (IN)
  YESTERDAY       MM

DEGREE DAYS
 HEATING
  YESTERDAY        0                         5     -5        8
  MONTH TO DATE  129                       177    -48      159
  SINCE JUN 1    129                       177    -48      159
  SINCE JUL 1   6496                      6577    -81     5603

 COOLING
  YESTERDAY        0                         1     -1        0
  MONTH TO DATE   28                         3     25       28
  SINCE JUN 1     28                         3     25       28
  SINCE JAN 1     48                         8     40       29
..................................................................


WIND (MPH)
  HIGHEST WIND SPEED    10   HIGHEST WIND DIRECTION    NE (30)
  HIGHEST GUST SPEED    14   HIGHEST GUST DIRECTION    NE (40)
  AVERAGE WIND SPEED     2.8


SKY COVER
  POSSIBLE SUNSHINE  MM
  AVERAGE SKY COVER 0.0


WEATHER CONDITIONS
 THE FOLLOWING WEATHER WAS RECORDED YESTERDAY.
  HAZE


RELATIVE HUMIDITY (PERCENT)
 HIGHEST    71           200 AM
 LOWEST     22           100 PM
 AVERAGE    47

..........................................................


THE PULLMAN-MOSCOW  AIRPORT CLIMATE NORMALS FOR TODAY
                         NORMAL    RECORD    YEAR
 MAXIMUM TEMPERATURE (F)   75        97      1992
 MINIMUM TEMPERATURE (F)   46        34      1985


SUNRISE AND SUNSET
JUNE 25 2017..........SUNRISE   456 AM PDT   SUNSET   846 PM PDT
JUNE 26 2017..........SUNRISE   456 AM PDT   SUNSET   846 PM PDT


-  INDICATES NEGATIVE NUMBERS.
R  INDICATES RECORD WAS SET OR TIED.
MM INDICATES DATA IS MISSING.
T  INDICATES TRACE AMOUNT.




$$
