000
CDUS46 KOTX 300827
CLIPUW


CLIMATE REPORT
NATIONAL WEATHER SERVICE SPOKANE, WA
127 AM PDT THU MAR 30 2017


...................................

...THE PULLMAN-MOSCOW  AIRPORT CLIMATE SUMMARY FOR MARCH 29 2017...

CLIMATE NORMAL PERIOD 1981 TO 2010
CLIMATE RECORD PERIOD 9999 TO 9999


WEATHER ITEM   OBSERVED TIME   RECORD YEAR NORMAL DEPARTURE LAST
                VALUE   (LST)  VALUE       VALUE  FROM      YEAR
                                                  NORMAL
..................................................................
TEMPERATURE (F)
 YESTERDAY
  MAXIMUM         52    451 PM  72    2004  52      0       57
  MINIMUM         40    511 AM  14    1954  34      6       33
  AVERAGE         46                        43      3       45

PRECIPITATION (IN)
  YESTERDAY        0.46                      0.07   0.39     0.00
  MONTH TO DATE    5.25                      1.92   3.33     3.46
  SINCE OCT 1     18.34                     10.46   7.88    15.47
  SINCE JAN 1      9.93                      5.26   4.67     7.48

SNOWFALL (IN)
  YESTERDAY       MM

DEGREE DAYS
 HEATING
  YESTERDAY       19                        22     -3       20
  MONTH TO DATE  659                       712    -53      651
  SINCE MAR 1    659                       712    -53      651
  SINCE JUL 1   5436                      5415     21     4749

 COOLING
  YESTERDAY        0                         0      0        0
  MONTH TO DATE    0                         0      0        0
  SINCE MAR 1      0                         0      0        0
  SINCE JAN 1      0                         0      0        0
..................................................................


WIND (MPH)
  HIGHEST WIND SPEED    20   HIGHEST WIND DIRECTION    SW (240)
  HIGHEST GUST SPEED    25   HIGHEST GUST DIRECTION    SW (240)
  AVERAGE WIND SPEED    11.4


SKY COVER
  POSSIBLE SUNSHINE  MM
  AVERAGE SKY COVER 0.8


WEATHER CONDITIONS
 THE FOLLOWING WEATHER WAS RECORDED YESTERDAY.
  LIGHT RAIN
  FOG


RELATIVE HUMIDITY (PERCENT)
 HIGHEST    93           600 AM
 LOWEST     74           700 PM
 AVERAGE    84

..........................................................


THE PULLMAN-MOSCOW  AIRPORT CLIMATE NORMALS FOR TODAY
                         NORMAL    RECORD    YEAR
 MAXIMUM TEMPERATURE (F)   52        70      2004
                                             2003
                                             1978
 MINIMUM TEMPERATURE (F)   34        18      1954


SUNRISE AND SUNSET
MARCH 30 2017.........SUNRISE   631 AM PDT   SUNSET   715 PM PDT
MARCH 31 2017.........SUNRISE   629 AM PDT   SUNSET   717 PM PDT


-  INDICATES NEGATIVE NUMBERS.
R  INDICATES RECORD WAS SET OR TIED.
MM INDICATES DATA IS MISSING.
T  INDICATES TRACE AMOUNT.




$$
