000
CDUS46 KOTX 210827
CLIPUW


CLIMATE REPORT
NATIONAL WEATHER SERVICE SPOKANE, WA
126 AM PDT THU AUG 21 2014


...................................

...THE PULLMAN-MOSCOW  AIRPORT CLIMATE SUMMARY FOR AUGUST 20 2014...

CLIMATE NORMAL PERIOD 1981 TO 2010
CLIMATE RECORD PERIOD 9999 TO 9999


WEATHER ITEM   OBSERVED TIME   RECORD YEAR NORMAL DEPARTURE LAST
                VALUE   (LST)  VALUE       VALUE  FROM      YEAR
                                                  NORMAL
..................................................................
TEMPERATURE (F)
 YESTERDAY
  MAXIMUM         79    206 PM  98    2009  82     -3       81
  MINIMUM         54   1154 PM  30    1945  49      5       45
  AVERAGE         67                        65      2       63

PRECIPITATION (IN)
  YESTERDAY        0.00          0.95 1959   0.02  -0.02     0.00
  MONTH TO DATE    0.38                      0.42  -0.04     0.30
  SINCE OCT 1     14.66                     15.90  -1.24    16.27
  SINCE JAN 1     11.32                     10.70   0.62     8.73

SNOWFALL (IN)
  YESTERDAY       MM            MM      MM  MM     MM       MM
  MONTH TO DATE   MM                        MM     MM       MM
  SINCE JUN 1     MM                        MM     MM       MM
  SINCE JUL 1     MM                        MM     MM       MM
  SNOW DEPTH      MM

DEGREE DAYS
 HEATING
  YESTERDAY        0                         2     -2        2
  MONTH TO DATE    1                        30    -29       14
  SINCE JUN 1    215                       300    -85      228
  SINCE JUL 1     11                        94    -83       38

 COOLING
  YESTERDAY        2                         3     -1        0
  MONTH TO DATE  126                        67     59       94
  SINCE JUN 1    316                       162    154      232
  SINCE JAN 1    317                       167    150      244
..................................................................


WIND (MPH)
  HIGHEST WIND SPEED    20   HIGHEST WIND DIRECTION     W (260)
  HIGHEST GUST SPEED    27   HIGHEST GUST DIRECTION     W (280)
  AVERAGE WIND SPEED     9.5


SKY COVER
  POSSIBLE SUNSHINE  MM
  AVERAGE SKY COVER 0.4


WEATHER CONDITIONS
 THE FOLLOWING WEATHER WAS RECORDED YESTERDAY.
  NO SIGNIFICANT WEATHER WAS OBSERVED.


RELATIVE HUMIDITY (PERCENT)
 HIGHEST    67           400 AM
 LOWEST     31           300 PM
 AVERAGE    49

..........................................................


THE PULLMAN-MOSCOW  AIRPORT CLIMATE NORMALS FOR TODAY
                         NORMAL    RECORD    YEAR
 MAXIMUM TEMPERATURE (F)   82        99      2006
                                             2005
 MINIMUM TEMPERATURE (F)   49        30      1945


SUNRISE AND SUNSET
AUGUST 21 2014........SUNRISE   554 AM PDT   SUNSET   748 PM PDT
AUGUST 22 2014........SUNRISE   555 AM PDT   SUNSET   746 PM PDT


-  INDICATES NEGATIVE NUMBERS.
R  INDICATES RECORD WAS SET OR TIED.
MM INDICATES DATA IS MISSING.
T  INDICATES TRACE AMOUNT.




$$
